*********************************************
07-29 00:12:51.554 V/QCNEA ( 307): |CAC| NetConfig: Net type =0
07-29 00:12:51.554 V/QCNEA ( 307): |CAC| NetConfig: subtype rl =15
07-29 00:12:51.554 V/QCNEA ( 307): |CAC| NetConfig: fl =15
07-29 00:12:51.554 V/QCNEA ( 307): |CAC| NetConfig: ip4 =10.70.87.73
07-29 00:12:51.554 V/QCNEA ( 307): |CAC| NetConfig: ip6 =::
07-29 00:12:51.554 V/QCNEA ( 307): |CAC| NetConfig: mtu =1500
07-29 00:12:51.554 V/QCNEA ( 307): |CAC| NetConfig: Default =true
07-29 00:12:51.554 V/QCNEA ( 307): |CAC| *********************************************
07-29 00:12:51.554 D/QCNEA ( 307): |CAC| updateCache: CAS_WWAN_NETCFG_INFO
07-29 00:12:51.554 D/QCNEA ( 307): |CAC| dispatching netcfgupdate for wwan
07-29 00:12:51.554 D/QCNEA ( 307): |CAC| dispatchNetCfg: updating:0xb8301e70
07-29 00:12:51.554 D/QCNEA ( 307): |CAC| readCallback: read len:0, ret:-1, errno:11
07-29 00:12:51.554 D/TCPFinAggregation( 307): Received Network Configuration CnE Notification, configuration is: 0
07-29 00:12:52.535 D/Diag_Lib( 814): [IMS_DEBUG]| 1035 | 817 |qpNetSelect : Select Unblocked , iRtn 0, errno 0, errno [Success]
07-29 00:12:52.535 E/Diag_Lib( 814): [IMS_FATAL]| 251 | 817 |qvp_rtp_handle_signals iRet : 0
07-29 00:12:52.535 E/Diag_Lib( 814): [IMS_FATAL]| 238 | 817 |qvp_rtp_handle_signals qpDplMainLoop: Calling imsSignalHandler
07-29 00:12:52.535 D/Diag_Lib( 814): [IMS_DEBUG]| 144 | 817 |qpDpl:imsSignalHandler
07-29 00:12:52.535 E/Diag_Lib( 814): [IMS_FATAL]| 155 | 817 |qpdpl:imsSignalHandler: GLobal data NULL or Event list size is 0
07-29 00:12:52.535 E/Diag_Lib( 814): [IMS_FATAL]| 243 | 817 |qvp_rtp_handle_signals add read fd : 8
07-29 00:12:52.585 W/qdhwcomposer( 303): Excessive delay reading vsync: took 834 ms
07-29 00:12:52.795 D/dalvikvm(25715): Trying to load lib /data/app-lib/org.adblockplus.android-1/libadblockplus-jni.so 0x41fe93d8
07-29 00:12:52.795 D/dalvikvm(25715): Shared lib '/data/app-lib/org.adblockplus.android-1/libadblockplus-jni.so' already loaded in same CL 0x41fe93d8
07-29 00:12:52.795 D/dalvikvm(25715): Trying to load lib /data/app-lib/org.adblockplus.android-1/libadblockplus-jni.so 0x41fe93d8
07-29 00:12:52.795 D/dalvikvm(25715): Shared lib '/data/app-lib/org.adblockplus.android-1/libadblockplus-jni.so' already loaded in same CL 0x41fe93d8
07-29 00:12:53.586 W/qdhwcomposer( 303): Excessive delay reading vsync: took 833 ms
07-29 00:12:54.577 W/qdhwcomposer( 303): Excessive delay reading vsync: took 833 ms
07-29 00:12:54.837 D/dalvikvm(25715): Trying to load lib /data/app-lib/org.adblockplus.android-1/libadblockplus-jni.so 0x41fe93d8
07-29 00:12:54.837 D/dalvikvm(25715): Shared lib '/data/app-lib/org.adblockplus.android-1/libadblockplus-jni.so' already loaded in same CL 0x41fe93d8
07-29 00:12:54.867 D/dalvikvm(25715): Trying to load lib /data/app-lib/org.adblockplus.android-1/libadblockplus-jni.so 0x41fe93d8
07-29 00:12:54.867 D/dalvikvm(25715): Shared lib '/data/app-lib/org.adblockplus.android-1/libadblockplus-jni.so' already loaded in same CL 0x41fe93d8
07-29 00:12:55.478 W/qdhwcomposer( 303): Excessive delay reading vsync: took 733 ms
07-29 00:12:55.508 D/libEGL (25715): loaded /vendor/lib/egl/libEGL_adreno.so
07-29 00:12:55.508 D/libEGL (25715): loaded /vendor/lib/egl/libGLESv1_CM_adreno.so
07-29 00:12:55.508 D/libEGL (25715): loaded /vendor/lib/egl/libGLESv2_adreno.so
07-29 00:12:55.518 I/Adreno-EGL(25715): : EGL 1.4 QUALCOMM build: LNXBUILD_AU_LINUX_ANDROID_JB_2.6_RB1.04.03.00.144.009+PATCH[ES]_msm8960_JB_2.6_RB1_CL4169980_release_ENGG (CL4169980)
07-29 00:12:55.518 I/Adreno-EGL(25715): OpenGL ES Shader Compiler Version: 17.01.10.SPL
07-29 00:12:55.518 I/Adreno-EGL(25715): Build Date: 12/17/13 Tue 07-29 00:12:55.518 I/Adreno-EGL(25715): Local Branch:
07-29 00:12:55.518 I/Adreno-EGL(25715): Remote Branch: quic/jb_2.6_rb1.10
07-29 00:12:55.518 I/Adreno-EGL(25715): Local Patches: 579c35762619098d011c9c2a718d817a52a65028 Merge "Merge e6898912278420151291719929e1eb6163c56cc2 on remote branch"
07-29 00:12:55.518 I/Adreno-EGL(25715): b075f07ef0d826864515aea57fd03e3d1caed533 Merge e6898912278420151291719929e1eb6163c56cc2 on remote bran
07-29 00:12:55.538 D/OpenGLRenderer(25715): Enabling debug mode 0
07-29 00:12:55.658 I/ActivityManager( 828): Displayed org.adblockplus.android/.Preferences: +5s531ms
07-29 00:12:55.748 D/dalvikvm( 8315): GC_EXPLICIT freed 3K, 77% free 2559K/10920K, paused 1ms+2ms, total 25ms
07-29 00:12:56.599 W/qdhwcomposer( 303): Excessive delay reading vsync: took 701 ms
07-29 00:12:57.480 W/qdhwcomposer( 303): Excessive delay reading vsync: took 466 ms
07-29 00:12:57.530 D/Diag_Lib( 814): [IMS_DEBUG]| 1035 | 817 |qpNetSelect : Select Unblocked , iRtn 0, errno 0, errno [Success]
07-29 00:12:57.530 E/Diag_Lib( 814): [IMS_FATAL]| 251 | 817 |qvp_rtp_handle_signals iRet : 0
07-29 00:12:57.530 E/Diag_Lib( 814): [IMS_FATAL]| 238 | 817 |qvp_rtp_handle_signals qpDplMainLoop: Calling imsSignalHandler
07-29 00:12:57.530 D/Diag_Lib( 814): [IMS_DEBUG]| 144 | 817 |qpDpl:imsSignalHandler
07-29 00:12:57.530 E/Diag_Lib( 814): [IMS_FATAL]| 155 | 817 |qpdpl:imsSignalHandler: GLobal data NULL or Event list size is 0
07-29 00:12:57.530 E/Diag_Lib( 814): [IMS_FATAL]| 243 | 817 |qvp_rtp_handle_signals add read fd : 8
07-29 00:12:58.131 W/qdhwcomposer( 303): Excessive delay reading vsync: took 218 ms
07-29 00:12:58.221 I/ActivityManager( 828): START u0 {cmp=org.adblockplus.android/.AdvancedPreferences} from pid 25715
07-29 00:12:58.271 W/InputMethodManagerService( 828): Focus gain on non-focused client com.android.internal.view.IInputMethodClient$Stub$Proxy@4363b328 (uid=10176 pid=25715)
07-29 00:12:58.301 W/Resources(25715): Converting to string: TypedValue{t=0x10/d=0x2 a=4 r=0x7f0c0001}
07-29 00:12:58.301 W/Resources(25715): Converting to string: TypedValue{t=0x10/d=0x2 a=4 r=0x7f0c0001}
07-29 00:12:58.381 E/MP-Decision( 1628): Error setting a sleep mode for secondary cores - -38
07-29 00:12:58.471 I/ActivityManager( 828): Displayed org.adblockplus.android/.AdvancedPreferences: +218ms
07-29 00:12:58.701 I/AdblockPlus(25715): stopEngine
07-29 00:12:59.552 W/qdhwcomposer( 303): Excessive delay reading vsync: took 802 ms
07-29 00:12:59.973 W/qdhwcomposer( 303): Excessive delay reading vsync: took 103 ms
07-29 00:13:00.013 I/ActivityManager( 828): Start proc ch.bitspin.timely for broadcast ch.bitspin.timely/.widget.WidgetProvider_: pid=25771 uid=10102 gids={50102, 3003, 1028}
07-29 00:13:00.023 D/AndroidRuntime(25715): Shutting down VM
07-29 00:13:00.023 W/dalvikvm(25715): threadid=1: thread exiting with uncaught exception (group=0x41d3e8b0)
07-29 00:13:00.033 E/AndroidRuntime(25715): FATAL EXCEPTION: main
07-29 00:13:00.033 E/AndroidRuntime(25715): java.lang.NullPointerException
07-29 00:13:00.033 E/AndroidRuntime(25715): at org.adblockplus.android.AdblockPlus.checkUpdates(AdblockPlus.java:432)
07-29 00:13:00.033 E/AndroidRuntime(25715): at org.adblockplus.android.AdvancedPreferences$1.onPreferenceClick(AdvancedPreferences.java:87)
07-29 00:13:00.033 E/AndroidRuntime(25715): at android.preference.Preference.performClick(Preference.java:956)
07-29 00:13:00.033 E/AndroidRuntime(25715): at android.preference.PreferenceScreen.onItemClick(PreferenceScreen.java:215)
07-29 00:13:00.033 E/AndroidRuntime(25715): at android.widget.AdapterView.performItemClick(AdapterView.java:298)
07-29 00:13:00.033 E/AndroidRuntime(25715): at android.widget.AbsListView.performItemClick(AbsListView.java:1104)
07-29 00:13:00.033 E/AndroidRuntime(25715): at android.widget.AbsListView$PerformClick.run(AbsListView.java:2792)
07-29 00:13:00.033 E/AndroidRuntime(25715): at android.widget.AbsListView$1.run(AbsListView.java:3468)
07-29 00:13:00.033 E/AndroidRuntime(25715): at android.os.Handler.handleCallback(Handler.java:730)
07-29 00:13:00.033 E/AndroidRuntime(25715): at android.os.Handler.dispatchMessage(Handler.java:92)
07-29 00:13:00.033 E/AndroidRuntime(25715): at android.os.Looper.loop(Looper.java:213)
07-29 00:13:00.033 E/AndroidRuntime(25715): at android.app.ActivityThread.main(ActivityThread.java:5225)
07-29 00:13:00.033 E/AndroidRuntime(25715): at java.lang.reflect.Method.invokeNative(Native Method)
07-29 00:13:00.033 E/AndroidRuntime(25715): at java.lang.reflect.Method.invoke(Method.java:525)
07-29 00:13:00.033 E/AndroidRuntime(25715): at com.android.internal.os.ZygoteInit$MethodAndArgsCaller.run(ZygoteInit.java:741)
07-29 00:13:00.033 E/AndroidRuntime(25715): at com.android.internal.os.ZygoteInit.main(ZygoteInit.java:557)
07-29 00:13:00.033 E/AndroidRuntime(25715): at dalvik.system.NativeStart.main(Native Method)
07-29 00:13:00.043 W/ActivityManager( 828): Force finishing activity org.adblockplus.android/.AdvancedPreferences
07-29 00:13:00.113 E/MP-Decision( 1628): Error setting a sleep mode for secondary cores - -38
07-29 00:13:00.213 D/dalvikvm( 828): GC_FOR_ALLOC freed 4014K, 34% free 37913K/56912K, paused 137ms, total 137ms
07-29 00:13:00.243 D/dalvikvm(25771): GC_FOR_ALLOC freed 55K, 77% free 2588K/10920K, paused 24ms, total 26ms
07-29 00:13:00.253 W/qdhwcomposer( 303): Excessive delay reading vsync: took 199 ms
07-29 00:13:00.263 I/dalvikvm-heap(25771): Grow heap (frag case) to 19.004MB for 15000016-byte allocation
07-29 00:13:00.293 D/dalvikvm(25771): GC_CONCURRENT freed 16K, 33% free 17254K/25572K, paused 3ms+10ms, total 30ms
07-29 00:13:00.423 W/GAV2 (25771): Thread[main,5,main]: Need to call initialize() and be in fallback mode to start dispatch.
07-29 00:13:00.563 W/ActivityManager( 828): Activity pause timeout for ActivityRecord{4287fac0 u0 org.adblockplus.android/.AdvancedPreferences}
07-29 00:13:01.524 I/ActivityManager( 828): Start proc com.sonyericsson.crashmonitor for broadcast com.sonyericsson.crashmonitor/.receiver.CrashMonitorServiceBroadcastReceiver: pid=25802 uid=10082 gids={50082, 1007, 1028, 1015, 1023}
07-29 00:13:01.534 D/dalvikvm( 304): GC_EXPLICIT freed 38K, 77% free 2562K/10920K, paused 1ms+1ms, total 16ms
07-29 00:13:01.554 D/dalvikvm( 304): GC_EXPLICIT freed <1K, 77% free 2562K/10920K, paused 1ms+2ms, total 15ms
07-29 00:13:01.564 D/dalvikvm( 304): GC_EXPLICIT freed <1K, 77% free 2562K/10920K, paused 1ms+2ms, total 15ms
07-29 00:13:01.785 I/ActivityManager( 828): Process system:ui (pid 25626) has died.
07-29 00:13:02.165 I/CrashMonitor(25802): CrashMonitorServiceBroadcastReceiver: Forwarding intent: android.intent.action.DROPBOX_ENTRY_ADDED tag: data_app_crash
07-29 00:13:02.165 I/CrashMonitor(25802): CrashMonitorService: Service started...
07-29 00:13:02.185 I/ActivityManager( 828): Start proc com.sonyericsson.android.bootinfo:remote for service com.sonyericsson.android.bootinfo/.MiscTaService: pid=25818 uid=1000 gids={41000, 1015, 1028, 3002, 3001, 3003, 3007, 1021, 3004, 3005, 1000, 3009, 1023}
07-29 00:13:02.215 D/dalvikvm(25818): Trying to load lib /data/app-lib/bootinfo/libMiscTaAccessor.so 0x41fe3450
07-29 00:13:02.215 D/dalvikvm(25818): Added shared lib /data/app-lib/bootinfo/libMiscTaAccessor.so 0x41fe3450
07-29 00:13:02.215 I/CrashMonitor(25802): CrashMonitorService: action: android.intent.action.DROPBOX_ENTRY_ADDED
07-29 00:13:02.255 I/CrashMonitor(25802): CrashMonitorService: Service stopped...
07-29 00:13:02.445 D/TimelyDebug(25771): AlarmManager.registerAlarms: reason = delayed init.
07-29 00:13:02.545 D/Diag_Lib( 814): [IMS_DEBUG]| 1035 | 817 |qpNetSelect : Select Unblocked , iRtn 0, errno 0, errno [Success]
07-29 00:13:02.545 E/Diag_Lib( 814): [IMS_FATAL]| 251 | 817 |qvp_rtp_handle_signals iRet : 0
07-29 00:13:02.545 E/Diag_Lib( 814): [IMS_FATAL]| 238 | 817 |qvp_rtp_handle_signals qpDplMainLoop: Calling imsSignalHandler
07-29 00:13:02.545 D/Diag_Lib( 814): [IMS_DEBUG]| 144 | 817 |qpDpl:imsSignalHandler
07-29 00:13:02.545 E/Diag_Lib( 814): [IMS_FATAL]| 155 | 817 |qpdpl:imsSignalHandler: GLobal data NULL or Event list size is 0
07-29 00:13:02.545 E/Diag_Lib( 814): [IMS_FATAL]| 243 | 817 |qvp_rtp_handle_signals add read fd : 8
07-29 00:13:03.587 D/SntpClient(25771): request time failed: java.net.SocketTimeoutException
07-29 00:13:03.797 I/Process (25715): Sending signal. PID: 25715 SIG: 9
07-29 00:13:03.857 I/ActivityManager( 828): Process org.adblockplus.android (pid 25715) has died.
07-29 00:13:03.857 I/WindowState( 828): WIN DEATH: Window{43f91888 u0 org.adblockplus.android/org.adblockplus.android.Preferences}
07-29 00:13:03.857 I/WindowState( 828): WIN DEATH: Window{4472d420 u0 org.adblockplus.android/org.adblockplus.android.AdvancedPreferences}
07-29 00:13:03.917 I/ActivityManager( 828): Start proc org.adblockplus.android for activity org.adblockplus.android/.Preferences: pid=25839 uid=10176 gids={50176, 3003, 1015, 1028}
07-29 00:13:03.937 E/MP-Decision( 1628): Error setting a sleep mode for secondary cores - -38
07-29 00:13:04.067 W/Resources(25839): Converting to string: TypedValue{t=0x10/d=0x2 a=4 r=0x7f0c0001}
07-29 00:13:04.067 W/Resources(25839): Converting to string: TypedValue{t=0x10/d=0x2 a=4 r=0x7f0c0001}
07-29 00:13:04.087 D/dalvikvm(25839): Trying to load lib /data/app-lib/org.adblockplus.android-1/libadblockplus-jni.so 0x41fe3458
07-29 00:13:04.097 D/dalvikvm(25839): Added shared lib /data/app-lib/org.adblockplus.android-1/libadblockplus-jni.so 0x41fe3458
07-29 00:13:04.097 D/dalvikvm(25839): No JNI_OnLoad found in /data/app-lib/org.adblockplus.android-1/libadblockplus-jni.so 0x41fe3458, skipping init
07-29 00:13:04.117 D/dalvikvm(25839): Trying to load lib /data/app-lib/org.adblockplus.android-1/libadblockplus-jni.so 0x41fe3458
07-29 00:13:04.117 D/dalvikvm(25839): Shared lib '/data/app-lib/org.adblockplus.android-1/libadblockplus-jni.so' already loaded in same CL 0x41fe3458
07-29 00:13:04.117 D/dalvikvm(25839): Trying to load lib /data/app-lib/org.adblockplus.android-1/libadblockplus-jni.so 0x41fe3458
07-29 00:13:04.117 D/dalvikvm(25839): Shared lib '/data/app-lib/org.adblockplus.android-1/libadblockplus-jni.so' already loaded in same CL 0x41fe3458
07-29 00:13:04.117 D/dalvikvm(25839): Trying to load lib /data/app-lib/org.adblockplus.android-1/libadblockplus-jni.so 0x41fe3458
07-29 00:13:04.117 D/dalvikvm(25839): Shared lib '/data/app-lib/org.adblockplus.android-1/libadblockplus-jni.so' already loaded in same CL 0x41fe3458
07-29 00:13:04.117 D/dalvikvm(25839): Trying to load lib /data/app-lib/org.adblockplus.android-1/libadblockplus-jni.so 0x41fe3458
07-29 00:13:04.117 D/dalvikvm(25839): Shared lib '/data/app-lib/org.adblockplus.android-1/libadblockplus-jni.so' already loaded in same CL 0x41fe3458
07-29 00:13:04.588 D/SntpClient(25771): request time failed: java.net.SocketTimeoutException
07-29 00:13:04.588 W/Timely (25771): Dropping time delta PT1.466S
07-29 00:13:04.588 V/Timely (25771): Registering AlarmClocks.
07-29 00:13:04.638 V/Timely (25771): Registering System Alarm for alarm at 2014-07-29T07:29:58.000+08:00
07-29 00:13:04.638 V/Timely (25771): Registering System Alarm for presync at 2014-07-29T07:26:58.000+08:00
07-29 00:13:04.638 V/Timely (25771): Registering System Alarm for dismiss at 2014-07-29T07:34:58.000+08:00
07-29 00:13:05.439 I/GAV2 (25771): Thread[GAThread,1,main]: No campaign data found.
07-29 00:13:06.059 W/qdhwcomposer( 303): Excessive delay reading vsync: took 1800 ms
07-29 00:13:06.370 D/dalvikvm(25839): Trying to load lib /data/app-lib/org.adblockplus.android-1/libadblockplus-jni.so 0x41fe3458
07-29 00:13:06.370 D/dalvikvm(25839): Shared lib '/data/app-lib/org.adblockplus.android-1/libadblockplus-jni.so' already loaded in same CL 0x41fe3458
07-29 00:13:06.370 D/dalvikvm(25839): Trying to load lib /data/app-lib/org.adblockplus.android-1/libadblockplus-jni.so 0x41fe3458
07-29 00:13:06.370 D/dalvikvm(25839): Shared lib '/data/app-lib/org.adblockplus.android-1/libadblockplus-jni.so' already loaded in same CL 0x41fe3458
07-29 00:13:06.630 W/qdhwcomposer( 303): Excessive delay reading vsync: took 533 ms
07-29 00:13:07.541 D/Diag_Lib( 814): [IMS_DEBUG]| 1035 | 817 |qpNetSelect : Select Unblocked , iRtn 0, errno 0, errno [Success]
07-29 00:13:07.541 E/Diag_Lib( 814): [IMS_FATAL]| 251 | 817 |qvp_rtp_handle_signals iRet : 0
07-29 00:13:07.541 E/Diag_Lib( 814): [IMS_FATAL]| 238 | 817 |qvp_rtp_handle_signals qpDplMainLoop: Calling imsSignalHandler
07-29 00:13:07.541 D/Diag_Lib( 814): [IMS_DEBUG]| 144 | 817 |qpDpl:imsSignalHandler
07-29 00:13:07.541 E/Diag_Lib( 814): [IMS_FATAL]| 155 | 817 |qpdpl:imsSignalHandler: GLobal data NULL or Event list size is 0
07-29 00:13:07.541 E/Diag_Lib( 814): [IMS_FATAL]| 243 | 817 |qvp_rtp_handle_signals add read fd : 8
07-29 00:13:07.541 D/SafeCharge( 9049): checking for plugged
07-29 00:13:07.551 D/SafeCharge( 9049): plugged 1
07-29 00:13:07.551 D/SafeCharge( 9049): result true
07-29 00:13:07.561 W/qdhwcomposer( 303): Excessive delay reading vsync: took 766 ms
07-29 00:13:07.631 W/qdhwcomposer( 303): Excessive delay reading vsync: took 49 ms
07-29 00:13:08.402 D/dalvikvm(25839): Trying to load lib /data/app-lib/org.adblockplus.android-1/libadblockplus-jni.so 0x41fe3458
07-29 00:13:08.402 D/dalvikvm(25839): Shared lib '/data/app-lib/org.adblockplus.android-1/libadblockplus-jni.so' already loaded in same CL 0x41fe3458
07-29 00:13:08.432 D/dalvikvm(25839): Trying to load lib /data/app-lib/org.adblockplus.android-1/libadblockplus-jni.so 0x41fe3458
07-29 00:13:08.432 D/dalvikvm(25839): Shared lib '/data/app-lib/org.adblockplus.android-1/libadblockplus-jni.so' already loaded in same CL 0x41fe3458
07-29 00:13:09.052 W/qdhwcomposer( 303): Excessive delay reading vsync: took 1250 ms
07-29 00:13:09.092 D/libEGL (25839): loaded /vendor/lib/egl/libEGL_adreno.so
07-29 00:13:09.092 D/libEGL (25839): loaded /vendor/lib/egl/libGLESv1_CM_adreno.so
07-29 00:13:09.092 D/libEGL (25839): loaded /vendor/lib/egl/libGLESv2_adreno.so
07-29 00:13:09.092 I/Adreno-EGL(25839): : EGL 1.4 QUALCOMM build: LNXBUILD_AU_LINUX_ANDROID_JB_2.6_RB1.04.03.00.144.009+PATCH[ES]_msm8960_JB_2.6_RB1_CL4169980_release_ENGG (CL4169980)
07-29 00:13:09.092 I/Adreno-EGL(25839): OpenGL ES Shader Compiler Version: 17.01.10.SPL
07-29 00:13:09.092 I/Adreno-EGL(25839): Build Date: 12/17/13 Tue 07-29 00:13:09.092 I/Adreno-EGL(25839): Local Branch:
07-29 00:13:09.092 I/Adreno-EGL(25839): Remote Branch: quic/jb_2.6_rb1.10
07-29 00:13:09.092 I/Adreno-EGL(25839): Local Patches: 579c35762619098d011c9c2a718d817a52a65028 Merge "Merge e6898912278420151291719929e1eb6163c56cc2 on remote branch"
07-29 00:13:09.092 I/Adreno-EGL(25839): b075f07ef0d826864515aea57fd03e3d1caed533 Merge e6898912278420151291719929e1eb6163c56cc2 on remote bran
07-29 00:13:09.102 D/OpenGLRenderer(25839): Enabling debug mode 0
07-29 00:13:09.233 W/qdhwcomposer( 303): Excessive delay reading vsync: took 99 ms
07-29 00:13:09.233 I/ActivityManager( 828): Displayed org.adblockplus.android/.Preferences: +5s355ms
07-29 00:13:09.233 W/InputMethodManagerService( 828): Got RemoteException sending setActive(false) notification to pid 25715 uid 10176
07-29 00:13:09.633 W/qdhwcomposer( 303): Excessive delay reading vsync: took 166 ms
07-29 00:13:10.294 W/qdhwcomposer( 303): Excessive delay reading vsync: took 486 ms
07-29 00:13:10.654 W/qdhwcomposer( 303): Excessive delay reading vsync: took 51 ms
07-29 00:13:11.935 W/qdhwcomposer( 303): Excessive delay reading vsync: took 1114 ms
07-29 00:13:12.086 I/Adreno-EGL( 8293): : EGL 1.4 QUALCOMM build: LNXBUILD_AU_LINUX_ANDROID_JB_2.6_RB1.04.03.00.144.009+PATCH[ES]_msm8960_JB_2.6_RB1_CL4169980_release_ENGG (CL4169980)
07-29 00:13:12.086 I/Adreno-EGL( 8293): OpenGL ES Shader Compiler Version: 17.01.10.SPL
07-29 00:13:12.086 I/Adreno-EGL( 8293): Build Date: 12/17/13 Tue 07-29 00:13:12.086 I/Adreno-EGL( 8293): Local Branch:
07-29 00:13:12.086 I/Adreno-EGL( 8293): Remote Branch: quic/jb_2.6_rb1.10
07-29 00:13:12.086 I/Adreno-EGL( 8293): Local Patches: 579c35762619098d011c9c2a718d817a52a65028 Merge "Merge e6898912278420151291719929e1eb6163c56cc2 on remote branch"
07-29 00:13:12.086 I/Adreno-EGL( 8293): b075f07ef0d826864515aea57fd03e3d1caed533 Merge e6898912278420151291719929e1eb6163c56cc2 on remote bran
07-29 00:13:12.146 E/MP-Decision( 1628): Error setting a sleep mode for secondary cores - -38
07-29 00:13:12.346 I/AdblockPlus(25839): stopEngine
07-29 00:13:12.546 D/Diag_Lib( 814): [IMS_DEBUG]| 1035 | 817 |qpNetSelect : Select Unblocked , iRtn 0, errno 0, errno [Success]
07-29 00:13:12.546 E/Diag_Lib( 814): [IMS_FATAL]| 251 | 817 |qvp_rtp_handle_signals iRet : 0
07-29 00:13:12.546 E/Diag_Lib( 814): [IMS_FATAL]| 238 | 817 |qvp_rtp_handle_signals qpDplMainLoop: Calling imsSignalHandler
07-29 00:13:12.546 D/Diag_Lib( 814): [IMS_DEBUG]| 144 | 817 |qpDpl:imsSignalHandler
07-29 00:13:12.546 E/Diag_Lib( 814): [IMS_FATAL]| 155 | 817 |qpdpl:imsSignalHandler: GLobal data NULL or Event list size is 0
07-29 00:13:12.546 E/Diag_Lib( 814): [IMS_FATAL]| 243 | 817 |qvp_rtp_handle_signals add read fd : 8
07-29 00:13:13.197 W/qdhwcomposer( 303): Excessive delay reading vsync: took 550 ms
07-29 00:13:13.277 I/ActivityManager( 828): START u0 {act=android.intent.action.MAIN cat=[android.intent.category.HOME] flg=0x10200000 cmp=com.teslacoilsw.launcher/com.android.launcher2.Launcher} from pid 828
07-29 00:13:13.297 E/MP-Decision( 1628): Error setting a sleep mode for secondary cores - -38
07-29 00:13:13.327 I/ActivityManager( 828): Process com.sonyericsson.crashmonitor (pid 25802) has died.
07-29 00:13:13.447 I/ActivityManager( 828): Process com.sonyericsson.android.bootinfo:remote (pid 25818) has died.
07-29 00:13:13.777 I/ActivityManager( 828): Process ch.bitspin.timely (pid 25771) has died.
07-29 00:13:14.348 W/qdhwcomposer( 303): Excessive delay reading vsync: took 535 ms
07-29 00:13:14.718 E/MP-Decision( 1628): Error setting a sleep mode for secondary cores - -38
07-29 00:13:15.619 W/qdhwcomposer( 303): Excessive delay reading vsync: took 350 ms
07-29 00:13:17.551 D/Diag_Lib( 814): [IMS_DEBUG]| 1035 | 817 |qpNetSelect : Select Unblocked , iRtn 0, errno 0, errno [Success]
07-29 00:13:17.551 E/Diag_Lib( 814): [IMS_FATAL]| 251 | 817 |qvp_rtp_handle_signals iRet : 0
07-29 00:13:17.551 E/Diag_Lib( 814): [IMS_FATAL]| 238 | 817 |qvp_rtp_handle_signals qpDplMainLoop: Calling imsSignalHandler
07-29 00:13:17.551 D/Diag_Lib( 814): [IMS_DEBUG]| 144 | 817 |qpDpl:imsSignalHandler
07-29 00:13:17.551 E/Diag_Lib( 814): [IMS_FATAL]| 155 | 817 |qpdpl:imsSignalHandler: GLobal data NULL or Event list size is 0
07-29 00:13:17.551 E/Diag_Lib( 814): [IMS_FATAL]| 243 | 817 |qvp_rtp_handle_signals add read fd : 8
07-29 00:13:18.132 W/qdhwcomposer( 303): Excessive delay reading vsync: took 1666 ms
07-29 00:13:18.172 I/ActivityManager( 828): START u0 {act=android.intent.action.MAIN cat=[android.intent.category.LAUNCHER] flg=0x10200000 cmp=com.tortel.syslog/.MainActivity bnds=[360,592][360,592]} from pid 8293
07-29 00:13:18.292 I/Adreno-EGL(25308): : EGL 1.4 QUALCOMM build: LNXBUILD_AU_LINUX_ANDROID_JB_2.6_RB1.04.03.00.144.009+PATCH[ES]_msm8960_JB_2.6_RB1_CL4169980_release_ENGG (CL4169980)
07-29 00:13:18.292 I/Adreno-EGL(25308): OpenGL ES Shader Compiler Version: 17.01.10.SPL
07-29 00:13:18.292 I/Adreno-EGL(25308): Build Date: 12/17/13 Tue 07-29 00:13:18.292 I/Adreno-EGL(25308): Local Branch:
07-29 00:13:18.292 I/Adreno-EGL(25308): Remote Branch: quic/jb_2.6_rb1.10
07-29 00:13:18.292 I/Adreno-EGL(25308): Local Patches: 579c35762619098d011c9c2a718d817a52a65028 Merge "Merge e6898912278420151291719929e1eb6163c56cc2 on remote branch"
07-29 00:13:18.292 I/Adreno-EGL(25308): b075f07ef0d826864515aea57fd03e3d1caed533 Merge e6898912278420151291719929e1eb6163c56cc2 on remote bran
07-29 00:13:18.352 I/ActivityManager( 828): Displayed com.tortel.syslog/.MainActivity: +156ms
07-29 00:13:18.633 D/dalvikvm( 8315): GC_EXPLICIT freed 2K, 77% free 2559K/10920K, paused 5ms+2ms, total 35ms
07-29 00:13:18.853 W/qdhwcomposer( 303): Excessive delay reading vsync: took 218 ms
07-29 00:13:19.223 W/qdhwcomposer( 303): Excessive delay reading vsync: took 316 ms
07-29 00:13:19.253 D/AlarmManagerService( 828): Kernel timezone updated to -480 minutes west of GMT
07-29 00:13:19.253 D/StatusBar.NetworkController( 1109): In updateSimIcon simState= UNKNOWN
07-29 00:13:19.273 D/ConnectivityServiceHSM( 828): Actual State: DefaultConnectivityState, Current State: DefaultConnectivityState.processMessage what=458755
07-29 00:13:19.273 D/QcConnectivityService( 828): Setting TCP values: [4094,87380,1220608,4096,16384,1220608] which comes from [net.tcp.buffersize.hspa]
07-29 00:13:19.283 D/QCNEA ( 428): |CAC| readCallback: read len:64, ret:0, errno:0
07-29 00:13:19.283 D/QCNEA ( 428): |CAC| updateWwanNetCfgInfo
07-29 00:13:19.283 D/QCNEA ( 428): |CAC| updateNetCfgInfo
07-29 00:13:19.283 V/QCNEA ( 428): |CAC| *********************************************