--------- beginning of /dev/log/main
07-24 23:22:40.529 V/KeyguardServiceDelegate( 749): onScreenTurnedOn(showListener = com.android.internal.policy.impl.PhoneWindowManager$17@4372dba8) --------- beginning of /dev/log/system
07-24 23:22:40.529 I/PowerManagerService( 749): Waking up from sleep...
07-24 23:22:40.549 D/SurfaceFlinger( 182): Screen acquired, type=0 flinger=0xb7f91450
07-24 23:22:40.549 D/qdhwcomposer( 182): hwc_blank: Unblanking display: 0
07-24 23:22:40.579 V/KeyguardServiceDelegate( 749): **** SHOWN CALLED ****
07-24 23:22:40.579 I/WindowManager( 749): Lock screen displayed!
07-24 23:22:40.579 D/DisplayPowerController( 749): Unblocked screen on after 87766491 ms
07-24 23:22:40.799 D/qdhwcomposer( 182): hwc_blank: Done unblanking display: 0
07-24 23:22:40.799 D/SurfaceControl( 749): Excessive delay in unblankDisplay() while turning screen on: 243ms
07-24 23:22:40.869 I/PedometerServiceScheduler(1)(17709): Removing PedometerService from schedule...
07-24 23:22:41.649 D/PhoneStatusBar( 861): disable: < expand icons alerts ticker system_info back* home* recent* clock* search
> 07-24 23:22:41.839 W/InputMethodManagerService( 749): Window already focused, ignoring focus gain of: com.android.internal.view.IInputMethodClient$Stub$Proxy@4323eb68 attribute=android.view.inputmethod.EditorInfo@43a7de30, token = android.os.BinderProxy@43e35068
07-24 23:22:41.909 D/dalvikvm(20973): GC_CONCURRENT freed 835K, 5% free 19232K/20176K, paused 2ms+2ms, total 23ms
07-24 23:22:42.909 V/PanelView( 861): animationTick called with dtms=0; nothing to do (h=345.0 v=3105.92)
07-24 23:22:43.469 D/dalvikvm( 991): GC_CONCURRENT freed 692K, 8% free 18712K/20308K, paused 2ms+3ms, total 28ms
07-24 23:22:43.469 D/dalvikvm( 991): WAIT_FOR_CONCURRENT_GC blocked 16ms
07-24 23:22:43.469 D/dalvikvm( 991): WAIT_FOR_CONCURRENT_GC blocked 12ms
07-24 23:22:43.509 D/dalvikvm( 991): GC_FOR_ALLOC freed 444K, 8% free 18819K/20308K, paused 24ms, total 24ms
07-24 23:22:43.509 I/dalvikvm-heap( 991): Grow heap (frag case) to 18.718MB for 262160-byte allocation
07-24 23:22:43.529 D/dalvikvm( 991): GC_FOR_ALLOC freed <1K, 8% free 19074K/20568K, paused 16ms, total 16ms
07-24 23:22:43.549 D/dalvikvm( 991): GC_FOR_ALLOC freed 294K, 9% free 18819K/20568K, paused 16ms, total 17ms
07-24 23:22:43.569 D/dalvikvm( 991): GC_FOR_ALLOC freed <1K, 8% free 19074K/20568K, paused 17ms, total 17ms
07-24 23:22:43.569 I/dalvikvm-heap( 991): Grow heap (frag case) to 18.968MB for 262160-byte allocation
07-24 23:22:43.579 D/dalvikvm( 991): GC_FOR_ALLOC freed <1K, 8% free 19330K/20828K, paused 17ms, total 17ms
07-24 23:22:43.609 D/dalvikvm( 991): GC_FOR_ALLOC freed 556K, 10% free 18818K/20828K, paused 24ms, total 24ms
07-24 23:22:44.529 D/dalvikvm( 991): GC_FOR_ALLOC freed 296K, 9% free 19073K/20828K, paused 21ms, total 21ms
07-24 23:22:44.559 D/dalvikvm( 991): GC_FOR_ALLOC freed 309K, 9% free 19073K/20828K, paused 18ms, total 19ms
07-24 23:22:44.569 D/dalvikvm( 991): GC_FOR_ALLOC freed 264K, 9% free 19073K/20828K, paused 17ms, total 17ms
07-24 23:22:45.139 V/PanelView( 861): animationTick called with dtms=0; nothing to do (h=1776.0 v=-6000.0)
07-24 23:22:45.159 D/dalvikvm(20973): GC_FOR_ALLOC freed 201K, 5% free 19223K/20176K, paused 21ms, total 21ms
07-24 23:22:45.159 I/dalvikvm-heap(20973): Grow heap (frag case) to 18.835MB for 36880-byte allocation
07-24 23:22:45.189 D/dalvikvm(20973): GC_FOR_ALLOC freed 3K, 5% free 19255K/20216K, paused 23ms, total 23ms
07-24 23:22:45.209 D/dalvikvm(20973): GC_FOR_ALLOC freed 7K, 5% free 19248K/20216K, paused 18ms, total 18ms
07-24 23:22:45.209 I/dalvikvm-heap(20973): Grow heap (frag case) to 18.861MB for 36880-byte allocation
07-24 23:22:45.219 D/dalvikvm(20973): GC_FOR_ALLOC freed <1K, 5% free 19284K/20256K, paused 12ms, total 12ms
07-24 23:22:45.229 D/dalvikvm(20973): GC_FOR_ALLOC freed <1K, 5% free 19285K/20256K, paused 13ms, total 13ms
07-24 23:22:45.229 I/dalvikvm-heap(20973): Grow heap (frag case) to 18.896MB for 36880-byte allocation
07-24 23:22:45.249 D/dalvikvm(20973): GC_FOR_ALLOC freed <1K, 5% free 19321K/20296K, paused 14ms, total 14ms
07-24 23:22:45.319 D/dalvikvm(20973): GC_FOR_ALLOC freed 271K, 6% free 19277K/20296K, paused 13ms, total 15ms
07-24 23:22:45.319 I/dalvikvm-heap(20973): Grow heap (frag case) to 18.932MB for 82960-byte allocation
07-24 23:22:45.339 D/dalvikvm(20973): GC_FOR_ALLOC freed 20K, 6% free 19338K/20380K, paused 14ms, total 14ms
07-24 23:22:45.429 D/dalvikvm(20973): GC_FOR_ALLOC freed 155K, 5% free 19366K/20380K, paused 11ms, total 11ms
07-24 23:22:45.449 D/dalvikvm(20973): GC_FOR_ALLOC freed 13K, 5% free 19444K/20380K, paused 11ms, total 12ms
07-24 23:22:45.449 I/dalvikvm-heap(20973): Grow heap (frag case) to 19.095MB for 82960-byte allocation
07-24 23:22:45.459 D/dalvikvm(20973): GC_FOR_ALLOC freed 0K, 5% free 19525K/20464K, paused 12ms, total 12ms
07-24 23:22:45.469 D/dalvikvm(20973): GC_FOR_ALLOC freed 6K, 5% free 19523K/20464K, paused 13ms, total 13ms
07-24 23:22:45.469 I/dalvikvm-heap(20973): Grow heap (frag case) to 19.172MB for 82960-byte allocation
07-24 23:22:45.489 D/dalvikvm(20973): GC_FOR_ALLOC freed 0K, 5% free 19604K/20548K, paused 12ms, total 12ms
07-24 23:22:45.499 D/dalvikvm(20973): GC_FOR_ALLOC freed 4K, 5% free 19601K/20548K, paused 14ms, total 16ms
07-24 23:22:45.499 I/dalvikvm-heap(20973): Grow heap (frag case) to 19.249MB for 82960-byte allocation
07-24 23:22:45.519 D/dalvikvm(20973): GC_FOR_ALLOC freed <1K, 5% free 19682K/20632K, paused 12ms, total 12ms
07-24 23:22:45.529 D/dalvikvm(20973): GC_FOR_ALLOC freed 7K, 5% free 19688K/20632K, paused 13ms, total 15ms
07-24 23:22:45.539 I/dalvikvm-heap(20973): Grow heap (frag case) to 19.334MB for 82960-byte allocation
07-24 23:22:45.549 D/dalvikvm(20973): GC_FOR_ALLOC freed 1K, 5% free 19768K/20716K, paused 11ms, total 11ms
07-24 23:22:45.589 D/dalvikvm(20973): GC_FOR_ALLOC freed 61K, 4% free 20024K/20800K, paused 11ms, total 11ms
07-24 23:22:45.789 D/dalvikvm(20973): GC_FOR_ALLOC freed 945K, 7% free 19796K/21092K, paused 12ms, total 12ms
07-24 23:22:47.079 D/WifiService( 749): setWifiEnabled: false pid=20973, uid=1000
07-24 23:22:47.109 I/wpa_supplicant(17509): wlan0: CTRL-EVENT-DISCONNECTED bssid=2c:39:96:d5:ea:d2 reason=3 locally_generated=1
07-24 23:22:47.119 D/CommandListener( 179): Clearing all IP addresses on wlan0
07-24 23:22:47.119 D/ConnectivityService( 749): ConnectivityChange for WIFI: DISCONNECTED/DISCONNECTED
07-24 23:22:47.119 D/ConnectivityService( 749): tryFailover: set mActiveDefaultNetwork=-1, prevNetType=1
07-24 23:22:47.119 D/ConnectivityService( 749): Attempting to switch to mobile
07-24 23:22:47.119 D/ConnectivityService( 749): Attempting to switch to BLUETOOTH_TETHER
07-24 23:22:47.139 D/NetUtils( 749): android_net_utils_resetConnections in env=0x77bc39b0 clazz=0xbd500001 iface=wlan0 mask=0x3
07-24 23:22:47.139 D/MobileDataStateTracker( 749): default: Broadcast received: android.intent.action.ANY_DATA_STATE apnType=default
07-24 23:22:47.139 D/MobileDataStateTracker( 749): default: Received state=CONNECTING, old=DISCONNECTED, reason=dataEnabled
07-24 23:22:47.139 D/MobileDataStateTracker( 749): default: setDetailed state, old =IDLE and new state=CONNECTING
07-24 23:22:47.139 D/MobileDataStateTracker( 749): fota: Broadcast received: android.intent.action.ANY_DATA_STATE apnType=fota
07-24 23:22:47.139 D/ConnectivityService( 749): resetConnections(wlan0, 3)
07-24 23:22:47.149 D/MobileDataStateTracker( 749): fota: Received state=DISCONNECTED, old=DISCONNECTED, reason=dataEnabled
07-24 23:22:47.149 D/MobileDataStateTracker( 749): dun: Broadcast received: android.intent.action.ANY_DATA_STATE apnType=dun
07-24 23:22:47.149 D/MobileDataStateTracker( 749): dun: Received state=DISCONNECTED, old=DISCONNECTED, reason=dataEnabled
07-24 23:22:47.149 D/MobileDataStateTracker( 749): ia: Broadcast received: android.intent.action.ANY_DATA_STATE apnType=ia
07-24 23:22:47.149 D/MobileDataStateTracker( 749): ia: Received state=DISCONNECTED, old=DISCONNECTED, reason=dataEnabled
07-24 23:22:47.159 D/MobileDataStateTracker( 749): supl: Broadcast received: android.intent.action.ANY_DATA_STATE apnType=supl
07-24 23:22:47.159 D/MobileDataStateTracker( 749): supl: Received state=DISCONNECTED, old=DISCONNECTED, reason=dataEnabled
07-24 23:22:47.159 D/MobileDataStateTracker( 749): hipri: Broadcast received: android.intent.action.ANY_DATA_STATE apnType=hipri
07-24 23:22:47.159 D/MobileDataStateTracker( 749): hipri: Received state=DISCONNECTED, old=DISCONNECTED, reason=dataEnabled
07-24 23:22:47.159 D/MobileDataStateTracker( 749): ims: Broadcast received: android.intent.action.ANY_DATA_STATE apnType=ims
07-24 23:22:47.159 D/MobileDataStateTracker( 749): ims: Received state=DISCONNECTED, old=DISCONNECTED, reason=dataEnabled
07-24 23:22:47.159 D/MobileDataStateTracker( 749): mms: Broadcast received: android.intent.action.ANY_DATA_STATE apnType=mms
07-24 23:22:47.159 D/MobileDataStateTracker( 749): mms: Received state=DISCONNECTED, old=DISCONNECTED, reason=dataEnabled
07-24 23:22:47.159 D/MobileDataStateTracker( 749): cbs: Broadcast received: android.intent.action.ANY_DATA_STATE apnType=cbs
07-24 23:22:47.169 D/MobileDataStateTracker( 749): cbs: Received state=DISCONNECTED, old=DISCONNECTED, reason=dataEnabled
07-24 23:22:47.179 W/ContextImpl(19101): Implicit intents with startService are not safe: Intent { act=com.viber.voip.action.VIBER_SERVICE_BACKGROUND } android.content.ContextWrapper.startService:494 com.viber.voip.e.s.a:273 com.viber.voip.e.s.onServiceStateChanged:237
07-24 23:22:47.189 W/ContextImpl(19101): Implicit intents with startService are not safe: Intent { act=com.viber.voip.action.VIBER_SERVICE_BACKGROUND } android.content.ContextWrapper.startService:494 com.viber.voip.e.s.a:273 com.viber.voip.e.s.onServiceStateChanged:237
07-24 23:22:47.189 W/ContextImpl(19101): Implicit intents with startService are not safe: Intent { act=com.viber.voip.action.VIBER_SERVICE_BACKGROUND } android.content.ContextWrapper.startService:494 com.viber.voip.e.s.a:273 com.viber.voip.e.s.onServiceStateChanged:237
07-24 23:22:47.199 W/ContextImpl(19101): Implicit intents with startService are not safe: Intent { act=com.viber.voip.action.VIBER_SERVICE_BACKGROUND } android.content.ContextWrapper.startService:494 com.viber.voip.e.s.a:273 com.viber.voip.e.s.onServiceStateChanged:237
07-24 23:22:47.199 D/CommandListener( 179): Clearing all IP addresses on wlan0
07-24 23:22:47.209 W/BackupManagerService( 749): dataChanged but no participant pkg='com.android.providers.settings' uid=10059
07-24 23:22:47.219 W/Settings( 1156): Setting airplane_mode_on has moved from android.provider.Settings.System to android.provider.Settings.Global, returning read-only value.
07-24 23:22:47.219 W/ContextImpl(19101): Implicit intents with startService are not safe: Intent { act=com.viber.voip.action.VIBER_SERVICE_BACKGROUND } android.content.ContextWrapper.startService:494 com.viber.voip.e.s.a:273 com.viber.voip.e.s.onServiceStateChanged:237
07-24 23:22:47.229 W/ContextImpl(19101): Implicit intents with startService are not safe: Intent { act=com.viber.voip.action.VIBER_SERVICE_BACKGROUND } android.content.ContextWrapper.startService:494 com.viber.voip.e.s.a:273 com.viber.voip.e.s.onServiceStateChanged:237
07-24 23:22:47.229 D/Nat464Xlat( 749): requiresClat: netType=1, hasIPv4Address=false
07-24 23:22:47.229 D/ConnectivityService( 749): handleInetConditionChange: no active default network - ignore
07-24 23:22:47.239 D/BluetoothAdapter(20973): 1114544152: getState() : mService = null. Returning STATE_OFF
07-24 23:22:47.239 D/MobileDataStateTracker( 749): default: setPolicyDataEnable(enabled=true)
07-24 23:22:47.289 D/MobileDataStateTracker( 749): default: setPolicyDataEnable(enabled=true)
07-24 23:22:47.729 W/ContextImpl(19101): Implicit intents with startService are not safe: Intent { act=com.viber.voip.action.VIBER_SERVICE_BACKGROUND } android.content.ContextWrapper.startService:494 com.viber.voip.e.s.a:273 com.viber.voip.e.s.onServiceStateChanged:237
07-24 23:22:47.729 W/ContextImpl(19101): Implicit intents with startService are not safe: Intent { act=com.viber.voip.action.VIBER_SERVICE_BACKGROUND } android.content.ContextWrapper.startService:494 com.viber.voip.e.s.a:273 com.viber.voip.e.s.onServiceStateChanged:237
07-24 23:22:48.129 V/QcrilMsgTunnelSocket(30567): After reading offset = 0 remaining = 4 countRead = 4
07-24 23:22:48.129 D/QcrilMsgTunnelSocket(30567): messageLength extracted from first 4 inputStream reads = 29
07-24 23:22:48.129 V/QcrilMsgTunnelSocket(30567): offset = 0 remaining = 29 countRead = 0
07-24 23:22:48.129 V/QcrilMsgTunnelSocket(30567): offset = 0 remaining = 29 countRead = 29
07-24 23:22:48.129 D/QcrilMsgTunnelSocket(30567): readRilMessage: Buffer = [B@42603a38 HexData = [0100000004040000110000005155414c434f4d4def0308000100000001]
07-24 23:22:48.129 V/QcrilMsgTunnelSocket(30567): Read packet: 29 bytes. Data Available = 32 Position = 0
07-24 23:22:48.129 D/QcrilMsgTunnelSocket(30567): processResponse. message type = 1. Data Available = 28
07-24 23:22:48.129 D/QcrilMsgTunnelSocket(30567): ByteArray from parcel = 5155414c434f4d4def0308000100000001
07-24 23:22:48.129 D/QcrilMsgTunnelSocket(30567): Received RIL_UNSOL_OEM_HOOK_RAW message
07-24 23:22:48.129 D/QcrilMsgTunnelSocket(30567): Oem ID in RIL_UNSOL_OEM_HOOK_RAW is QUALCOMM
07-24 23:22:48.129 D/QcrilMsgTunnelSocket(30567): OEM ID check Passed
07-24 23:22:48.129 D/QcrilMsgTunnelSocket(30567): Response ID in RIL_UNSOL_OEM_HOOK_RAW is 525295
07-24 23:22:48.129 D/QcrilMsgTunnelSocket(30567): Response ID 525295is not served in this process.
07-24 23:22:48.129 D/QcrilMsgTunnelSocket(30567): To broadcast an Intent via the notifier to external apps
07-24 23:22:48.129 V/QcrilMsgTunnelSocket(30567): Before reading offset = 0 remaining = 4 countRead = 0
07-24 23:22:48.129 D/QcrilMsgTunnelIfaceManager(30567): handleMessage what=0
07-24 23:22:48.129 D/QcrilMsgTunnelIfaceManager(30567): Broadcasting intent ACTION_UNSOL_RESPONSE_OEM_HOOK_RAW
07-24 23:22:48.729 W/ContextImpl(19101): Implicit intents with startService are not safe: Intent { act=com.viber.voip.action.VIBER_SERVICE_BACKGROUND } android.content.ContextWrapper.startService:494 com.viber.voip.e.s.a:273 com.viber.voip.e.s.onServiceStateChanged:237
07-24 23:22:48.729 W/ContextImpl(19101): Implicit intents with startService are not safe: Intent { act=com.viber.voip.action.VIBER_SERVICE_BACKGROUND } android.content.ContextWrapper.startService:494 com.viber.voip.e.s.a:273 com.viber.voip.e.s.onServiceStateChanged:237
07-24 23:22:48.809 D/MobileDataStateTracker( 749): default: Broadcast received: android.intent.action.ANY_DATA_STATE apnType=default
07-24 23:22:48.809 D/MobileDataStateTracker( 749): default: Received state=CONNECTED, old=CONNECTING, reason=connected
07-24 23:22:48.809 D/MobileDataStateTracker( 749): default: setDetailed state, old =CONNECTING and new state=CONNECTED
07-24 23:22:48.809 D/ConnectivityService( 749): ConnectivityChange for mobile: CONNECTED/CONNECTED
07-24 23:22:48.809 D/ConnectivityService( 749): ConnectivityChange checkMobileProvisioning for TYPE_MOBILE or ProvisioningNetwork
07-24 23:22:48.809 D/ConnectivityService( 749): checkMobileProvisioning: E suggestedTimeOutMs=60000
07-24 23:22:48.809 D/ConnectivityService( 749): setProvNotificationVisible: E visible=false networkType=5 extraInfo=null url=null
07-24 23:22:48.809 D/ConnectivityService( 749): checkMobileProvisioning: params={ url=http://clients3.google.com/generate_204 mTimeOutMs=60000 mCb=com.android.server.ConnectivityService$5@42effc98}
07-24 23:22:48.809 D/ConnectivityService( 749): checkMobileProvisioning: X
07-24 23:22:48.819 D/dalvikvm( 1009): GC_CONCURRENT freed 479K, 4% free 18043K/18696K, paused 2ms+3ms, total 27ms
07-24 23:22:48.819 D/dalvikvm( 1009): WAIT_FOR_CONCURRENT_GC blocked 13ms
07-24 23:22:48.819 D/dalvikvm( 1009): WAIT_FOR_CONCURRENT_GC blocked 12ms
07-24 23:22:48.819 D/dalvikvm( 1009): WAIT_FOR_CONCURRENT_GC blocked 14ms
07-24 23:22:48.839 D/Nat464Xlat( 749): requiresClat: netType=0, hasIPv4Address=true
07-24 23:22:48.839 D/MobileDataStateTracker( 749): default: setPolicyDataEnable(enabled=true)
07-24 23:22:48.849 D/MobileDataStateTracker( 749): default: isProvisioningNetwork: retVal=false
07-24 23:22:48.849 D/ConnectivityService( 749): [CheckMp] isMobileOk: isDefaultProvisioning=false
07-24 23:22:48.869 D/MobileDataStateTracker( 749): hipri: isProvisioningNetwork: retVal=false
07-24 23:22:48.869 D/ConnectivityService( 749): [CheckMp] isMobileOk: isHipriProvisioning=false
07-24 23:22:48.869 D/ConnectivityService( 749): [CheckMp] isMobileOk: start hipri url=http://clients3.google.com/generate_204
07-24 23:22:48.879 I/CheckinService( 991): Preparing to send checkin request
07-24 23:22:48.879 I/EventLogService( 991): Accumulating logs since 1406240244726
07-24 23:22:48.919 I/GoogleHttpClient( 991): Falling back to old SSLCertificateSocketFactory
07-24 23:22:48.919 I/GoogleHttpClient( 991): Using GMS GoogleHttpClient
07-24 23:22:48.929 D/MobileDataStateTracker( 749): default: setPolicyDataEnable(enabled=true)
07-24 23:22:48.939 D/ConnectivityService( 749): startUsingNetworkFeature reconnecting to 0: enableHIPRI
07-24 23:22:48.939 D/ConnectivityService( 749): startUsingNetworkFeature X: return APN_REQUEST_STARTED
07-24 23:22:48.939 D/ConnectivityService( 749): [CheckMp] isMobileOk: hipri started
07-24 23:22:48.939 D/ConnectivityService( 749): [CheckMp] isMobileOk: not connected ni=NetworkInfo: type: mobile_hipri[HSPA], state: DISCONNECTED/IDLE, reason: (unspecified), extra: (none), roaming: false, failover: false, isAvailable: true, isConnectedToProvisioningNetwork: false
07-24 23:22:48.939 D/MobileDataStateTracker( 749): hipri: Broadcast received: android.intent.action.ANY_DATA_STATE apnType=hipri
07-24 23:22:48.939 D/MobileDataStateTracker( 749): hipri: Received state=CONNECTING, old=DISCONNECTED, reason=dataEnabled
07-24 23:22:48.939 D/MobileDataStateTracker( 749): hipri: setDetailed state, old =IDLE and new state=CONNECTING
07-24 23:22:48.939 D/MobileDataStateTracker( 749): fota: Broadcast received: android.intent.action.ANY_DATA_STATE apnType=fota
07-24 23:22:48.939 D/MobileDataStateTracker( 749): fota: Received state=DISCONNECTED, old=DISCONNECTED, reason=dataEnabled
07-24 23:22:48.939 D/MobileDataStateTracker( 749): dun: Broadcast received: android.intent.action.ANY_DATA_STATE apnType=dun
07-24 23:22:48.949 D/MobileDataStateTracker( 749): dun: Received state=DISCONNECTED, old=DISCONNECTED, reason=dataEnabled
07-24 23:22:48.949 D/MobileDataStateTracker( 749): ia: Broadcast received: android.intent.action.ANY_DATA_STATE apnType=ia
07-24 23:22:48.949 D/MobileDataStateTracker( 749): ia: Received state=DISCONNECTED, old=DISCONNECTED, reason=dataEnabled
07-24 23:22:48.949 D/MobileDataStateTracker( 749): supl: Broadcast received: android.intent.action.ANY_DATA_STATE apnType=supl
07-24 23:22:48.949 D/MobileDataStateTracker( 749): supl: Received state=DISCONNECTED, old=DISCONNECTED, reason=dataEnabled
07-24 23:22:48.949 D/MobileDataStateTracker( 749): ims: Broadcast received: android.intent.action.ANY_DATA_STATE apnType=ims
07-24 23:22:48.959 D/MobileDataStateTracker( 749): ims: Received state=DISCONNECTED, old=DISCONNECTED, reason=dataEnabled
07-24 23:22:48.959 D/MobileDataStateTracker( 749): mms: Broadcast received: android.intent.action.ANY_DATA_STATE apnType=mms
07-24 23:22:48.959 D/MobileDataStateTracker( 749): mms: Received state=DISCONNECTED, old=DISCONNECTED, reason=dataEnabled
07-24 23:22:48.959 D/MobileDataStateTracker( 749): cbs: Broadcast received: android.intent.action.ANY_DATA_STATE apnType=cbs
07-24 23:22:48.959 D/MobileDataStateTracker( 749): cbs: Received state=DISCONNECTED, old=DISCONNECTED, reason=dataEnabled
07-24 23:22:48.959 D/MobileDataStateTracker( 749): hipri: Broadcast received: android.intent.action.ANY_DATA_STATE apnType=hipri
07-24 23:22:48.959 D/MobileDataStateTracker( 749): hipri: Received state=CONNECTED, old=CONNECTING, reason=dataEnabled
07-24 23:22:48.959 D/MobileDataStateTracker( 749): hipri: setDetailed state, old =CONNECTING and new state=CONNECTED
07-24 23:22:48.959 D/ConnectivityService( 749): ConnectivityChange for mobile_hipri: CONNECTED/CONNECTED
07-24 23:22:48.989 V/PanelView( 861): animationTick called with dtms=0; nothing to do (h=2.7278209 v=2874.1357)
07-24 23:22:48.989 V/PanelView( 861): animationTick called with dtms=-6; nothing to do (h=2.7278209 v=2874.1357)
07-24 23:22:48.989 W/GLSUser ( 1124): GoogleAccountDataService.getToken()
07-24 23:22:49.019 D/Nat464Xlat( 749): requiresClat: netType=5, hasIPv4Address=true
07-24 23:22:49.019 D/MobileDataStateTracker( 749): default: setPolicyDataEnable(enabled=true)
07-24 23:22:49.029 W/NetworkPolicy( 749): shared quota unsupported; generating rule for each iface
07-24 23:22:49.109 I/Adreno-EGL(17901): : EGL 1.4 QUALCOMM Build: I0404c4692afb8623f95c43aeb6d5e13ed4b30ddbDate: 11/06/13
07-24 23:22:49.139 I/Adreno-EGL(17901): : EGL 1.4 QUALCOMM Build: I0404c4692afb8623f95c43aeb6d5e13ed4b30ddbDate: 11/06/13
07-24 23:22:49.189 I/CheckinTask( 991): Sending checkin request (4284 bytes)
07-24 23:22:49.229 D/MobileDataStateTracker( 749): default: setPolicyDataEnable(enabled=true)
07-24 23:22:49.529 D/dalvikvm( 749): GC_FOR_ALLOC freed 4374K, 23% free 42282K/54876K, paused 76ms, total 76ms
07-24 23:22:49.619 D/dalvikvm( 749): GC_FOR_ALLOC freed 1906K, 24% free 42052K/54876K, paused 61ms, total 61ms
07-24 23:22:49.689 D/dalvikvm( 749): GC_FOR_ALLOC freed 838K, 22% free 42888K/54876K, paused 59ms, total 59ms
07-24 23:22:49.709 D/dalvikvm( 861): GC_FOR_ALLOC freed 4614K, 54% free 23588K/50320K, paused 22ms, total 22ms
07-24 23:22:49.759 D/dalvikvm( 749): GC_FOR_ALLOC freed 1672K, 24% free 42051K/54876K, paused 62ms, total 62ms
07-24 23:22:49.769 D/dalvikvm( 861): GC_FOR_ALLOC freed 973K, 52% free 24371K/50320K, paused 15ms, total 15ms
07-24 23:22:49.849 D/dalvikvm( 749): GC_FOR_ALLOC freed 838K, 22% free 42890K/54876K, paused 60ms, total 60ms
07-24 23:22:49.849 D/ConnectivityService( 749): NetTransition Wakelock for ConnectedState released by timeout
07-24 23:22:49.879 V/PanelView( 861): animationTick called with dtms=0; nothing to do (h=1776.0 v=-6000.0)
07-24 23:22:49.879 V/PanelView( 861): animationTick called with dtms=0; nothing to do (h=1776.0 v=-6000.0)
07-24 23:22:49.939 D/MobileDataStateTracker( 749): hipri: isProvisioningNetwork: retVal=false
07-24 23:22:49.939 D/ConnectivityService( 749): [CheckMp] isMobileOk: isProvisioningNetwork is false, continue
07-24 23:22:50.029 V/QcrilMsgTunnelSocket(30567): After reading offset = 0 remaining = 4 countRead = 4
07-24 23:22:50.029 D/QcrilMsgTunnelSocket(30567): messageLength extracted from first 4 inputStream reads = 29
07-24 23:22:50.029 V/QcrilMsgTunnelSocket(30567): offset = 0 remaining = 29 countRead = 0
07-24 23:22:50.049 V/QcrilMsgTunnelSocket(30567): offset = 0 remaining = 29 countRead = 29
07-24 23:22:50.049 D/QcrilMsgTunnelSocket(30567): readRilMessage: Buffer = [B@42603a38 HexData = [0100000004040000110000005155414c434f4d4def0308000100000002]
07-24 23:22:50.049 V/QcrilMsgTunnelSocket(30567): Read packet: 29 bytes. Data Available = 32 Position = 0
07-24 23:22:50.049 D/QcrilMsgTunnelSocket(30567): processResponse. message type = 1. Data Available = 28
07-24 23:22:50.049 D/QcrilMsgTunnelSocket(30567): ByteArray from parcel = 5155414c434f4d4def0308000100000002
07-24 23:22:50.049 D/QcrilMsgTunnelSocket(30567): Received RIL_UNSOL_OEM_HOOK_RAW message
07-24 23:22:50.049 D/QcrilMsgTunnelSocket(30567): Oem ID in RIL_UNSOL_OEM_HOOK_RAW is QUALCOMM
07-24 23:22:50.049 D/QcrilMsgTunnelSocket(30567): OEM ID check Passed
07-24 23:22:50.069 D/AlarmManagerService( 749): Kernel timezone updated to -60 minutes west of GMT
07-24 23:22:50.079 D/MobileDataStateTracker( 749): hipri: Broadcast received: android.intent.action.ANY_DATA_STATE apnType=hipri
07-24 23:22:50.079 D/MobileDataStateTracker( 749): hipri: Received state=CONNECTED, old=CONNECTED, reason=(unspecified)
07-24 23:22:50.089 D/MobileDataStateTracker( 749): default: Broadcast received: android.intent.action.ANY_DATA_STATE apnType=default
07-24 23:22:50.089 D/MobileDataStateTracker( 749): default: Received state=CONNECTED, old=CONNECTED, reason=(unspecified)
07-24 23:22:50.099 D/dalvikvm( 1009): GC_CONCURRENT freed 461K, 4% free 18011K/18696K, paused 2ms+1ms, total 29ms
07-24 23:22:50.109 D/QcrilMsgTunnelSocket(30567): Response ID in RIL_UNSOL_OEM_HOOK_RAW is 525295
07-24 23:22:50.109 D/QcrilMsgTunnelSocket(30567): Response ID 525295is not served in this process.
07-24 23:22:50.109 D/QcrilMsgTunnelSocket(30567): To broadcast an Intent via the notifier to external apps
07-24 23:22:50.109 V/QcrilMsgTunnelSocket(30567): Before reading offset = 0 remaining = 4 countRead = 0
07-24 23:22:50.109 D/QcrilMsgTunnelIfaceManager(30567): handleMessage what=0
07-24 23:22:50.109 D/QcrilMsgTunnelIfaceManager(30567): Broadcasting intent ACTION_UNSOL_RESPONSE_OEM_HOOK_RAW
07-24 23:22:50.169 D/ConnectivityService( 749): [CheckMp] isMobileOk: addresses=clients3.google.com/173.194.35.97,clients3.google.com/173.194.35.102,clients3.google.com/173.194.35.99,clients3.google.com/173.194.35.105,clients3.google.com/173.194.35.96,clients3.google.com/173.194.35.98,clients3.google.com/173.194.35.104,clients3.google.com/173.194.35.103,clients3.google.com/173.194.35.100,clients3.google.com/173.194.35.101,clients3.google.com/173.194.35.110
07-24 23:22:50.169 D/ConnectivityService( 749): [CheckMp] isMobileOk: linkHasIpv4=true linkHasIpv6=false
07-24 23:22:50.179 D/ConnectivityService( 749): requestRouteToHostAddress ok=true
07-24 23:22:50.179 D/ConnectivityService( 749): [CheckMp] isMobileOk: wait to establish route to hostAddr=clients3.google.com/173.194.35.98
07-24 23:22:50.229 D/Tethering( 749): MasterInitialState.processMessage what=3
07-24 23:22:50.229 D/CaptivePortalTracker( 749): Disconnected from active network NetworkInfo: type: WIFI[], state: DISCONNECTED/DISCONNECTED, reason: (unspecified), extra: , roaming: false, failover: false, isAvailable: true, isConnectedToProvisioningNetwork: false
07-24 23:22:50.229 D/ConnectivityService( 749): setProvNotificationVisible: E visible=false networkType=1 extraInfo=null url=null
07-24 23:22:50.239 I/ProxyService(21922): Action: android.net.conn.CONNECTIVITY_CHANGE
07-24 23:22:50.239 I/ProxyService(21922): Network Type: mobile, subtype: HSPA+, available: true
07-24 23:22:50.239 W/ContextImpl(19101): Implicit intents with startService are not safe: Intent { act=com.viber.voip.action.VIBER_SERVICE_BACKGROUND } android.content.ContextWrapper.startService:494 com.viber.voip.e.s.a:273 com.viber.voip.e.s.onServiceStateChanged:237
07-24 23:22:50.249 D/MobileConnectivityChangeReceiver(17578): onReceive Intent { act=android.net.conn.CONNECTIVITY_CHANGE flg=0x4000010 cmp=com.google.android.setupwizard/.MobileConnectivityChangeReceiver (has extras) }
07-24 23:22:50.249 D/MobileConnectivityChangeReceiver(17578): onReceive CONNECTIVITY_CHANGE networkType=1
07-24 23:22:50.259 D/GCM ( 1124): GcmService start Intent { act=android.net.conn.CONNECTIVITY_CHANGE flg=0x4000010 cmp=com.google.android.gms/.gcm.GcmService (has extras) } android.net.conn.CONNECTIVITY_CHANGE
07-24 23:22:50.289 D/dalvikvm( 8348): GC_CONCURRENT freed 462K, 4% free 18318K/18956K, paused 4ms+4ms, total 40ms
07-24 23:22:50.329 I/PushServiceReceiver(18059): start PushSerevice for ACTION_BOOT_COMPLETED or CONNECTIVITY_ACTION
07-24 23:22:50.329 D/DownloadQueueService(17691): service created : co.uk.mediaat.downloader.queue.DownloadQueueService@42666260
07-24 23:22:50.339 D/DownloadQueue(17691): BBCDownloadAgent: querying downloads: queue id: BBCDownloadAgent
07-24 23:22:50.339 D/DownloadQueue(17691): BBCDownloadAgent: received 0 downloads
07-24 23:22:50.339 D/DownloadQueueController(17691): network available: false
07-24 23:22:50.339 D/DownloadQueueController(17691): storage available: true
07-24 23:22:50.339 D/DownloadQueueController(17691): environment valid: true
07-24 23:22:50.339 D/DownloadQueue(17691): download queue suspended
07-24 23:22:50.339 D/DownloadQueueService(17691): no active queues, stopping service
07-24 23:22:50.339 D/DownloadQueueService(17691): service stopped
07-24 23:22:50.339 D/DownloadQueueService(17691): service destroyed
07-24 23:22:50.379 D/dalvikvm( 8746): GC_CONCURRENT freed 254K, 8% free 17663K/19032K, paused 1ms+3ms, total 13ms
07-24 23:22:50.469 D/dalvikvm( 991): GC_CONCURRENT freed 1083K, 10% free 18738K/20820K, paused 3ms+3ms, total 24ms
07-24 23:22:50.559 W/BackupManagerService( 749): dataChanged but no participant pkg='com.android.providers.settings' uid=10059
07-24 23:22:50.709 D/GCM ( 1124): Connected
07-24 23:22:50.729 I/GCM ( 1124): GCM message com.google.android.gsf.gtalkservice
07-24 23:22:50.749 D/GCM ( 1124): Message class mpg
07-24 23:22:50.929 I/socket (18059): msgid:1
07-24 23:22:51.039 W/GLSUser ( 1124): GoogleAccountDataService.getToken()
07-24 23:22:51.059 I/CheckinTask( 991): Checkin success: https://android.clients.google.com/checkin (1 requests sent)
07-24 23:22:51.059 W/GoogleHttpClient( 991): Unable to close GMS GoogleHttpClient
07-24 23:22:51.089 D/GCM ( 1124): GcmService start Intent { act=com.google.android.checkin.CHECKIN_COMPLETE flg=0x10 cmp=com.google.android.gms/.gcm.GcmService (has extras) } com.google.android.checkin.CHECKIN_COMPLETE
07-24 23:22:51.089 E/ActivityThread( 991): Service com.google.android.gms.checkin.CheckinService has leaked ServiceConnection gbe@427bebf8 that was originally bound here
07-24 23:22:51.089 E/ActivityThread( 991): android.app.ServiceConnectionLeaked: Service com.google.android.gms.checkin.CheckinService has leaked ServiceConnection gbe@427bebf8 that was originally bound here
07-24 23:22:51.089 E/ActivityThread( 991): at android.app.LoadedApk$ServiceDispatcher.(LoadedApk.java:970)
07-24 23:22:51.089 E/ActivityThread( 991): at android.app.LoadedApk.getServiceDispatcher(LoadedApk.java:864)
07-24 23:22:51.089 E/ActivityThread( 991): at android.app.ContextImpl.bindServiceCommon(ContextImpl.java:1569)
07-24 23:22:51.089 E/ActivityThread( 991): at android.app.ContextImpl.bindService(ContextImpl.java:1552)
07-24 23:22:51.089 E/ActivityThread( 991): at android.content.ContextWrapper.bindService(ContextWrapper.java:517)
07-24 23:22:51.089 E/ActivityThread( 991): at gbd.(SourceFile:99)
07-24 23:22:51.089 E/ActivityThread( 991): at gaz.(SourceFile:226)
07-24 23:22:51.089 E/ActivityThread( 991): at java.lang.reflect.Constructor.constructNative(Native Method)
07-24 23:22:51.089 E/ActivityThread( 991): at java.lang.reflect.Constructor.newInstance(Constructor.java:423)
07-24 23:22:51.089 E/ActivityThread( 991): at xt.(SourceFile:175)
07-24 23:22:51.089 E/ActivityThread( 991): at bku.a(SourceFile:226)
07-24 23:22:51.089 E/ActivityThread( 991): at bkt.a(SourceFile:298)
07-24 23:22:51.089 E/ActivityThread( 991): at bkt.doInBackground(SourceFile:288)
07-24 23:22:51.089 E/ActivityThread( 991): at android.os.AsyncTask$2.call(AsyncTask.java:288)
07-24 23:22:51.089 E/ActivityThread( 991): at java.util.concurrent.FutureTask.run(FutureTask.java:237)
07-24 23:22:51.089 E/ActivityThread( 991): at java.lang.Thread.run(Thread.java:841)
07-24 23:22:51.099 I/GCM ( 1124): GCM config loaded
07-24 23:22:51.109 D/dalvikvm( 1124): GC_CONCURRENT freed 567K, 4% free 17780K/18452K, paused 2ms+2ms, total 22ms
07-24 23:22:51.219 D/ConnectivityService( 749): handleInetConditionHoldEnd: net=0, condition=100, published condition=0
07-24 23:22:51.849 D/Tethering( 749): MasterInitialState.processMessage what=3
07-24 23:22:51.849 D/CaptivePortalTracker( 749): NoActiveNetworkState{ when=-1ms what=1 obj=NetworkInfo: type: mobile[HSPA], state: CONNECTED/CONNECTED, reason: connected, extra: everywhere, roaming: false, failover: false, isAvailable: true, isConnectedToProvisioningNetwork: false target=com.android.internal.util.StateMachine$SmHandler }
07-24 23:22:51.849 D/CaptivePortalTracker( 749): NoActiveNetworkState not a wifi connectivity change, ignore
07-24 23:22:51.849 I/ProxyService(21922): Action: android.net.conn.CONNECTIVITY_CHANGE
07-24 23:22:51.849 I/ProxyService(21922): Network Type: mobile, subtype: HSPA+, available: true
07-24 23:22:51.859 D/MobileConnectivityChangeReceiver(17578): onReceive Intent { act=android.net.conn.CONNECTIVITY_CHANGE flg=0x4000010 cmp=com.google.android.setupwizard/.MobileConnectivityChangeReceiver (has extras) }
07-24 23:22:51.869 D/MobileConnectivityChangeReceiver(17578): onReceive CONNECTIVITY_CHANGE networkType=0
07-24 23:22:51.869 D/MobileConnectivityChangeReceiver(17578): onReceive CONNECTIVITY_CHANGE: checkConnection
07-24 23:22:51.879 D/CheckConnectionTask(17578): doInBackground: url=http://clients3.google.com/generate_204
07-24 23:22:51.889 D/GCM ( 1124): GcmService start Intent { act=android.net.conn.CONNECTIVITY_CHANGE flg=0x4000010 cmp=com.google.android.gms/.gcm.GcmService (has extras) } android.net.conn.CONNECTIVITY_CHANGE
07-24 23:22:51.929 D/dalvikvm( 8746): GC_CONCURRENT freed 522K, 8% free 17532K/19032K, paused 4ms+3ms, total 29ms
07-24 23:22:51.939 I/PushServiceReceiver(18059): start PushSerevice for ACTION_BOOT_COMPLETED or CONNECTIVITY_ACTION
07-24 23:22:51.949 D/DownloadQueueService(17691): service created : co.uk.mediaat.downloader.queue.DownloadQueueService@4266ba08
07-24 23:22:51.959 D/DownloadQueue(17691): BBCDownloadAgent: querying downloads: queue id: BBCDownloadAgent
07-24 23:22:51.959 D/GCM ( 1124): GcmService start Intent { act=com.google.android.checkin.CHECKIN_COMPLETE flg=0x10 cmp=com.google.android.gms/.gcm.GcmService (has extras) } com.google.android.checkin.CHECKIN_COMPLETE
07-24 23:22:51.959 D/DownloadQueue(17691): BBCDownloadAgent: received 0 downloads
07-24 23:22:51.959 D/DownloadQueueController(17691): network available: false
07-24 23:22:51.959 D/DownloadQueueController(17691): storage available: true
07-24 23:22:51.959 D/DownloadQueueController(17691): environment valid: true
07-24 23:22:51.959 D/DownloadQueue(17691): download queue suspended
07-24 23:22:51.959 D/DownloadQueueService(17691): no active queues, stopping service
07-24 23:22:51.959 D/DownloadQueueService(17691): service stopped
07-24 23:22:51.969 D/DownloadQueueService(17691): service destroyed
07-24 23:22:51.999 D/dalvikvm(17578): GC_CONCURRENT freed 488K, 4% free 16982K/17508K, paused 1ms+2ms, total 10ms
07-24 23:22:52.009 D/dalvikvm( 3210): GC_CONCURRENT freed 434K, 3% free 17090K/17608K, paused 1ms+1ms, total 11ms
07-24 23:22:52.029 D/Tethering( 749): MasterInitialState.processMessage what=3
07-24 23:22:52.029 D/dalvikvm( 8746): GC_CONCURRENT freed 498K, 9% free 17457K/19032K, paused 2ms+4ms, total 15ms
07-24 23:22:52.029 D/CaptivePortalTracker( 749): NoActiveNetworkState{ when=-1ms what=1 obj=NetworkInfo: type: mobile_hipri[HSPA], state: CONNECTED/CONNECTED, reason: dataEnabled, extra: everywhere, roaming: false, failover: false, isAvailable: true, isConnectedToProvisioningNetwork: false target=com.android.internal.util.StateMachine$SmHandler }
07-24 23:22:52.029 D/CaptivePortalTracker( 749): NoActiveNetworkState not a wifi connectivity change, ignore
07-24 23:22:52.029 I/goggles ( 3210): k: Checking for images newer than 1406141576633
07-24 23:22:52.029 I/ProxyService(21922): Action: android.net.conn.CONNECTIVITY_CHANGE
07-24 23:22:52.029 I/ProxyService(21922): Network Type: mobile, subtype: HSPA+, available: true
07-24 23:22:52.039 D/MobileConnectivityChangeReceiver(17578): onReceive Intent { act=android.net.conn.CONNECTIVITY_CHANGE flg=0x4000010 cmp=com.google.android.setupwizard/.MobileConnectivityChangeReceiver (has extras) }
07-24 23:22:52.039 D/MobileConnectivityChangeReceiver(17578): onReceive CONNECTIVITY_CHANGE networkType=5
07-24 23:22:52.059 D/GCM ( 1124): GcmService start Intent { act=android.net.conn.CONNECTIVITY_CHANGE flg=0x4000010 cmp=com.google.android.gms/.gcm.GcmService (has extras) } android.net.conn.CONNECTIVITY_CHANGE
07-24 23:22:52.059 D/ConnectivityService( 749): requestRouteToHostAddress ok=true
07-24 23:22:52.079 W/InputMethodManagerService( 749): Window already focused, ignoring focus gain of: com.android.internal.view.IInputMethodClient$Stub$Proxy@4478f990 attribute=null, token = android.os.BinderProxy@430098d8
07-24 23:22:52.119 D/dalvikvm(18874): GC_CONCURRENT freed 2871K, 11% free 25257K/28168K, paused 3ms+4ms, total 72ms
07-24 23:22:52.119 D/dalvikvm(18874): WAIT_FOR_CONCURRENT_GC blocked 55ms
07-24 23:22:52.119 D/dalvikvm(18874): WAIT_FOR_CONCURRENT_GC blocked 42ms
07-24 23:22:52.149 I/PushServiceReceiver(18059): start PushSerevice for ACTION_BOOT_COMPLETED or CONNECTIVITY_ACTION
07-24 23:22:52.159 D/DownloadQueueService(17691): service created : co.uk.mediaat.downloader.queue.DownloadQueueService@42670fd8
07-24 23:22:52.169 D/DownloadQueue(17691): BBCDownloadAgent: querying downloads: queue id: BBCDownloadAgent
07-24 23:22:52.169 D/GCM ( 1124): GcmService start Intent { act=com.google.android.checkin.CHECKIN_COMPLETE flg=0x10 cmp=com.google.android.gms/.gcm.GcmService (has extras) } com.google.android.checkin.CHECKIN_COMPLETE
07-24 23:22:52.169 D/DownloadQueue(17691): BBCDownloadAgent: received 0 downloads
07-24 23:22:52.169 D/DownloadQueueController(17691): network available: false
07-24 23:22:52.169 D/DownloadQueueController(17691): storage available: true
07-24 23:22:52.169 D/DownloadQueueController(17691): environment valid: true
07-24 23:22:52.169 D/DownloadQueue(17691): download queue suspended
07-24 23:22:52.169 D/DownloadQueueService(17691): no active queues, stopping service
07-24 23:22:52.169 D/DownloadQueueService(17691): service stopped
07-24 23:22:52.169 D/DownloadQueueService(17691): service destroyed
07-24 23:22:52.179 D/dalvikvm(17691): GC_CONCURRENT freed 343K, 3% free 16915K/17292K, paused 2ms+2ms, total 19ms
07-24 23:22:52.189 D/CheckConnectionTask(17578): doInBackground: resultCode=204 retVal=true
07-24 23:22:52.189 D/CheckConnectionTask(17578): onPostExecute connected=true
07-24 23:22:52.189 D/CheckConnectionTask(17578): onPostExecute set preference connected=true
07-24 23:22:52.209 W/ContextImpl(19101): Implicit intents with startService are not safe: Intent { act=com.viber.voip.action.VIBER_SERVICE_BACKGROUND } android.content.ContextWrapper.startService:494 com.viber.voip.e.s.a:273 com.viber.voip.e.s.onServiceStateChanged:237
07-24 23:22:52.209 D/dalvikvm( 3210): GC_CONCURRENT freed 454K, 3% free 17105K/17608K, paused 2ms+4ms, total 17ms
07-24 23:22:52.219 I/goggles ( 3210): k: Checking for images newer than 1406141576633
07-24 23:22:52.389 D/ConnectivityService( 749): handleInetConditionHoldEnd: net=0, condition=100, published condition=100
07-24 23:22:53.189 D/ConnectivityService( 749): [CheckMp] isMobileOk: newUrl=https://173.194.35.98/generate_204
07-24 23:22:53.519 D/ConnectivityService( 749): [CheckMp] isMobileOk: hostnameVerify retVal=true hostname=173.194.35.98 orgUriHost=clients3.google.com
07-24 23:22:53.619 D/ConnectivityService( 749): [CheckMp] isMobileOk: headers={null=[HTTP/1.1 204 No Content], Connection=[close], Content-Length=[0], Content-Type=[text/html; charset=UTF-8], Date=[Thu, 24 Jul 2014 22:22:54 GMT], Server=[GFE/2.0], X-Android-Received-Millis=[1406240573628], X-Android-Response-Source=[NETWORK 204], X-Android-Selected-Transport=[http/1.1], X-Android-Sent-Millis=[1406240573536]}
07-24 23:22:53.619 D/ConnectivityService( 749): [CheckMp] isMobileOk: X got expected responseCode=204 result=1
07-24 23:22:53.619 D/ConnectivityService( 749): [CheckMp] isMobileOk: F stop hipri
07-24 23:22:53.619 D/MobileDataStateTracker( 749): default: setEnableFailFastMobileData(enabled=0)
07-24 23:22:53.619 D/ConnectivityService( 749): stopUsingNetworkFeature: teardown net 0: enableHIPRI
07-24 23:22:53.629 D/MobileDataStateTracker( 749): hipri: Broadcast received: android.intent.action.ANY_DATA_STATE apnType=hipri
07-24 23:22:53.629 D/MobileDataStateTracker( 749): hipri: Received state=DISCONNECTED, old=CONNECTED, reason=dataDisabled
07-24 23:22:53.629 D/MobileDataStateTracker( 749): hipri: setDetailed state, old =CONNECTED and new state=DISCONNECTED
07-24 23:22:53.629 D/ConnectivityService( 749): ConnectivityChange for mobile_hipri: DISCONNECTED/DISCONNECTED
07-24 23:22:53.679 D/Nat464Xlat( 749): requiresClat: netType=5, hasIPv4Address=true
07-24 23:22:53.689 D/MobileDataStateTracker( 749): default: setPolicyDataEnable(enabled=true)
07-24 23:22:53.879 D/MobileDataStateTracker( 749): default: setPolicyDataEnable(enabled=true)
07-24 23:22:53.899 V/PanelView( 861): animationTick called with dtms=0; nothing to do (h=278.0 v=3788.3794)
07-24 23:22:54.059 D/MobileDataStateTracker( 749): default: setPolicyDataEnable(enabled=true)
07-24 23:22:54.059 D/MobileDataStateTracker( 749): default: setPolicyDataEnable(enabled=true)
07-24 23:22:54.389 D/dalvikvm( 749): GC_FOR_ALLOC freed 4987K, 27% free 40470K/54876K, paused 64ms, total 64ms
07-24 23:22:54.399 V/PanelView( 861): animationTick called with dtms=0; nothing to do (h=1776.0 v=-6000.0)
07-24 23:22:54.469 V/PanelView( 861): animationTick called with dtms=0; nothing to do (h=1478.778 v=-6000.0)
07-24 23:22:54.489 W/Resources(21922): Converting to string: TypedValue{t=0x10/d=0x2 a=2 r=0x7f0c0001}
07-24 23:22:54.489 W/Resources(21922): Converting to string: TypedValue{t=0x10/d=0x2 a=2 r=0x7f0c0001}
07-24 23:22:54.499 D/dalvikvm(21922): GC_CONCURRENT freed 280K, 2% free 16997K/17312K, paused 2ms+1ms, total 20ms
07-24 23:22:54.509 D/dalvikvm(21922): Trying to load lib /data/app-lib/org.adblockplus.android-1/libadblockplus-jni.so 0x425fac80
07-24 23:22:54.509 W/linker (21922): libadblockplus-jni.so has text relocations. This is wasting memory and is a security risk. Please fix.
07-24 23:22:54.519 D/dalvikvm(21922): Added shared lib /data/app-lib/org.adblockplus.android-1/libadblockplus-jni.so 0x425fac80
07-24 23:22:54.519 D/dalvikvm(21922): No JNI_OnLoad found in /data/app-lib/org.adblockplus.android-1/libadblockplus-jni.so 0x425fac80, skipping init
07-24 23:22:54.539 D/dalvikvm(21922): Trying to load lib /data/app-lib/org.adblockplus.android-1/libadblockplus-jni.so 0x425fac80
07-24 23:22:54.539 D/dalvikvm(21922): Shared lib '/data/app-lib/org.adblockplus.android-1/libadblockplus-jni.so' already loaded in same CL 0x425fac80
07-24 23:22:54.539 D/dalvikvm(21922): Trying to load lib /data/app-lib/org.adblockplus.android-1/libadblockplus-jni.so 0x425fac80
07-24 23:22:54.539 D/dalvikvm(21922): Shared lib '/data/app-lib/org.adblockplus.android-1/libadblockplus-jni.so' already loaded in same CL 0x425fac80
07-24 23:22:54.539 D/dalvikvm(21922): Trying to load lib /data/app-lib/org.adblockplus.android-1/libadblockplus-jni.so 0x425fac80
07-24 23:22:54.539 D/dalvikvm(21922): Shared lib '/data/app-lib/org.adblockplus.android-1/libadblockplus-jni.so' already loaded in same CL 0x425fac80
07-24 23:22:54.539 D/dalvikvm(21922): Trying to load lib /data/app-lib/org.adblockplus.android-1/libadblockplus-jni.so 0x425fac80
07-24 23:22:54.539 D/dalvikvm(21922): Shared lib '/data/app-lib/org.adblockplus.android-1/libadblockplus-jni.so' already loaded in same CL 0x425fac80
07-24 23:22:55.069 D/dalvikvm( 749): GC_CONCURRENT freed 5086K, 25% free 41329K/54876K, paused 3ms+4ms, total 98ms
07-24 23:22:55.069 D/dalvikvm( 749): WAIT_FOR_CONCURRENT_GC blocked 86ms
07-24 23:22:55.179 W/ProcessCpuTracker( 749): Skipping unknown process pid 22357
07-24 23:22:55.179 W/ProcessCpuTracker( 749): Skipping unknown process pid 22358
07-24 23:22:55.179 W/ProcessCpuTracker( 749): Skipping unknown process pid 22360
07-24 23:22:55.179 W/ProcessCpuTracker( 749): Skipping unknown process pid 22361
07-24 23:22:55.179 W/ProcessCpuTracker( 749): Skipping unknown process pid 22366
07-24 23:22:55.399 I/InputDispatcher( 749): Dropping event because there is no touchable window at (689, 671).
07-24 23:22:55.609 D/dalvikvm( 749): GC_CONCURRENT freed 6136K, 25% free 41312K/54876K, paused 4ms+5ms, total 92ms
07-24 23:22:55.689 D/dalvikvm(21922): Trying to load lib /data/app-lib/org.adblockplus.android-1/libadblockplus-jni.so 0x425fac80
07-24 23:22:55.689 D/dalvikvm(21922): Shared lib '/data/app-lib/org.adblockplus.android-1/libadblockplus-jni.so' already loaded in same CL 0x425fac80
07-24 23:22:55.689 D/dalvikvm(21922): Trying to load lib /data/app-lib/org.adblockplus.android-1/libadblockplus-jni.so 0x425fac80
07-24 23:22:55.689 D/dalvikvm(21922): Shared lib '/data/app-lib/org.adblockplus.android-1/libadblockplus-jni.so' already loaded in same CL 0x425fac80
07-24 23:22:56.159 D/dalvikvm( 749): GC_CONCURRENT freed 6066K, 25% free 41312K/54876K, paused 3ms+6ms, total 92ms
07-24 23:22:56.669 D/dalvikvm( 749): GC_CONCURRENT freed 6157K, 25% free 41311K/54876K, paused 4ms+4ms, total 84ms
07-24 23:22:56.669 D/dalvikvm( 749): WAIT_FOR_CONCURRENT_GC blocked 70ms
07-24 23:22:56.689 D/Tethering( 749): MasterInitialState.processMessage what=3
07-24 23:22:56.689 D/CaptivePortalTracker( 749): NoActiveNetworkState{ when=-1ms what=1 obj=NetworkInfo: type: mobile_hipri[HSPA+], state: DISCONNECTED/DISCONNECTED, reason: dataDisabled, extra: everywhere, roaming: false, failover: false, isAvailable: true, isConnectedToProvisioningNetwork: false target=com.android.internal.util.StateMachine$SmHandler }
07-24 23:22:56.689 D/CaptivePortalTracker( 749): NoActiveNetworkState not a wifi connectivity change, ignore
07-24 23:22:56.689 D/Tethering( 749): MasterInitialState.processMessage what=3
07-24 23:22:56.699 D/CaptivePortalTracker( 749): NoActiveNetworkState{ when=0 what=1 obj=NetworkInfo: type: mobile[HSPA+], state: CONNECTED/CONNECTED, reason: connected, extra: everywhere, roaming: false, failover: false, isAvailable: true, isConnectedToProvisioningNetwork: false target=com.android.internal.util.StateMachine$SmHandler }
07-24 23:22:56.699 D/CaptivePortalTracker( 749): NoActiveNetworkState not a wifi connectivity change, ignore
07-24 23:22:56.709 D/MobileConnectivityChangeReceiver(17578): onReceive Intent { act=android.net.conn.CONNECTIVITY_CHANGE flg=0x4000010 cmp=com.google.android.setupwizard/.MobileConnectivityChangeReceiver (has extras) }
07-24 23:22:56.709 D/MobileConnectivityChangeReceiver(17578): onReceive CONNECTIVITY_CHANGE networkType=5
07-24 23:22:56.719 D/GCM ( 1124): GcmService start Intent { act=android.net.conn.CONNECTIVITY_CHANGE flg=0x4000010 cmp=com.google.android.gms/.gcm.GcmService (has extras) } android.net.conn.CONNECTIVITY_CHANGE
07-24 23:22:56.729 D/dalvikvm(21922): Trying to load lib /data/app-lib/org.adblockplus.android-1/libadblockplus-jni.so 0x425fac80
07-24 23:22:56.729 D/dalvikvm(21922): Shared lib '/data/app-lib/org.adblockplus.android-1/libadblockplus-jni.so' already loaded in same CL 0x425fac80
07-24 23:22:56.739 D/dalvikvm(21922): Trying to load lib /data/app-lib/org.adblockplus.android-1/libadblockplus-jni.so 0x425fac80
07-24 23:22:56.739 D/dalvikvm(21922): Shared lib '/data/app-lib/org.adblockplus.android-1/libadblockplus-jni.so' already loaded in same CL 0x425fac80
07-24 23:22:56.779 D/dalvikvm( 8746): GC_CONCURRENT freed 334K, 9% free 17509K/19032K, paused 1ms+1ms, total 23ms
07-24 23:22:56.819 I/PushServiceReceiver(18059): start PushSerevice for ACTION_BOOT_COMPLETED or CONNECTIVITY_ACTION
07-24 23:22:56.829 D/DownloadQueueService(17691): service created : co.uk.mediaat.downloader.queue.DownloadQueueService@4266c9f0
07-24 23:22:56.839 D/DownloadQueue(17691): BBCDownloadAgent: querying downloads: queue id: BBCDownloadAgent
07-24 23:22:56.839 D/DownloadQueue(17691): BBCDownloadAgent: received 0 downloads
07-24 23:22:56.849 D/MobileConnectivityChangeReceiver(17578): onReceive Intent { act=android.net.conn.CONNECTIVITY_CHANGE flg=0x4000010 cmp=com.google.android.setupwizard/.MobileConnectivityChangeReceiver (has extras) }
07-24 23:22:56.849 D/MobileConnectivityChangeReceiver(17578): onReceive CONNECTIVITY_CHANGE networkType=0
07-24 23:22:56.849 D/MobileConnectivityChangeReceiver(17578): onReceive CONNECTIVITY_CHANGE: checkConnection
07-24 23:22:56.849 D/CheckConnectionTask(17578): doInBackground: url=http://clients3.google.com/generate_204
07-24 23:22:56.859 D/DownloadQueueController(17691): network available: false
07-24 23:22:56.859 D/DownloadQueueController(17691): storage available: true
07-24 23:22:56.859 D/DownloadQueueController(17691): environment valid: true
07-24 23:22:56.859 D/DownloadQueue(17691): download queue suspended
07-24 23:22:56.859 D/DownloadQueueService(17691): no active queues, stopping service
07-24 23:22:56.859 D/DownloadQueueService(17691): service stopped
07-24 23:22:56.859 D/DownloadQueueService(17691): service destroyed
07-24 23:22:56.869 D/GCM ( 1124): GcmService start Intent { act=android.net.conn.CONNECTIVITY_CHANGE flg=0x4000010 cmp=com.google.android.gms/.gcm.GcmService (has extras) } android.net.conn.CONNECTIVITY_CHANGE
07-24 23:22:56.879 D/dalvikvm( 3210): GC_CONCURRENT freed 399K, 3% free 17090K/17608K, paused 3ms+1ms, total 16ms
07-24 23:22:56.889 D/dalvikvm( 991): GC_CONCURRENT freed 609K, 8% free 18702K/20308K, paused 3ms+1ms, total 17ms
07-24 23:22:56.889 I/goggles ( 3210): k: Checking for images newer than 1406141576633
07-24 23:22:56.909 I/PushServiceReceiver(18059): start PushSerevice for ACTION_BOOT_COMPLETED or CONNECTIVITY_ACTION
07-24 23:22:56.909 D/DownloadQueueService(17691): service created : co.uk.mediaat.downloader.queue.DownloadQueueService@4261c230
07-24 23:22:56.919 D/DownloadQueue(17691): BBCDownloadAgent: querying downloads: queue id: BBCDownloadAgent
07-24 23:22:56.919 D/DownloadQueue(17691): BBCDownloadAgent: received 0 downloads
07-24 23:22:56.919 D/GCM ( 1124): GcmService start Intent { act=com.google.android.checkin.CHECKIN_COMPLETE flg=0x10 cmp=com.google.android.gms/.gcm.GcmService (has extras) } com.google.android.checkin.CHECKIN_COMPLETE
07-24 23:22:56.929 D/DownloadQueueController(17691): network available: false
07-24 23:22:56.929 D/DownloadQueueController(17691): storage available: true
07-24 23:22:56.929 D/DownloadQueueController(17691): environment valid: true
