10-11 18:53:25.264: W/ContextImpl(1041): Implicit intents with startService are not safe: Intent { act=com.google.android.music.NETWORK_MONITOR_SERVICE } android.content.ContextWrapper.bindService:517 com.google.android.music.utils.SafeServiceConnection$ServiceConnectionImp.bindService:98 com.google.android.music.utils.SafeServiceConnection.bindService:259
10-11 18:53:25.344: D/dalvikvm(1041): GC_CONCURRENT freed 232K, 4% free 7859K/8128K, paused 5ms+4ms, total 91ms
10-11 18:53:25.344: W/ContextImpl(1041): Implicit intents with startService are not safe: Intent { act=com.google.android.music.PREFERENCE_SERVICE } android.content.ContextWrapper.bindService:517 com.google.android.music.utils.SafeServiceConnection$ServiceConnectionImp.bindService:98 com.google.android.music.utils.SafeServiceConnection.bindService:259
10-11 18:53:25.374: I/ConfigStore(1041): Config Database version: 1
10-11 18:53:25.474: I/RecursiveFileObserver(1808): CREATED: /mnt/sdcard/Android/data/com.google.android.music/files/499ff2cc-1629-4e6a-8fca-8c2.tmp
10-11 18:53:25.474: D/dalvikvm(1041): GC_CONCURRENT freed 292K, 4% free 8013K/8344K, paused 3ms+2ms, total 20ms
10-11 18:53:25.474: I/RecursiveFileObserver(1808): CLOSE_WRITE: /mnt/sdcard/Android/data/com.google.android.music/files/499ff2cc-1629-4e6a-8fca-8c2.tmp
10-11 18:53:25.514: I/MediaRouter(1041): Found default route: MediaRouter.RouteInfo{ uniqueId=android/.support.v7.media.SystemMediaRouteProvider:DEFAULT_ROUTE, name=Tablet, description=null, enabled=true, connecting=false, playbackType=0, playbackStream=3, volumeHandling=1, volume=8, volumeMax=15, presentationDisplayId=-1, extras=null, providerPackageName=android }
10-11 18:53:25.544: I/ActivityManager(483): Start proc com.google.android.setupwizard for broadcast com.google.android.setupwizard/.MobileConnectivityChangeReceiver: pid=1071 uid=10045 gids={50045, 3003}
10-11 18:53:25.564: I/NetworkMonitor(1041): type=WIFI subType= reason=null isConnected=false
10-11 18:53:25.584: I/ActivityManager(483): Killing 29655:com.android.vending/u0a43 (adj 15): empty for 2266s
10-11 18:53:25.624: D/MobileConnectivityChangeReceiver(1071): onReceive Intent { act=android.net.conn.CONNECTIVITY_CHANGE flg=0x4000010 cmp=com.google.android.setupwizard/.MobileConnectivityChangeReceiver (has extras) }
10-11 18:53:25.624: D/MobileConnectivityChangeReceiver(1071): onReceive CONNECTIVITY_CHANGE networkType=1
10-11 18:53:25.624: E/PhoneMonitor(1071): onOtaspChanged old =0, new =3
10-11 18:53:25.624: V/PhoneMonitor(1071): mOtaspPhoneStateListener#onOtaspChanged, mOtaspMode=3
10-11 18:53:25.634: I/SystemUpdateService(3162): receiver: Intent { act=android.net.conn.CONNECTIVITY_CHANGE flg=0x4000010 cmp=com.google.android.gms/.update.SystemUpdateService$ActiveReceiver (has extras) }
10-11 18:53:25.634: D/SystemUpdateService(3162): onCreate
10-11 18:53:25.644: D/SystemUpdateService(3162): onStartCommand: intent: Intent { cmp=com.google.android.gms/.update.SystemUpdateService (has extras) }
10-11 18:53:25.654: I/SystemUpdateService(3162): active receiver: enabled
10-11 18:53:25.654: D/GCM(3124): GcmService start Intent { act=android.net.conn.CONNECTIVITY_CHANGE flg=0x4000010 cmp=com.google.android.gms/.gcm.GcmService (has extras) } android.net.conn.CONNECTIVITY_CHANGE
10-11 18:53:25.654: I/SystemUpdateService(3162): network: null; metered: false; mobile allowed: true
10-11 18:53:25.654: I/SystemUpdateService(3162): now status is 0 (complete)
10-11 18:53:25.654: I/SystemUpdateService(3162): processDownloadedFile /cache/81f4eaa244e9b90ecc98edbb51108c85fa128f2b.signed-nakasi-KTU84P-from-KTU84L.81f4eaa2.zip
10-11 18:53:25.654: I/SystemUpdateService(3162): file has been verified
10-11 18:53:25.654: I/SystemUpdateService(3162): OTA package size = 1916716
10-11 18:53:25.694: I/SystemUpdateService(3162): showing system update notification
10-11 18:53:25.724: I/ActivityManager(483): Start proc com.google.android.apps.magazines for broadcast com.google.android.apps.magazines/com.google.apps.dots.android.newsstand.appwidget.NewsWidgetProvider: pid=1093 uid=10033 gids={50033, 3003, 1028, 1015}
10-11 18:53:25.744: D/SystemUpdateService(3162): onDestroy
10-11 18:53:25.824: D/dalvikvm(1093): GC_CONCURRENT freed 286K, 5% free 7738K/8064K, paused 4ms+2ms, total 22ms
10-11 18:53:25.874: D/dalvikvm(483): GC_EXPLICIT freed 1393K, 26% free 19382K/26032K, paused 8ms+15ms, total 147ms
10-11 18:53:25.924: D/dalvikvm(1093): GC_CONCURRENT freed 230K, 4% free 7924K/8188K, paused 3ms+2ms, total 29ms
10-11 18:53:25.934: V/WebViewChromiumFactoryProvider(1093): Binding Chromium to main looper Looper (main, tid 1) {42021058}
10-11 18:53:25.934: I/LibraryLoader(1093): Expected native library version number "",actual native library version number ""
10-11 18:53:25.934: I/chromium(1093): [INFO:library_loader_hooks.cc(116)] Chromium logging enabled: level = 0, default verbosity = 0
10-11 18:53:25.934: I/BrowserStartupController(1093): Initializing chromium process, renderers=0
10-11 18:53:25.934: D/dalvikvm(585): GC_CONCURRENT freed 1093K, 13% free 11272K/12908K, paused 2ms+6ms, total 50ms
10-11 18:53:25.944: E/AudioManagerAndroid(1093): BLUETOOTH permission is missing!
10-11 18:53:25.984: D/libEGL(1093): loaded /system/lib/egl/libEGL_tegra.so
10-11 18:53:26.034: D/libEGL(1093): loaded /system/lib/egl/libGLESv1_CM_tegra.so
10-11 18:53:26.084: D/libEGL(1093): loaded /system/lib/egl/libGLESv2_tegra.so
10-11 18:53:26.124: I/NSApplication(1093): Starting up...
10-11 18:53:26.144: I/ActivityManager(483): Start proc com.mrp for broadcast com.mrp/com.nap.library.NetworkChangeReceiver: pid=1143 uid=10035 gids={50035, 3003, 1028, 1015}
10-11 18:53:26.274: D/dalvikvm(1143): GC_CONCURRENT freed 313K, 5% free 7750K/8100K, paused 3ms+2ms, total 21ms
10-11 18:53:26.344: D/greenDAO(1143): Built SQL for query: SELECT T.'_id',T.'DESIGNER_ID',T.'LANGUAGE',T.'NAME' FROM DESIGNER_NAME T WHERE T.'DESIGNER_ID'=?
10-11 18:53:26.354: D/dalvikvm(1143): GC_CONCURRENT freed 323K, 5% free 7896K/8260K, paused 2ms+3ms, total 19ms
10-11 18:53:26.454: D/dalvikvm(1143): GC_CONCURRENT freed 361K, 5% free 7979K/8380K, paused 1ms+2ms, total 19ms
10-11 18:53:26.554: D/dalvikvm(1143): GC_CONCURRENT freed 377K, 5% free 8045K/8464K, paused 1ms+4ms, total 22ms
10-11 18:53:26.654: D/dalvikvm(1143): GC_CONCURRENT freed 386K, 6% free 8108K/8536K, paused 2ms+3ms, total 23ms
10-11 18:53:26.764: D/dalvikvm(1143): GC_CONCURRENT freed 374K, 5% free 8166K/8588K, paused 3ms+2ms, total 24ms
10-11 18:53:26.844: D/dalvikvm(1143): GC_CONCURRENT freed 361K, 5% free 8248K/8660K, paused 3ms+3ms, total 23ms
10-11 18:53:26.854: D/greenDAO(1143): Built SQL for query: SELECT T.'_id',T.'URL_KEY',T.'SORT',T.'PARENT_ID' FROM CATEGORY T WHERE T.'PARENT_ID'=?
10-11 18:53:26.854: D/greenDAO(1143): Built SQL for query: SELECT T.'_id',T.'CATEGORY_ID',T.'LANGUAGE',T.'NAME' FROM CATEGORY_NAME T WHERE T.'CATEGORY_ID'=?
10-11 18:53:30.534: W/ContextImpl(1041): Implicit intents with startService are not safe: Intent { act=com.google.android.music.NETWORK_MONITOR_SERVICE } android.content.ContextWrapper.bindService:517 com.google.android.music.utils.SafeServiceConnection$ServiceConnectionImp.bindService:98 com.google.android.music.utils.SafeServiceConnection.bindService:259
10-11 18:53:30.554: W/ContextImpl(1041): Implicit intents with startService are not safe: Intent { act=com.google.android.music.NETWORK_MONITOR_SERVICE } android.content.ContextWrapper.bindService:517 com.google.android.music.utils.SafeServiceConnection$ServiceConnectionImp.bindService:98 com.google.android.music.utils.SafeServiceConnection.bindService:259
10-11 18:53:30.734: I/MusicLeanback(1041): Conditions not met for autocaching.
10-11 18:53:30.734: I/MusicLeanback(1041): Stop autocaching.
10-11 18:53:30.804: I/GAV4(1093): Thread[GAThread,5,main]: No campaign data found.
10-11 18:53:37.194: D/ConnectivityService(483): handleInetConditionChange: no active default network - ignore
10-11 18:54:00.174: D/ConnectivityService(483): handleInetConditionChange: no active default network - ignore
10-11 18:54:00.864: D/dalvikvm(1041): GC_CONCURRENT freed 298K, 4% free 8137K/8472K, paused 8ms+1ms, total 38ms
10-11 18:54:21.874: D/ConnectivityService(483): NetTransition Wakelock for ConnectedState released by timeout
10-11 18:54:45.404: D/hwcomposer(122): hotplug_thread: processing control fd
10-11 18:54:45.404: I/hwcomposer(122): hotplug: connected = 0
10-11 18:54:46.064: D/ConnectivityService(483): Sampling interval elapsed, updating statistics ..
10-11 18:54:46.104: D/ConnectivityService(483): Done.
10-11 18:54:46.104: D/ConnectivityService(483): Setting timer for 720seconds
10-11 18:54:46.114: D/ConnectivityService(483): handleInetConditionChange: no active default network - ignore
10-11 18:54:46.694: I/MPL-storeload(483): mpl state size = 5584
10-11 18:54:46.694: E/MPL-storeload(483): calData from inv_save_mpl_states, size=2
10-11 18:54:46.694: I/MPL-storeload(483): cal data size to write = 5584
10-11 18:54:46.694: I/MPL-storeload(483): Bytes written = 5584
10-11 18:54:46.724: I/GCoreUlr(3149): Received powerMode change from NLP: com.google.android.location.activity.LOW_POWER_MODE_ENABLED
10-11 18:54:46.724: I/GCoreUlr(3149): Starting service, intent=Intent { act=com.google.android.location.reporting.ACTION_UPDATE_ACTIVE_STATE cmp=com.google.android.gms/com.google.android.location.reporting.service.DispatchingService }, extras=null
10-11 18:54:46.824: I/GCoreUlr(3149): Ensuring that reporting is stopped because of reasons: {account#-13#=[InactiveReason{mVersionCode=0, mIdentifier=6, mName='ReportingNotSelected'}], account#-7#=[InactiveReason{mVersionCode=0, mIdentifier=6, mName='ReportingNotSelected'}]}
10-11 18:54:46.824: D/GCoreFlp(3149): Unknown pending intent to remove.
10-11 18:54:46.824: I/GCoreUlr(3149): Unbound from all location providers
10-11 18:55:21.404: D/hwcomposer(122): hotplug_thread: processing control fd
10-11 18:55:21.404: I/hwcomposer(122): hotplug: connected = 0
10-11 18:56:35.464: D/hwcomposer(122): hotplug_thread: processing control fd
10-11 18:56:35.464: I/hwcomposer(122): hotplug: connected = 0
10-11 18:56:35.484: D/CommandListener(120): Clearing all IP addresses on wlan0
10-11 18:56:35.484: E/NetdConnector(483): NDC Command {343 interface clearaddrs wlan0} took too long (73412ms)
10-11 18:56:35.514: E/WND-DBG(1676): Unable to find account configuration for : Exchange Mail
10-11 18:56:35.804: I/wpa_supplicant(598): wlan0: CTRL-EVENT-DRIVER-STATE STOPPED
10-11 18:56:35.814: D/WifiStateMachine(483): scancount not found
10-11 18:56:35.814: E/WifiStateMachine(483): scanCount==0 - aborting
10-11 18:56:36.284: D/ConnectivityService(483): handleInetConditionChange: no active default network - ignore
10-11 18:58:06.474: D/hwcomposer(122): hotplug_thread: processing control fd
10-11 18:58:06.474: I/hwcomposer(122): hotplug: connected = 0
10-11 18:58:07.414: I/wpa_supplicant(598): wlan0: CTRL-EVENT-DRIVER-STATE STARTED
10-11 18:58:08.414: D/libgps(483): proxy_gps_inject_location()
10-11 18:58:44.404: D/hwcomposer(122): hotplug_thread: processing control fd
10-11 18:58:44.404: I/hwcomposer(122): hotplug: connected = 0
10-11 18:58:45.424: I/MPL-storeload(483): mpl state size = 5584
10-11 18:58:45.424: E/MPL-storeload(483): calData from inv_save_mpl_states, size=2
10-11 18:58:45.424: I/MPL-storeload(483): cal data size to write = 5584
10-11 18:58:45.434: I/MPL-storeload(483): Bytes written = 5584
10-11 18:58:45.464: I/GCoreUlr(3149): Received powerMode change from NLP: com.google.android.location.activity.LOW_POWER_MODE_DISABLED
10-11 18:58:45.464: I/GCoreUlr(3149): Starting service, intent=Intent { act=com.google.android.location.reporting.ACTION_UPDATE_ACTIVE_STATE cmp=com.google.android.gms/com.google.android.location.reporting.service.DispatchingService }, extras=null
10-11 18:58:45.584: D/dalvikvm(3149): GC_CONCURRENT freed 444K, 7% free 9432K/10076K, paused 7ms+5ms, total 68ms
10-11 18:58:45.644: D/dalvikvm(3124): GC_CONCURRENT freed 531K, 7% free 9465K/10176K, paused 4ms+5ms, total 50ms
10-11 18:58:45.754: I/GCoreUlr(3149): Ensuring that reporting is stopped because of reasons: {account#-13#=[InactiveReason{mVersionCode=0, mIdentifier=6, mName='ReportingNotSelected'}], account#-7#=[InactiveReason{mVersionCode=0, mIdentifier=6, mName='ReportingNotSelected'}]}
10-11 18:58:45.754: D/GCoreFlp(3149): Unknown pending intent to remove.
10-11 18:58:45.754: I/GCoreUlr(3149): Unbound from all location providers
10-11 18:58:48.984: I/MPL-storeload(483): mpl state size = 5584
10-11 18:58:48.984: E/MPL-storeload(483): calData from inv_save_mpl_states, size=2
10-11 18:58:48.984: I/MPL-storeload(483): cal data size to write = 5584
10-11 18:58:48.984: I/MPL-storeload(483): Bytes written = 5584
10-11 18:58:49.054: D/dalvikvm(3149): GC_FOR_ALLOC freed 233K, 7% free 9428K/10080K, paused 37ms, total 38ms
10-11 18:59:59.474: D/hwcomposer(122): hotplug_thread: processing control fd
10-11 18:59:59.474: I/hwcomposer(122): hotplug: connected = 0
10-11 19:00:01.024: D/ConnectivityService(483): handleInetConditionChange: no active default network - ignore
10-11 19:00:01.084: I/EventLogService(3162): Aggregate from 1413041376498 (log), 1413041376498 (data)
10-11 19:00:01.294: I/ServiceDumpSys(3162): dumping service [account]
10-11 19:00:07.404: D/hwcomposer(122): hotplug_thread: processing control fd
10-11 19:00:07.404: I/hwcomposer(122): hotplug: connected = 0
10-11 19:02:51.394: D/hwcomposer(122): hotplug_thread: processing control fd
10-11 19:02:51.394: I/hwcomposer(122): hotplug: connected = 0
10-11 19:02:51.434: D/CommandListener(120): Clearing all IP addresses on wlan0
10-11 19:02:51.674: E/WND-DBG(1676): Unable to find account configuration for : Exchange Mail
10-11 19:02:51.814: I/wpa_supplicant(598): wlan0: CTRL-EVENT-DRIVER-STATE STOPPED
10-11 19:02:51.824: D/WifiStateMachine(483): scancount not found
10-11 19:02:51.824: E/WifiStateMachine(483): scanCount==0 - aborting
10-11 19:02:52.444: I/wpa_supplicant(598): wlan0: CTRL-EVENT-DRIVER-STATE STARTED
10-11 19:02:53.634: D/libgps(483): proxy_gps_inject_location()
10-11 19:03:45.904: D/hwcomposer(122): hotplug_thread: processing control fd
10-11 19:03:45.904: I/hwcomposer(122): hotplug: connected = 0
10-11 19:03:45.914: I/PowerManagerService(483): Waking up from sleep...
10-11 19:03:45.984: V/KeyguardServiceDelegate(483): onScreenTurnedOn(showListener = com.android.internal.policy.impl.PhoneWindowManager$17@42fafd08)
10-11 19:03:46.054: V/KeyguardServiceDelegate(483): **** SHOWN CALLED ****
10-11 19:03:46.054: I/WindowManager(483): Lock screen displayed!
10-11 19:03:46.054: D/DisplayPowerController(483): Unblocked screen on after 112754665 ms
10-11 19:03:46.184: D/PowerManagerService-JNI(483): Excessive delay in autosuspend_disable() while turning screen on: 261ms
10-11 19:03:46.184: D/SurfaceFlinger(122): Screen acquired, type=0 flinger=0x410f5450
10-11 19:03:46.184: D/hwcomposer(122): hwc_blank: display 0: unblank
10-11 19:03:46.184: D/hwcomposer(122): hwc_blank_display: display 0: [1 -> 0]
10-11 19:03:46.184: D/hwcomposer(122): Display 0 is 800 x 1280
10-11 19:03:46.184: D/hwcomposer(122): dc_blank: display 0, [1 -> 0]
10-11 19:03:47.044: I/wpa_supplicant(598): wlan0: Trying to associate with c8:3a:35:41:fe:29 (SSID='Tenda_41FE29' freq=2437 MHz)
10-11 19:03:47.334: I/wpa_supplicant(598): wlan0: Associated with c8:3a:35:41:fe:29
10-11 19:03:47.384: I/wpa_supplicant(598): wlan0: WPA: Key negotiation completed with c8:3a:35:41:fe:29 [PTK=CCMP GTK=TKIP]
10-11 19:03:47.384: I/wpa_supplicant(598): wlan0: CTRL-EVENT-CONNECTED - Connection to c8:3a:35:41:fe:29 completed (auth) [id=1 id_str=]
10-11 19:03:47.414: E/WND-DBG(1676): Unable to find account configuration for : Exchange Mail
10-11 19:03:47.644: E/WifiStateMachine(483): Unexpected BatchedScanResults :OK
10-11 19:03:48.264: D/WifiStateMachine(483): VerifyingLinkState enter
10-11 19:03:48.264: D/WifiStateMachine(483): VerifyingLinkState GOOD_LINK_DETECTED: transition to captive portal check
10-11 19:03:48.264: D/WifiStateMachine(483): CaptivePortalCheckState enter
10-11 19:03:48.274: D/WifiStateMachine(483): CaptivePortalCheckState CMD_CAPTIVE_CHECK_COMPLETE
10-11 19:03:48.274: D/ConnectivityService(483): Captive portal check NetworkInfo: type: WIFI[], state: CONNECTING/CAPTIVE_PORTAL_CHECK, reason: (unspecified), extra: "Tenda_41FE29", roaming: false, failover: false, isAvailable: true, isConnectedToProvisioningNetwork: false
10-11 19:03:48.274: D/ConnectivityService(483): handleCaptivePortalTrackerCheck: call captivePortalCheckComplete ni=NetworkInfo: type: WIFI[], state: CONNECTING/CAPTIVE_PORTAL_CHECK, reason: (unspecified), extra: "Tenda_41FE29", roaming: false, failover: false, isAvailable: true, isConnectedToProvisioningNetwork: false
10-11 19:03:48.284: D/ConnectivityService(483): ConnectivityChange for WIFI: CONNECTED/CONNECTED
10-11 19:03:48.294: E/ConnectivityService(483): Unexpected mtu value: android.net.wifi.WifiStateTracker@4276d5d8
10-11 19:03:48.304: E/WND-DBG(1676): Unable to find account configuration for : Exchange Mail
10-11 19:03:48.314: D/Nat464Xlat(483): requiresClat: netType=1, hasIPv4Address=true
10-11 19:03:48.354: E/WND-DBG(1676): Unable to find account configuration for : Exchange Mail
10-11 19:03:48.354: E/WND-DBG(1676): Unable to find account configuration for : Exchange Mail
10-11 19:03:48.364: I/CheckinService(3162): active receiver: enabled
10-11 19:03:48.394: I/CheckinService(3162): Preparing to send checkin request
10-11 19:03:48.394: I/EventLogService(3162): Accumulating logs since 1413043201099
10-11 19:03:48.424: I/GoogleHttpClient(3162): Falling back to old SSLCertificateSocketFactory
10-11 19:03:48.514: D/dalvikvm(483): GC_EXPLICIT freed 1222K, 26% free 19412K/26032K, paused 5ms+9ms, total 131ms
10-11 19:03:48.554: E/WND-DBG(1676): Unable to find account configuration for : Exchange Mail
10-11 19:03:48.554: E/WND-DBG(1676): Unable to find account configuration for : Exchange Mail
10-11 19:03:48.584: I/ActivityManager(483): Start proc com.google.android.gms.unstable for service com.google.android.gms/.droidguard.DroidGuardService: pid=1319 uid=10019 gids={50019, 3003, 1007, 1028, 1015, 3002, 3001, 3007, 2001, 3006}
10-11 19:03:48.614: D/dalvikvm(123): GC_EXPLICIT freed 39K, 2% free 7607K/7688K, paused 2ms+3ms, total 28ms
10-11 19:03:48.624: I/MultiDex(1319): VM with version 1.6.0 does not have multidex support
10-11 19:03:48.624: I/MultiDex(1319): install
10-11 19:03:48.624: I/MultiDex(1319): MultiDexExtractor.load(/data/app/com.google.android.gms-1.apk, false)
10-11 19:03:48.634: I/MultiDex(1319): loading existing secondary dex files
10-11 19:03:48.634: I/MultiDex(1319): load found 2 secondary dex files
10-11 19:03:48.634: I/MultiDex(1319): install done
10-11 19:03:48.634: D/dalvikvm(123): GC_EXPLICIT freed <1K, 2% free 7608K/7688K, paused 2ms+3ms, total 26ms
10-11 19:03:48.644: I/ProviderInstaller(1319): Insert disabled by gate 'gms:security:enable_conscrypt_in_gms_application'
10-11 19:03:48.654: D/GCM(3124): GcmService start Intent { act=com.google.android.gms.INITIALIZE flg=0x10 pkg=com.google.android.gms cmp=com.google.android.gms/.gcm.GcmService } com.google.android.gms.INITIALIZE
10-11 19:03:48.664: D/dalvikvm(123): GC_EXPLICIT freed <1K, 2% free 7608K/7688K, paused 2ms+3ms, total 23ms
10-11 19:03:48.664: D/AuthorizationBluetoothService(3124): Received GmsCore event: Intent { act=com.google.android.gms.INITIALIZE flg=0x10 pkg=com.google.android.gms cmp=com.google.android.gms/.auth.be.proximity.authorization.bt.AuthorizationBluetoothService$AutoStarter }.
10-11 19:03:48.664: E/AuthorizationBluetoothService(3124): Proximity feature is not enabled.
10-11 19:03:48.734: D/dalvikvm(1319): GC_CONCURRENT freed 245K, 4% free 7775K/8056K, paused 2ms+3ms, total 35ms
10-11 19:03:48.734: I/GoogleHttpClient(1319): Falling back to old SSLCertificateSocketFactory
10-11 19:03:49.054: D/dalvikvm(1319): GC_CONCURRENT freed 183K, 3% free 7990K/8212K, paused 9ms+5ms, total 36ms
10-11 19:03:49.344: D/ConnectivityService(483): handleConnectivityChange: addresses changed linkProperty[1]: resetMask=0
10-11 19:03:49.344: D/ConnectivityService(483): car=removed=[] added=[fe80::3285:a9ff:fe55:d5e3/64,]
10-11 19:03:49.344: D/Nat464Xlat(483): requiresClat: netType=1, hasIPv4Address=true
10-11 19:03:49.584: D/dalvikvm(1319): GC_CONCURRENT freed 421K, 6% free 8028K/8488K, paused 16ms+2ms, total 44ms
10-11 19:03:49.674: D/dalvikvm(1319): GC_CONCURRENT freed 204K, 3% free 8331K/8576K, paused 1ms+2ms, total 19ms
10-11 19:03:49.674: D/dalvikvm(1319): WAIT_FOR_CONCURRENT_GC blocked 8ms
10-11 19:03:49.734: D/dalvikvm(1319): GC_CONCURRENT freed 148K, 3% free 8683K/8880K, paused 1ms+3ms, total 24ms
10-11 19:03:49.734: D/dalvikvm(1319): WAIT_FOR_CONCURRENT_GC blocked 11ms
10-11 19:03:49.804: D/dalvikvm(1319): GC_CONCURRENT freed 146K, 3% free 9031K/9232K, paused 21ms+2ms, total 43ms
10-11 19:03:49.804: D/dalvikvm(1319): WAIT_FOR_CONCURRENT_GC blocked 22ms
10-11 19:03:49.854: D/dalvikvm(1319): Trying to load lib /data/data/com.google.android.gms/app_dg_cache/0F385CAA4172847B3F62BCFA0A3443A7AFBDBB36/lib/libdroidguard_3EB3FFE531475B56EDD672EE68846782A2615BD0.so 0x42057990
10-11 19:03:49.854: D/dalvikvm(1319): Added shared lib /data/data/com.google.android.gms/app_dg_cache/0F385CAA4172847B3F62BCFA0A3443A7AFBDBB36/lib/libdroidguard_3EB3FFE531475B56EDD672EE68846782A2615BD0.so 0x42057990
10-11 19:03:49.854: D/dalvikvm(1319): No JNI_OnLoad found in /data/data/com.google.android.gms/app_dg_cache/0F385CAA4172847B3F62BCFA0A3443A7AFBDBB36/lib/libdroidguard_3EB3FFE531475B56EDD672EE68846782A2615BD0.so 0x42057990, skipping init
10-11 19:03:49.864: V/UserPresentBroadcastReceiver(3124): Recieved ACTION_USER_PRESENT.
10-11 19:03:49.874: D/d(3124): Notifying listener(s): onUserPresent()...
10-11 19:03:49.874: D/c(3124): Starting periodic check for user presence.
10-11 19:03:49.894: D/c(3124): Stoping periodic check for user presence.
10-11 19:03:49.904: D/PeriodicCheckReceiver(3124): Received intent: Intent { flg=0x14 cmp=com.google.android.gms/.auth.be.proximity.authorization.userpresence.PeriodicCheckReceiver (has extras) }.
10-11 19:03:49.914: D/PhoneStatusBar(585): disable: < expand* icons alerts ticker* system_info back* home* recent* clock search
> 10-11 19:03:49.924: D/UserPresenceService(3124): Received onHandleIntent() with intent: Intent { cmp=com.google.android.gms/.auth.be.proximity.authorization.userpresence.UserPresenceService (has extras) }.
10-11 19:03:49.924: E/UserPresenceService(3124): Proximity feature is not enabled.
10-11 19:03:50.014: W/InputMethodManagerService(483): Window already focused, ignoring focus gain of: com.android.internal.view.IInputMethodClient$Stub$Proxy@428b07f0 attribute=android.view.inputmethod.EditorInfo@4286ec18, token = android.os.BinderProxy@42816260
10-11 19:03:50.144: D/dalvikvm(3162): GC_FOR_ALLOC freed 598K, 8% free 10080K/10924K, paused 64ms, total 64ms
10-11 19:03:50.414: I/CheckinTask(3162): Sending checkin request (4120 bytes)
10-11 19:03:51.324: D/Tethering(483): MasterInitialState.processMessage what=3
10-11 19:03:51.324: D/CaptivePortalTracker(483): NoActiveNetworkState{ when=0 what=1 obj=NetworkInfo: type: WIFI[], state: CONNECTED/CONNECTED, reason: (unspecified), extra: "Tenda_41FE29", roaming: false, failover: false, isAvailable: true, isConnectedToProvisioningNetwork: false target=com.android.internal.util.StateMachine$SmHandler }
10-11 19:03:51.344: I/NetworkMonitor(1041): type=WIFI subType= reason=null isConnected=true
10-11 19:03:51.364: D/libgps(483): proxy_agps_ril_update_network_state()
10-11 19:03:51.364: D/libgps(483): proxy_agps_ril_update_network_state: called
10-11 19:03:51.364: D/libgps(483): proxy_agps_ril_update_network_availability()
10-11 19:03:51.364: D/libgps(483): proxy_agps_ril_request_setid_cb()
10-11 19:03:51.364: D/libgps(483): proxy_agps_ril_set_set_id()
10-11 19:03:51.364: D/MobileConnectivityChangeReceiver(1071): onReceive Intent { act=android.net.conn.CONNECTIVITY_CHANGE flg=0x4000010 cmp=com.google.android.setupwizard/.MobileConnectivityChangeReceiver (has extras) }
10-11 19:03:51.364: D/MobileConnectivityChangeReceiver(1071): onReceive CONNECTIVITY_CHANGE networkType=1
10-11 19:03:51.384: D/dalvikvm(3149): GC_FOR_ALLOC freed 438K, 7% free 9391K/10080K, paused 39ms, total 39ms
10-11 19:03:51.394: I/SystemUpdateService(3162): receiver: Intent { act=android.net.conn.CONNECTIVITY_CHANGE flg=0x4000010 cmp=com.google.android.gms/.update.SystemUpdateService$ActiveReceiver (has extras) }
10-11 19:03:51.394: D/SystemUpdateService(3162): onCreate
10-11 19:03:51.394: D/SystemUpdateService(3162): onStartCommand: intent: Intent { cmp=com.google.android.gms/.update.SystemUpdateService (has extras) }
10-11 19:03:51.404: I/SystemUpdateService(3162): active receiver: enabled
10-11 19:03:51.404: D/GCM(3124): GcmService start Intent { act=android.net.conn.CONNECTIVITY_CHANGE flg=0x4000010 cmp=com.google.android.gms/.gcm.GcmService (has extras) } android.net.conn.CONNECTIVITY_CHANGE
10-11 19:03:51.414: I/SystemUpdateService(3162): network: NetworkInfo: type: WIFI[], state: CONNECTED/CONNECTED, reason: (unspecified), extra: "Tenda_41FE29", roaming: false, failover: false, isAvailable: true, isConnectedToProvisioningNetwork: false; metered: false; mobile allowed: true
10-11 19:03:51.414: I/SystemUpdateService(3162): now status is 0 (complete)
10-11 19:03:51.414: I/SystemUpdateService(3162): processDownloadedFile /cache/81f4eaa244e9b90ecc98edbb51108c85fa128f2b.signed-nakasi-KTU84P-from-KTU84L.81f4eaa2.zip
10-11 19:03:51.414: I/SystemUpdateService(3162): file has been verified
10-11 19:03:51.414: I/SystemUpdateService(3162): OTA package size = 1916716
10-11 19:03:51.414: I/SystemUpdateService(3162): showing system update notification
10-11 19:03:51.434: D/SystemUpdateService(3162): onDestroy
10-11 19:03:51.594: D/dalvikvm(5993): GC_CONCURRENT freed 287K, 7% free 8477K/9060K, paused 3ms+3ms, total 24ms
10-11 19:03:51.764: I/CheckinTask(3162): Checkin success: https://android.clients.google.com/checkin (1 requests sent)
10-11 19:03:51.774: I/CheckinService(3162): active receiver: disabled
10-11 19:03:51.814: I/CheckinService(3162): active receiver: disabled
10-11 19:03:51.834: D/GCM(3124): GcmService start Intent { act=com.google.android.checkin.CHECKIN_COMPLETE flg=0x10 cmp=com.google.android.gms/.gcm.GcmService (has extras) } com.google.android.checkin.CHECKIN_COMPLETE
10-11 19:03:51.874: D/dalvikvm(3124): GC_FOR_ALLOC freed 445K, 8% free 9463K/10196K, paused 27ms, total 27ms
10-11 19:03:51.874: I/GCM(3124): GCM config loaded
10-11 19:03:51.974: D/GCM(3124): Connected
10-11 19:03:52.014: I/GCM(3124): GCM message com.google.android.gsf.gtalkservice
10-11 19:03:52.054: D/GCM(3124): Message class com.google.e.a.a.q
10-11 19:03:54.344: D/ConnectivityService(483): handleInetConditionHoldEnd: net=1, condition=100, published condition=0
10-11 19:03:58.534: I/InputReader(483): Reconfiguring input devices. changes=0x00000010
10-11 19:03:58.574: I/Launcher(776): Deferring update until onResume
10-11 19:03:58.574: I/ActivityManager(483): Start proc android.process.acore for broadcast com.android.providers.contacts/.PackageIntentReceiver: pid=1379 uid=10000 gids={50000, 3003, 1028, 1015}
10-11 19:03:58.594: I/Launcher(776): Deferring update until onResume
10-11 19:03:58.664: V/GmsNetworkLocationProvi(3149): DISABLE
10-11 19:03:58.694: D/dalvikvm(1379): GC_CONCURRENT freed 250K, 4% free 7866K/8156K, paused 2ms+5ms, total 41ms
10-11 19:03:58.694: I/ActivityManager(483): Start proc com.android.vending for broadcast com.android.vending/com.google.android.finsky.receivers.PackageMonitorReceiver$RegisteredReceiver: pid=1399 uid=10043 gids={50043, 3003, 1028, 1015}
10-11 19:03:58.724: E/GCoreFlp(3149): Bound FusedProviderService with LocationManager
10-11 19:03:58.734: V/GmsNetworkLocationProvi(3149): ENABLE
10-11 19:03:58.744: V/GmsNetworkLocationProvi(3149): onSetRequest: ProviderRequestUnbundled, reportLocation is true and interval is 86400000
10-11 19:03:58.744: V/GmsNetworkLocationProvi(3149): SET-REQUEST
10-11 19:03:58.744: V/GmsNetworkLocationProvi(3149): in Handler: ProviderRequestUnbundled, reportLocation is true and interval is 86400000
10-11 19:03:58.794: D/libgps(483): proxy_gps_inject_location()
10-11 19:03:58.834: D/dalvikvm(1399): GC_CONCURRENT freed 209K, 3% free 7901K/8084K, paused 3ms+2ms, total 27ms
10-11 19:03:58.844: D/Finsky(1399): [1] FinskyApp.onCreate: Initializing network with DFE https://android.clients.google.com/fdfe/
10-11 19:03:58.864: I/ContactLocale(1379): AddressBook Labels [en_US]: [, A, B, C, D, E, F, G, H, I, J, K, L, M, N, O, P, Q, R, S, T, U, V, W, X, Y, Z, ?, ?, ?, ?, ?, ?, ?, ?, ?, ?, ?, ?, ?, ?, ?, ?, ?, ?, ?, ?, ?, ?, ?, ?, , À, Á, Â, Ã, Ä, Å, ª, Æ, Ç, È, ², ¯, É, Ê, Ë, Ì, Í, Î, Ï, Ð, Ñ, Ò, Ó, Ô, Õ, Ö, ×, Ø, Ù, Þ, ß, , ?, ?, ?, ?, ?, ?, ?, ?, ?, ?, ?, ?, ?, ?, ?, ?, ?, ?, ?, ?, ?, ?, , ?, ?, ?, ?, ?, ?, ?, ?, ?, ?, ?, ?, ?, ?, ?, ?, ?, ?, ?, ?, ?, ?, ?, ?, ?, ?, ?, ?, , ?, ?, ?, ?, ?, ?, ?, ?, ?, ?, ?, ?, ?, ?, ?, ?, ?, ?, ?, ?, ?, ?, ?, ?, ?, ?, ?, ?, ?, ?, ?, ?, ?, ?, ?, ?, ?, ?, ?, ?, ?, ?, ?, ?, ?, ?, , ?, ?, ?, ?, ?, ?, ?, ?, ?, ?, ?, ?, ?, ?, , ?, ?, ?, ?, ?, ?, ?, ?, ?, ?, #, ]
10-11 19:03:58.884: D/Finsky(1399): [1] DailyHygiene.goMakeHygieneIfDirty: No need to run daily hygiene.
10-11 19:03:58.894: W/Settings(1399): Setting download_manager_max_bytes_over_mobile has moved from android.provider.Settings.Secure to android.provider.Settings.Global.
10-11 19:03:58.894: W/Settings(1399): Setting download_manager_recommended_max_bytes_over_mobile has moved from android.provider.Settings.Secure to android.provider.Settings.Global.
10-11 19:03:58.914: D/dalvikvm(1399): GC_CONCURRENT freed 390K, 6% free 8003K/8432K, paused 2ms+3ms, total 29ms
10-11 19:03:58.944: D/Finsky(1399): [1] 2.run: Loaded library for account: [iPRuDjxAO4Bugj1R9wdKAk3n55I]
10-11 19:03:58.954: I/InternalIcingCorporaPro(1458): Updating corpora: APPS=com.google.android.gms, CONTACTS=MAYBE
10-11 19:03:58.964: D/PackageBroadcastService(3162): Received broadcast action=android.intent.action.PACKAGE_CHANGED and uri=com.google.android.gms
10-11 19:03:58.964: I/PackageBroadcastService(3162): Null package name or gms related package. Ignoreing.
10-11 19:03:58.994: I/Icing(3162): updateResources: need to parse e{com.google.android.gms}
10-11 19:03:59.014: D/Finsky(1399): [1] 2.run: Loaded library for account: [T03O79hXA0erLNb4aRhHVbs74kc]
10-11 19:03:59.014: D/Finsky(1399): [1] 2.run: Finished loading 2 libraries.
10-11 19:03:59.034: D/dalvikvm(1399): GC_CONCURRENT freed 313K, 5% free 8186K/8540K, paused 2ms+4ms, total 33ms
10-11 19:03:59.044: D/Finsky(1399): [1] GmsCoreHelper.cleanupNlp: result=false type=4
10-11 19:03:59.054: D/Finsky(1399): [1] RestoreTracker.stopServiceIfDone: Restore complete with 0 success and 0 failed.
10-11 19:03:59.134: D/dalvikvm(3162): GC_CONCURRENT freed 826K, 8% free 10056K/10924K, paused 2ms+4ms, total 44ms
10-11 19:03:59.244: D/dalvikvm(1458): GC_CONCURRENT freed 347K, 8% free 9057K/9784K, paused 2ms+3ms, total 25ms
10-11 19:03:59.244: D/dalvikvm(1458): WAIT_FOR_CONCURRENT_GC blocked 16ms
10-11 19:03:59.254: I/InternalIcingCorporaPro(1458): UpdateCorporaTask done [took 297 ms] updated apps [took 297 ms]
10-11 19:04:01.344: D/CaptivePortalTracker(483): DelayedCaptiveCheckState{ when=-10ms what=2 arg1=4 target=com.android.internal.util.StateMachine$SmHandler }
10-11 19:04:01.344: D/ConnectivityService(483): setProvNotificationVisible: E visible=false networkType=1 extraInfo=null url=null
10-11 19:04:01.514: D/CaptivePortalTracker(483): Checking http://173.194.113.201/generate_204
10-11 19:04:01.774: D/CaptivePortalTracker(483): Don't send network conditions - lacking user consent.
10-11 19:04:01.774: D/CaptivePortalTracker(483): isCaptivePortal: ret=false rspCode=204
10-11 19:04:01.774: D/CaptivePortalTracker(483): Not captive network NetworkInfo: type: WIFI[], state: CONNECTED/CONNECTED, reason: (unspecified), extra: "Tenda_41FE29", roaming: false, failover: false, isAvailable: true, isConnectedToProvisioningNetwork: false
10-11 19:04:01.774: D/CaptivePortalTracker(483): notifyPortalCheckCompleted: captive=false ni=NetworkInfo: type: WIFI[], state: CONNECTED/CONNECTED, reason: (unspecified), extra: "Tenda_41FE29", roaming: false, failover: false, isAvailable: true, isConnectedToProvisioningNetwork: false
10-11 19:04:01.774: D/ConnectivityService(483): captivePortalCheckCompleted: ni=NetworkInfo: type: WIFI[], state: CONNECTED/CONNECTED, reason: (unspecified), extra: "Tenda_41FE29", roaming: false, failover: false, isAvailable: true, isConnectedToProvisioningNetwork: false captive=false
10-11 19:04:31.534: D/dalvikvm(1808): GC_CONCURRENT freed 881K, 59% free 9527K/23036K, paused 9ms+5ms, total 72ms
10-11 19:05:03.654: D/dalvikvm(585): GC_CONCURRENT freed 1557K, 17% free 10813K/12908K, paused 17ms+6ms, total 52ms
10-11 19:05:29.124: D/dalvikvm(585): GC_FOR_ALLOC freed 467K, 19% free 10488K/12908K, paused 23ms, total 23ms
10-11 19:05:30.354: W/InputMethodManagerService(483): Window already focused, ignoring focus gain of: com.android.internal.view.IInputMethodClient$Stub$Proxy@42888ae0 attribute=null, token = android.os.BinderProxy@42816260
10-11 19:05:30.414: I/WindowManager(483): Ignoring HOME; event canceled.
10-11 19:05:30.704: W/InputMethodManagerService(483): Window already focused, ignoring focus gain of: com.android.internal.view.IInputMethodClient$Stub$Proxy@4204b6d8 attribute=null, token = android.os.BinderProxy@42816260
10-11 19:05:30.804: D/dalvikvm(585): GC_FOR_ALLOC freed 406K, 20% free 10425K/12908K, paused 37ms, total 38ms
10-11 19:05:30.804: I/dalvikvm-heap(585): Grow heap (frag case) to 10.456MB for 251120-byte allocation
10-11 19:05:30.844: D/dalvikvm(585): GC_FOR_ALLOC freed <1K, 19% free 10669K/13156K, paused 45ms, total 45ms
10-11 19:05:30.924: W/InputMethodManagerService(483): Window already focused, ignoring focus gain of: com.android.internal.view.IInputMethodClient$Stub$Proxy@4254a7d0 attribute=null, token = android.os.BinderProxy@42816260
10-11 19:06:30.954: D/dalvikvm(6116): GC_CONCURRENT freed 316K, 9% free 8534K/9348K, paused 2ms+10ms, total 36ms
10-11 19:06:32.324: W/InputMethodManagerService(483): Window already focused, ignoring focus gain of: com.android.internal.view.IInputMethodClient$Stub$Proxy@42966ca8 attribute=null, token = android.os.BinderProxy@42816260
10-11 19:06:37.194: W/InputMethodManagerService(483): Window already focused, ignoring focus gain of: com.android.internal.view.IInputMethodClient$Stub$Proxy@42050fa8 attribute=null, token = android.os.BinderProxy@42816260
10-11 19:06:38.154: D/dalvikvm(6116): GC_CONCURRENT freed 278K, 8% free 8657K/9348K, paused 3ms+4ms, total 31ms
10-11 19:06:38.244: D/dalvikvm(483): GC_EXPLICIT freed 1953K, 26% free 19522K/26032K, paused 4ms+10ms, total 107ms
10-11 19:06:41.544: W/InputMethodManagerService(483): Window already focused, ignoring focus gain of: com.android.internal.view.IInputMethodClient$Stub$Proxy@42df3f18 attribute=null, token = android.os.BinderProxy@42816260
10-11 19:06:42.094: D/WebRequest(6116): Downloading from: https://easylist-downloads.adblockplus.org/ruadlist+easylist.txt?addonName=adblockplusandroid&addonVersion=1.2.1.341&application=android&applicationVersion=19&platform=libadblockplus&platformVersion=1.0&lastVersion=0
10-11 19:06:42.094: I/Choreographer(6116): Skipped 33 frames! The application may be doing too much work on its main thread.
10-11 19:06:43.214: D/dalvikvm(6116): GC_CONCURRENT freed 563K, 9% free 8522K/9348K, paused 3ms+3ms, total 23ms
10-11 19:06:44.214: D/dalvikvm(6116): GC_FOR_ALLOC freed 154K, 10% free 8443K/9348K, paused 26ms, total 26ms
10-11 19:06:44.214: I/dalvikvm-heap(6116): Grow heap (frag case) to 8.467MB for 131088-byte allocation
10-11 19:06:44.234: D/dalvikvm(6116): GC_FOR_ALLOC freed 64K, 11% free 8507K/9480K, paused 16ms, total 16ms
10-11 19:06:44.254: D/dalvikvm(6116): GC_FOR_ALLOC freed <1K, 11% free 8507K/9480K, paused 16ms, total 16ms
10-11 19:06:44.254: I/dalvikvm-heap(6116): Grow heap (frag case) to 8.592MB for 196624-byte allocation
10-11 19:06:44.264: D/dalvikvm(6116): GC_FOR_ALLOC freed 128K, 12% free 8571K/9676K, paused 17ms, total 18ms
10-11 19:06:44.524: D/dalvikvm(6116): GC_FOR_ALLOC freed 15K, 11% free 8699K/9676K, paused 23ms, total 23ms
10-11 19:06:44.524: I/dalvikvm-heap(6116): Grow heap (frag case) to 8.842MB for 262160-byte allocation
10-11 19:06:44.554: D/dalvikvm(6116): GC_FOR_ALLOC freed 194K, 12% free 8761K/9936K, paused 29ms, total 29ms
10-11 19:06:44.824: D/dalvikvm(6116): GC_FOR_ALLOC freed 271K, 12% free 8815K/9936K, paused 30ms, total 30ms
10-11 19:06:44.824: I/dalvikvm-heap(6116): Grow heap (frag case) to 9.080MB for 393232-byte allocation
10-11 19:06:44.854: D/dalvikvm(6116): GC_CONCURRENT freed 321K, 15% free 8877K/10324K, paused 2ms+2ms, total 29ms
10-11 19:06:44.854: D/dalvikvm(6116): WAIT_FOR_CONCURRENT_GC blocked 27ms
10-11 19:06:44.854: D/dalvikvm(6116): WAIT_FOR_CONCURRENT_GC blocked 26ms
10-11 19:06:44.864: D/dalvikvm(6116): WAIT_FOR_CONCURRENT_GC blocked 18ms
10-11 19:06:44.894: D/dalvikvm(6116): GC_FOR_ALLOC freed 1K, 15% free 8877K/10324K, paused 30ms, total 31ms
10-11 19:06:44.894: I/dalvikvm-heap(6116): Grow heap (frag case) to 9.203MB for 458768-byte allocation
10-11 19:06:44.924: D/dalvikvm(6116): GC_FOR_ALLOC freed 384K, 18% free 8941K/10776K, paused 35ms, total 35ms
10-11 19:06:44.924: W/InputMethodManagerService(483): Window already focused, ignoring focus gain of: com.android.internal.view.IInputMethodClient$Stub$Proxy@42937eb0 attribute=null, token = android.os.BinderProxy@42816260
10-11 19:06:44.964: D/WebRequest(6116): Downloading from: https://easylist-downloads.adblockplus.org/easylistchina+easylist.txt?addonName=adblockplusandroid&addonVersion=1.2.1.341&application=android&applicationVersion=19&platform=libadblockplus&platformVersion=1.0&lastVersion=0
10-11 19:06:44.984: D/dalvikvm(6116): GC_CONCURRENT freed 54K, 17% free 8944K/10776K, paused 7ms+9ms, total 58ms
10-11 19:06:44.984: D/dalvikvm(6116): WAIT_FOR_CONCURRENT_GC blocked 30ms
10-11 19:06:44.984: I/dalvikvm-heap(6116): Grow heap (frag case) to 9.331MB for 524304-byte allocation
10-11 19:06:45.014: D/dalvikvm(6116): GC_FOR_ALLOC freed 451K, 17% free 9005K/10776K, paused 28ms, total 28ms
10-11 19:06:45.054: D/dalvikvm(6116): GC_CONCURRENT freed 8K, 17% free 9029K/10776K, paused 8ms+5ms, total 38ms
10-11 19:06:45.054: D/dalvikvm(6116): WAIT_FOR_CONCURRENT_GC blocked 31ms
10-11 19:06:45.054: I/dalvikvm-heap(6116): Grow heap (frag case) to 9.476MB for 589840-byte allocation
10-11 19:06:45.084: D/dalvikvm(6116): GC_FOR_ALLOC freed 526K, 16% free 9079K/10776K, paused 22ms, total 24ms
10-11 19:06:45.124: D/dalvikvm(6116): GC_FOR_ALLOC freed 7K, 16% free 9075K/10776K, paused 25ms, total 25ms
10-11 19:06:45.124: I/dalvikvm-heap(6116): Grow heap (frag case) to 9.583MB for 655376-byte allocation
10-11 19:06:45.144: D/dalvikvm(6116): GC_FOR_ALLOC freed 597K, 21% free 9118K/11420K, paused 20ms, total 20ms
10-11 19:06:45.174: D/dalvikvm(6116): GC_CONCURRENT freed 5K, 20% free 9145K/11420K, paused 2ms+3ms, total 22ms
10-11 19:06:45.174: D/dalvikvm(6116): WAIT_FOR_CONCURRENT_GC blocked 18ms
10-11 19:06:45.174: I/dalvikvm-heap(6116): Grow heap (frag case) to 9.714MB for 720912-byte allocation
10-11 19:06:45.194: D/dalvikvm(6116): GC_CONCURRENT freed 640K, 20% free 9208K/11420K, paused 4ms+2ms, total 22ms
10-11 19:06:45.194: D/dalvikvm(6116): WAIT_FOR_CONCURRENT_GC blocked 17ms
10-11 19:06:45.194: D/dalvikvm(6116): WAIT_FOR_CONCURRENT_GC blocked 17ms
10-11 19:06:45.214: D/dalvikvm(6116): GC_FOR_ALLOC freed <1K, 20% free 9208K/11420K, paused 19ms, total 19ms
10-11 19:06:45.214: I/dalvikvm-heap(6116): Grow heap (frag case) to 9.838MB for 786448-byte allocation
10-11 19:06:45.244: D/dalvikvm(6116): GC_CONCURRENT freed 704K, 19% free 9272K/11420K, paused 5ms+2ms, total 24ms
10-11 19:06:45.244: D/dalvikvm(6116): WAIT_FOR_CONCURRENT_GC blocked 20ms
10-11 19:06:45.244: D/dalvikvm(6116): WAIT_FOR_CONCURRENT_GC blocked 65ms
10-11 19:06:45.254: D/dalvikvm(6116): WAIT_FOR_CONCURRENT_GC blocked 27ms
10-11 19:06:45.274: D/dalvikvm(6116): GC_FOR_ALLOC freed 15K, 19% free 9271K/11420K, paused 18ms, total 19ms
10-11 19:06:45.274: I/dalvikvm-heap(6116): Grow heap (frag case) to 9.962MB for 851984-byte allocation
10-11 19:06:45.294: D/dalvikvm(6116): GC_FOR_ALLOC freed 772K, 24% free 9330K/12256K, paused 20ms, total 20ms
10-11 19:06:45.314: D/dalvikvm(6116): GC_CONCURRENT freed <1K, 24% free 9332K/12256K, paused 2ms+2ms, total 22ms
10-11 19:06:45.404: D/dalvikvm(6116): GC_FOR_ALLOC freed <1K, 24% free 9332K/12256K, paused 23ms, total 23ms
10-11 19:06:45.404: I/dalvikvm-heap(6116): Grow heap (frag case) to 10.084MB for 917520-byte allocation
10-11 19:06:45.434: D/dalvikvm(6116): GC_FOR_ALLOC freed 832K, 24% free 9396K/12256K, paused 27ms, total 27ms
10-11 19:06:45.454: D/dalvikvm(6116): GC_CONCURRENT freed <1K, 24% free 9396K/12256K, paused 2ms+1ms, total 20ms
10-11 19:06:45.454: D/dalvikvm(6116): WAIT_FOR_CONCURRENT_GC blocked 14ms
10-11 19:06:45.454: I/dalvikvm-heap(6116): Grow heap (frag case) to 10.209MB for 983056-byte allocation
10-11 19:06:45.474: D/dalvikvm(6116): GC_CONCURRENT freed 896K, 23% free 9460K/12256K, paused 5ms+2ms, total 23ms
10-11 19:06:45.474: D/dalvikvm(6116): WAIT_FOR_CONCURRENT_GC blocked 18ms
10-11 19:06:45.504: D/dalvikvm(6116): GC_FOR_ALLOC freed <1K, 23% free 9460K/12256K, paused 19ms, total 19ms
10-11 19:06:45.504: I/dalvikvm-heap(6116): Grow heap (frag case) to 10.334MB for 1048592-byte allocation
10-11 19:06:45.534: D/dalvikvm(6116): GC_CONCURRENT freed 960K, 23% free 9524K/12256K, paused 9ms+2ms, total 27ms
10-11 19:06:45.534: D/dalvikvm(6116): WAIT_FOR_CONCURRENT_GC blocked 18ms
10-11 19:06:45.534: D/dalvikvm(6116): WAIT_FOR_CONCURRENT_GC blocked 11ms
10-11 19:06:45.534: D/dalvikvm(6116): WAIT_FOR_CONCURRENT_GC blocked 21ms
10-11 19:06:45.564: D/dalvikvm(6116): GC_FOR_ALLOC freed 52K, 23% free 9527K/12256K, paused 28ms, total 29ms
10-11 19:06:45.564: I/dalvikvm-heap(6116): Grow heap (frag case) to 10.462MB for 1114128-byte allocation
10-11 19:06:45.584: D/dalvikvm(6116): GC_CONCURRENT freed 1024K, 22% free 9591K/12256K, paused 5ms+2ms, total 22ms
10-11 19:06:45.584: D/dalvikvm(6116): WAIT_FOR_CONCURRENT_GC blocked 17ms
10-11 19:06:45.584: D/dalvikvm(6116): WAIT_FOR_CONCURRENT_GC blocked 18ms
10-11 19:06:45.584: D/dalvikvm(6116): WAIT_FOR_CONCURRENT_GC blocked 18ms
10-11 19:06:45.584: D/dalvikvm(6116): WAIT_FOR_CONCURRENT_GC blocked 18ms
10-11 19:06:45.624: D/dalvikvm(6116): GC_FOR_ALLOC freed 89K, 23% free 9506K/12256K, paused 25ms, total 27ms
10-11 19:06:45.624: I/dalvikvm-heap(6116): Grow heap (frag case) to 10.504MB for 1179664-byte allocation
10-11 19:06:45.644: D/dalvikvm(6116): GC_FOR_ALLOC freed 1115K, 23% free 9543K/12256K, paused 23ms, total 23ms
10-11 19:06:45.674: D/dalvikvm(6116): GC_CONCURRENT freed <1K, 23% free 9543K/12256K, paused 3ms+4ms, total 28ms
10-11 19:06:45.674: D/dalvikvm(6116): WAIT_FOR_CONCURRENT_GC blocked 20ms
10-11 19:06:45.674: I/dalvikvm-heap(6116): Grow heap (frag case) to 10.603MB for 1245200-byte allocation
10-11 19:06:45.704: D/dalvikvm(6116): GC_FOR_ALLOC freed 1152K, 29% free 9607K/13476K, paused 28ms, total 28ms
10-11 19:06:45.724: D/dalvikvm(6116): GC_CONCURRENT freed <1K, 29% free 9607K/13476K, paused 2ms+2ms, total 23ms
10-11 19:06:45.724: D/dalvikvm(6116): WAIT_FOR_CONCURRENT_GC blocked 16ms
10-11 19:06:45.724: I/dalvikvm-heap(6116): Grow heap (frag case) to 10.728MB for 1310736-byte allocation
10-11 19:06:45.754: D/dalvikvm(6116): GC_FOR_ALLOC freed 1216K, 10% free 9671K/10628K, paused 24ms, total 25ms
10-11 19:06:45.774: D/dalvikvm(6116): GC_CONCURRENT freed <1K, 10% free 9671K/10628K, paused 2ms+2ms, total 19ms
10-11 19:06:45.774: D/dalvikvm(6116): WAIT_FOR_CONCURRENT_GC blocked 15ms
10-11 19:06:45.774: I/dalvikvm-heap(6116): Grow heap (frag case) to 10.853MB for 1376272-byte allocation
10-11 19:06:45.794: D/dalvikvm(6116): GC_CONCURRENT freed 1280K, 19% free 9735K/11976K, paused 5ms+2ms, total 22ms
10-11 19:06:45.794: D/dalvikvm(6116): WAIT_FOR_CONCURRENT_GC blocked 17ms
10-11 19:06:45.814: D/dalvikvm(6116): GC_FOR_ALLOC freed <1K, 19% free 9735K/11976K, paused 16ms, total 16ms
10-11 19:06:45.814: I/dalvikvm-heap(6116): Grow heap (frag case) to 10.978MB for 1441808-byte allocation
10-11 19:06:45.834: D/dalvikvm(6116): GC_FOR_ALLOC freed 1344K, 27% free 9799K/13388K, paused 24ms, total 24ms
10-11 19:06:45.854: D/dalvikvm(6116): GC_CONCURRENT freed <1K, 27% free 9799K/13388K, paused 3ms+2ms, total 20ms
10-11 19:06:45.854: D/dalvikvm(6116): WAIT_FOR_CONCURRENT_GC blocked 13ms
10-11 19:06:45.864: I/dalvikvm-heap(6116): Grow heap (frag case) to 11.103MB for 1507344-byte allocation
10-11 19:06:45.884: D/dalvikvm(6116): GC_CONCURRENT freed 1408K, 9% free 9863K/10820K, paused 9ms+2ms, total 26ms
10-11 19:06:45.884: D/dalvikvm(6116): WAIT_FOR_CONCURRENT_GC blocked 17ms
10-11 19:06:45.904: D/dalvikvm(6116): GC_FOR_ALLOC freed <1K, 9% free 9863K/10820K, paused 18ms, total 18ms
10-11 19:06:45.914: I/dalvikvm-heap(6116): Grow heap (frag case) to 11.228MB for 1572880-byte allocation
10-11 19:06:45.934: D/dalvikvm(6116): GC_FOR_ALLOC freed 1472K, 20% free 9927K/12360K, paused 26ms, total 26ms
10-11 19:06:45.954: D/dalvikvm(6116): GC_CONCURRENT freed <1K, 20% free 9927K/12360K, paused 2ms+2ms, total 19ms
10-11 19:06:45.954: D/dalvikvm(6116): WAIT_FOR_CONCURRENT_GC blocked 13ms
10-11 19:06:45.954: I/dalvikvm-heap(6116): Grow heap (frag case) to 11.353MB for 1638416-byte allocation
10-11 19:06:45.984: D/dalvikvm(6116): GC_FOR_ALLOC freed 1536K, 29% free 9991K/13964K, paused 25ms, total 25ms
10-11 19:06:46.014: D/dalvikvm(6116): GC_CONCURRENT freed <1K, 29% free 9991K/13964K, paused 3ms+2ms, total 27ms
10-11 19:06:46.014: D/dalvikvm(6116): WAIT_FOR_CONCURRENT_GC blocked 16ms
10-11 19:06:46.014: I/dalvikvm-heap(6116): Grow heap (frag case) to 12.967MB for 3266188-byte allocation
10-11 19:06:46.044: D/dalvikvm(6116): GC_FOR_ALLOC freed 0K, 24% free 13180K/17156K, paused 25ms, total 25ms
10-11 19:06:46.064: D/dalvikvm(6116): GC_CONCURRENT freed <1K, 24% free 13180K/17156K, paused 2ms+2ms, total 20ms
10-11 19:06:46.104: D/ConnectivityService(483): Sampling interval elapsed, updating statistics ..
10-11 19:06:46.104: D/ConnectivityService(483): Done.
10-11 19:06:46.104: D/ConnectivityService(483): Setting timer for 720seconds
10-11 19:06:46.114: D/dalvikvm(6116): GC_FOR_ALLOC freed <1K, 24% free 13180K/17156K, paused 18ms, total 19ms
10-11 19:06:46.124: I/dalvikvm-heap(6116): Grow heap (frag case) to 16.079MB for 3262078-byte allocation
10-11 19:06:46.164: D/dalvikvm(6116): GC_FOR_ALLOC freed 3189K, 36% free 13176K/20344K, paused 35ms, total 35ms
10-11 19:06:46.214: D/dalvikvm(6116): GC_CONCURRENT freed 1613K, 44% free 11563K/20344K, paused 33ms+2ms, total 52ms
10-11 19:06:47.704: D/dalvikvm(6116): GC_FOR_ALLOC freed 3902K, 14% free 8838K/10244K, paused 33ms, total 33ms
10-11 19:06:47.754: D/dalvikvm(6116): GC_CONCURRENT freed 343K, 14% free 8881K/10244K, paused 8ms+8ms, total 46ms
10-11 19:06:47.754: D/dalvikvm(6116): WAIT_FOR_CONCURRENT_GC blocked 29ms
10-11 19:06:47.834: D/dalvikvm(6116): GC_CONCURRENT freed 387K, 13% free 8943K/10244K, paused 4ms+6ms, total 45ms
10-11 19:06:47.844: W/InputMethodManagerService(483): Window already focused, ignoring focus gain of: com.android.internal.view.IInputMethodClient$Stub$Proxy@42827550 attribute=null, token = android.os.BinderProxy@42816260
10-11 19:06:47.854: D/WebRequest(6116): Downloading from: https://easylist-downloads.adblockplus.org/bulgarian_list+easylist.txt?addonName=adblockplusandroid&addonVersion=1.2.1.341&application=android&applicationVersion=19&platform=libadblockplus&platformVersion=1.0&lastVersion=0
10-11 19:06:48.014: D/dalvikvm(6116): GC_FOR_ALLOC freed 114K, 13% free 8969K/10244K, paused 33ms, total 33ms
10-11 19:06:48.024: I/dalvikvm-heap(6116): Grow heap (frag case) to 9.355MB for 524304-byte allocation
10-11 19:06:48.054: D/dalvikvm(6116): GC_FOR_ALLOC freed 459K, 17% free 9021K/10760K, paused 31ms, total 31ms
10-11 19:06:48.074: D/dalvikvm(6116): GC_CONCURRENT freed 11K, 17% free 9012K/10760K, paused 2ms+2ms, total 25ms
10-11 19:06:48.074: D/dalvikvm(6116): WAIT_FOR_CONCURRENT_GC blocked 16ms
10-11 19:06:48.074: I/dalvikvm-heap(6116): Grow heap (frag case) to 9.459MB for 589840-byte allocation
10-11 19:06:48.104: D/dalvikvm(6116): GC_FOR_ALLOC freed 512K, 16% free 9076K/10760K, paused 22ms, total 22ms
10-11 19:06:48.124: D/dalvikvm(6116): GC_FOR_ALLOC freed <1K, 16% free 9076K/10760K, paused 23ms, total 23ms
10-11 19:06:48.124: I/dalvikvm-heap(6116): Grow heap (frag case) to 9.584MB for 655376-byte allocation
10-11 19:06:48.144: D/dalvikvm(6116): GC_FOR_ALLOC freed 576K, 16% free 9140K/10760K, paused 21ms, total 21ms
10-11 19:06:48.174: D/dalvikvm(6116): GC_CONCURRENT freed <1K, 16% free 9140K/10760K, paused 3ms+3ms, total 22ms
10-11 19:06:48.284: D/dalvikvm(6116): GC_FOR_ALLOC freed 55K, 16% free 9143K/10760K, paused 18ms, total 18ms
10-11 19:06:48.294: I/dalvikvm-heap(6116): Grow heap (frag case) to 9.712MB for 720912-byte allocation
10-11 19:06:48.314: D/dalvikvm(6116): GC_FOR_ALLOC freed 640K, 20% free 9207K/11468K, paused 23ms, total 24ms
10-11 19:06:48.334: D/dalvikvm(6116): GC_CONCURRENT freed <1K, 20% free 9207K/11468K, paused 3ms+1ms, total 22ms
10-11 19:06:48.334: D/dalvikvm(6116): WAIT_FOR_CONCURRENT_GC blocked 15ms
10-11 19:06:48.334: I/dalvikvm-heap(6116): Grow heap (frag case) to 9.837MB for 786448-byte allocation
10-11 19:06:48.354: D/dalvikvm(6116): GC_FOR_ALLOC freed 704K, 20% free 9271K/11468K, paused 20ms, total 20ms
10-11 19:06:48.374: D/dalvikvm(6116): GC_CONCURRENT freed <1K, 20% free 9271K/11468K, paused 3ms+3ms, total 21ms
10-11 19:06:48.374: D/dalvikvm(6116): WAIT_FOR_CONCURRENT_GC blocked 14ms
10-11 19:06:48.374: I/dalvikvm-heap(6116): Grow heap (frag case) to 9.962MB for 851984-byte allocation
