10-11 18:17:09.908: I/WindowState(483): WIN DEATH: Window{427d2928 u0 com.android.settings/com.android.settings.SubSettings}
10-11 18:17:10.508: I/ActivityManager(483): START u0 {act=android.intent.action.MAIN cat=[android.intent.category.HOME] flg=0x10200000 cmp=com.android.launcher/com.android.launcher2.Launcher} from pid 483
10-11 18:17:10.598: D/dalvikvm(483): GC_FOR_ALLOC freed 563K, 26% free 19411K/26032K, paused 82ms, total 84ms
10-11 18:17:10.658: W/InputMethodManagerService(483): Starting input on non-focused client com.android.internal.view.IInputMethodClient$Stub$Proxy@427ba160 (uid=10077 pid=585)
10-11 18:17:12.958: V/PanelView(585): animationTick called with dtms=0; nothing to do (h=252.72728 v=1610.187)
10-11 18:17:12.958: D/PhoneStatusBar(585): disable: < expand ICONS* alerts TICKER* system_info back home recent CLOCK* search
> 10-11 18:17:12.958: V/PanelView(585): animationTick called with dtms=-10; nothing to do (h=252.72728 v=1610.187)
10-11 18:17:14.538: I/ActivityManager(483): START u0 {flg=0x14000000 cmp=org.adblockplus.android/.Preferences bnds=[42,259][636,344]} from pid -1
10-11 18:17:14.638: D/dalvikvm(483): GC_FOR_ALLOC freed 535K, 26% free 19401K/26032K, paused 90ms, total 91ms
10-11 18:17:14.668: V/PanelView(585): animationTick called with dtms=0; nothing to do (h=481.0 v=-2662.5002)
10-11 18:17:14.768: W/Resources(6116): Converting to string: TypedValue{t=0x10/d=0x2 a=2 r=0x7f0c0001}
10-11 18:17:14.768: W/Resources(6116): Converting to string: TypedValue{t=0x10/d=0x2 a=2 r=0x7f0c0001}
10-11 18:17:14.968: D/dalvikvm(6116): GC_CONCURRENT freed 365K, 10% free 8468K/9348K, paused 11ms+3ms, total 109ms
10-11 18:17:15.008: D/PhoneStatusBar(585): disable: < expand icons* alerts ticker* system_info back home recent clock* search
> 10-11 18:17:15.128: I/ActivityManager(483): Displayed org.adblockplus.android/.Preferences: +478ms
10-11 18:17:16.528: I/ActivityManager(483): START u0 {cmp=org.adblockplus.android/.ProxyConfigurationActivity (has extras)} from pid 6116
10-11 18:17:16.618: D/dalvikvm(483): GC_FOR_ALLOC freed 545K, 26% free 19394K/26032K, paused 81ms, total 81ms
10-11 18:17:18.348: I/ActivityManager(483): START u0 {act=android.intent.action.MAIN cat=[android.intent.category.HOME] flg=0x10200000 cmp=com.android.launcher/com.android.launcher2.Launcher} from pid 483
10-11 18:17:18.448: D/dalvikvm(483): GC_FOR_ALLOC freed 515K, 26% free 19388K/26032K, paused 85ms, total 85ms
10-11 18:17:18.778: D/dalvikvm(585): GC_FOR_ALLOC freed 690K, 20% free 10673K/13280K, paused 37ms, total 39ms
10-11 18:17:18.828: I/ActivityManager(483): START u0 {act=com.android.systemui.recent.action.TOGGLE_RECENTS flg=0x10800000 cmp=com.android.systemui/.recent.RecentsActivity} from pid 585
10-11 18:17:18.938: D/dalvikvm(483): GC_FOR_ALLOC freed 517K, 26% free 19395K/26032K, paused 105ms, total 105ms
10-11 18:17:19.968: I/ActivityManager(483): START u0 {act=android.intent.action.MAIN cat=[android.intent.category.HOME] flg=0x10200000 cmp=com.android.launcher/com.android.launcher2.Launcher} from pid 483
10-11 18:17:20.058: D/dalvikvm(483): GC_FOR_ALLOC freed 524K, 26% free 19394K/26032K, paused 78ms, total 78ms
10-11 18:17:20.958: V/PanelView(585): animationTick called with dtms=0; nothing to do (h=284.24243 v=1397.8696)
10-11 18:17:20.958: D/PhoneStatusBar(585): disable: < expand ICONS* alerts TICKER* system_info back home recent CLOCK* search
> 10-11 18:17:20.958: V/PanelView(585): animationTick called with dtms=-13; nothing to do (h=284.24243 v=1397.8696)
10-11 18:17:21.968: I/ActivityManager(483): START u0 {flg=0x14000000 cmp=org.adblockplus.android/.Preferences bnds=[42,259][636,344]} from pid -1
10-11 18:17:22.078: D/dalvikvm(483): GC_FOR_ALLOC freed 531K, 26% free 19391K/26032K, paused 96ms, total 96ms
10-11 18:17:22.088: V/PanelView(585): animationTick called with dtms=0; nothing to do (h=481.0 v=-2662.5002)
10-11 18:17:22.158: W/Resources(6116): Converting to string: TypedValue{t=0x10/d=0x2 a=2 r=0x7f0c0001}
10-11 18:17:22.158: W/Resources(6116): Converting to string: TypedValue{t=0x10/d=0x2 a=2 r=0x7f0c0001}
10-11 18:17:22.278: D/PhoneStatusBar(585): disable: < expand icons* alerts ticker* system_info back home recent clock* search
> 10-11 18:17:22.378: D/dalvikvm(6116): GC_CONCURRENT freed 339K, 9% free 8529K/9348K, paused 3ms+15ms, total 54ms
10-11 18:17:22.428: I/ActivityManager(483): Displayed org.adblockplus.android/.Preferences: +342ms
10-11 18:17:29.038: D/ConnectivityService(483): Sampling interval elapsed, updating statistics ..
10-11 18:17:29.048: D/ConnectivityService(483): Done.
10-11 18:17:29.048: D/ConnectivityService(483): Setting timer for 720seconds
10-11 18:17:29.698: I/GCoreUlr(3149): Received powerMode change from NLP: com.google.android.location.activity.LOW_POWER_MODE_DISABLED
10-11 18:17:29.698: I/GCoreUlr(3149): Starting service, intent=Intent { act=com.google.android.location.reporting.ACTION_UPDATE_ACTIVE_STATE cmp=com.google.android.gms/com.google.android.location.reporting.service.DispatchingService }, extras=null
10-11 18:17:29.798: I/GCoreUlr(3149): Ensuring that reporting is stopped because of reasons: {account#-13#=[InactiveReason{mVersionCode=0, mIdentifier=6, mName='ReportingNotSelected'}], account#-7#=[InactiveReason{mVersionCode=0, mIdentifier=6, mName='ReportingNotSelected'}]}
10-11 18:17:29.798: D/GCoreFlp(3149): Unknown pending intent to remove.
10-11 18:17:29.798: I/GCoreUlr(3149): Unbound from all location providers
10-11 18:17:29.828: D/dalvikvm(3149): GC_CONCURRENT freed 490K, 7% free 9416K/10076K, paused 4ms+2ms, total 30ms
10-11 18:17:33.298: D/dalvikvm(3149): GC_FOR_ALLOC freed 161K, 7% free 9412K/10076K, paused 22ms, total 22ms
10-11 18:17:33.348: D/dalvikvm(3149): GC_FOR_ALLOC freed 141K, 7% free 9403K/10076K, paused 40ms, total 41ms
10-11 18:17:41.968: D/dalvikvm(3149): GC_FOR_ALLOC freed 159K, 7% free 9409K/10076K, paused 36ms, total 36ms
10-11 18:17:41.988: D/dalvikvm(3149): GC_FOR_ALLOC freed 141K, 7% free 9404K/10076K, paused 20ms, total 20ms
10-11 18:17:50.628: D/dalvikvm(3149): GC_FOR_ALLOC freed 163K, 7% free 9413K/10076K, paused 49ms, total 49ms
10-11 18:17:53.568: D/dalvikvm(1808): GC_CONCURRENT freed 525K, 59% free 9504K/23036K, paused 19ms+5ms, total 76ms
10-11 18:17:59.248: D/dalvikvm(3149): GC_FOR_ALLOC freed 177K, 7% free 9404K/10076K, paused 23ms, total 23ms
10-11 18:17:59.268: D/dalvikvm(3149): GC_FOR_ALLOC freed 136K, 7% free 9414K/10076K, paused 21ms, total 21ms
10-11 18:19:22.828: I/PowerManagerService(483): Going to sleep due to screen timeout...
10-11 18:19:23.288: D/SurfaceFlinger(122): Screen released, type=0 flinger=0x410f5450
10-11 18:19:23.288: D/hwcomposer(122): hwc_blank: display 0: blank
10-11 18:19:23.288: D/hwcomposer(122): hwc_blank_display: display 0: [0 -> 1]
10-11 18:19:23.288: D/hwcomposer(122): hwc_blank_display: releasing buffer 0x1e
10-11 18:19:23.288: D/hwcomposer(122): dc_blank: display 0, [0 -> 1]
10-11 18:19:23.378: I/MPL-storeload(483): mpl state size = 5584
10-11 18:19:23.378: E/MPL-storeload(483): calData from inv_save_mpl_states, size=2
10-11 18:19:23.378: I/MPL-storeload(483): cal data size to write = 5584
10-11 18:19:23.378: I/MPL-storeload(483): Bytes written = 5584
10-11 18:19:27.474: D/hwcomposer(122): hotplug_thread: processing control fd
10-11 18:19:27.474: I/hwcomposer(122): hotplug: connected = 0
10-11 18:19:28.384: V/KeyguardHostView(585): Initial transport state: 1, pbstate=0
10-11 18:19:28.434: D/dalvikvm(585): GC_FOR_ALLOC freed 898K, 21% free 10539K/13280K, paused 21ms, total 21ms
10-11 18:19:28.594: V/KeyguardHostView(585): music state changed: 0
10-11 18:19:52.474: D/hwcomposer(122): hotplug_thread: processing control fd
10-11 18:19:52.474: I/hwcomposer(122): hotplug: connected = 0
10-11 18:19:52.654: W/View(585): requestLayout() improperly called by android.widget.TextClock{42201840 V.ED.... ......ID 108,0-444,230 #7f0e0045 app:id/the_clock} during layout: running second layout pass
10-11 18:19:52.654: W/View(585): requestLayout() improperly called by android.widget.TextClock{42259070 V.ED.... ......ID 205,0-348,29 #7f0e0041 app:id/date} during layout: running second layout pass
10-11 18:19:52.654: W/View(585): requestLayout() improperly called by android.widget.TextView{420fc838 V.ED.... ......ID 0,0-0,28 #7f0b018b app:id/widget_folder} during layout: running second layout pass
10-11 18:19:52.654: W/View(585): requestLayout() improperly called by android.widget.TextView{422424a8 V.ED.... ......ID 0,28-0,51 #7f0b018c app:id/widget_account_noflip} during layout: running second layout pass
10-11 18:19:52.704: I/Choreographer(585): Skipped 46 frames! The application may be doing too much work on its main thread.
10-11 18:19:52.814: D/PhoneStatusBar(585): disable: < EXPAND* icons alerts TICKER* system_info BACK* HOME* RECENT* clock search
> 10-11 18:19:52.874: D/dalvikvm(30019): GC_CONCURRENT freed 441K, 6% free 7964K/8444K, paused 2ms+2ms, total 33ms
10-11 18:19:52.884: D/dalvikvm(585): GC_CONCURRENT freed 342K, 17% free 11123K/13280K, paused 4ms+8ms, total 60ms
10-11 18:19:53.714: W/Uploader(3124): No account for auth token provided
10-11 18:19:53.724: I/PseudonymousIdIntentService(3124): getToken invoked
10-11 18:19:54.064: D/dalvikvm(3124): GC_CONCURRENT freed 543K, 7% free 9475K/10176K, paused 6ms+7ms, total 80ms
10-11 18:20:08.404: D/hwcomposer(122): hotplug_thread: processing control fd
10-11 18:20:08.404: I/hwcomposer(122): hotplug: connected = 0
10-11 18:20:12.034: I/MPL-storeload(483): mpl state size = 5584
10-11 18:20:12.034: E/MPL-storeload(483): calData from inv_save_mpl_states, size=2
10-11 18:20:12.034: I/MPL-storeload(483): cal data size to write = 5584
10-11 18:20:12.044: I/MPL-storeload(483): Bytes written = 5584
10-11 18:20:12.134: D/dalvikvm(3149): GC_FOR_ALLOC freed 174K, 7% free 9410K/10076K, paused 51ms, total 52ms
10-11 18:20:12.184: D/dalvikvm(3149): GC_FOR_ALLOC freed 145K, 7% free 9408K/10076K, paused 44ms, total 45ms
10-11 18:20:27.353: D/hwcomposer(122): hotplug_thread: processing control fd
10-11 18:20:27.353: I/hwcomposer(122): hotplug: connected = 0
10-11 18:21:20.394: D/hwcomposer(122): hotplug_thread: processing control fd
10-11 18:21:20.394: I/hwcomposer(122): hotplug: connected = 0
10-11 18:21:22.504: D/dalvikvm(1808): GC_CONCURRENT freed 469K, 59% free 9564K/23036K, paused 28ms+7ms, total 132ms
10-11 18:21:22.534: D/libgps(483): proxy_gps_inject_location()
10-11 18:23:54.628: D/hwcomposer(122): hotplug_thread: processing control fd
10-11 18:23:54.628: I/hwcomposer(122): hotplug: connected = 0
10-11 18:24:16.632: D/hwcomposer(122): hotplug_thread: processing control fd
10-11 18:24:16.632: I/hwcomposer(122): hotplug: connected = 0
10-11 18:24:16.642: I/PowerManagerService(483): Waking up from sleep...
10-11 18:24:16.722: V/KeyguardServiceDelegate(483): onScreenTurnedOn(showListener = com.android.internal.policy.impl.PhoneWindowManager$17@4313a248)
10-11 18:24:16.802: V/KeyguardServiceDelegate(483): **** SHOWN CALLED ****
10-11 18:24:16.802: I/WindowManager(483): Lock screen displayed!
10-11 18:24:16.812: D/DisplayPowerController(483): Unblocked screen on after 110385411 ms
10-11 18:24:16.932: D/PowerManagerService-JNI(483): Excessive delay in autosuspend_disable() while turning screen on: 261ms
10-11 18:24:16.932: D/SurfaceFlinger(122): Screen acquired, type=0 flinger=0x410f5450
10-11 18:24:16.932: D/hwcomposer(122): hwc_blank: display 0: unblank
10-11 18:24:16.932: D/hwcomposer(122): hwc_blank_display: display 0: [1 -> 0]
10-11 18:24:16.932: D/hwcomposer(122): Display 0 is 800 x 1280
10-11 18:24:16.932: D/hwcomposer(122): dc_blank: display 0, [1 -> 0]
10-11 18:24:16.992: V/BackupManagerService(483): Running a backup pass
10-11 18:24:16.992: V/BackupManagerService(483): clearing pending backups
10-11 18:24:16.992: V/PerformBackupTask(483): Beginning backup of 1 targets
10-11 18:24:17.002: V/BackupServiceBinder(483): doBackup() invoked
10-11 18:24:17.002: D/PerformBackupTask(483): invokeAgentForBackup on @pm@
10-11 18:24:17.002: I/PerformBackupTask(483): no backup data written; not calling transport
10-11 18:24:17.012: V/BackupServiceBinder(483): doBackup() invoked
10-11 18:24:17.012: D/BackupHelperDispatcher(483): handling existing helper 'wallpaper' android.app.backup.WallpaperBackupHelper@42993328
10-11 18:24:17.012: D/PerformBackupTask(483): starting agent for backup of BackupRequest{pkg=android}
10-11 18:24:17.012: D/BackupManagerService(483): awaiting agent for ApplicationInfo{420a1350 android}
10-11 18:24:17.012: D/BackupManagerService(483): agentConnected pkg=android agent=android.app.backup.BackupAgent$BackupServiceBinder@427a4e38
10-11 18:24:17.012: I/BackupManagerService(483): got agent android.app.backup.BackupAgent$BackupServiceBinder@427a4e38
10-11 18:24:17.012: D/PerformBackupTask(483): invokeAgentForBackup on android
10-11 18:24:18.362: D/dalvikvm(3149): GC_CONCURRENT freed 603K, 7% free 9407K/10076K, paused 4ms+4ms, total 83ms
10-11 18:24:18.362: D/dalvikvm(3149): WAIT_FOR_CONCURRENT_GC blocked 65ms
10-11 18:24:18.372: D/dalvikvm(3149): WAIT_FOR_CONCURRENT_GC blocked 65ms
10-11 18:24:18.372: D/dalvikvm(3149): WAIT_FOR_CONCURRENT_GC blocked 46ms
10-11 18:24:18.412: D/libgps(483): proxy_gps_inject_location()
10-11 18:24:19.602: I/PerformBackupTask(483): Backup pass finished.
10-11 18:24:19.862: V/UserPresentBroadcastReceiver(3124): Recieved ACTION_USER_PRESENT.
10-11 18:24:19.872: D/d(3124): Notifying listener(s): onUserPresent()...
10-11 18:24:19.872: D/c(3124): Starting periodic check for user presence.
10-11 18:24:19.882: D/c(3124): Stoping periodic check for user presence.
10-11 18:24:19.902: D/PeriodicCheckReceiver(3124): Received intent: Intent { flg=0x14 cmp=com.google.android.gms/.auth.be.proximity.authorization.userpresence.PeriodicCheckReceiver (has extras) }.
10-11 18:24:19.922: D/UserPresenceService(3124): Received onHandleIntent() with intent: Intent { cmp=com.google.android.gms/.auth.be.proximity.authorization.userpresence.UserPresenceService (has extras) }.
10-11 18:24:19.922: E/UserPresenceService(3124): Proximity feature is not enabled.
10-11 18:24:19.972: D/PhoneStatusBar(585): disable: < expand* icons alerts ticker* system_info back* home* recent* clock search
> 10-11 18:24:20.052: W/InputMethodManagerService(483): Window already focused, ignoring focus gain of: com.android.internal.view.IInputMethodClient$Stub$Proxy@42f8a640 attribute=android.view.inputmethod.EditorInfo@429299c8, token = android.os.BinderProxy@42816260
10-11 18:24:20.612: D/dalvikvm(483): JIT code cache reset in 10 ms (1535972 bytes 3/0)
10-11 18:24:20.622: D/dalvikvm(483): GC_EXPLICIT freed 1314K, 26% free 19487K/26032K, paused 10ms+20ms, total 131ms
10-11 18:24:20.652: D/dalvikvm(3149): GC_FOR_ALLOC freed 374K, 7% free 9420K/10076K, paused 24ms, total 25ms
10-11 18:24:20.682: D/dalvikvm(3149): GC_FOR_ALLOC freed 142K, 7% free 9413K/10076K, paused 22ms, total 23ms
10-11 18:24:29.282: D/dalvikvm(3149): GC_FOR_ALLOC freed 172K, 7% free 9414K/10076K, paused 22ms, total 22ms
10-11 18:24:29.302: D/dalvikvm(3149): GC_FOR_ALLOC freed 141K, 7% free 9408K/10076K, paused 20ms, total 21ms
10-11 18:24:37.892: D/dalvikvm(3149): GC_FOR_ALLOC freed 159K, 7% free 9417K/10076K, paused 21ms, total 21ms
10-11 18:24:37.912: D/dalvikvm(3149): GC_FOR_ALLOC freed 137K, 7% free 9408K/10076K, paused 20ms, total 20ms
10-11 18:24:46.522: D/dalvikvm(3149): GC_FOR_ALLOC freed 160K, 7% free 9414K/10076K, paused 21ms, total 21ms
10-11 18:24:46.542: D/dalvikvm(3149): GC_FOR_ALLOC freed 141K, 7% free 9409K/10076K, paused 20ms, total 20ms
10-11 18:24:55.152: D/dalvikvm(3149): GC_FOR_ALLOC freed 158K, 7% free 9418K/10076K, paused 50ms, total 50ms
10-11 18:24:55.202: D/dalvikvm(3149): GC_FOR_ALLOC freed 141K, 7% free 9409K/10076K, paused 42ms, total 42ms
10-11 18:26:00.012: I/ActivityManager(483): Killing 29832:android.process.acore/u0a0 (adj 15): empty for 1839s
10-11 18:26:00.012: I/ActivityManager(483): Killing 29715:com.google.android.gms.unstable/u0a19 (adj 15): empty for 1843s
10-11 18:26:00.012: I/ActivityManager(483): Killing 28725:com.mrp/u0a35 (adj 15): empty for 1846s
10-11 18:26:00.012: I/ActivityManager(483): Killing 28676:com.google.android.apps.magazines/u0a33 (adj 15): empty for 1846s
10-11 18:26:00.012: I/ActivityManager(483): Killing 28659:com.google.android.setupwizard/u0a45 (adj 15): empty for 1846s
10-11 18:26:00.022: I/ActivityManager(483): Killing 28637:com.google.android.music:main/u0a36 (adj 15): empty for 1846s
10-11 18:26:00.102: A/ActivityManager(483): Service ServiceRecord{42e32380 u0 com.google.android.music/.net.NetworkMonitor} in process ProcessRecord{42500640 28637:com.google.android.music:main/u0a36} not same as in map: null
10-11 18:26:00.112: A/ActivityManager(483): Service ServiceRecord{42e204a0 u0 com.google.android.music/.preferences.MusicPreferenceService$MusicPreferenceServiceBinder} in process ProcessRecord{42500640 28637:com.google.android.music:main/u0a36} not same as in map: null
10-11 18:26:20.842: I/PowerManagerService(483): Going to sleep due to screen timeout...
10-11 18:26:21.282: D/SurfaceFlinger(122): Screen released, type=0 flinger=0x410f5450
10-11 18:26:21.282: D/hwcomposer(122): hwc_blank: display 0: blank
10-11 18:26:21.282: D/hwcomposer(122): hwc_blank_display: display 0: [0 -> 1]
10-11 18:26:21.282: D/hwcomposer(122): hwc_blank_display: releasing buffer 0x22
10-11 18:26:21.282: D/hwcomposer(122): dc_blank: display 0, [0 -> 1]
10-11 18:26:21.382: I/MPL-storeload(483): mpl state size = 5584
10-11 18:26:21.382: E/MPL-storeload(483): calData from inv_save_mpl_states, size=2
10-11 18:26:21.382: I/MPL-storeload(483): cal data size to write = 5584
10-11 18:26:21.382: I/MPL-storeload(483): Bytes written = 5584
10-11 18:26:25.514: D/hwcomposer(122): hotplug_thread: processing control fd
10-11 18:26:25.514: I/hwcomposer(122): hotplug: connected = 0
10-11 18:26:26.394: V/KeyguardHostView(585): Initial transport state: 1, pbstate=0
10-11 18:26:26.504: D/dalvikvm(585): GC_CONCURRENT freed 1110K, 14% free 11094K/12824K, paused 3ms+6ms, total 32ms
10-11 18:26:26.544: V/KeyguardHostView(585): music state changed: 0
10-11 18:27:05.514: D/hwcomposer(122): hotplug_thread: processing control fd
10-11 18:27:05.514: I/hwcomposer(122): hotplug: connected = 0
10-11 18:27:05.534: D/BackupManagerService(483): Now staging backup of android
10-11 18:27:05.704: W/View(585): requestLayout() improperly called by android.widget.TextClock{42443520 V.ED.... ......ID 108,0-444,230 #7f0e0045 app:id/the_clock} during layout: running second layout pass
10-11 18:27:05.704: W/View(585): requestLayout() improperly called by android.widget.TextClock{42443e00 V.ED.... ......ID 205,0-348,29 #7f0e0041 app:id/date} during layout: running second layout pass
10-11 18:27:05.704: W/View(585): requestLayout() improperly called by android.widget.TextView{422748e8 V.ED.... ......ID 0,0-0,28 #7f0b018b app:id/widget_folder} during layout: running second layout pass
10-11 18:27:05.704: W/View(585): requestLayout() improperly called by android.widget.TextView{42274cf0 V.ED.... ......ID 0,28-0,51 #7f0b018c app:id/widget_account_noflip} during layout: running second layout pass
10-11 18:27:05.754: I/Choreographer(585): Skipped 51 frames! The application may be doing too much work on its main thread.
10-11 18:27:05.904: D/PhoneStatusBar(585): disable: < EXPAND* icons alerts TICKER* system_info BACK* HOME* RECENT* clock search
> 10-11 18:27:05.924: D/dalvikvm(26768): GC_CONCURRENT freed 536K, 7% free 7815K/8388K, paused 4ms+2ms, total 28ms
10-11 18:27:06.734: D/dalvikvm(1808): GC_CONCURRENT freed 555K, 59% free 9537K/23036K, paused 3ms+4ms, total 43ms
10-11 18:27:10.084: I/MPL-storeload(483): mpl state size = 5584
10-11 18:27:10.094: E/MPL-storeload(483): calData from inv_save_mpl_states, size=2
10-11 18:27:10.094: I/MPL-storeload(483): cal data size to write = 5584
10-11 18:27:10.094: I/MPL-storeload(483): Bytes written = 5584
10-11 18:27:10.164: D/dalvikvm(3149): GC_FOR_ALLOC freed 166K, 7% free 9418K/10076K, paused 41ms, total 42ms
10-11 18:27:10.204: D/dalvikvm(3149): GC_FOR_ALLOC freed 138K, 7% free 9409K/10076K, paused 36ms, total 37ms
10-11 18:28:19.930: D/hwcomposer(122): hotplug_thread: processing control fd
10-11 18:28:19.930: I/hwcomposer(122): hotplug: connected = 0
10-11 18:29:35.404: D/hwcomposer(122): hotplug_thread: processing control fd
10-11 18:29:35.404: I/hwcomposer(122): hotplug: connected = 0
10-11 18:29:36.394: D/ConnectivityService(483): Sampling interval elapsed, updating statistics ..
10-11 18:29:36.444: D/ConnectivityService(483): Done.
10-11 18:29:36.444: D/ConnectivityService(483): Setting timer for 720seconds
10-11 18:29:36.484: I/EventLogService(3162): Aggregate from 1413039569318 (log), 1413039569318 (data)
10-11 18:29:36.544: I/ServiceDumpSys(3162): dumping service [account]
10-11 18:29:36.644: D/GCM(3124): Message class com.google.e.a.a.h
10-11 18:29:37.154: D/ConnectivityService(483): handleInetConditionHoldEnd: net=1, condition=100, published condition=100
10-11 18:29:37.634: D/libgps(483): proxy_gps_inject_location()
10-11 18:31:03.183: D/hwcomposer(122): hotplug_thread: processing control fd
10-11 18:31:03.183: I/hwcomposer(122): hotplug: connected = 0
10-11 18:31:03.193: I/PowerManagerService(483): Waking up from sleep...
10-11 18:31:03.273: V/KeyguardServiceDelegate(483): onScreenTurnedOn(showListener = com.android.internal.policy.impl.PhoneWindowManager$17@42589120)
10-11 18:31:03.303: V/KeyguardServiceDelegate(483): **** SHOWN CALLED ****
10-11 18:31:03.303: I/WindowManager(483): Lock screen displayed!
10-11 18:31:03.303: D/DisplayPowerController(483): Unblocked screen on after 110791908 ms
10-11 18:31:03.463: D/PowerManagerService-JNI(483): Excessive delay in autosuspend_disable() while turning screen on: 259ms
10-11 18:31:03.463: D/SurfaceFlinger(122): Screen acquired, type=0 flinger=0x410f5450
10-11 18:31:03.463: D/hwcomposer(122): hwc_blank: display 0: unblank
10-11 18:31:03.463: D/hwcomposer(122): hwc_blank_display: display 0: [1 -> 0]
10-11 18:31:03.463: D/hwcomposer(122): Display 0 is 800 x 1280
10-11 18:31:03.463: D/hwcomposer(122): dc_blank: display 0, [1 -> 0]
10-11 18:31:03.463: D/dalvikvm(585): GC_CONCURRENT freed 887K, 12% free 11315K/12824K, paused 2ms+4ms, total 45ms
10-11 18:31:03.463: D/dalvikvm(585): WAIT_FOR_CONCURRENT_GC blocked 12ms
10-11 18:31:03.503: D/dalvikvm(585): GC_FOR_ALLOC freed 152K, 13% free 11245K/12824K, paused 28ms, total 28ms
10-11 18:31:03.503: I/dalvikvm-heap(585): Grow heap (frag case) to 11.096MB for 82960-byte allocation
10-11 18:31:03.523: D/dalvikvm(585): GC_FOR_ALLOC freed <1K, 13% free 11325K/12908K, paused 25ms, total 25ms
10-11 18:31:07.213: V/UserPresentBroadcastReceiver(3124): Recieved ACTION_USER_PRESENT.
10-11 18:31:07.213: D/d(3124): Notifying listener(s): onUserPresent()...
10-11 18:31:07.213: D/c(3124): Starting periodic check for user presence.
10-11 18:31:07.223: D/c(3124): Stoping periodic check for user presence.
10-11 18:31:07.233: D/PeriodicCheckReceiver(3124): Received intent: Intent { flg=0x14 cmp=com.google.android.gms/.auth.be.proximity.authorization.userpresence.PeriodicCheckReceiver (has extras) }.
10-11 18:31:07.243: D/PhoneStatusBar(585): disable: < expand* icons alerts ticker* system_info back* home* recent* clock search
> 10-11 18:31:07.243: D/UserPresenceService(3124): Received onHandleIntent() with intent: Intent { cmp=com.google.android.gms/.auth.be.proximity.authorization.userpresence.UserPresenceService (has extras) }.
10-11 18:31:07.253: E/UserPresenceService(3124): Proximity feature is not enabled.
10-11 18:31:07.303: W/InputMethodManagerService(483): Window already focused, ignoring focus gain of: com.android.internal.view.IInputMethodClient$Stub$Proxy@427e9610 attribute=android.view.inputmethod.EditorInfo@4315e578, token = android.os.BinderProxy@42816260
10-11 18:31:09.083: D/dalvikvm(3149): GC_FOR_ALLOC freed 411K, 7% free 9418K/10076K, paused 28ms, total 28ms
10-11 18:31:09.103: D/dalvikvm(3149): GC_FOR_ALLOC freed 149K, 7% free 9414K/10076K, paused 22ms, total 22ms
10-11 18:31:11.493: D/dalvikvm(585): GC_FOR_ALLOC freed 776K, 17% free 10753K/12908K, paused 25ms, total 26ms
10-11 18:31:11.493: I/dalvikvm-heap(585): Grow heap (frag case) to 10.776MB for 251120-byte allocation
10-11 18:31:11.523: D/dalvikvm(585): GC_FOR_ALLOC freed 13K, 17% free 10984K/13156K, paused 23ms, total 23ms
10-11 18:31:11.653: D/dalvikvm(483): GC_FOR_ALLOC freed 1888K, 26% free 19399K/26032K, paused 91ms, total 93ms
10-11 18:31:11.693: D/dalvikvm(585): GC_FOR_ALLOC freed 365K, 19% free 10676K/13156K, paused 27ms, total 27ms
10-11 18:31:11.693: I/dalvikvm-heap(585): Grow heap (frag case) to 10.702MB for 251120-byte allocation
10-11 18:31:11.693: I/ActivityManager(483): START u0 {act=com.android.systemui.recent.action.TOGGLE_RECENTS flg=0x10800000 cmp=com.android.systemui/.recent.RecentsActivity (has extras)} from pid 585
10-11 18:31:11.723: D/dalvikvm(585): GC_FOR_ALLOC freed <1K, 19% free 10921K/13404K, paused 22ms, total 23ms
10-11 18:31:11.773: D/dalvikvm(483): GC_FOR_ALLOC freed 599K, 26% free 19295K/26032K, paused 80ms, total 80ms
10-11 18:31:11.823: D/dalvikvm(585): GC_FOR_ALLOC freed 6K, 19% free 10920K/13404K, paused 34ms, total 35ms
10-11 18:31:11.823: I/dalvikvm-heap(585): Grow heap (frag case) to 10.939MB for 251120-byte allocation
10-11 18:31:11.833: D/dalvikvm(6116): GC_CONCURRENT freed 505K, 10% free 8440K/9348K, paused 3ms+4ms, total 31ms
10-11 18:31:11.853: D/dalvikvm(585): GC_FOR_ALLOC freed 1K, 19% free 11164K/13652K, paused 29ms, total 29ms
10-11 18:31:11.883: W/InputMethodManagerService(483): Starting input on non-focused client com.android.internal.view.IInputMethodClient$Stub$Proxy@427cc700 (uid=10110 pid=6116)
10-11 18:31:13.273: I/ActivityManager(483): START u0 {act=android.intent.action.MAIN cat=[android.intent.category.HOME] flg=0x10200000 cmp=com.android.launcher/com.android.launcher2.Launcher} from pid 483
10-11 18:31:13.363: D/dalvikvm(483): GC_FOR_ALLOC freed 520K, 26% free 19300K/26032K, paused 78ms, total 78ms
10-11 18:31:13.953: I/ActivityManager(483): START u0 {act=com.android.systemui.recent.action.TOGGLE_RECENTS flg=0x10800000 cmp=com.android.systemui/.recent.RecentsActivity} from pid 585
10-11 18:31:14.063: D/dalvikvm(483): GC_FOR_ALLOC freed 519K, 26% free 19300K/26032K, paused 93ms, total 93ms
10-11 18:31:14.153: D/dalvikvm(585): GC_FOR_ALLOC freed 771K, 22% free 10659K/13652K, paused 47ms, total 47ms
10-11 18:31:15.773: D/dalvikvm(483): GC_FOR_ALLOC freed 534K, 26% free 19302K/26032K, paused 79ms, total 79ms
10-11 18:31:15.863: D/dalvikvm(483): GC_FOR_ALLOC freed 253K, 25% free 19540K/26032K, paused 79ms, total 79ms
10-11 18:31:17.683: D/dalvikvm(3149): GC_FOR_ALLOC freed 171K, 7% free 9415K/10076K, paused 25ms, total 25ms
10-11 18:31:17.713: D/dalvikvm(3149): GC_FOR_ALLOC freed 147K, 7% free 9413K/10076K, paused 22ms, total 22ms
10-11 18:31:17.893: D/dalvikvm(483): GC_FOR_ALLOC freed 515K, 26% free 19301K/26032K, paused 90ms, total 90ms
10-11 18:31:17.933: D/dalvikvm(585): GC_FOR_ALLOC freed 883K, 24% free 10411K/13652K, paused 22ms, total 22ms
10-11 18:31:18.023: D/dalvikvm(483): GC_FOR_ALLOC freed 500K, 26% free 19299K/26032K, paused 83ms, total 83ms
10-11 18:31:18.033: I/ActivityManager(483): START u0 {act=com.android.systemui.recent.action.TOGGLE_RECENTS flg=0x10800000 cmp=com.android.systemui/.recent.RecentsActivity (has extras)} from pid 585
10-11 18:31:18.113: D/dalvikvm(483): GC_FOR_ALLOC freed 248K, 25% free 19545K/26032K, paused 81ms, total 81ms
10-11 18:31:18.193: D/dalvikvm(483): GC_FOR_ALLOC freed 245K, 25% free 19544K/26032K, paused 79ms, total 79ms
10-11 18:31:18.273: D/dalvikvm(585): GC_CONCURRENT freed 23K, 18% free 11204K/13652K, paused 7ms+3ms, total 47ms
10-11 18:31:20.823: I/ActivityManager(483): START u0 {act=android.intent.action.MAIN cat=[android.intent.category.HOME] flg=0x10200000 cmp=com.android.launcher/com.android.launcher2.Launcher} from pid 483
10-11 18:31:20.903: D/dalvikvm(483): GC_FOR_ALLOC freed 530K, 26% free 19296K/26032K, paused 81ms, total 82ms
10-11 18:31:20.993: W/InputMethodManagerService(483): Starting input on non-focused client com.android.internal.view.IInputMethodClient$Stub$Proxy@427ba160 (uid=10077 pid=585)
10-11 18:31:21.423: D/dalvikvm(585): GC_FOR_ALLOC freed 726K, 22% free 10656K/13652K, paused 30ms, total 30ms
10-11 18:31:21.463: I/ActivityManager(483): START u0 {act=com.android.systemui.recent.action.TOGGLE_RECENTS flg=0x10800000 cmp=com.android.systemui/.recent.RecentsActivity} from pid 585
10-11 18:31:21.603: D/dalvikvm(483): GC_FOR_ALLOC freed 525K, 26% free 19296K/26032K, paused 126ms, total 126ms
10-11 18:31:22.713: D/dalvikvm(483): GC_FOR_ALLOC freed 270K, 25% free 19537K/26032K, paused 76ms, total 77ms
10-11 18:31:22.793: D/dalvikvm(483): GC_FOR_ALLOC freed 250K, 25% free 19532K/26032K, paused 75ms, total 75ms
10-11 18:31:22.893: W/InputMethodManagerService(483): Starting input on non-focused client com.android.internal.view.IInputMethodClient$Stub$Proxy@427ba160 (uid=10077 pid=585)
10-11 18:31:26.373: D/dalvikvm(3149): GC_FOR_ALLOC freed 165K, 7% free 9411K/10076K, paused 23ms, total 23ms
10-11 18:31:34.973: D/dalvikvm(3149): GC_FOR_ALLOC freed 182K, 7% free 9404K/10076K, paused 46ms, total 47ms
10-11 18:31:34.993: D/dalvikvm(3149): GC_FOR_ALLOC freed 153K, 7% free 9413K/10076K, paused 21ms, total 21ms
10-11 18:32:37.883: D/dalvikvm(1808): GC_CONCURRENT freed 549K, 59% free 9506K/23036K, paused 13ms+5ms, total 72ms
10-11 18:33:23.513: I/PowerManagerService(483): Going to sleep due to screen timeout...
10-11 18:33:23.943: D/SurfaceFlinger(122): Screen released, type=0 flinger=0x410f5450
10-11 18:33:23.943: D/hwcomposer(122): hwc_blank: display 0: blank
10-11 18:33:23.943: D/hwcomposer(122): hwc_blank_display: display 0: [0 -> 1]
10-11 18:33:23.943: D/hwcomposer(122): hwc_blank_display: releasing buffer 0x1e
10-11 18:33:23.943: D/hwcomposer(122): dc_blank: display 0, [0 -> 1]
10-11 18:33:24.013: I/MPL-storeload(483): mpl state size = 5584
10-11 18:33:24.013: E/MPL-storeload(483): calData from inv_save_mpl_states, size=2
10-11 18:33:24.013: I/MPL-storeload(483): cal data size to write = 5584
10-11 18:33:24.013: I/MPL-storeload(483): Bytes written = 5584
10-11 18:33:27.464: D/hwcomposer(122): hotplug_thread: processing control fd
10-11 18:33:27.464: I/hwcomposer(122): hotplug: connected = 0
10-11 18:33:29.044: V/KeyguardHostView(585): Initial transport state: 1, pbstate=0
10-11 18:33:29.144: D/dalvikvm(585): GC_CONCURRENT freed 989K, 22% free 10686K/13644K, paused 9ms+4ms, total 68ms
10-11 18:33:29.144: D/dalvikvm(585): WAIT_FOR_CONCURRENT_GC blocked 27ms
10-11 18:33:29.374: V/KeyguardHostView(585): music state changed: 0
10-11 18:33:29.494: W/View(585): requestLayout() improperly called by android.widget.TextClock{42201840 V.ED.... ......ID 108,0-444,230 #7f0e0045 app:id/the_clock} during layout: running second layout pass
10-11 18:33:29.494: W/View(585): requestLayout() improperly called by android.widget.TextClock{42259070 V.ED.... ......ID 205,0-348,29 #7f0e0041 app:id/date} during layout: running second layout pass
10-11 18:33:29.494: W/View(585): requestLayout() improperly called by android.widget.TextView{424a6cb8 V.ED.... ......ID 0,0-0,28 #7f0b018b app:id/widget_folder} during layout: running second layout pass
10-11 18:33:29.494: W/View(585): requestLayout() improperly called by android.widget.TextView{4239e358 V.ED.... ......ID 0,28-0,51 #7f0b018c app:id/widget_account_noflip} during layout: running second layout pass
10-11 18:33:29.984: D/hwcomposer(122): hotplug_thread: processing control fd
10-11 18:33:29.984: I/hwcomposer(122): hotplug: connected = 0
10-11 18:33:30.034: I/Choreographer(585): Skipped 36 frames! The application may be doing too much work on its main thread.
10-11 18:33:30.254: D/PhoneStatusBar(585): disable: < EXPAND* icons alerts TICKER* system_info BACK* HOME* RECENT* clock search
> 10-11 18:33:30.414: D/dalvikvm(30019): GC_CONCURRENT freed 403K, 6% free 7951K/8440K, paused 7ms+2ms, total 57ms
10-11 18:33:30.664: D/dalvikvm(585): GC_CONCURRENT freed 404K, 18% free 11209K/13644K, paused 73ms+8ms, total 149ms
10-11 18:34:08.514: D/hwcomposer(122): hotplug_thread: processing control fd
10-11 18:34:08.514: I/hwcomposer(122): hotplug: connected = 0
10-11 18:34:12.614: I/MPL-storeload(483): mpl state size = 5584
10-11 18:34:12.614: E/MPL-storeload(483): calData from inv_save_mpl_states, size=2
10-11 18:34:12.614: I/MPL-storeload(483): cal data size to write = 5584
10-11 18:34:12.614: I/MPL-storeload(483): Bytes written = 5584
10-11 18:34:12.684: D/dalvikvm(3149): GC_FOR_ALLOC freed 183K, 7% free 9412K/10076K, paused 43ms, total 43ms
10-11 18:34:12.724: D/dalvikvm(3149): GC_FOR_ALLOC freed 148K, 7% free 9413K/10076K, paused 37ms, total 37ms
10-11 18:34:20.404: D/hwcomposer(122): hotplug_thread: processing control fd
10-11 18:34:20.404: I/hwcomposer(122): hotplug: connected = 0
10-11 18:34:22.804: D/libgps(483): proxy_gps_set_position_mode()
10-11 18:34:22.804: D/libgps(483): proxy_gps_inject_location()
10-11 18:34:22.924: D/gpslogd(134): CALL_SENTRY: GlEngine::OnStart took 121 ms (from92810035 to 92810156) (log=0,0,0), start: 18:34:22.812
10-11 18:34:22.934: D/gpslogd(134): CALL_SENTRY: marshal_gps_start took 126 ms (from92810034 to 92810160) (log=0,0,0), start: 18:34:22.811
10-11 18:34:22.934: D/gpslogd(134): CALL_SENTRY: ProcessEvent took 126 ms (from92810034 to 92810160) (log=0,0,0), start: 18:34:22.811
10-11 18:34:22.934: D/libgps(483): proxy_gps_status_cb()
10-11 18:34:22.934: D/libgps(483): proxy_gps_status_cb()
10-11 18:34:22.934: D/libgps(483): proxy_gps_acquire_wakelock_cb()
10-11 18:34:22.934: D/libgps(483): proxy_agps_ril_request_setid_cb()
10-11 18:34:22.934: D/libgps(483): proxy_agps_ril_set_set_id()
10-11 18:34:22.944: D/dalvikvm(1458): GC_CONCURRENT freed 445K, 10% free 8892K/9784K, paused 11ms+3ms, total 91ms
10-11 18:34:24.144: D/gpslogd(134): CALL_SENTRY: GlEngine::ChipData took 113 ms (from92811259 to 92811372) (log=0,0,0), start: 18:34:24.036
10-11 18:34:24.144: D/gpslogd(134): CALL_SENTRY: ProcessEvent took 113 ms (from92811259 to 92811372) (log=0,0,0), start: 18:34:24.036
10-11 18:34:26.504: I/PowerManagerService(483): Waking up from sleep...
10-11 18:34:26.584: V/KeyguardServiceDelegate(483): onScreenTurnedOn(showListener = com.android.internal.policy.impl.PhoneWindowManager$17@4292f150)
10-11 18:34:26.704: V/KeyguardServiceDelegate(483): **** SHOWN CALLED ****
10-11 18:34:26.704: I/WindowManager(483): Lock screen displayed!
10-11 18:34:26.714: D/DisplayPowerController(483): Unblocked screen on after 110995314 ms
10-11 18:34:26.784: D/PowerManagerService-JNI(483): Excessive delay in autosuspend_disable() while turning screen on: 267ms
10-11 18:34:26.794: D/SurfaceFlinger(122): Screen acquired, type=0 flinger=0x410f5450
10-11 18:34:26.794: D/hwcomposer(122): hwc_blank: display 0: unblank
10-11 18:34:26.794: D/hwcomposer(122): hwc_blank_display: display 0: [1 -> 0]
10-11 18:34:26.794: D/hwcomposer(122): Display 0 is 800 x 1280
10-11 18:34:26.794: D/hwcomposer(122): dc_blank: display 0, [1 -> 0]
10-11 18:34:26.794: D/libgps(483): proxy_gps_stop()
10-11 18:34:26.794: D/libgps(483): proxy_gps_status_cb()
10-11 18:34:26.794: D/libgps(483): proxy_gps_status_cb()
10-11 18:34:27.074: D/libgps(483): proxy_gps_release_wakelock_cb()
10-11 18:34:28.694: V/UserPresentBroadcastReceiver(3124): Recieved ACTION_USER_PRESENT.
10-11 18:34:28.694: D/d(3124): Notifying listener(s): onUserPresent()...
10-11 18:34:28.704: D/c(3124): Starting periodic check for user presence.
10-11 18:34:28.704: D/c(3124): Stoping periodic check for user presence.
10-11 18:34:28.784: D/dalvikvm(6116): GC_CONCURRENT freed 412K, 10% free 8455K/9348K, paused 3ms+15ms, total 64ms
10-11 18:34:28.804: D/PhoneStatusBar(585): disable: < expand* icons alerts ticker* system_info back* home* recent* clock search
> 10-11 18:34:28.834: W/InputMethodManagerService(483): Window already focused, ignoring focus gain of: com.android.internal.view.IInputMethodClient$Stub$Proxy@42b2ee18 attribute=android.view.inputmethod.EditorInfo@42d21568, token = android.os.BinderProxy@42816260
10-11 18:34:55.714: D/dalvikvm(1808): GC_CONCURRENT freed 478K, 59% free 9536K/23036K, paused 12ms+6ms, total 71ms
10-11 18:35:15.394: D/dalvikvm(3149): GC_FOR_ALLOC freed 447K, 7% free 9416K/10076K, paused 60ms, total 61ms
10-11 18:35:15.434: D/dalvikvm(3149): GC_FOR_ALLOC freed 154K, 7% free 9414K/10076K, paused 36ms, total 36ms
10-11 18:35:27.364: V/PanelView(585): animationTick called with dtms=0; nothing to do (h=0.64388263 v=0.0)
10-11 18:35:27.364: V/PanelView(585): animationTick called with dtms=-16; nothing to do (h=0.64388263 v=0.0)
10-11 18:35:27.384: D/PhoneStatusBar(585): disable: < expand ICONS* alerts TICKER* system_info back home recent CLOCK* search
> 10-11 18:35:27.414: D/PhoneStatusBar(585): disable: < expand icons* alerts ticker* system_info back home recent clock* search
> 10-11 18:35:27.474: W/InputMethodManagerService(483): Window already focused, ignoring focus gain of: com.android.internal.view.IInputMethodClient$Stub$Proxy@42800d58 attribute=null, token = android.os.BinderProxy@42816260
10-11 18:37:28.274: I/PowerManagerService(483): Going to sleep due to screen timeout...
10-11 18:37:28.734: D/SurfaceFlinger(122): Screen released, type=0 flinger=0x410f5450
10-11 18:37:28.734: D/hwcomposer(122): hwc_blank: display 0: blank
10-11 18:37:28.734: D/hwcomposer(122): hwc_blank_display: display 0: [0 -> 1]
10-11 18:37:28.734: D/hwcomposer(122): hwc_blank_display: releasing buffer 0x22
10-11 18:37:28.734: D/hwcomposer(122): dc_blank: display 0, [0 -> 1]
10-11 18:37:28.824: I/MPL-storeload(483): mpl state size = 5584
10-11 18:37:28.824: E/MPL-storeload(483): calData from inv_save_mpl_states, size=2
10-11 18:37:28.824: I/MPL-storeload(483): cal data size to write = 5584
10-11 18:37:28.824: I/MPL-storeload(483): Bytes written = 5584
10-11 18:37:32.474: D/hwcomposer(122): hotplug_thread: processing control fd
10-11 18:37:32.474: I/hwcomposer(122): hotplug: connected = 0
10-11 18:37:33.834: V/KeyguardHostView(585): Initial transport state: 1, pbstate=0
10-11 18:37:33.964: V/KeyguardHostView(585): music state changed: 0
10-11 18:38:12.474: D/hwcomposer(122): hotplug_thread: processing control fd
10-11 18:38:12.474: I/hwcomposer(122): hotplug: connected = 0
10-11 18:38:12.674: W/View(585): requestLayout() improperly called by android.widget.TextClock{424b2798 V.ED.... ......ID 108,0-444,230 #7f0e0045 app:id/the_clock} during layout: running second layout pass
10-11 18:38:12.674: W/View(585): requestLayout() improperly called by android.widget.TextClock{422f7420 V.ED.... ......ID 205,0-348,29 #7f0e0041 app:id/date} during layout: running second layout pass
10-11 18:38:12.674: W/View(585): requestLayout() improperly called by android.widget.TextView{42276cf0 V.ED.... ......ID 0,0-0,28 #7f0b018b app:id/widget_folder} during layout: running second layout pass
10-11 18:38:12.674: W/View(585): requestLayout() improperly called by android.widget.TextView{424eeca0 V.ED.... ......ID 0,28-0,51 #7f0b018c app:id/widget_account_noflip} during layout: running second layout pass
10-11 18:38:12.724: I/Choreographer(585): Skipped 42 frames! The application may be doing too much work on its main thread.
10-11 18:38:12.784: D/dalvikvm(585): GC_CONCURRENT freed 1097K, 14% free 11218K/12908K, paused 5ms+6ms, total 44ms
10-11 18:38:12.844: D/PhoneStatusBar(585): disable: < EXPAND* icons alerts TICKER* system_info BACK* HOME* RECENT* clock search
> 10-11 18:38:12.864: D/dalvikvm(26768): GC_CONCURRENT freed 536K, 8% free 7790K/8388K, paused 2ms+3ms, total 26ms
10-11 18:38:12.864: D/dalvikvm(26768): WAIT_FOR_CONCURRENT_GC blocked 9ms
10-11 18:38:17.494: I/MPL-storeload(483): mpl state size = 5584
10-11 18:38:17.494: E/MPL-storeload(483): calData from inv_save_mpl_states, size=2
10-11 18:38:17.494: I/MPL-storeload(483): cal data size to write = 5584
10-11 18:38:17.494: I/MPL-storeload(483): Bytes written = 5584
10-11 18:38:17.554: D/dalvikvm(3149): GC_FOR_ALLOC freed 186K, 7% free 9423K/10076K, paused 37ms, total 37ms
10-11 18:38:17.604: D/dalvikvm(3149): GC_FOR_ALLOC freed 154K, 7% free 9411K/10076K, paused 36ms, total 36ms
10-11 18:39:05.404: D/hwcomposer(122): hotplug_thread: processing control fd
10-11 18:39:05.404: I/hwcomposer(122): hotplug: connected = 0
10-11 18:39:06.564: D/dalvikvm(1808): GC_CONCURRENT freed 457K, 59% free 9659K/23036K, paused 4ms+12ms, total 92ms
10-11 18:39:07.684: D/libgps(483): proxy_gps_inject_location()
10-11 18:42:11.514: D/hwcomposer(122): hotplug_thread: processing control fd
10-11 18:42:11.514: I/hwcomposer(122): hotplug: connected = 0
10-11 18:42:12.904: D/ConnectivityService(483): Sampling interval elapsed, updating statistics ..
10-11 18:42:12.924: D/ConnectivityService(483): Done.
10-11 18:42:12.924: D/ConnectivityService(483): Setting timer for 720seconds
10-11 18:42:13.024: D/dalvikvm(483): GC_EXPLICIT freed 2372K, 26% free 19427K/26032K, paused 6ms+9ms, total 105ms
10-11 18:42:16.484: I/MPL-storeload(483): mpl state size = 5584
10-11 18:42:16.484: E/MPL-storeload(483): calData from inv_save_mpl_states, size=2
10-11 18:42:16.484: I/MPL-storeload(483): cal data size to write = 5584
10-11 18:42:16.484: I/MPL-storeload(483): Bytes written = 5584
10-11 18:42:16.554: D/dalvikvm(3149): GC_FOR_ALLOC freed 425K, 7% free 9415K/10076K, paused 48ms, total 49ms
10-11 18:42:16.594: D/dalvikvm(3149): GC_FOR_ALLOC freed 162K, 7% free 9412K/10076K, paused 39ms, total 40ms
10-11 18:42:16.604: I/GCoreUlr(3149): Received powerMode change from NLP: com.google.android.location.activity.LOW_POWER_MODE_ENABLED
10-11 18:42:16.604: I/GCoreUlr(3149): Starting service, intent=Intent { act=com.google.android.location.reporting.ACTION_UPDATE_ACTIVE_STATE cmp=com.google.android.gms/com.google.android.location.reporting.service.DispatchingService }, extras=null
10-11 18:42:16.704: I/GCoreUlr(3149): Ensuring that reporting is stopped because of reasons: {account#-13#=[InactiveReason{mVersionCode=0, mIdentifier=6, mName='ReportingNotSelected'}], account#-7#=[InactiveReason{mVersionCode=0, mIdentifier=6, mName='ReportingNotSelected'}]}
10-11 18:42:16.704: D/GCoreFlp(3149): Unknown pending intent to remove.
10-11 18:42:16.714: I/GCoreUlr(3149): Unbound from all location providers
10-11 18:42:16.754: D/dalvikvm(3149): GC_FOR_ALLOC freed 113K, 7% free 9399K/10076K, paused 38ms, total 38ms
10-11 18:43:50.404: D/hwcomposer(122): hotplug_thread: processing control fd
10-11 18:43:50.404: I/hwcomposer(122): hotplug: connected = 0
10-11 18:43:52.784: D/libgps(483): proxy_gps_inject_location()
10-11 18:45:00.464: D/hwcomposer(122): hotplug_thread: processing control fd
10-11 18:45:00.464: I/hwcomposer(122): hotplug: connected = 0
10-11 18:45:01.094: D/GCM(3124): Message class com.google.e.a.a.h
10-11 18:45:01.594: D/ConnectivityService(483): handleInetConditionHoldEnd: net=1, condition=100, published condition=100
10-11 18:46:14.404: D/hwcomposer(122): hotplug_thread: processing control fd
10-11 18:46:14.404: I/hwcomposer(122): hotplug: connected = 0
10-11 18:46:14.724: D/GeckoHardwareUtils(30824): HardwareUtils already inited.
10-11 18:46:15.174: D/dalvikvm(3162): GC_FOR_ALLOC freed 651K, 8% free 10052K/10924K, paused 38ms, total 38ms
10-11 18:46:15.374: I/MPL-storeload(483): mpl state size = 5584
10-11 18:46:15.374: E/MPL-storeload(483): calData from inv_save_mpl_states, size=2
10-11 18:46:15.374: I/MPL-storeload(483): cal data size to write = 5584
10-11 18:46:15.374: I/MPL-storeload(483): Bytes written = 5584
10-11 18:46:17.724: D/dalvikvm(26035): GC_CONCURRENT freed 1070K, 15% free 11627K/13616K, paused 5ms+3ms, total 56ms
10-11 18:46:18.174: D/dalvikvm(26035): GC_CONCURRENT freed 793K, 12% free 12096K/13616K, paused 3ms+3ms, total 53ms
10-11 18:46:19.644: D/dalvikvm(26035): GC_CONCURRENT freed 1543K, 12% free 12044K/13632K, paused 3ms+2ms, total 45ms
10-11 18:46:19.644: D/dalvikvm(26035): WAIT_FOR_CONCURRENT_GC blocked 28ms
10-11 18:46:21.374: D/dalvikvm(26035): GC_CONCURRENT freed 1816K, 15% free 11664K/13632K, paused 4ms+4ms, total 60ms
10-11 18:46:21.974: D/dalvikvm(26035): GC_CONCURRENT freed 1080K, 13% free 11938K/13632K, paused 3ms+3ms, total 52ms
10-11 18:46:22.254: D/dalvikvm(26035): GC_CONCURRENT freed 1537K, 14% free 11839K/13632K, paused 4ms+2ms, total 54ms
10-11 18:46:24.034: D/dalvikvm(26035): GC_FOR_ALLOC freed 813K, 16% free 11517K/13632K, paused 77ms, total 78ms
10-11 18:46:24.214: I/RecursiveFileObserver(1808): CLOSE_WRITE: /mnt/sdcard/Android/data/com.twitter.android/cache/feature_switches_267315554
10-11 18:46:44.474: D/hwcomposer(122): hotplug_thread: processing control fd
10-11 18:46:44.474: I/hwcomposer(122): hotplug: connected = 0
10-11 18:46:44.744: D/dalvikvm(26035): GC_CONCURRENT freed 1282K, 16% free 11541K/13632K, paused 4ms+3ms, total 51ms
10-11 18:46:44.744: D/dalvikvm(26035): WAIT_FOR_CONCURRENT_GC blocked 14ms
10-11 18:46:44.744: D/dalvikvm(26035): WAIT_FOR_CONCURRENT_GC blocked 15ms
10-11 18:46:45.054: I/RecursiveFileObserver(1808): CREATED: /mnt/sdcard/Android/data/com.twitter.android/files/pic-267315554-jDO2w4
10-11 18:46:45.064: I/RecursiveFileObserver(1808): CLOSE_WRITE: /mnt/sdcard/Android/data/com.twitter.android/files/pic-267315554-jDO2w4
10-11 18:46:45.084: I/RecursiveFileObserver(1808): CREATED: /mnt/sdcard/Android/data/com.twitter.android/cache/users/a536500c0e586060a3ab9b127f0daab3.0.tmp
10-11 18:46:45.094: I/RecursiveFileObserver(1808): MOVED_TO: /mnt/sdcard/Android/data/com.twitter.android/cache/users/a536500c0e586060a3ab9b127f0daab3.0
10-11 18:46:45.104: I/RecursiveFileObserver(1808): CLOSE_WRITE: /mnt/sdcard/Android/data/com.twitter.android/cache/users/a536500c0e586060a3ab9b127f0daab3.0
10-11 18:46:55.347: D/hwcomposer(122): hotplug_thread: processing control fd
10-11 18:46:55.347: I/hwcomposer(122): hotplug: connected = 0
10-11 18:48:36.474: D/hwcomposer(122): hotplug_thread: processing control fd
10-11 18:48:36.474: I/hwcomposer(122): hotplug: connected = 0
10-11 18:48:37.844: D/dalvikvm(3149): GC_CONCURRENT freed 537K, 7% free 9399K/10076K, paused 5ms+4ms, total 98ms
10-11 18:48:37.864: D/libgps(483): proxy_gps_inject_location()
10-11 18:50:35.404: D/hwcomposer(122): hotplug_thread: processing control fd
10-11 18:50:35.404: I/hwcomposer(122): hotplug: connected = 0
10-11 18:50:36.354: D/dalvikvm(1808): GC_CONCURRENT freed 527K, 58% free 9803K/23036K, paused 4ms+7ms, total 103ms
10-11 18:50:36.844: I/MPL-storeload(483): mpl state size = 5584
10-11 18:50:36.844: E/MPL-storeload(483): calData from inv_save_mpl_states, size=2
10-11 18:50:36.844: I/MPL-storeload(483): cal data size to write = 5584
10-11 18:50:36.844: I/MPL-storeload(483): Bytes written = 5584
10-11 18:50:52.949: D/hwcomposer(122): hotplug_thread: processing control fd
10-11 18:50:52.949: I/hwcomposer(122): hotplug: connected = 0
10-11 18:53:20.394: D/hwcomposer(122): hotplug_thread: processing control fd
10-11 18:53:20.394: I/hwcomposer(122): hotplug: connected = 0
10-11 18:53:21.754: D/hwcomposer(122): hotplug_thread: processing control fd
10-11 18:53:21.754: I/hwcomposer(122): hotplug: connected = 0
10-11 18:53:21.814: I/wpa_supplicant(598): wlan0: CTRL-EVENT-DISCONNECTED bssid=c8:3a:35:41:fe:29 reason=3 locally_generated=1
10-11 18:53:21.844: D/CommandListener(120): Clearing all IP addresses on wlan0
10-11 18:53:21.874: D/ConnectivityService(483): ConnectivityChange for WIFI: DISCONNECTED/DISCONNECTED
10-11 18:53:21.874: D/ConnectivityService(483): tryFailover: set mActiveDefaultNetwork=-1, prevNetType=1
10-11 18:53:21.874: D/ConnectivityService(483): Attempting to switch to BLUETOOTH_TETHER
10-11 18:53:21.874: D/ConnectivityService(483): Attempting to switch to ETHERNET
10-11 18:53:21.904: D/NetUtils(483): android_net_utils_resetConnections in env=0x687e1ff0 clazz=0x21a00001 iface=wlan0 mask=0x3
10-11 18:53:21.904: D/ConnectivityService(483): resetConnections(wlan0, 3)
10-11 18:53:21.954: D/CommandListener(120): Clearing all IP addresses on wlan0
10-11 18:53:21.994: D/Nat464Xlat(483): requiresClat: netType=1, hasIPv4Address=false
10-11 18:53:22.004: D/ConnectivityService(483): handleInetConditionChange: no active default network - ignore
10-11 18:53:22.124: E/WND-DBG(1676): Unable to find account configuration for : Exchange Mail
10-11 18:53:22.144: E/WND-DBG(1676): Unable to find account configuration for : Exchange Mail
10-11 18:53:25.054: D/Tethering(483): MasterInitialState.processMessage what=3
10-11 18:53:25.064: D/CaptivePortalTracker(483): Disconnected from active network NetworkInfo: type: WIFI[], state: DISCONNECTED/DISCONNECTED, reason: (unspecified), extra: , roaming: false, failover: false, isAvailable: true, isConnectedToProvisioningNetwork: false
10-11 18:53:25.064: D/ConnectivityService(483): setProvNotificationVisible: E visible=false networkType=1 extraInfo=null url=null
10-11 18:53:25.114: D/ConnectivityService(483): handleInetConditionChange: no active default network - ignore
10-11 18:53:25.114: I/ActivityManager(483): Start proc com.google.android.music:main for broadcast com.google.android.music/.homewidgets.IFLWidgetProvider: pid=1041 uid=10036 gids={50036, 3003, 1028, 1015}
10-11 18:53:25.224: D/libgps(483): proxy_agps_ril_update_network_state()
10-11 18:53:25.224: D/libgps(483): proxy_agps_ril_request_setid_cb()
10-11 18:53:25.224: D/libgps(483): proxy_agps_ril_set_set_id()
10-11 18:53:25.224: D/libgps(483): proxy_agps_ril_update_network_state: called
10-11 18:53:25.224: D/libgps(483): proxy_agps_ril_update_network_availability()
10-11 18:53:25.244: I/MusicStore(1041): Database version: 95
