10-11 17:16:41.083: I/ActivityManager(483): Start proc system:ui for activity android/com.android.internal.app.ResolverActivity: pid=30281 uid=1000 gids={41000, 1028, 1015, 3002, 3001, 3003}
10-11 17:16:53.313: I/PackageManager(483): Adding preferred activity ComponentInfo{com.android.chrome/com.google.android.apps.chrome.Main} for user 0 :
10-11 17:16:53.333: I/ActivityManager(483): START u0 {act=android.intent.action.VIEW dat=https://adblockplus.org/en/android-config flg=0x3000000 cmp=com.android.chrome/com.google.android.apps.chrome.Main} from pid 30281
10-11 17:16:53.403: I/ActivityManager(483): START u0 {act=android.intent.action.VIEW dat=https://adblockplus.org/en/android-config flg=0x14000000 cmp=com.android.chrome/com.google.android.apps.chrome.ChromeTabbedActivity} from pid 5152
10-11 17:16:53.793: I/ActivityManager(483): Start proc com.android.chrome:sandboxed_process7 for service com.android.chrome/org.chromium.content.app.SandboxedProcessService7: pid=30299 uid=99007 gids={}
10-11 17:16:54.603: I/ActivityManager(483): Killing 28528:com.google.android.gallery3d/u0a17 (adj 15): empty #17
10-11 17:17:28.913: D/ConnectivityService(483): Sampling interval elapsed, updating statistics ..
10-11 17:17:28.923: D/ConnectivityService(483): Done.
10-11 17:17:28.923: D/ConnectivityService(483): Setting timer for 720seconds
10-11 17:18:10.233: I/ActivityManager(483): Start proc com.google.android.partnersetup for content provider com.google.android.partnersetup/.RlzAppProvider: pid=30436 uid=10023 gids={50023, 3003}
10-11 17:18:10.383: I/ActivityManager(483): Killing 28799:org.mozilla.firefox/u0a100 (adj 15): empty #17
10-11 17:18:54.243: I/PowerManagerService(483): Going to sleep due to screen timeout...
10-11 17:24:31.184: V/BackupManagerService(483): Running a backup pass
10-11 17:24:31.184: V/BackupManagerService(483): clearing pending backups
10-11 17:24:31.184: V/PerformBackupTask(483): Beginning backup of 1 targets
10-11 17:24:31.184: D/PerformBackupTask(483): invokeAgentForBackup on @pm@
10-11 17:24:31.274: I/PerformBackupTask(483): no backup data written; not calling transport
10-11 17:24:31.274: D/PerformBackupTask(483): starting agent for backup of BackupRequest{pkg=android}
10-11 17:24:31.274: D/BackupManagerService(483): awaiting agent for ApplicationInfo{420a1350 android}
10-11 17:24:31.274: D/BackupManagerService(483): agentConnected pkg=android agent=android.app.backup.BackupAgent$BackupServiceBinder@42785618
10-11 17:24:31.274: I/BackupManagerService(483): got agent android.app.backup.BackupAgent$BackupServiceBinder@42785618
10-11 17:24:31.274: D/PerformBackupTask(483): invokeAgentForBackup on android
10-11 17:24:32.504: I/PerformBackupTask(483): Backup pass finished.
10-11 17:29:28.924: D/ConnectivityService(483): Sampling interval elapsed, updating statistics ..
10-11 17:29:28.934: D/ConnectivityService(483): Done.
10-11 17:29:28.934: D/ConnectivityService(483): Setting timer for 720seconds
10-11 17:30:31.504: D/ConnectivityService(483): handleInetConditionHoldEnd: net=1, condition=100, published condition=100
10-11 17:34:01.484: D/ConnectivityService(483): ConnectivityChange for WIFI: DISCONNECTED/DISCONNECTED
10-11 17:34:01.484: D/ConnectivityService(483): tryFailover: set mActiveDefaultNetwork=-1, prevNetType=1
10-11 17:34:01.484: D/ConnectivityService(483): Attempting to switch to BLUETOOTH_TETHER
10-11 17:34:01.484: D/ConnectivityService(483): Attempting to switch to ETHERNET
10-11 17:34:01.524: D/ConnectivityService(483): resetConnections(wlan0, 3)
10-11 17:34:01.754: D/Nat464Xlat(483): requiresClat: netType=1, hasIPv4Address=false
10-11 17:34:01.764: D/ConnectivityService(483): handleInetConditionChange: no active default network - ignore
10-11 17:34:04.834: D/ConnectivityService(483): setProvNotificationVisible: E visible=false networkType=1 extraInfo=null url=null
10-11 17:34:04.854: D/ConnectivityService(483): handleInetConditionChange: no active default network - ignore
10-11 17:34:10.554: D/ConnectivityService(483): handleInetConditionChange: no active default network - ignore
10-11 17:34:10.554: W/SocketClient(120): write error (Broken pipe)
10-11 17:34:21.774: D/ConnectivityService(483): handleInetConditionChange: no active default network - ignore
10-11 17:34:44.134: D/ConnectivityService(483): handleInetConditionChange: no active default network - ignore
10-11 17:35:01.474: D/ConnectivityService(483): NetTransition Wakelock for ConnectedState released by timeout
10-11 17:36:01.774: D/ConnectivityService(483): handleInetConditionChange: no active default network - ignore
10-11 17:37:30.884: D/ConnectivityService(483): handleInetConditionChange: no active default network - ignore
10-11 17:41:28.954: D/ConnectivityService(483): Sampling interval elapsed, updating statistics ..
10-11 17:41:28.954: D/ConnectivityService(483): Done.
10-11 17:41:28.954: D/ConnectivityService(483): Setting timer for 720seconds
10-11 17:41:28.954: D/ConnectivityService(483): handleInetConditionChange: no active default network - ignore
10-11 17:44:03.425: I/PowerManagerService(483): Waking up from sleep...
10-11 17:44:03.745: I/WindowManager(483): Lock screen displayed!
10-11 17:44:03.785: D/DisplayPowerController(483): Unblocked screen on after 107972386 ms
10-11 17:44:06.005: D/ConnectivityService(483): Captive portal check NetworkInfo: type: WIFI[], state: CONNECTING/CAPTIVE_PORTAL_CHECK, reason: (unspecified), extra: "Tenda_41FE29", roaming: false, failover: false, isAvailable: true, isConnectedToProvisioningNetwork: false
10-11 17:44:06.005: D/ConnectivityService(483): handleCaptivePortalTrackerCheck: call captivePortalCheckComplete ni=NetworkInfo: type: WIFI[], state: CONNECTING/CAPTIVE_PORTAL_CHECK, reason: (unspecified), extra: "Tenda_41FE29", roaming: false, failover: false, isAvailable: true, isConnectedToProvisioningNetwork: false
10-11 17:44:06.045: D/ConnectivityService(483): ConnectivityChange for WIFI: CONNECTED/CONNECTED
10-11 17:44:06.085: E/ConnectivityService(483): Unexpected mtu value: android.net.wifi.WifiStateTracker@4276d5d8
10-11 17:44:06.145: D/Nat464Xlat(483): requiresClat: netType=1, hasIPv4Address=true
10-11 17:44:06.215: W/InputMethodManagerService(483): Window already focused, ignoring focus gain of: com.android.internal.view.IInputMethodClient$Stub$Proxy@42daaa30 attribute=android.view.inputmethod.EditorInfo@42ddd480, token = android.os.BinderProxy@42b1bbb0
10-11 17:44:06.355: D/BackupManagerService(483): Now staging backup of android
10-11 17:44:07.415: D/ConnectivityService(483): handleConnectivityChange: addresses changed linkProperty[1]: resetMask=0
10-11 17:44:07.415: D/ConnectivityService(483): car=removed=[] added=[fe80::3285:a9ff:fe55:d5e3/64,]
10-11 17:44:07.415: D/Nat464Xlat(483): requiresClat: netType=1, hasIPv4Address=true
10-11 17:44:10.385: W/SocketClient(120): write error (Broken pipe)
10-11 17:44:12.185: D/ConnectivityService(483): handleInetConditionHoldEnd: net=1, condition=0, published condition=0
10-11 17:44:14.105: I/ActivityManager(483): moveTaskToBack: 7
10-11 17:44:14.775: I/ActivityManager(483): Process com.android.chrome:sandboxed_process7 (pid 30299) has died.
10-11 17:44:14.785: W/ActivityManager(483): Scheduling restart of crashed service com.android.chrome/org.chromium.content.app.SandboxedProcessService7 in 1000ms
10-11 17:44:15.105: D/ConnectivityService(483): handleInetConditionHoldEnd: net=1, condition=0, published condition=0
10-11 17:44:16.625: I/ActivityManager(483): Delay finish: com.google.android.googlequicksearchbox/com.google.android.search.core.summons.icing.InternalIcingCorporaProvider$CorporaChangedReceiver
10-11 17:44:16.625: I/ActivityManager(483): Resuming delayed broadcast
10-11 17:44:19.195: D/ConnectivityService(483): setProvNotificationVisible: E visible=false networkType=1 extraInfo=null url=null
10-11 17:44:19.635: D/ConnectivityService(483): captivePortalCheckCompleted: ni=NetworkInfo: type: WIFI[], state: CONNECTED/CONNECTED, reason: (unspecified), extra: "Tenda_41FE29", roaming: false, failover: false, isAvailable: true, isConnectedToProvisioningNetwork: false captive=false
10-11 17:44:23.035: D/ConnectivityService(483): handleInetConditionHoldEnd: net=1, condition=100, published condition=0
10-11 17:46:15.045: I/PowerManagerService(483): Going to sleep due to screen timeout...
10-11 17:46:20.624: I/ActivityManager(483): Start proc org.mozilla.firefox for service org.mozilla.firefox/org.mozilla.gecko.background.healthreport.upload.HealthReportUploadService: pid=30824 uid=10100 gids={50100, 3003, 1028, 1015}
10-11 17:48:10.549: I/ActivityManager(483): Killing 28741:com.android.defcontainer/u0a11 (adj 9): empty #17
10-11 17:48:10.559: W/ActivityManager(483): Scheduling restart of crashed service com.android.defcontainer/.DefaultContainerService in 1000ms
10-11 17:49:01.514: I/ActivityManager(483): Start proc com.android.defcontainer for service com.android.defcontainer/.DefaultContainerService: pid=30881 uid=10011 gids={50011, 1028, 1015, 1023, 2001}
10-11 17:49:01.634: I/ActivityManager(483): Killing 30281:system:ui/1000 (adj 15): empty #17
10-11 17:51:04.326: I/PowerManagerService(483): Waking up from sleep...
10-11 17:51:04.486: I/WindowManager(483): Lock screen displayed!
10-11 17:51:04.486: D/DisplayPowerController(483): Unblocked screen on after 108393096 ms
10-11 17:51:06.976: W/InputMethodManagerService(483): Window already focused, ignoring focus gain of: com.android.internal.view.IInputMethodClient$Stub$Proxy@42379998 attribute=android.view.inputmethod.EditorInfo@4226e7e8, token = android.os.BinderProxy@42da4bd0
10-11 17:53:28.966: D/ConnectivityService(483): Sampling interval elapsed, updating statistics ..
10-11 17:53:28.976: D/ConnectivityService(483): Done.
10-11 17:53:28.976: D/ConnectivityService(483): Setting timer for 720seconds
10-11 17:54:48.936: I/ActivityManager(483): START u0 {act=android.intent.action.VIEW dat=http://www.apache.org/licenses/LICENSE-2.0 cmp=com.android.chrome/com.google.android.apps.chrome.Main (has extras)} from pid 6116
10-11 17:54:48.956: I/ActivityManager(483): START u0 {act=android.intent.action.VIEW dat=http://www.apache.org/licenses/LICENSE-2.0 flg=0x14000000 cmp=com.android.chrome/com.google.android.apps.chrome.ChromeTabbedActivity (has extras)} from pid 5152
10-11 17:54:49.026: I/ActivityManager(483): Start proc com.android.chrome:sandboxed_process8 for service com.android.chrome/org.chromium.content.app.SandboxedProcessService8: pid=30962 uid=99008 gids={}
10-11 17:54:51.886: I/ActivityManager(483): moveTaskToBack: 7
10-11 17:54:52.436: I/ActivityManager(483): Process com.android.chrome:sandboxed_process8 (pid 30962) has died.
10-11 17:54:52.436: W/ActivityManager(483): Scheduling restart of crashed service com.android.chrome/org.chromium.content.app.SandboxedProcessService8 in 1000ms
10-11 17:54:53.636: I/ActivityManager(483): START u0 {act=android.intent.action.VIEW dat=https://github.com/JakeWharton/ActionBarSherlock/blob/master/LICENSE.txt cmp=com.android.chrome/com.google.android.apps.chrome.Main (has extras)} from pid 6116
10-11 17:54:53.646: I/ActivityManager(483): START u0 {act=android.intent.action.VIEW dat=https://github.com/JakeWharton/ActionBarSherlock/blob/master/LICENSE.txt flg=0x14000000 cmp=com.android.chrome/com.google.android.apps.chrome.ChromeTabbedActivity (has extras)} from pid 5152
10-11 17:54:53.716: I/ActivityManager(483): Start proc com.android.chrome:sandboxed_process9 for service com.android.chrome/org.chromium.content.app.SandboxedProcessService9: pid=31054 uid=99009 gids={}
10-11 17:54:58.396: I/ActivityManager(483): moveTaskToBack: 7
10-11 17:54:59.056: I/ActivityManager(483): Process com.android.chrome:sandboxed_process9 (pid 31054) has died.
10-11 17:54:59.056: W/ActivityManager(483): Scheduling restart of crashed service com.android.chrome/org.chromium.content.app.SandboxedProcessService9 in 1000ms
10-11 17:55:04.256: I/ActivityManager(483): START u0 {act=android.intent.action.VIEW dat=https://github.com/BoD/android-switch-backport cmp=com.android.chrome/com.google.android.apps.chrome.Main (has extras)} from pid 6116
10-11 17:55:04.266: I/ActivityManager(483): START u0 {act=android.intent.action.VIEW dat=https://github.com/BoD/android-switch-backport flg=0x14000000 cmp=com.android.chrome/com.google.android.apps.chrome.ChromeTabbedActivity (has extras)} from pid 5152
10-11 17:55:04.336: I/ActivityManager(483): Start proc com.android.chrome:sandboxed_process10 for service com.android.chrome/org.chromium.content.app.SandboxedProcessService10: pid=31107 uid=99010 gids={}
10-11 17:55:04.336: I/ActivityManager(483): --------- beginning of /dev/log/main
10-11 17:55:04.846: I/LibraryLoader(31107): Expected native library version number "38.0.2125.102",actual native library version number "38.0.2125.102"
10-11 17:55:04.856: I/chromium(31107): [INFO:library_loader_hooks.cc(104)] Chromium logging enabled: level = 0, default verbosity = 0
10-11 17:55:05.096: E/GoogleApiIcingClientImpl(5152): NoSuchMethodException while trying to construct DocumentContents
10-11 17:55:05.396: D/dalvikvm(1808): GC_CONCURRENT freed 383K, 59% free 9637K/23036K, paused 54ms+2ms, total 599ms
10-11 17:55:05.996: E/GoogleApiIcingClientImpl(5152): NoSuchMethodException while trying to construct DocumentContents
10-11 17:55:06.026: E/GoogleApiIcingClientImpl(5152): NoSuchMethodException while trying to construct DocumentContents
10-11 17:55:06.056: E/GoogleApiIcingClientImpl(5152): NoSuchMethodException while trying to construct DocumentContents
10-11 17:55:06.086: E/GoogleApiIcingClientImpl(5152): NoSuchMethodException while trying to construct DocumentContents
10-11 17:55:06.446: I/chromium(31107): [INFO:SkUtilsArm.cpp(179)] Device supports ARM NEON instructions!
10-11 17:55:06.506: D/dalvikvm(5152): GC_CONCURRENT freed 540K, 37% free 9544K/15052K, paused 3ms+3ms, total 37ms
10-11 17:55:07.356: D/dalvikvm(585): GC_CONCURRENT freed 1558K, 17% free 10766K/12908K, paused 3ms+6ms, total 40ms
10-11 17:55:07.376: I/ActivityManager(483): moveTaskToBack: 7
10-11 17:55:07.616: W/IInputConnectionWrapper(5152): showStatusIcon on inactive InputConnection
10-11 17:55:07.886: W/ScreenOrientationListener(5152): Removing an inexistent observer!
10-11 17:55:07.916: I/ActivityManager(483): Process com.android.chrome:sandboxed_process10 (pid 31107) has died.
10-11 17:55:07.916: W/ActivityManager(483): Scheduling restart of crashed service com.android.chrome/org.chromium.content.app.SandboxedProcessService10 in 1000ms
10-11 17:55:07.946: W/ChildProcessConnection(5152): onServiceDisconnected (crash or killed by oom): pid=31107
10-11 17:55:07.956: D/ChildProcessLauncher(5152): stopping child connection: pid=31107
10-11 17:55:07.956: D/ChildProcessLauncher(5152): Allocator freed a connection, sandbox: true, slot: 10
10-11 17:55:14.306: I/ActivityManager(483): START u0 {act=android.intent.action.VIEW dat=http://paw-project.sourceforge.net/ cmp=com.android.chrome/com.google.android.apps.chrome.Main (has extras)} from pid 6116
10-11 17:55:14.326: I/ActivityManager(483): START u0 {act=android.intent.action.VIEW dat=http://paw-project.sourceforge.net/ flg=0x14000000 cmp=com.android.chrome/com.google.android.apps.chrome.ChromeTabbedActivity (has extras)} from pid 5152
10-11 17:55:14.376: D/ChildProcessLauncher(5152): Allocator allocated a connection, sandbox: true, slot: 11
10-11 17:55:14.396: D/ChildProcessLauncher(5152): Setting up connection to process: slot=11
10-11 17:55:14.396: I/ActivityManager(483): Start proc com.android.chrome:sandboxed_process11 for service com.android.chrome/org.chromium.content.app.SandboxedProcessService11: pid=31159 uid=99011 gids={}
10-11 17:55:14.686: E/GoogleApiIcingClientImpl(5152): NoSuchMethodException while trying to construct DocumentContents
10-11 17:55:14.806: D/dalvikvm(6116): GC_CONCURRENT freed 386K, 11% free 8320K/9348K, paused 25ms+121ms, total 216ms
10-11 17:55:14.816: I/ChildProcessService(31159): Creating new ChildProcessService pid=31159
10-11 17:55:14.846: D/dalvikvm(31159): Trying to load lib /data/app-lib/com.android.chrome-1/libchromium_android_linker.so 0x42024b88
10-11 17:55:14.846: D/dalvikvm(31159): Added shared lib /data/app-lib/com.android.chrome-1/libchromium_android_linker.so 0x42024b88
10-11 17:55:14.876: I/LibraryLoader(31159): Loading: chromium_android_linker
10-11 17:55:14.876: I/LibraryLoader(31159): Loading: chrome.2125.102
10-11 17:55:14.886: D/ChildProcessLauncher(5152): on connect callback, pid=31159 context=1752596336
10-11 17:55:14.996: I/LibraryLoader(31159): Time to load native libraries: 117 ms (timestamps 8119-8236)
10-11 17:55:14.996: I/LibraryLoader(31159): Expected native library version number "38.0.2125.102",actual native library version number "38.0.2125.102"
10-11 17:55:14.996: I/chromium(31159): [INFO:library_loader_hooks.cc(104)] Chromium logging enabled: level = 0, default verbosity = 0
10-11 17:55:15.686: E/GoogleApiIcingClientImpl(5152): NoSuchMethodException while trying to construct DocumentContents
10-11 17:55:15.766: E/GoogleApiIcingClientImpl(5152): NoSuchMethodException while trying to construct DocumentContents
10-11 17:55:15.796: D/dalvikvm(5152): GC_CONCURRENT freed 578K, 37% free 9548K/15052K, paused 3ms+3ms, total 59ms
10-11 17:55:15.806: E/GoogleApiIcingClientImpl(5152): NoSuchMethodException while trying to construct DocumentContents
10-11 17:55:15.826: E/GoogleApiIcingClientImpl(5152): NoSuchMethodException while trying to construct DocumentContents
10-11 17:55:15.916: D/dalvikvm(3162): GC_CONCURRENT freed 680K, 8% free 10061K/10868K, paused 9ms+5ms, total 55ms
10-11 17:55:16.136: I/chromium(31159): [INFO:SkUtilsArm.cpp(179)] Device supports ARM NEON instructions!
10-11 17:55:16.946: I/ActivityManager(483): moveTaskToBack: 7
10-11 17:55:17.036: D/dalvikvm(483): GC_FOR_ALLOC freed 1104K, 26% free 19401K/26032K, paused 90ms, total 90ms
10-11 17:55:17.216: D/dalvikvm(5152): GC_FOR_ALLOC freed 115K, 37% free 9536K/15052K, paused 43ms, total 45ms
10-11 17:55:17.226: I/dalvikvm-heap(5152): Grow heap (frag case) to 12.535MB for 3344016-byte allocation
10-11 17:55:17.276: D/dalvikvm(5152): GC_FOR_ALLOC freed 3K, 15% free 12798K/15052K, paused 48ms, total 48ms
10-11 17:55:17.416: D/dalvikvm(5152): GC_CONCURRENT freed 484K, 15% free 12796K/15052K, paused 19ms+5ms, total 136ms
10-11 17:55:17.556: W/IInputConnectionWrapper(5152): showStatusIcon on inactive InputConnection
10-11 17:55:17.566: W/ScreenOrientationListener(5152): Removing an inexistent observer!
10-11 17:55:17.576: I/ActivityManager(483): Process com.android.chrome:sandboxed_process11 (pid 31159) has died.
10-11 17:55:17.576: W/ActivityManager(483): Scheduling restart of crashed service com.android.chrome/org.chromium.content.app.SandboxedProcessService11 in 1000ms
10-11 17:55:17.636: W/ChildProcessConnection(5152): onServiceDisconnected (crash or killed by oom): pid=31159
10-11 17:55:17.636: D/ChildProcessLauncher(5152): stopping child connection: pid=31159
10-11 17:55:17.636: D/ChildProcessLauncher(5152): Allocator freed a connection, sandbox: true, slot: 11
10-11 17:55:21.666: I/Icing(3162): Indexing 0CF4DD156EB38BE0AD36F4A41E71D284436EED73 from com.android.chrome
10-11 17:55:21.756: I/Icing(3162): Indexing done 0CF4DD156EB38BE0AD36F4A41E71D284436EED73
10-11 17:55:23.816: I/Icing(3162): Usage reports 4 indexed 0 rejected 0 denied 0 imm upload false
10-11 17:57:10.166: D/dalvikvm(3149): GC_CONCURRENT freed 479K, 7% free 9417K/10076K, paused 4ms+3ms, total 75ms
10-11 17:57:17.816: I/PowerManagerService(483): Going to sleep due to screen timeout...
10-11 17:57:18.256: D/SurfaceFlinger(122): Screen released, type=0 flinger=0x410f5450
10-11 17:57:18.256: D/hwcomposer(122): hwc_blank: display 0: blank
10-11 17:57:18.256: D/hwcomposer(122): hwc_blank_display: display 0: [0 -> 1]
10-11 17:57:18.256: D/hwcomposer(122): hwc_blank_display: releasing buffer 0x1e
10-11 17:57:18.256: D/hwcomposer(122): dc_blank: display 0, [0 -> 1]
10-11 17:57:18.346: I/MPL-storeload(483): mpl state size = 5584
10-11 17:57:18.346: E/MPL-storeload(483): calData from inv_save_mpl_states, size=2
10-11 17:57:18.346: I/MPL-storeload(483): cal data size to write = 5584
10-11 17:57:18.346: I/MPL-storeload(483): Bytes written = 5584
10-11 17:57:22.474: D/hwcomposer(122): hotplug_thread: processing control fd
10-11 17:57:22.474: I/hwcomposer(122): hotplug: connected = 0
10-11 17:57:23.354: V/KeyguardHostView(585): Initial transport state: 1, pbstate=0
10-11 17:57:23.414: D/dalvikvm(1808): GC_CONCURRENT freed 629K, 59% free 9628K/23036K, paused 5ms+19ms, total 62ms
10-11 17:57:23.534: V/KeyguardHostView(585): music state changed: 0
10-11 17:57:23.554: D/dalvikvm(585): GC_CONCURRENT freed 797K, 16% free 10961K/12908K, paused 2ms+5ms, total 49ms
10-11 17:57:23.794: W/View(585): requestLayout() improperly called by android.widget.TextClock{421ed1c8 V.ED.... ......ID 108,0-444,230 #7f0e0045 app:id/the_clock} during layout: running second layout pass
10-11 17:57:23.794: W/View(585): requestLayout() improperly called by android.widget.TextClock{42201840 V.ED.... ......ID 205,0-348,29 #7f0e0041 app:id/date} during layout: running second layout pass
10-11 17:57:23.794: W/View(585): requestLayout() improperly called by android.widget.TextView{4242dec0 V.ED.... ......ID 0,0-0,28 #7f0b018b app:id/widget_folder} during layout: running second layout pass
10-11 17:57:23.794: W/View(585): requestLayout() improperly called by android.widget.TextView{424358d0 V.ED.... ......ID 0,28-0,51 #7f0b018c app:id/widget_account_noflip} during layout: running second layout pass
10-11 17:57:23.934: D/PhoneStatusBar(585): disable: < EXPAND* icons alerts TICKER* system_info BACK* HOME* RECENT* clock search
> 10-11 17:57:23.994: D/dalvikvm(30019): GC_CONCURRENT freed 390K, 6% free 7959K/8388K, paused 2ms+1ms, total 20ms
10-11 17:57:47.404: D/hwcomposer(122): hotplug_thread: processing control fd
10-11 17:57:47.404: I/hwcomposer(122): hotplug: connected = 0
10-11 17:58:02.474: D/hwcomposer(122): hotplug_thread: processing control fd
10-11 17:58:02.474: I/hwcomposer(122): hotplug: connected = 0
10-11 17:58:04.114: I/MPL-storeload(483): mpl state size = 5584
10-11 17:58:04.114: E/MPL-storeload(483): calData from inv_save_mpl_states, size=2
10-11 17:58:04.114: I/MPL-storeload(483): cal data size to write = 5584
10-11 17:58:04.114: I/MPL-storeload(483): Bytes written = 5584
10-11 17:58:31.404: D/hwcomposer(122): hotplug_thread: processing control fd
10-11 17:58:31.404: I/hwcomposer(122): hotplug: connected = 0
10-11 17:58:33.514: D/dalvikvm(1458): GC_CONCURRENT freed 387K, 10% free 8895K/9784K, paused 2ms+3ms, total 54ms
10-11 17:58:33.594: D/libgps(483): proxy_gps_inject_location()
10-11 17:58:58.760: D/hwcomposer(122): hotplug_thread: processing control fd
10-11 17:58:58.760: I/hwcomposer(122): hotplug: connected = 0
10-11 17:59:00.230: D/hwcomposer(122): hotplug_thread: processing control fd
10-11 17:59:00.230: I/hwcomposer(122): hotplug: connected = 0
10-11 17:59:17.244: D/hwcomposer(122): hotplug_thread: processing control fd
10-11 17:59:17.244: I/hwcomposer(122): hotplug: connected = 0
10-11 17:59:28.394: D/hwcomposer(122): hotplug_thread: processing control fd
10-11 17:59:28.394: I/hwcomposer(122): hotplug: connected = 0
10-11 17:59:29.304: I/EventLogService(3162): Aggregate from 1413038646401 (log), 1413037769137 (data)
10-11 17:59:29.434: D/GCM(3124): Message class com.google.e.a.a.h
10-11 17:59:29.484: I/ServiceDumpSys(3162): dumping service [account]
10-11 17:59:29.944: D/ConnectivityService(483): handleInetConditionHoldEnd: net=1, condition=100, published condition=100
10-11 17:59:30.184: I/PowerManagerService(483): Waking up from sleep...
10-11 17:59:30.284: V/KeyguardServiceDelegate(483): onScreenTurnedOn(showListener = com.android.internal.policy.impl.PhoneWindowManager$17@42b13b58)
10-11 17:59:30.594: D/PowerManagerService-JNI(483): Excessive delay in autosuspend_disable() while turning screen on: 380ms
10-11 17:59:30.594: D/SurfaceFlinger(122): Screen acquired, type=0 flinger=0x410f5450
10-11 17:59:30.594: D/hwcomposer(122): hwc_blank: display 0: unblank
10-11 17:59:30.594: D/hwcomposer(122): hwc_blank_display: display 0: [1 -> 0]
10-11 17:59:30.594: D/hwcomposer(122): Display 0 is 800 x 1280
10-11 17:59:30.594: D/hwcomposer(122): dc_blank: display 0, [1 -> 0]
10-11 17:59:30.624: V/KeyguardServiceDelegate(483): **** SHOWN CALLED ****
10-11 17:59:30.624: I/WindowManager(483): Lock screen displayed!
10-11 17:59:30.624: D/DisplayPowerController(483): Unblocked screen on after 108899232 ms
10-11 17:59:34.064: V/UserPresentBroadcastReceiver(3124): Recieved ACTION_USER_PRESENT.
10-11 17:59:34.064: D/d(3124): Notifying listener(s): onUserPresent()...
10-11 17:59:34.064: D/c(3124): Starting periodic check for user presence.
10-11 17:59:34.084: D/c(3124): Stoping periodic check for user presence.
10-11 17:59:34.104: D/PhoneStatusBar(585): disable: < expand* icons alerts ticker* system_info back* home* recent* clock search
> 10-11 17:59:34.174: W/InputMethodManagerService(483): Window already focused, ignoring focus gain of: com.android.internal.view.IInputMethodClient$Stub$Proxy@4257da98 attribute=android.view.inputmethod.EditorInfo@42b58320, token = android.os.BinderProxy@42985cf8
10-11 17:59:34.194: D/dalvikvm(585): GC_CONCURRENT freed 704K, 13% free 11262K/12908K, paused 9ms+10ms, total 87ms
10-11 18:01:35.054: I/PowerManagerService(483): Going to sleep due to screen timeout...
10-11 18:01:35.514: D/SurfaceFlinger(122): Screen released, type=0 flinger=0x410f5450
10-11 18:01:35.514: D/hwcomposer(122): hwc_blank: display 0: blank
10-11 18:01:35.514: D/hwcomposer(122): hwc_blank_display: display 0: [0 -> 1]
10-11 18:01:35.514: D/hwcomposer(122): hwc_blank_display: releasing buffer 0x1e
10-11 18:01:35.514: D/hwcomposer(122): dc_blank: display 0, [0 -> 1]
10-11 18:01:35.604: I/MPL-storeload(483): mpl state size = 5584
10-11 18:01:35.604: E/MPL-storeload(483): calData from inv_save_mpl_states, size=2
10-11 18:01:35.604: I/MPL-storeload(483): cal data size to write = 5584
10-11 18:01:35.604: I/MPL-storeload(483): Bytes written = 5584
10-11 18:01:35.784: D/dalvikvm(6116): GC_CONCURRENT freed 413K, 11% free 8322K/9348K, paused 13ms+12ms, total 120ms
10-11 18:01:37.161: D/hwcomposer(122): hotplug_thread: processing control fd
10-11 18:01:37.161: I/hwcomposer(122): hotplug: connected = 0
10-11 18:01:37.181: I/PowerManagerService(483): Waking up from sleep...
10-11 18:01:37.241: V/KeyguardServiceDelegate(483): onScreenTurnedOn(showListener = com.android.internal.policy.impl.PhoneWindowManager$17@42e06850)
10-11 18:01:37.241: V/KeyguardServiceDelegate(483): **** SHOWN CALLED ****
10-11 18:01:37.241: I/WindowManager(483): No lock screen! windowToken=null
10-11 18:01:37.251: D/DisplayPowerController(483): Unblocked screen on after 109025853 ms
10-11 18:01:37.451: D/PowerManagerService-JNI(483): Excessive delay in autosuspend_disable() while turning screen on: 265ms
10-11 18:01:37.451: D/SurfaceFlinger(122): Screen acquired, type=0 flinger=0x410f5450
10-11 18:01:37.451: D/hwcomposer(122): hwc_blank: display 0: unblank
10-11 18:01:37.451: D/hwcomposer(122): hwc_blank_display: display 0: [1 -> 0]
10-11 18:01:37.451: D/hwcomposer(122): Display 0 is 800 x 1280
10-11 18:01:37.451: D/hwcomposer(122): dc_blank: display 0, [1 -> 0]
10-11 18:01:37.921: I/PowerManagerService(483): Going to sleep by user request...
10-11 18:01:38.351: D/SurfaceFlinger(122): Screen released, type=0 flinger=0x410f5450
10-11 18:01:38.351: D/hwcomposer(122): hwc_blank: display 0: blank
10-11 18:01:38.351: D/hwcomposer(122): hwc_blank_display: display 0: [0 -> 1]
10-11 18:01:38.351: D/hwcomposer(122): hwc_blank_display: releasing buffer 0x22
10-11 18:01:38.351: D/hwcomposer(122): dc_blank: display 0, [0 -> 1]
10-11 18:01:38.411: I/MPL-storeload(483): mpl state size = 5584
10-11 18:01:38.411: E/MPL-storeload(483): calData from inv_save_mpl_states, size=2
10-11 18:01:38.411: I/MPL-storeload(483): cal data size to write = 5584
10-11 18:01:38.411: I/MPL-storeload(483): Bytes written = 5584
10-11 18:01:38.421: V/KeyguardHostView(585): Initial transport state: 1, pbstate=0
10-11 18:01:38.441: I/PowerManagerService(483): Waking up from sleep...
10-11 18:01:38.541: V/KeyguardHostView(585): music state changed: 0
10-11 18:01:38.651: D/dalvikvm(3149): GC_CONCURRENT freed 547K, 7% free 9403K/10076K, paused 2ms+2ms, total 73ms
10-11 18:01:38.651: D/libgps(483): proxy_gps_inject_location()
10-11 18:01:38.741: D/dalvikvm(483): GC_EXPLICIT freed 1567K, 25% free 19705K/26032K, paused 34ms+9ms, total 128ms
10-11 18:01:38.801: D/PowerManagerService-JNI(483): Excessive delay in autosuspend_disable() while turning screen on: 349ms
10-11 18:01:38.801: D/SurfaceFlinger(122): Screen acquired, type=0 flinger=0x410f5450
10-11 18:01:38.801: D/hwcomposer(122): hwc_blank: display 0: unblank
10-11 18:01:38.801: D/hwcomposer(122): hwc_blank_display: display 0: [1 -> 0]
10-11 18:01:38.801: D/hwcomposer(122): Display 0 is 800 x 1280
10-11 18:01:38.801: D/hwcomposer(122): dc_blank: display 0, [1 -> 0]
10-11 18:01:38.821: W/View(585): requestLayout() improperly called by android.widget.TextClock{422fd630 V.ED.... ......ID 108,0-444,230 #7f0e0045 app:id/the_clock} during layout: running second layout pass
10-11 18:01:38.821: W/View(585): requestLayout() improperly called by android.widget.TextClock{4245f8b0 V.ED.... ......ID 205,0-348,29 #7f0e0041 app:id/date} during layout: running second layout pass
10-11 18:01:38.821: W/View(585): requestLayout() improperly called by android.widget.TextView{4237d510 V.ED.... ......ID 0,0-0,28 #7f0b018b app:id/widget_folder} during layout: running second layout pass
10-11 18:01:38.821: W/View(585): requestLayout() improperly called by android.widget.TextView{42490970 V.ED.... ......ID 0,28-0,51 #7f0b018c app:id/widget_account_noflip} during layout: running second layout pass
10-11 18:01:38.981: D/PhoneStatusBar(585): disable: < EXPAND* icons alerts TICKER* system_info BACK* HOME* RECENT* clock search
> 10-11 18:01:39.031: D/dalvikvm(26768): GC_CONCURRENT freed 423K, 6% free 7838K/8276K, paused 5ms+11ms, total 53ms
10-11 18:01:39.061: D/dalvikvm(585): GC_CONCURRENT freed 1035K, 12% free 11372K/12908K, paused 3ms+9ms, total 73ms
10-11 18:01:39.131: V/KeyguardServiceDelegate(483): onScreenTurnedOn(showListener = com.android.internal.policy.impl.PhoneWindowManager$17@42836168)
10-11 18:01:39.261: V/KeyguardServiceDelegate(483): **** SHOWN CALLED ****
10-11 18:01:39.261: I/WindowManager(483): Lock screen displayed!
10-11 18:01:39.271: D/DisplayPowerController(483): Unblocked screen on after 109027874 ms
10-11 18:01:41.411: V/UserPresentBroadcastReceiver(3124): Recieved ACTION_USER_PRESENT.
10-11 18:01:41.411: D/d(3124): Notifying listener(s): onUserPresent()...
10-11 18:01:41.411: D/c(3124): Starting periodic check for user presence.
10-11 18:01:41.411: D/c(3124): Stoping periodic check for user presence.
10-11 18:01:41.421: D/PeriodicCheckReceiver(3124): Received intent: Intent { flg=0x14 cmp=com.google.android.gms/.auth.be.proximity.authorization.userpresence.PeriodicCheckReceiver (has extras) }.
10-11 18:01:41.431: D/UserPresenceService(3124): Received onHandleIntent() with intent: Intent { cmp=com.google.android.gms/.auth.be.proximity.authorization.userpresence.UserPresenceService (has extras) }.
10-11 18:01:41.431: E/UserPresenceService(3124): Proximity feature is not enabled.
10-11 18:01:41.441: D/PhoneStatusBar(585): disable: < expand* icons alerts ticker* system_info back* home* recent* clock search
> 10-11 18:01:41.491: W/InputMethodManagerService(483): Window already focused, ignoring focus gain of: com.android.internal.view.IInputMethodClient$Stub$Proxy@42788f10 attribute=android.view.inputmethod.EditorInfo@425b41d8, token = android.os.BinderProxy@42985cf8
10-11 18:02:03.441: D/dalvikvm(1808): GC_CONCURRENT freed 643K, 59% free 9534K/23036K, paused 10ms+3ms, total 46ms
10-11 18:03:00.261: D/dalvikvm(6116): GC_CONCURRENT freed 397K, 12% free 8309K/9348K, paused 3ms+2ms, total 36ms
10-11 18:03:00.271: I/ActivityManager(483): START u0 {act=android.intent.action.VIEW dat=https://hg.adblockplus.org/adblockplusandroid/ cmp=com.android.chrome/com.google.android.apps.chrome.Main (has extras)} from pid 6116
10-11 18:03:00.291: I/ActivityManager(483): START u0 {act=android.intent.action.VIEW dat=https://hg.adblockplus.org/adblockplusandroid/ flg=0x14000000 cmp=com.android.chrome/com.google.android.apps.chrome.ChromeTabbedActivity (has extras)} from pid 5152
10-11 18:03:00.341: D/ChildProcessLauncher(5152): Allocator allocated a connection, sandbox: true, slot: 12
10-11 18:03:00.351: I/ActivityManager(483): Start proc com.android.chrome:sandboxed_process12 for service com.android.chrome/org.chromium.content.app.SandboxedProcessService12: pid=31427 uid=99012 gids={}
10-11 18:03:00.361: D/ChildProcessLauncher(5152): Setting up connection to process: slot=12
10-11 18:03:00.611: E/GoogleApiIcingClientImpl(5152): NoSuchMethodException while trying to construct DocumentContents
10-11 18:03:00.631: I/ChildProcessService(31427): Creating new ChildProcessService pid=31427
10-11 18:03:00.641: D/dalvikvm(31427): Trying to load lib /data/app-lib/com.android.chrome-1/libchromium_android_linker.so 0x42025920
10-11 18:03:00.641: D/dalvikvm(31427): Added shared lib /data/app-lib/com.android.chrome-1/libchromium_android_linker.so 0x42025920
10-11 18:03:00.671: D/ChildProcessLauncher(5152): on connect callback, pid=31427 context=1838809208
10-11 18:03:00.681: I/LibraryLoader(31427): Loading: chromium_android_linker
10-11 18:03:00.681: I/LibraryLoader(31427): Loading: chrome.2125.102
10-11 18:03:00.761: I/LibraryLoader(31427): Time to load native libraries: 76 ms (timestamps 9156-9232)
10-11 18:03:00.761: I/LibraryLoader(31427): Expected native library version number "38.0.2125.102",actual native library version number "38.0.2125.102"
10-11 18:03:00.761: I/chromium(31427): [INFO:library_loader_hooks.cc(104)] Chromium logging enabled: level = 0, default verbosity = 0
10-11 18:03:05.361: E/GoogleApiIcingClientImpl(5152): NoSuchMethodException while trying to construct DocumentContents
10-11 18:03:05.371: D/DelayedSyncController(5152): No delayed sync.
10-11 18:03:05.381: E/GoogleApiIcingClientImpl(5152): NoSuchMethodException while trying to construct DocumentContents
10-11 18:03:05.411: E/GoogleApiIcingClientImpl(5152): NoSuchMethodException while trying to construct DocumentContents
10-11 18:03:05.651: E/GoogleApiIcingClientImpl(5152): NoSuchMethodException while trying to construct DocumentContents
10-11 18:03:05.701: D/dalvikvm(3124): GC_EXPLICIT freed 427K, 8% free 9449K/10176K, paused 2ms+6ms, total 45ms
10-11 18:03:05.781: I/chromium(31427): [INFO:SkUtilsArm.cpp(179)] Device supports ARM NEON instructions!
10-11 18:03:06.211: D/dalvikvm(5152): GC_FOR_ALLOC freed 4302K, 37% free 9573K/15052K, paused 27ms, total 27ms
10-11 18:03:06.211: I/dalvikvm-heap(5152): Grow heap (frag case) to 12.571MB for 3344016-byte allocation
10-11 18:03:06.241: D/dalvikvm(5152): GC_CONCURRENT freed 12K, 15% free 12826K/15052K, paused 3ms+2ms, total 27ms
10-11 18:03:06.241: D/dalvikvm(5152): WAIT_FOR_CONCURRENT_GC blocked 24ms
10-11 18:03:06.241: D/dalvikvm(5152): WAIT_FOR_CONCURRENT_GC blocked 25ms
10-11 18:03:07.361: I/ActivityManager(483): moveTaskToBack: 7
10-11 18:03:07.831: D/dalvikvm(1808): GC_CONCURRENT freed 502K, 59% free 9551K/23036K, paused 225ms+5ms, total 337ms
10-11 18:03:07.871: W/ScreenOrientationListener(5152): Removing an inexistent observer!
10-11 18:03:07.931: I/ActivityManager(483): Process com.android.chrome:sandboxed_process12 (pid 31427) has died.
10-11 18:03:07.931: W/ActivityManager(483): Scheduling restart of crashed service com.android.chrome/org.chromium.content.app.SandboxedProcessService12 in 1000ms
10-11 18:03:08.011: W/ChildProcessConnection(5152): onServiceDisconnected (crash or killed by oom): pid=31427
10-11 18:03:08.021: D/ChildProcessLauncher(5152): stopping child connection: pid=31427
10-11 18:03:08.021: D/ChildProcessLauncher(5152): Allocator freed a connection, sandbox: true, slot: 12
10-11 18:03:13.321: I/ActivityManager(483): START u0 {act=android.intent.action.VIEW dat=https://adblockplus.org/en/android-about cmp=com.android.chrome/com.google.android.apps.chrome.Main (has extras)} from pid 6116
10-11 18:03:13.331: I/ActivityManager(483): START u0 {act=android.intent.action.VIEW dat=https://adblockplus.org/en/android-about flg=0x14000000 cmp=com.android.chrome/com.google.android.apps.chrome.ChromeTabbedActivity (has extras)} from pid 5152
10-11 18:03:13.381: D/ChildProcessLauncher(5152): Allocator allocated a connection, sandbox: true, slot: 13
10-11 18:03:13.411: I/ActivityManager(483): Start proc com.android.chrome:sandboxed_process13 for service com.android.chrome/org.chromium.content.app.SandboxedProcessService13: pid=31482 uid=99013 gids={}
10-11 18:03:13.431: D/dalvikvm(123): GC_EXPLICIT freed 39K, 2% free 7607K/7688K, paused 1ms+2ms, total 32ms
10-11 18:03:13.451: D/ChildProcessLauncher(5152): Setting up connection to process: slot=13
10-11 18:03:13.461: D/dalvikvm(123): GC_EXPLICIT freed <1K, 2% free 7608K/7688K, paused 2ms+2ms, total 29ms
10-11 18:03:13.481: D/dalvikvm(123): GC_EXPLICIT freed <1K, 2% free 7608K/7688K, paused 2ms+7ms, total 24ms
10-11 18:03:13.771: I/ChildProcessService(31482): Creating new ChildProcessService pid=31482
10-11 18:03:13.771: D/dalvikvm(31482): Trying to load lib /data/app-lib/com.android.chrome-1/libchromium_android_linker.so 0x420266c0
10-11 18:03:13.771: D/dalvikvm(31482): Added shared lib /data/app-lib/com.android.chrome-1/libchromium_android_linker.so 0x420266c0
10-11 18:03:13.791: I/LibraryLoader(31482): Loading: chromium_android_linker
10-11 18:03:13.791: I/LibraryLoader(31482): Loading: chrome.2125.102
10-11 18:03:13.841: E/GoogleApiIcingClientImpl(5152): NoSuchMethodException while trying to construct DocumentContents
10-11 18:03:13.851: D/ChildProcessLauncher(5152): on connect callback, pid=31482 context=1782611904
10-11 18:03:13.881: I/LibraryLoader(31482): Time to load native libraries: 84 ms (timestamps 2267-2351)
10-11 18:03:13.881: I/LibraryLoader(31482): Expected native library version number "38.0.2125.102",actual native library version number "38.0.2125.102"
10-11 18:03:13.881: I/chromium(31482): [INFO:library_loader_hooks.cc(104)] Chromium logging enabled: level = 0, default verbosity = 0
10-11 18:03:14.531: E/GoogleApiIcingClientImpl(5152): NoSuchMethodException while trying to construct DocumentContents
10-11 18:03:14.551: E/GoogleApiIcingClientImpl(5152): NoSuchMethodException while trying to construct DocumentContents
10-11 18:03:14.581: E/GoogleApiIcingClientImpl(5152): NoSuchMethodException while trying to construct DocumentContents
10-11 18:03:14.611: E/GoogleApiIcingClientImpl(5152): NoSuchMethodException while trying to construct DocumentContents
10-11 18:03:14.661: D/dalvikvm(3162): GC_CONCURRENT freed 715K, 8% free 10051K/10828K, paused 5ms+3ms, total 42ms
10-11 18:03:15.281: I/chromium(31482): [INFO:SkUtilsArm.cpp(179)] Device supports ARM NEON instructions!
10-11 18:03:15.791: D/dalvikvm(5152): GC_FOR_ALLOC freed 4552K, 37% free 9563K/15052K, paused 24ms, total 24ms
10-11 18:03:15.791: I/dalvikvm-heap(5152): Grow heap (frag case) to 12.561MB for 3344016-byte allocation
10-11 18:03:15.821: D/dalvikvm(5152): GC_FOR_ALLOC freed 3K, 15% free 12825K/15052K, paused 22ms, total 22ms
10-11 18:03:15.851: D/dalvikvm(5152): GC_CONCURRENT freed 398K, 15% free 12909K/15052K, paused 2ms+2ms, total 33ms
10-11 18:03:16.321: I/ActivityManager(483): moveTaskToBack: 7
10-11 18:03:16.421: D/dalvikvm(483): GC_FOR_ALLOC freed 1650K, 26% free 19464K/26032K, paused 88ms, total 88ms
10-11 18:03:16.531: W/IInputConnectionWrapper(5152): showStatusIcon on inactive InputConnection
10-11 18:03:16.601: D/dalvikvm(6116): GC_CONCURRENT freed 413K, 12% free 8312K/9348K, paused 5ms+6ms, total 40ms
10-11 18:03:16.931: W/ScreenOrientationListener(5152): Removing an inexistent observer!
10-11 18:03:16.961: I/ActivityManager(483): Process com.android.chrome:sandboxed_process13 (pid 31482) has died.
10-11 18:03:16.961: W/ActivityManager(483): Scheduling restart of crashed service com.android.chrome/org.chromium.content.app.SandboxedProcessService13 in 1000ms
10-11 18:03:17.011: W/ChildProcessConnection(5152): onServiceDisconnected (crash or killed by oom): pid=31482
10-11 18:03:17.011: D/ChildProcessLauncher(5152): stopping child connection: pid=31482
10-11 18:03:17.011: D/ChildProcessLauncher(5152): Allocator freed a connection, sandbox: true, slot: 13
10-11 18:03:18.361: I/ActivityManager(483): START u0 {act=android.intent.action.VIEW dat=https://adblockplus.org/forum/ cmp=com.android.chrome/com.google.android.apps.chrome.Main (has extras)} from pid 6116
10-11 18:03:18.371: I/ActivityManager(483): START u0 {act=android.intent.action.VIEW dat=https://adblockplus.org/forum/ flg=0x14000000 cmp=com.android.chrome/com.google.android.apps.chrome.ChromeTabbedActivity (has extras)} from pid 5152
10-11 18:03:18.421: D/ChildProcessLauncher(5152): Allocator allocated a connection, sandbox: true, slot: 14
10-11 18:03:18.431: D/ChildProcessLauncher(5152): Setting up connection to process: slot=14
10-11 18:03:18.431: I/ActivityManager(483): Start proc com.android.chrome:sandboxed_process14 for service com.android.chrome/org.chromium.content.app.SandboxedProcessService14: pid=31527 uid=99014 gids={}
10-11 18:03:18.511: I/ChildProcessService(31527): Creating new ChildProcessService pid=31527
10-11 18:03:18.521: D/dalvikvm(31527): Trying to load lib /data/app-lib/com.android.chrome-1/libchromium_android_linker.so 0x4201d8e0
10-11 18:03:18.521: D/dalvikvm(31527): Added shared lib /data/app-lib/com.android.chrome-1/libchromium_android_linker.so 0x4201d8e0
10-11 18:03:18.551: E/GoogleApiIcingClientImpl(5152): NoSuchMethodException while trying to construct DocumentContents
10-11 18:03:18.561: I/LibraryLoader(31527): Loading: chromium_android_linker
10-11 18:03:18.561: I/LibraryLoader(31527): Loading: chrome.2125.102
10-11 18:03:18.621: D/ChildProcessLauncher(5152): on connect callback, pid=31527 context=1757716408
10-11 18:03:18.641: I/LibraryLoader(31527): Time to load native libraries: 81 ms (timestamps 7033-7114)
10-11 18:03:18.641: I/LibraryLoader(31527): Expected native library version number "38.0.2125.102",actual native library version number "38.0.2125.102"
10-11 18:03:18.641: I/chromium(31527): [INFO:library_loader_hooks.cc(104)] Chromium logging enabled: level = 0, default verbosity = 0
10-11 18:03:19.171: E/GoogleApiIcingClientImpl(5152): NoSuchMethodException while trying to construct DocumentContents
10-11 18:03:19.201: E/GoogleApiIcingClientImpl(5152): NoSuchMethodException while trying to construct DocumentContents
10-11 18:03:19.221: E/GoogleApiIcingClientImpl(5152): NoSuchMethodException while trying to construct DocumentContents
10-11 18:03:19.261: E/GoogleApiIcingClientImpl(5152): NoSuchMethodException while trying to construct DocumentContents
10-11 18:03:19.541: I/chromium(31527): [INFO:SkUtilsArm.cpp(179)] Device supports ARM NEON instructions!
10-11 18:03:20.321: D/dalvikvm(5152): GC_FOR_ALLOC freed 3943K, 37% free 9572K/15052K, paused 23ms, total 23ms
10-11 18:03:20.331: I/dalvikvm-heap(5152): Grow heap (frag case) to 12.570MB for 3344016-byte allocation
10-11 18:03:20.351: D/dalvikvm(5152): GC_FOR_ALLOC freed 1K, 15% free 12836K/15052K, paused 21ms, total 21ms
10-11 18:03:20.381: D/dalvikvm(5152): GC_CONCURRENT freed 397K, 15% free 12921K/15052K, paused 3ms+2ms, total 33ms
10-11 18:03:20.551: I/ActivityManager(483): moveTaskToBack: 7
10-11 18:03:20.621: W/IInputConnectionWrapper(5152): showStatusIcon on inactive InputConnection
10-11 18:03:21.061: W/ScreenOrientationListener(5152): Removing an inexistent observer!
10-11 18:03:21.101: I/ActivityManager(483): Process com.android.chrome:sandboxed_process14 (pid 31527) has died.
10-11 18:03:21.101: W/ActivityManager(483): Scheduling restart of crashed service com.android.chrome/org.chromium.content.app.SandboxedProcessService14 in 1000ms
10-11 18:03:21.121: I/chromium(5152): [INFO:child_process_launcher.cc(395)] ChromeProcess: Stopping process with handle 31527
10-11 18:03:21.121: D/ChildProcessLauncher(5152): stopping child connection: pid=31527
10-11 18:03:21.131: W/ChildProcessConnection(5152): onServiceDisconnected (crash or killed by oom): pid=31527
10-11 18:03:21.131: D/ChildProcessLauncher(5152): stopping child connection: pid=31527
10-11 18:03:21.131: W/ChildProcessLauncher(5152): Tried to stop non-existent connection, pid=31527
10-11 18:03:21.131: D/ChildProcessLauncher(5152): Allocator freed a connection, sandbox: true, slot: 14
10-11 18:03:23.501: I/ActivityManager(483): START u0 {act=android.intent.action.VIEW dat=https://adblockplus.org/forum/ cmp=com.android.chrome/com.google.android.apps.chrome.Main (has extras)} from pid 6116
10-11 18:03:23.511: I/ActivityManager(483): START u0 {act=android.intent.action.VIEW dat=https://adblockplus.org/forum/ flg=0x14000000 cmp=com.android.chrome/com.google.android.apps.chrome.ChromeTabbedActivity (has extras)} from pid 5152
10-11 18:03:23.551: D/ChildProcessLauncher(5152): Allocator allocated a connection, sandbox: true, slot: 15
10-11 18:03:23.571: D/ChildProcessLauncher(5152): Setting up connection to process: slot=15
10-11 18:03:23.571: I/ActivityManager(483): Start proc com.android.chrome:sandboxed_process15 for service com.android.chrome/org.chromium.content.app.SandboxedProcessService15: pid=31567 uid=99015 gids={}
10-11 18:03:23.651: I/ChildProcessService(31567): Creating new ChildProcessService pid=31567
10-11 18:03:23.661: D/dalvikvm(31567): Trying to load lib /data/app-lib/com.android.chrome-1/libchromium_android_linker.so 0x4201e670
10-11 18:03:23.661: D/dalvikvm(31567): Added shared lib /data/app-lib/com.android.chrome-1/libchromium_android_linker.so 0x4201e670
10-11 18:03:23.691: I/LibraryLoader(31567): Loading: chromium_android_linker
10-11 18:03:23.691: I/LibraryLoader(31567): Loading: chrome.2125.102
10-11 18:03:23.721: E/GoogleApiIcingClientImpl(5152): NoSuchMethodException while trying to construct DocumentContents
10-11 18:03:23.781: D/ChildProcessLauncher(5152): on connect callback, pid=31567 context=1782998264
10-11 18:03:23.801: I/LibraryLoader(31567): Time to load native libraries: 110 ms (timestamps 2167-2277)
10-11 18:03:23.801: I/LibraryLoader(31567): Expected native library version number "38.0.2125.102",actual native library version number "38.0.2125.102"
10-11 18:03:23.801: I/chromium(31567): [INFO:library_loader_hooks.cc(104)] Chromium logging enabled: level = 0, default verbosity = 0
10-11 18:03:24.531: E/GoogleApiIcingClientImpl(5152): NoSuchMethodException while trying to construct DocumentContents
10-11 18:03:24.561: E/GoogleApiIcingClientImpl(5152): NoSuchMethodException while trying to construct DocumentContents
10-11 18:03:24.581: E/GoogleApiIcingClientImpl(5152): NoSuchMethodException while trying to construct DocumentContents
10-11 18:03:24.621: E/GoogleApiIcingClientImpl(5152): NoSuchMethodException while trying to construct DocumentContents
10-11 18:03:24.881: I/chromium(31567): [INFO:SkUtilsArm.cpp(179)] Device supports ARM NEON instructions!
10-11 18:03:26.071: I/ActivityManager(483): moveTaskToBack: 7
10-11 18:03:26.161: D/dalvikvm(483): GC_FOR_ALLOC freed 1050K, 26% free 19399K/26032K, paused 86ms, total 86ms
10-11 18:03:26.231: W/IInputConnectionWrapper(5152): showStatusIcon on inactive InputConnection
10-11 18:03:26.371: D/dalvikvm(6116): GC_CONCURRENT freed 416K, 12% free 8314K/9348K, paused 8ms+13ms, total 48ms
10-11 18:03:26.681: W/ScreenOrientationListener(5152): Removing an inexistent observer!
10-11 18:03:26.721: I/ActivityManager(483): Process com.android.chrome:sandboxed_process15 (pid 31567) has died.
10-11 18:03:26.721: W/ActivityManager(483): Scheduling restart of crashed service com.android.chrome/org.chromium.content.app.SandboxedProcessService15 in 1000ms
10-11 18:03:26.761: I/chromium(5152): [INFO:child_process_launcher.cc(395)] ChromeProcess: Stopping process with handle 31567
10-11 18:03:26.761: D/ChildProcessLauncher(5152): stopping child connection: pid=31567
10-11 18:03:26.761: E/chromium(5152): [ERROR:channel.cc(316)] RawChannel read error (connection broken)
10-11 18:03:26.761: D/ChildProcessLauncher(5152): Allocator freed a connection, sandbox: true, slot: 15
10-11 18:03:26.761: W/ChildProcessConnection(5152): onServiceDisconnected (crash or killed by oom): pid=31567
10-11 18:03:26.761: D/ChildProcessLauncher(5152): stopping child connection: pid=31567
10-11 18:03:26.761: W/ChildProcessLauncher(5152): Tried to stop non-existent connection, pid=31567
10-11 18:03:29.061: I/ActivityManager(483): START u0 {act=android.intent.action.VIEW dat=https://adblockplus.org/forum/ cmp=com.android.chrome/com.google.android.apps.chrome.Main (has extras)} from pid 6116
10-11 18:03:29.081: I/ActivityManager(483): START u0 {act=android.intent.action.VIEW dat=https://adblockplus.org/forum/ flg=0x14000000 cmp=com.android.chrome/com.google.android.apps.chrome.ChromeTabbedActivity (has extras)} from pid 5152
10-11 18:03:29.121: D/ChildProcessLauncher(5152): Allocator allocated a connection, sandbox: true, slot: 16
10-11 18:03:29.141: D/ChildProcessLauncher(5152): Setting up connection to process: slot=16
10-11 18:03:29.141: I/ActivityManager(483): Start proc com.android.chrome:sandboxed_process16 for service com.android.chrome/org.chromium.content.app.SandboxedProcessService16: pid=31606 uid=99016 gids={}
10-11 18:03:29.271: I/ChildProcessService(31606): Creating new ChildProcessService pid=31606
10-11 18:03:29.271: D/dalvikvm(31606): Trying to load lib /data/app-lib/com.android.chrome-1/libchromium_android_linker.so 0x4201f408
10-11 18:03:29.271: D/dalvikvm(31606): Added shared lib /data/app-lib/com.android.chrome-1/libchromium_android_linker.so 0x4201f408
