10-11 19:06:48.404: D/dalvikvm(6116): GC_FOR_ALLOC freed 768K, 19% free 9335K/11468K, paused 27ms, total 27ms
10-11 19:06:48.424: D/dalvikvm(6116): GC_CONCURRENT freed <1K, 19% free 9335K/11468K, paused 2ms+2ms, total 24ms
10-11 19:06:48.624: D/dalvikvm(6116): GC_FOR_ALLOC freed <1K, 19% free 9335K/11468K, paused 22ms, total 22ms
10-11 19:06:48.624: I/dalvikvm-heap(6116): Grow heap (frag case) to 10.087MB for 917520-byte allocation
10-11 19:06:48.654: D/dalvikvm(6116): GC_FOR_ALLOC freed 832K, 25% free 9399K/12368K, paused 20ms, total 20ms
10-11 19:06:48.674: D/dalvikvm(6116): GC_CONCURRENT freed 4K, 24% free 9470K/12368K, paused 2ms+3ms, total 21ms
10-11 19:06:48.674: D/dalvikvm(6116): WAIT_FOR_CONCURRENT_GC blocked 15ms
10-11 19:06:48.674: I/dalvikvm-heap(6116): Grow heap (frag case) to 10.282MB for 983056-byte allocation
10-11 19:06:48.694: D/dalvikvm(6116): GC_FOR_ALLOC freed 896K, 8% free 9533K/10308K, paused 21ms, total 21ms
10-11 19:06:48.714: D/dalvikvm(6116): GC_CONCURRENT freed 85K, 9% free 9448K/10308K, paused 3ms+3ms, total 25ms
10-11 19:06:48.714: D/dalvikvm(6116): WAIT_FOR_CONCURRENT_GC blocked 19ms
10-11 19:06:48.724: I/dalvikvm-heap(6116): Grow heap (frag case) to 10.324MB for 1048592-byte allocation
10-11 19:06:48.744: D/dalvikvm(6116): GC_FOR_ALLOC freed 987K, 17% free 9485K/11336K, paused 20ms, total 20ms
10-11 19:06:48.764: D/dalvikvm(6116): GC_CONCURRENT freed <1K, 16% free 9613K/11336K, paused 3ms+2ms, total 21ms
10-11 19:06:48.764: D/dalvikvm(6116): WAIT_FOR_CONCURRENT_GC blocked 14ms
10-11 19:06:48.764: I/dalvikvm-heap(6116): Grow heap (frag case) to 10.546MB for 1114128-byte allocation
10-11 19:06:48.784: D/dalvikvm(6116): GC_FOR_ALLOC freed 1088K, 23% free 9613K/12428K, paused 24ms, total 24ms
10-11 19:06:48.814: D/dalvikvm(6116): GC_CONCURRENT freed 3K, 23% free 9652K/12428K, paused 3ms+4ms, total 24ms
10-11 19:06:48.904: D/dalvikvm(6116): GC_FOR_ALLOC freed 136K, 22% free 9788K/12428K, paused 29ms, total 29ms
10-11 19:06:48.904: I/dalvikvm-heap(6116): Grow heap (frag case) to 10.780MB for 1179664-byte allocation
10-11 19:06:48.934: D/dalvikvm(6116): GC_FOR_ALLOC freed 1088K, 21% free 9852K/12428K, paused 27ms, total 27ms
10-11 19:06:48.964: D/dalvikvm(6116): GC_CONCURRENT freed 11K, 19% free 10114K/12428K, paused 3ms+3ms, total 24ms
10-11 19:06:49.144: D/dalvikvm(6116): GC_FOR_ALLOC freed 775K, 20% free 10049K/12428K, paused 35ms, total 35ms
10-11 19:06:49.174: D/dalvikvm(6116): GC_FOR_ALLOC freed 384K, 19% free 10113K/12428K, paused 27ms, total 28ms
10-11 19:06:49.214: D/dalvikvm(6116): GC_FOR_ALLOC freed 448K, 19% free 10177K/12428K, paused 32ms, total 32ms
10-11 19:06:49.224: I/dalvikvm-heap(6116): Grow heap (frag case) to 11.222MB for 1245200-byte allocation
10-11 19:06:49.264: D/dalvikvm(6116): GC_FOR_ALLOC freed 1152K, 25% free 10241K/13648K, paused 38ms, total 38ms
10-11 19:06:49.284: D/dalvikvm(6116): GC_CONCURRENT freed 1K, 21% free 10817K/13648K, paused 3ms+1ms, total 22ms
10-11 19:06:49.284: D/dalvikvm(6116): WAIT_FOR_CONCURRENT_GC blocked 10ms
10-11 19:06:49.284: D/dalvikvm(6116): WAIT_FOR_CONCURRENT_GC blocked 14ms
10-11 19:06:49.284: I/dalvikvm-heap(6116): Grow heap (frag case) to 12.535MB for 1310736-byte allocation
10-11 19:06:49.314: D/dalvikvm(6116): GC_FOR_ALLOC freed 2304K, 31% free 10433K/14932K, paused 25ms, total 25ms
10-11 19:06:49.334: D/dalvikvm(6116): GC_CONCURRENT freed 1K, 26% free 11137K/14932K, paused 3ms+2ms, total 23ms
10-11 19:06:49.334: D/dalvikvm(6116): WAIT_FOR_CONCURRENT_GC blocked 2ms
10-11 19:06:49.334: D/dalvikvm(6116): WAIT_FOR_CONCURRENT_GC blocked 17ms
10-11 19:06:49.334: I/dalvikvm-heap(6116): Grow heap (frag case) to 13.035MB for 1376272-byte allocation
10-11 19:06:49.364: D/dalvikvm(6116): GC_FOR_ALLOC freed 2624K, 35% free 10625K/16280K, paused 26ms, total 26ms
10-11 19:06:49.394: D/dalvikvm(6116): GC_CONCURRENT freed 1K, 30% free 11457K/16280K, paused 1ms+2ms, total 26ms
10-11 19:06:49.394: D/dalvikvm(6116): WAIT_FOR_CONCURRENT_GC blocked 12ms
10-11 19:06:49.394: I/dalvikvm-heap(6116): Grow heap (frag case) to 12.660MB for 1441808-byte allocation
10-11 19:06:49.394: D/dalvikvm(6116): WAIT_FOR_CONCURRENT_GC blocked 12ms
10-11 19:06:49.394: I/dalvikvm-heap(6116): Grow heap (frag case) to 13.535MB for 917520-byte allocation
10-11 19:06:49.424: D/dalvikvm(6116): GC_FOR_ALLOC freed 2944K, 20% free 10817K/13444K, paused 26ms, total 26ms
10-11 19:06:49.444: D/dalvikvm(6116): GC_FOR_ALLOC freed 896K, 20% free 10881K/13444K, paused 18ms, total 18ms
10-11 19:06:49.454: I/dalvikvm-heap(6116): Grow heap (frag case) to 12.160MB for 1507344-byte allocation
10-11 19:06:49.474: D/dalvikvm(6116): GC_FOR_ALLOC freed 1408K, 19% free 10945K/13444K, paused 25ms, total 25ms
10-11 19:06:49.494: D/dalvikvm(6116): GC_CONCURRENT freed 1K, 11% free 11969K/13444K, paused 2ms+2ms, total 23ms
10-11 19:06:49.494: D/dalvikvm(6116): WAIT_FOR_CONCURRENT_GC blocked 17ms
10-11 19:06:49.504: I/dalvikvm-heap(6116): Grow heap (frag case) to 13.285MB for 1572880-byte allocation
10-11 19:06:49.524: D/dalvikvm(6116): GC_FOR_ALLOC freed 2432K, 27% free 11073K/14984K, paused 25ms, total 25ms
10-11 19:06:49.544: D/dalvikvm(6116): GC_CONCURRENT freed <1K, 19% free 12161K/14984K, paused 2ms+2ms, total 22ms
10-11 19:06:49.544: D/dalvikvm(6116): WAIT_FOR_CONCURRENT_GC blocked 11ms
10-11 19:06:49.574: D/dalvikvm(6116): GC_FOR_ALLOC freed 2112K, 26% free 11201K/14984K, paused 17ms, total 17ms
10-11 19:06:49.604: D/dalvikvm(6116): GC_CONCURRENT freed 1152K, 25% free 11265K/14984K, paused 8ms+2ms, total 27ms
10-11 19:06:49.604: D/dalvikvm(6116): WAIT_FOR_CONCURRENT_GC blocked 10ms
10-11 19:06:49.604: I/dalvikvm-heap(6116): Grow heap (frag case) to 12.347MB for 1310736-byte allocation
10-11 19:06:49.624: D/dalvikvm(6116): GC_CONCURRENT freed 1216K, 25% free 11329K/14984K, paused 9ms+2ms, total 27ms
10-11 19:06:49.624: D/dalvikvm(6116): WAIT_FOR_CONCURRENT_GC blocked 18ms
10-11 19:06:49.644: D/dalvikvm(6116): GC_FOR_ALLOC freed <1K, 25% free 11329K/14984K, paused 18ms, total 18ms
10-11 19:06:49.644: I/dalvikvm-heap(6116): Grow heap (frag case) to 12.472MB for 1376272-byte allocation
10-11 19:06:49.674: D/dalvikvm(6116): GC_FOR_ALLOC freed 1280K, 24% free 11393K/14984K, paused 22ms, total 22ms
10-11 19:06:49.694: D/dalvikvm(6116): GC_CONCURRENT freed <1K, 24% free 11393K/14984K, paused 1ms+2ms, total 19ms
10-11 19:06:49.694: D/dalvikvm(6116): WAIT_FOR_CONCURRENT_GC blocked 14ms
10-11 19:06:49.694: I/dalvikvm-heap(6116): Grow heap (frag case) to 12.597MB for 1441808-byte allocation
10-11 19:06:49.724: D/dalvikvm(6116): GC_CONCURRENT freed 1344K, 31% free 11457K/16396K, paused 9ms+2ms, total 32ms
10-11 19:06:49.724: D/dalvikvm(6116): WAIT_FOR_CONCURRENT_GC blocked 23ms
10-11 19:06:49.744: D/dalvikvm(6116): GC_FOR_ALLOC freed <1K, 31% free 11457K/16396K, paused 17ms, total 17ms
10-11 19:06:49.744: I/dalvikvm-heap(6116): Grow heap (frag case) to 12.722MB for 1507344-byte allocation
10-11 19:06:49.774: D/dalvikvm(6116): GC_FOR_ALLOC freed 1408K, 30% free 11521K/16396K, paused 25ms, total 25ms
10-11 19:06:49.794: D/dalvikvm(6116): GC_CONCURRENT freed <1K, 30% free 11521K/16396K, paused 1ms+2ms, total 19ms
10-11 19:06:49.794: D/dalvikvm(6116): WAIT_FOR_CONCURRENT_GC blocked 15ms
10-11 19:06:49.794: I/dalvikvm-heap(6116): Grow heap (frag case) to 14.190MB for 2980884-byte allocation
10-11 19:06:49.814: D/dalvikvm(6116): GC_CONCURRENT freed <1K, 26% free 14432K/19308K, paused 2ms+4ms, total 22ms
10-11 19:06:49.864: D/dalvikvm(6116): GC_FOR_ALLOC freed <1K, 26% free 14432K/19308K, paused 18ms, total 18ms
10-11 19:06:49.874: I/dalvikvm-heap(6116): Grow heap (frag case) to 17.033MB for 2980814-byte allocation
10-11 19:06:49.914: D/dalvikvm(6116): GC_FOR_ALLOC freed 2911K, 36% free 14432K/22220K, paused 38ms, total 38ms
10-11 19:06:49.964: D/dalvikvm(6116): GC_CONCURRENT freed 1485K, 35% free 14547K/22220K, paused 33ms+2ms, total 54ms
10-11 19:06:50.264: D/dalvikvm(6116): GC_FOR_ALLOC freed 6100K, 38% free 10172K/16260K, paused 23ms, total 24ms
10-11 19:06:50.264: I/dalvikvm-heap(6116): Grow heap (frag case) to 13.221MB for 3345348-byte allocation
10-11 19:06:50.294: D/dalvikvm(6116): GC_FOR_ALLOC freed 2K, 18% free 13437K/16260K, paused 27ms, total 27ms
10-11 19:06:50.334: D/dalvikvm(6116): GC_CONCURRENT freed 10K, 18% free 13427K/16260K, paused 3ms+5ms, total 41ms
10-11 19:06:50.384: D/dalvikvm(6116): GC_FOR_ALLOC freed <1K, 18% free 13427K/16260K, paused 19ms, total 19ms
10-11 19:06:50.394: I/dalvikvm-heap(6116): Grow heap (frag case) to 16.399MB for 3345242-byte allocation
10-11 19:06:50.444: D/dalvikvm(6116): GC_FOR_ALLOC freed 3266K, 32% free 13427K/19528K, paused 50ms, total 50ms
10-11 19:06:50.494: D/dalvikvm(6116): GC_CONCURRENT freed 1677K, 40% free 11750K/19528K, paused 34ms+2ms, total 55ms
10-11 19:06:51.274: W/InputMethodManagerService(483): Window already focused, ignoring focus gain of: com.android.internal.view.IInputMethodClient$Stub$Proxy@426ab690 attribute=null, token = android.os.BinderProxy@42816260
10-11 19:06:55.484: I/InputDispatcher(483): Window 'Window{43188528 u0 org.adblockplus.android/org.adblockplus.android.Preferences}' spent 2260.4ms processing the last input event: MotionEvent(deviceId=2, source=0x00001002, action=0, flags=0x00000000, metaState=0x00000000, buttonState=0x00000000, edgeFlags=0x00000000, xPrecision=1.6, yPrecision=1.6, displayId=0, pointers=[0: (736.2, 325.5)]), policyFlags=0x42000000
10-11 19:06:55.484: I/InputDispatcher(483): Window 'Window{43188528 u0 org.adblockplus.android/org.adblockplus.android.Preferences}' spent 2162.7ms processing the last input event: MotionEvent(deviceId=2, source=0x00001002, action=1, flags=0x00000000, metaState=0x00000000, buttonState=0x00000000, edgeFlags=0x00000000, xPrecision=1.6, yPrecision=1.6, displayId=0, pointers=[0: (736.2, 325.5)]), policyFlags=0x42000000
10-11 19:06:55.484: I/Choreographer(6116): Skipped 252 frames! The application may be doing too much work on its main thread.
10-11 19:06:55.834: D/WebRequest(6116): Downloading from: https://easylist-downloads.adblockplus.org/easylist.txt?addonName=adblockplusandroid&addonVersion=1.2.1.341&application=android&applicationVersion=19&platform=libadblockplus&platformVersion=1.0&lastVersion=201410101050
10-11 19:06:57.664: D/dalvikvm(6116): GC_CONCURRENT freed 4149K, 14% free 8894K/10244K, paused 1ms+4ms, total 32ms
10-11 19:06:57.764: D/dalvikvm(6116): GC_CONCURRENT freed 477K, 14% free 8891K/10244K, paused 2ms+4ms, total 31ms
10-11 19:06:57.904: D/dalvikvm(6116): GC_CONCURRENT freed 395K, 13% free 8944K/10244K, paused 7ms+4ms, total 38ms
10-11 19:06:58.014: D/dalvikvm(6116): GC_FOR_ALLOC freed <1K, 13% free 8944K/10244K, paused 29ms, total 29ms
10-11 19:06:58.014: I/dalvikvm-heap(6116): Grow heap (frag case) to 9.332MB for 524304-byte allocation
10-11 19:06:58.034: D/dalvikvm(6116): GC_CONCURRENT freed 448K, 17% free 9008K/10760K, paused 4ms+2ms, total 22ms
10-11 19:06:58.034: D/dalvikvm(6116): WAIT_FOR_CONCURRENT_GC blocked 18ms
10-11 19:06:58.034: D/dalvikvm(6116): WAIT_FOR_CONCURRENT_GC blocked 17ms
10-11 19:06:58.224: D/dalvikvm(6116): GC_FOR_ALLOC freed <1K, 17% free 9008K/10760K, paused 31ms, total 31ms
10-11 19:06:58.224: I/dalvikvm-heap(6116): Grow heap (frag case) to 9.457MB for 589840-byte allocation
10-11 19:06:58.244: D/dalvikvm(6116): GC_FOR_ALLOC freed 512K, 16% free 9072K/10760K, paused 20ms, total 20ms
10-11 19:06:58.264: D/dalvikvm(6116): GC_CONCURRENT freed <1K, 16% free 9072K/10760K, paused 1ms+3ms, total 19ms
10-11 19:06:58.324: D/dalvikvm(6116): GC_FOR_ALLOC freed <1K, 16% free 9072K/10760K, paused 24ms, total 24ms
10-11 19:06:58.324: I/dalvikvm-heap(6116): Grow heap (frag case) to 9.582MB for 655376-byte allocation
10-11 19:06:58.344: D/dalvikvm(6116): GC_FOR_ALLOC freed 576K, 16% free 9136K/10760K, paused 20ms, total 20ms
10-11 19:06:58.364: D/dalvikvm(6116): GC_CONCURRENT freed <1K, 16% free 9136K/10760K, paused 2ms+2ms, total 19ms
10-11 19:06:58.454: D/dalvikvm(6116): GC_FOR_ALLOC freed <1K, 16% free 9136K/10760K, paused 30ms, total 30ms
10-11 19:06:58.454: I/dalvikvm-heap(6116): Grow heap (frag case) to 9.707MB for 720912-byte allocation
10-11 19:06:58.474: D/dalvikvm(6116): GC_FOR_ALLOC freed 640K, 20% free 9200K/11468K, paused 21ms, total 21ms
10-11 19:06:58.494: D/dalvikvm(6116): GC_CONCURRENT freed <1K, 20% free 9200K/11468K, paused 3ms+3ms, total 21ms
10-11 19:06:58.564: D/dalvikvm(6116): GC_FOR_ALLOC freed <1K, 20% free 9200K/11468K, paused 27ms, total 27ms
10-11 19:06:58.564: I/dalvikvm-heap(6116): Grow heap (frag case) to 9.832MB for 786448-byte allocation
10-11 19:06:58.584: D/dalvikvm(6116): GC_CONCURRENT freed 704K, 20% free 9264K/11468K, paused 5ms+1ms, total 22ms
10-11 19:06:58.584: D/dalvikvm(6116): WAIT_FOR_CONCURRENT_GC blocked 17ms
10-11 19:06:58.584: D/dalvikvm(6116): WAIT_FOR_CONCURRENT_GC blocked 17ms
10-11 19:06:58.914: D/dalvikvm(6116): GC_FOR_ALLOC freed <1K, 20% free 9266K/11468K, paused 23ms, total 23ms
10-11 19:06:58.914: I/dalvikvm-heap(6116): Grow heap (frag case) to 9.958MB for 851984-byte allocation
10-11 19:06:58.934: D/dalvikvm(6116): GC_CONCURRENT freed 768K, 19% free 9330K/11468K, paused 5ms+2ms, total 23ms
10-11 19:06:58.934: D/dalvikvm(6116): WAIT_FOR_CONCURRENT_GC blocked 18ms
10-11 19:06:58.934: D/dalvikvm(6116): WAIT_FOR_CONCURRENT_GC blocked 18ms
10-11 19:06:58.934: D/dalvikvm(6116): WAIT_FOR_CONCURRENT_GC blocked 18ms
10-11 19:06:58.984: W/InputMethodManagerService(483): Window already focused, ignoring focus gain of: com.android.internal.view.IInputMethodClient$Stub$Proxy@42083c08 attribute=null, token = android.os.BinderProxy@42816260
10-11 19:06:59.034: D/dalvikvm(6116): GC_FOR_ALLOC freed 4K, 19% free 9327K/11468K, paused 27ms, total 27ms
10-11 19:06:59.034: I/dalvikvm-heap(6116): Grow heap (frag case) to 10.081MB for 917520-byte allocation
10-11 19:06:59.074: D/dalvikvm(6116): GC_CONCURRENT freed 947K, 25% free 9276K/12368K, paused 19ms+2ms, total 46ms
10-11 19:06:59.084: D/dalvikvm(6116): WAIT_FOR_CONCURRENT_GC blocked 25ms
10-11 19:06:59.084: D/dalvikvm(6116): WAIT_FOR_CONCURRENT_GC blocked 25ms
10-11 19:06:59.274: D/dalvikvm(6116): GC_FOR_ALLOC freed <1K, 25% free 9276K/12368K, paused 34ms, total 34ms
10-11 19:06:59.274: I/dalvikvm-heap(6116): Grow heap (frag case) to 10.092MB for 983056-byte allocation
10-11 19:06:59.294: D/dalvikvm(6116): GC_FOR_ALLOC freed 896K, 10% free 9340K/10308K, paused 21ms, total 21ms
10-11 19:06:59.314: D/dalvikvm(6116): GC_CONCURRENT freed <1K, 10% free 9340K/10308K, paused 2ms+2ms, total 21ms
10-11 19:06:59.604: D/dalvikvm(6116): GC_FOR_ALLOC freed <1K, 10% free 9340K/10308K, paused 26ms, total 26ms
10-11 19:06:59.604: I/dalvikvm-heap(6116): Grow heap (frag case) to 10.217MB for 1048592-byte allocation
10-11 19:06:59.624: D/dalvikvm(6116): GC_FOR_ALLOC freed 960K, 18% free 9404K/11336K, paused 19ms, total 19ms
10-11 19:06:59.644: D/dalvikvm(6116): GC_CONCURRENT freed <1K, 18% free 9404K/11336K, paused 2ms+2ms, total 19ms
10-11 19:06:59.814: D/dalvikvm(6116): GC_FOR_ALLOC freed <1K, 18% free 9404K/11336K, paused 22ms, total 22ms
10-11 19:06:59.814: I/dalvikvm-heap(6116): Grow heap (frag case) to 10.342MB for 1114128-byte allocation
10-11 19:06:59.844: D/dalvikvm(6116): GC_FOR_ALLOC freed 1024K, 24% free 9468K/12428K, paused 24ms, total 24ms
10-11 19:06:59.864: D/dalvikvm(6116): GC_CONCURRENT freed <1K, 24% free 9468K/12428K, paused 3ms+1ms, total 23ms
10-11 19:06:59.924: D/dalvikvm(6116): GC_FOR_ALLOC freed <1K, 24% free 9468K/12428K, paused 29ms, total 29ms
10-11 19:06:59.924: I/dalvikvm-heap(6116): Grow heap (frag case) to 10.467MB for 1179664-byte allocation
10-11 19:06:59.944: D/dalvikvm(6116): GC_CONCURRENT freed 1088K, 24% free 9532K/12428K, paused 5ms+2ms, total 21ms
10-11 19:06:59.944: D/dalvikvm(6116): WAIT_FOR_CONCURRENT_GC blocked 16ms
10-11 19:06:59.944: D/dalvikvm(6116): WAIT_FOR_CONCURRENT_GC blocked 16ms
10-11 19:07:00.044: D/dalvikvm(6116): GC_FOR_ALLOC freed <1K, 24% free 9532K/12428K, paused 26ms, total 27ms
10-11 19:07:00.044: I/dalvikvm-heap(6116): Grow heap (frag case) to 10.592MB for 1245200-byte allocation
10-11 19:07:00.064: D/dalvikvm(6116): GC_FOR_ALLOC freed 1152K, 23% free 9596K/12428K, paused 20ms, total 20ms
10-11 19:07:00.084: D/dalvikvm(6116): GC_CONCURRENT freed <1K, 23% free 9596K/12428K, paused 2ms+2ms, total 19ms
10-11 19:07:00.154: D/dalvikvm(6116): GC_FOR_ALLOC freed <1K, 23% free 9596K/12428K, paused 22ms, total 22ms
10-11 19:07:00.154: I/dalvikvm-heap(6116): Grow heap (frag case) to 10.717MB for 1310736-byte allocation
10-11 19:07:00.184: D/dalvikvm(6116): GC_CONCURRENT freed 1216K, 30% free 9660K/13712K, paused 9ms+2ms, total 26ms
10-11 19:07:00.184: D/dalvikvm(6116): WAIT_FOR_CONCURRENT_GC blocked 17ms
10-11 19:07:00.184: D/dalvikvm(6116): WAIT_FOR_CONCURRENT_GC blocked 16ms
10-11 19:07:00.274: D/dalvikvm(6116): GC_FOR_ALLOC freed <1K, 30% free 9660K/13712K, paused 27ms, total 28ms
10-11 19:07:00.274: I/dalvikvm-heap(6116): Grow heap (frag case) to 10.842MB for 1376272-byte allocation
10-11 19:07:00.304: D/dalvikvm(6116): GC_CONCURRENT freed 1280K, 10% free 9724K/10692K, paused 9ms+1ms, total 26ms
10-11 19:07:00.304: D/dalvikvm(6116): WAIT_FOR_CONCURRENT_GC blocked 18ms
10-11 19:07:00.304: D/dalvikvm(6116): WAIT_FOR_CONCURRENT_GC blocked 18ms
10-11 19:07:00.424: D/dalvikvm(6116): GC_FOR_ALLOC freed <1K, 10% free 9724K/10692K, paused 26ms, total 26ms
10-11 19:07:00.434: I/dalvikvm-heap(6116): Grow heap (frag case) to 10.967MB for 1441808-byte allocation
10-11 19:07:00.454: D/dalvikvm(6116): GC_FOR_ALLOC freed 1344K, 20% free 9788K/12104K, paused 19ms, total 19ms
10-11 19:07:00.474: D/dalvikvm(6116): GC_CONCURRENT freed <1K, 20% free 9788K/12104K, paused 2ms+3ms, total 24ms
10-11 19:07:00.474: D/dalvikvm(6116): WAIT_FOR_CONCURRENT_GC blocked 13ms
10-11 19:07:00.474: I/dalvikvm-heap(6116): Grow heap (frag case) to 11.092MB for 1507344-byte allocation
10-11 19:07:00.514: D/dalvikvm(6116): GC_FOR_ALLOC freed 1408K, 28% free 9852K/13580K, paused 35ms, total 35ms
10-11 19:07:00.534: D/dalvikvm(6116): GC_CONCURRENT freed <1K, 28% free 9852K/13580K, paused 3ms+2ms, total 20ms
10-11 19:07:00.534: D/dalvikvm(6116): WAIT_FOR_CONCURRENT_GC blocked 16ms
10-11 19:07:00.534: I/dalvikvm-heap(6116): Grow heap (frag case) to 12.496MB for 2912724-byte allocation
10-11 19:07:00.564: D/dalvikvm(6116): GC_FOR_ALLOC freed <1K, 23% free 12696K/16428K, paused 23ms, total 23ms
10-11 19:07:00.584: D/dalvikvm(6116): GC_CONCURRENT freed <1K, 23% free 12696K/16428K, paused 2ms+3ms, total 21ms
10-11 19:07:00.624: D/dalvikvm(6116): GC_FOR_ALLOC freed <1K, 23% free 12696K/16428K, paused 17ms, total 17ms
10-11 19:07:00.634: I/dalvikvm-heap(6116): Grow heap (frag case) to 15.273MB for 2912722-byte allocation
10-11 19:07:00.674: D/dalvikvm(6116): GC_FOR_ALLOC freed 2844K, 35% free 12696K/19276K, paused 39ms, total 39ms
10-11 19:07:00.724: D/dalvikvm(6116): GC_CONCURRENT freed 1484K, 42% free 11212K/19276K, paused 33ms+3ms, total 52ms
10-11 19:07:01.974: W/InputMethodManagerService(483): Window already focused, ignoring focus gain of: com.android.internal.view.IInputMethodClient$Stub$Proxy@426c5548 attribute=null, token = android.os.BinderProxy@42816260
10-11 19:07:08.854: I/ActivityManager(483): START u0 {act=android.intent.action.VIEW dat=https://adblockplus.org/redirect?link=acceptable_ads&lang=en-US cmp=com.android.chrome/com.google.android.apps.chrome.Main} from pid 6116
10-11 19:07:08.864: I/ActivityManager(483): START u0 {act=android.intent.action.VIEW dat=https://adblockplus.org/redirect?link=acceptable_ads&lang=en-US flg=0x14000000 cmp=com.android.chrome/com.google.android.apps.chrome.ChromeTabbedActivity} from pid 5152
10-11 19:07:08.924: D/ChildProcessLauncher(5152): Allocator allocated a connection, sandbox: true, slot: 11
10-11 19:07:08.934: D/ChildProcessLauncher(5152): Setting up connection to process: slot=11
10-11 19:07:08.934: I/ActivityManager(483): Start proc com.android.chrome:sandboxed_process11 for service com.android.chrome/org.chromium.content.app.SandboxedProcessService11: pid=1655 uid=99031 gids={}
10-11 19:07:09.184: E/GoogleApiIcingClientImpl(5152): NoSuchMethodException while trying to construct DocumentContents
10-11 19:07:09.214: I/ChildProcessService(1655): Creating new ChildProcessService pid=1655
10-11 19:07:09.224: D/dalvikvm(1655): Trying to load lib /data/app-lib/com.android.chrome-1/libchromium_android_linker.so 0x4201f780
10-11 19:07:09.224: D/dalvikvm(1655): Added shared lib /data/app-lib/com.android.chrome-1/libchromium_android_linker.so 0x4201f780
10-11 19:07:09.244: I/LibraryLoader(1655): Loading: chromium_android_linker
10-11 19:07:09.244: I/LibraryLoader(1655): Loading: chrome.2125.102
10-11 19:07:09.314: D/dalvikvm(1808): GC_CONCURRENT freed 423K, 59% free 9636K/23036K, paused 27ms+7ms, total 113ms
10-11 19:07:09.334: D/ChildProcessLauncher(5152): on connect callback, pid=1655 context=1781060168
10-11 19:07:09.364: I/LibraryLoader(1655): Time to load native libraries: 117 ms (timestamps 156-273)
10-11 19:07:09.364: I/LibraryLoader(1655): Expected native library version number "38.0.2125.102",actual native library version number "38.0.2125.102"
10-11 19:07:09.374: I/chromium(1655): [INFO:library_loader_hooks.cc(104)] Chromium logging enabled: level = 0, default verbosity = 0
10-11 19:07:10.334: E/GoogleApiIcingClientImpl(5152): NoSuchMethodException while trying to construct DocumentContents
10-11 19:07:10.364: E/GoogleApiIcingClientImpl(5152): NoSuchMethodException while trying to construct DocumentContents
10-11 19:07:10.394: E/GoogleApiIcingClientImpl(5152): NoSuchMethodException while trying to construct DocumentContents
10-11 19:07:10.414: E/GoogleApiIcingClientImpl(5152): NoSuchMethodException while trying to construct DocumentContents
10-11 19:07:10.684: I/chromium(1655): [INFO:SkUtilsArm.cpp(179)] Device supports ARM NEON instructions!
10-11 19:07:10.794: D/dalvikvm(5152): GC_FOR_ALLOC freed 4796K, 37% free 9764K/15436K, paused 37ms, total 37ms
10-11 19:07:11.204: D/dalvikvm(5152): GC_FOR_ALLOC freed 110K, 38% free 9695K/15436K, paused 25ms, total 25ms
10-11 19:07:11.204: I/dalvikvm-heap(5152): Grow heap (frag case) to 12.690MB for 3344016-byte allocation
10-11 19:07:11.234: D/dalvikvm(5152): GC_FOR_ALLOC freed <1K, 17% free 12960K/15436K, paused 26ms, total 26ms
10-11 19:07:11.274: D/dalvikvm(5152): GC_CONCURRENT freed 481K, 17% free 12961K/15436K, paused 3ms+3ms, total 44ms
10-11 19:07:11.734: I/ActivityManager(483): moveTaskToBack: 7
10-11 19:07:12.014: W/IInputConnectionWrapper(5152): showStatusIcon on inactive InputConnection
10-11 19:07:12.254: W/ScreenOrientationListener(5152): Removing an inexistent observer!
10-11 19:07:12.274: I/ActivityManager(483): Process com.android.chrome:sandboxed_process11 (pid 1655) has died.
10-11 19:07:12.274: W/ActivityManager(483): Scheduling restart of crashed service com.android.chrome/org.chromium.content.app.SandboxedProcessService11 in 1000ms
10-11 19:07:12.334: W/ChildProcessConnection(5152): onServiceDisconnected (crash or killed by oom): pid=1655
10-11 19:07:12.334: D/ChildProcessLauncher(5152): stopping child connection: pid=1655
10-11 19:07:12.334: D/ChildProcessLauncher(5152): Allocator freed a connection, sandbox: true, slot: 11
10-11 19:07:22.514: W/InputMethodManagerService(483): Window already focused, ignoring focus gain of: com.android.internal.view.IInputMethodClient$Stub$Proxy@427a0a60 attribute=null, token = android.os.BinderProxy@42816260
10-11 19:07:25.524: I/ActivityManager(483): START u0 {act=android.settings.APPLICATION_DETAILS_SETTINGS dat=package:org.adblockplus.android flg=0x10000000 cmp=com.android.settings/.applications.InstalledAppDetails} from pid 6116
10-11 19:07:25.614: D/dalvikvm(483): GC_FOR_ALLOC freed 1212K, 26% free 19494K/26032K, paused 86ms, total 86ms
10-11 19:07:25.674: I/ActivityManager(483): Start proc com.android.settings for activity com.android.settings/.applications.InstalledAppDetails: pid=1741 uid=1000 gids={41000, 1028, 1015, 3002, 3001, 3003}
10-11 19:07:25.904: D/dalvikvm(1741): GC_CONCURRENT freed 131K, 3% free 7920K/8088K, paused 9ms+7ms, total 40ms
10-11 19:07:25.974: W/ResourceType(1741): getEntry failing because entryIndex 129 is beyond type entryCount 4
10-11 19:07:26.434: D/android.widget.GridLayout(1741): vertical constraints: y1-y0>=36, y2-y1>=303, y2-y0<=64 are inconsistent; permanently removing: y2-y0<=64.
10-11 19:07:26.584: D/libEGL(1741): loaded /system/lib/egl/libEGL_tegra.so
10-11 19:07:26.594: D/libEGL(1741): loaded /system/lib/egl/libGLESv1_CM_tegra.so
10-11 19:07:26.614: D/libEGL(1741): loaded /system/lib/egl/libGLESv2_tegra.so
10-11 19:07:26.644: D/OpenGLRenderer(1741): Enabling debug mode 0
10-11 19:07:26.764: I/ActivityManager(483): Displayed com.android.settings/.applications.InstalledAppDetails: +1s107ms (total +17s912ms)
10-11 19:07:27.004: D/dalvikvm(1741): GC_CONCURRENT freed 141K, 3% free 8164K/8344K, paused 7ms+4ms, total 46ms
10-11 19:07:28.194: D/dalvikvm(483): GC_FOR_ALLOC freed 428K, 25% free 19703K/26032K, paused 102ms, total 102ms
10-11 19:07:28.224: W/ResourceType(1741): Failure getting entry for 0x7f050000 (t=4 e=0) in package 0 (error -75)
10-11 19:07:28.254: W/PackageManager(1741): Failure retrieving text 0x7f050000 in package com.android.keyguard
10-11 19:07:28.254: W/PackageManager(1741): android.content.res.Resources$NotFoundException: String resource ID #0x7f050000
10-11 19:07:28.254: W/PackageManager(1741): at android.content.res.Resources.getText(Resources.java:244)
10-11 19:07:28.254: W/PackageManager(1741): at android.app.ApplicationPackageManager.getText(ApplicationPackageManager.java:994)
10-11 19:07:28.254: W/PackageManager(1741): at android.content.pm.PackageItemInfo.loadLabel(PackageItemInfo.java:115)
10-11 19:07:28.254: W/PackageManager(1741): at com.android.settings.applications.ApplicationsState$AppEntry.ensureLabel(ApplicationsState.java:134)
10-11 19:07:28.254: W/PackageManager(1741): at com.android.settings.applications.ApplicationsState$AppEntry.(ApplicationsState.java:124)
10-11 19:07:28.254: W/PackageManager(1741): at com.android.settings.applications.ApplicationsState.getEntryLocked(ApplicationsState.java:832)
10-11 19:07:28.254: W/PackageManager(1741): at com.android.settings.applications.ApplicationsState$BackgroundHandler.handleMessage(ApplicationsState.java:971)
10-11 19:07:28.254: W/PackageManager(1741): at android.os.Handler.dispatchMessage(Handler.java:102)
10-11 19:07:28.254: W/PackageManager(1741): at android.os.Looper.loop(Looper.java:136)
10-11 19:07:28.254: W/PackageManager(1741): at android.os.HandlerThread.run(HandlerThread.java:61)
10-11 19:07:28.324: D/dalvikvm(483): GC_FOR_ALLOC freed 318K, 25% free 19631K/26032K, paused 129ms, total 130ms
10-11 19:07:28.594: D/dalvikvm(1741): GC_CONCURRENT freed 127K, 2% free 8475K/8644K, paused 3ms+2ms, total 38ms
10-11 19:07:28.634: D/dalvikvm(1741): GC_FOR_ALLOC freed 35K, 3% free 8440K/8644K, paused 22ms, total 22ms
10-11 19:07:28.644: I/dalvikvm-heap(1741): Grow heap (frag case) to 9.086MB for 850684-byte allocation
10-11 19:07:28.664: D/dalvikvm(1741): GC_FOR_ALLOC freed <1K, 3% free 9270K/9476K, paused 21ms, total 21ms
10-11 19:07:28.694: D/dalvikvm(1741): GC_CONCURRENT freed <1K, 3% free 9272K/9476K, paused 2ms+2ms, total 35ms
10-11 19:07:29.194: D/dalvikvm(1741): GC_CONCURRENT freed 35K, 2% free 9687K/9856K, paused 6ms+5ms, total 40ms
10-11 19:07:29.194: D/dalvikvm(1741): WAIT_FOR_CONCURRENT_GC blocked 12ms
10-11 19:07:29.854: D/dalvikvm(1741): GC_FOR_ALLOC freed 54K, 2% free 10087K/10256K, paused 19ms, total 19ms
10-11 19:07:29.854: I/dalvikvm-heap(1741): Grow heap (frag case) to 11.799MB for 2009296-byte allocation
10-11 19:07:29.874: D/dalvikvm(1741): GC_FOR_ALLOC freed 7K, 2% free 12041K/12220K, paused 15ms, total 15ms
10-11 19:07:29.894: D/dalvikvm(1741): GC_CONCURRENT freed 18K, 2% free 12062K/12240K, paused 3ms+3ms, total 25ms
10-11 19:07:31.654: D/dalvikvm(30881): GC_CONCURRENT freed 365K, 5% free 7630K/8032K, paused 3ms+1ms, total 30ms
10-11 19:07:33.574: I/ActivityManager(483): START u0 {act=android.settings.APPLICATION_DETAILS_SETTINGS dat=package:org.adblockplus.android flg=0x10000000 cmp=com.android.settings/.applications.InstalledAppDetails} from pid 6116
10-11 19:07:33.714: D/dalvikvm(483): GC_FOR_ALLOC freed 1380K, 25% free 19675K/26032K, paused 125ms, total 126ms
10-11 19:07:33.814: D/dalvikvm(483): GC_FOR_ALLOC freed 269K, 25% free 19664K/26032K, paused 89ms, total 89ms
10-11 19:07:34.194: D/android.widget.GridLayout(1741): vertical constraints: y1-y0>=36, y2-y1>=303, y2-y0<=64 are inconsistent; permanently removing: y2-y0<=64.
10-11 19:07:34.294: D/dalvikvm(30881): GC_CONCURRENT freed 392K, 6% free 7629K/8060K, paused 3ms+1ms, total 27ms
10-11 19:07:34.404: I/ActivityManager(483): Displayed com.android.settings/.applications.InstalledAppDetails: +564ms
10-11 19:07:34.934: D/dalvikvm(483): GC_FOR_ALLOC freed 1007K, 25% free 19710K/26032K, paused 91ms, total 91ms
10-11 19:07:35.024: D/dalvikvm(483): GC_FOR_ALLOC freed 323K, 25% free 19636K/26032K, paused 85ms, total 86ms
10-11 19:07:35.104: D/dalvikvm(6116): GC_CONCURRENT freed 3630K, 10% free 8717K/9604K, paused 2ms+16ms, total 53ms
10-11 19:07:35.444: D/dalvikvm(30881): GC_CONCURRENT freed 389K, 6% free 7629K/8060K, paused 1ms+5ms, total 27ms
10-11 19:07:39.734: D/PhoneStatusBar(585): disable: < expand ICONS* alerts TICKER* system_info back home recent CLOCK* search
> 10-11 19:07:39.844: V/PanelView(585): animationTick called with dtms=0; nothing to do (h=406.19025 v=2332.112)
10-11 19:07:41.354: I/Icing(3162): Indexing 0CF4DD156EB38BE0AD36F4A41E71D284436EED73 from com.android.chrome
10-11 19:07:41.434: V/PanelView(585): animationTick called with dtms=0; nothing to do (h=481.0 v=-2662.5002)
10-11 19:07:41.434: V/PanelView(585): animationTick called with dtms=0; nothing to do (h=481.0 v=-2662.5002)
10-11 19:07:41.454: W/InputMethodManagerService(483): Window already focused, ignoring focus gain of: com.android.internal.view.IInputMethodClient$Stub$Proxy@42654e90 attribute=null, token = android.os.BinderProxy@42816260
10-11 19:07:41.474: D/PhoneStatusBar(585): disable: < expand icons* alerts ticker* system_info back home recent clock* search
> 10-11 19:07:41.584: I/Icing(3162): Indexing done 0CF4DD156EB38BE0AD36F4A41E71D284436EED73
10-11 19:07:42.464: I/Icing(3162): Usage reports 2 indexed 0 rejected 0 denied 0 imm upload false
10-11 19:07:43.694: D/PhoneStatusBar(585): disable: < expand ICONS* alerts TICKER* system_info back home recent CLOCK* search
> 10-11 19:07:43.754: V/PanelView(585): animationTick called with dtms=0; nothing to do (h=174.54546 v=1016.959)
10-11 19:07:43.754: V/PanelView(585): animationTick called with dtms=-14; nothing to do (h=174.54546 v=1016.959)
10-11 19:07:44.534: V/PanelView(585): animationTick called with dtms=0; nothing to do (h=481.0 v=-2662.5002)
10-11 19:07:44.534: V/PanelView(585): animationTick called with dtms=0; nothing to do (h=481.0 v=-2662.5002)
10-11 19:07:44.544: D/PhoneStatusBar(585): disable: < expand icons* alerts ticker* system_info back home recent clock* search
> 10-11 19:07:44.544: W/InputMethodManagerService(483): Window already focused, ignoring focus gain of: com.android.internal.view.IInputMethodClient$Stub$Proxy@427e1558 attribute=null, token = android.os.BinderProxy@42816260
10-11 19:07:54.034: D/dalvikvm(1808): GC_CONCURRENT freed 684K, 59% free 9504K/23036K, paused 11ms+4ms, total 71ms
10-11 19:08:07.784: W/InputMethodManagerService(483): Window already focused, ignoring focus gain of: com.android.internal.view.IInputMethodClient$Stub$Proxy@42572a00 attribute=null, token = android.os.BinderProxy@42816260
10-11 19:08:08.554: D/PhoneStatusBar(585): disable: < expand ICONS* alerts TICKER* system_info back home recent CLOCK* search
> 10-11 19:08:08.604: V/PanelView(585): animationTick called with dtms=0; nothing to do (h=218.18182 v=1604.7493)
10-11 19:08:10.614: V/PanelView(585): animationTick called with dtms=0; nothing to do (h=481.0 v=-2662.5002)
10-11 19:08:10.614: V/PanelView(585): animationTick called with dtms=0; nothing to do (h=481.0 v=-2662.5002)
10-11 19:08:10.624: W/InputMethodManagerService(483): Window already focused, ignoring focus gain of: com.android.internal.view.IInputMethodClient$Stub$Proxy@427fed10 attribute=null, token = android.os.BinderProxy@42816260
10-11 19:08:10.634: D/PhoneStatusBar(585): disable: < expand icons* alerts ticker* system_info back home recent clock* search
> 10-11 19:08:12.304: D/PhoneStatusBar(585): disable: < expand ICONS* alerts TICKER* system_info back home recent CLOCK* search
> 10-11 19:08:12.354: V/PanelView(585): animationTick called with dtms=0; nothing to do (h=218.18182 v=1627.975)
10-11 19:08:12.354: V/PanelView(585): animationTick called with dtms=-2; nothing to do (h=218.18182 v=1627.975)
10-11 19:08:13.264: V/PanelView(585): animationTick called with dtms=0; nothing to do (h=481.0 v=-2662.5002)
10-11 19:08:13.274: V/PanelView(585): animationTick called with dtms=0; nothing to do (h=481.0 v=-2662.5002)
10-11 19:08:13.274: W/InputMethodManagerService(483): Window already focused, ignoring focus gain of: com.android.internal.view.IInputMethodClient$Stub$Proxy@4299c370 attribute=null, token = android.os.BinderProxy@42816260
10-11 19:08:13.284: D/PhoneStatusBar(585): disable: < expand icons* alerts ticker* system_info back home recent clock* search
> 10-11 19:08:15.944: I/ActivityManager(483): START u0 {act=android.intent.action.MAIN cat=[android.intent.category.HOME] flg=0x10200000 cmp=com.android.launcher/com.android.launcher2.Launcher} from pid 483
10-11 19:08:16.034: D/dalvikvm(483): GC_FOR_ALLOC freed 934K, 25% free 19668K/26032K, paused 84ms, total 85ms
10-11 19:08:16.134: D/dalvikvm(483): GC_FOR_ALLOC freed 274K, 25% free 19640K/26032K, paused 81ms, total 81ms
10-11 19:08:16.274: W/InputMethodManagerService(483): Starting input on non-focused client com.android.internal.view.IInputMethodClient$Stub$Proxy@427cc700 (uid=10110 pid=6116)
10-11 19:08:16.904: V/PanelView(585): animationTick called with dtms=0; nothing to do (h=276.9697 v=1640.2214)
10-11 19:08:16.904: D/PhoneStatusBar(585): disable: < expand ICONS* alerts TICKER* system_info back home recent CLOCK* search
> 10-11 19:08:17.964: I/ActivityManager(483): START u0 {act=android.intent.action.MAIN cat=[android.intent.category.HOME] flg=0x10200000 cmp=com.android.launcher/com.android.launcher2.Launcher} from pid 483
10-11 19:08:17.984: V/PanelView(585): animationTick called with dtms=0; nothing to do (h=481.0 v=-2662.5002)
10-11 19:08:18.004: W/InputMethodManagerService(483): Window already focused, ignoring focus gain of: com.android.internal.view.IInputMethodClient$Stub$Proxy@42e0e390 attribute=null, token = android.os.BinderProxy@427143e0
10-11 19:08:18.014: D/PhoneStatusBar(585): disable: < expand icons* alerts ticker* system_info back home recent clock* search
> 10-11 19:08:45.024: D/dalvikvm(3149): GC_CONCURRENT freed 557K, 7% free 9408K/10080K, paused 3ms+7ms, total 46ms
10-11 19:08:45.024: D/libgps(483): proxy_gps_inject_location()
10-11 19:09:06.784: I/ActivityManager(483): Config changes=480 {1.0 ?mcc?mnc en_US ldltr sw600dp w961dp h528dp 213dpi lrg land finger -keyb/v/h -nav/h s.7}
10-11 19:09:06.794: I/InputReader(483): Reconfiguring input devices. changes=0x00000004
10-11 19:09:06.794: I/InputReader(483): Device reconfigured: id=2, name='elan-touchscreen', size 800x1280, orientation 1, mode 1, display id 0
10-11 19:09:06.794: I/InputReader(483): Reconfiguring input devices. changes=0x00000004
10-11 19:09:06.894: D/PhoneStatusBar(585): mSettingsPanelGravity = 8388661
10-11 19:09:06.954: D/dalvikvm(585): GC_CONCURRENT freed 1086K, 21% free 10498K/13156K, paused 8ms+4ms, total 46ms
10-11 19:09:06.954: D/dalvikvm(585): WAIT_FOR_CONCURRENT_GC blocked 39ms
10-11 19:09:06.974: D/GeckoApplication(30824): onConfigurationChanged: en_US, background: false
10-11 19:09:07.024: D/GeckoSharedPrefs(30824): Current version = 1, prefs version = 1
10-11 19:09:07.024: D/GeckoLocales(30824): No selected locale. No correction needed.
10-11 19:09:07.284: D/Launcher.Model(776): DbDebug Modify item (Gmail) in db, id: 5 (3, 0, 0, 0) --> (3, 0, 0, 0)
10-11 19:09:07.284: D/Launcher.Model(776): DbDebug Modify item (Maps) in db, id: 7 (3, 0, 1, 0) --> (3, 0, 1, 0)
10-11 19:09:07.284: D/Launcher.Model(776): DbDebug Modify item (Earth) in db, id: 9 (3, 0, 2, 0) --> (3, 0, 2, 0)
10-11 19:09:07.284: D/Launcher.Model(776): DbDebug Modify item (Hangouts) in db, id: 11 (3, 0, 0, 1) --> (3, 0, 0, 1)
10-11 19:09:07.284: D/Launcher.Model(776): DbDebug Modify item (Currents) in db, id: 13 (3, 0, 1, 1) --> (3, 0, 1, 1)
10-11 19:09:07.284: D/Launcher.Model(776): DbDebug Modify item (People) in db, id: 15 (3, 0, 2, 1) --> (3, 0, 2, 1)
10-11 19:09:07.284: D/Launcher.Model(776): DbDebug Modify item (Gallery) in db, id: 17 (3, 0, 0, 2) --> (3, 0, 0, 2)
10-11 19:09:07.284: D/Launcher.Model(776): DbDebug Modify item (Calendar) in db, id: 19 (3, 0, 1, 2) --> (3, 0, 1, 2)
10-11 19:09:07.314: D/dalvikvm(776): GC_CONCURRENT freed 1837K, 22% free 14406K/18444K, paused 2ms+3ms, total 36ms
10-11 19:09:07.314: D/dalvikvm(776): WAIT_FOR_CONCURRENT_GC blocked 19ms
10-11 19:09:07.424: W/ResourceType(776): No known package when getting name for resource number 0x9c020000
10-11 19:09:07.424: W/View(776): requestLayout() improperly called by com.android.launcher2.BubbleTextView{42052180 VFED..CL ......ID 0,0-117,117 #9c020000} during layout: running second layout pass
10-11 19:09:07.424: W/ResourceType(776): No known package when getting name for resource number 0x9c020100
10-11 19:09:07.424: W/View(776): requestLayout() improperly called by com.android.launcher2.BubbleTextView{4208d090 VFED..CL ......ID 160,0-277,117 #9c020100} during layout: running second layout pass
10-11 19:09:07.424: W/ResourceType(776): No known package when getting name for resource number 0x9c020200
10-11 19:09:07.424: W/View(776): requestLayout() improperly called by com.android.launcher2.BubbleTextView{42184fa8 VFED..CL ......ID 320,0-437,117 #9c020200} during layout: running second layout pass
10-11 19:09:07.424: W/ResourceType(776): No known package when getting name for resource number 0x9c020300
10-11 19:09:07.424: W/View(776): requestLayout() improperly called by com.android.launcher2.BubbleTextView{421c75f8 VFED..CL ......ID 480,0-597,117 #9c020300} during layout: running second layout pass
10-11 19:09:07.424: W/ResourceType(776): No known package when getting name for resource number 0x9c020400
10-11 19:09:07.424: W/View(776): requestLayout() improperly called by com.android.launcher2.BubbleTextView{424a8e38 VFED..CL ......ID 640,0-757,117 #9c020400} during layout: running second layout pass
10-11 19:09:07.424: W/ResourceType(776): No known package when getting name for resource number 0x9c020500
10-11 19:09:07.424: W/View(776): requestLayout() improperly called by com.android.launcher2.BubbleTextView{424ab3d0 VFED..CL ......ID 800,0-917,117 #9c020500} during layout: running second layout pass
10-11 19:09:07.424: W/ResourceType(776): No known package when getting name for resource number 0x9c020001
10-11 19:09:07.424: W/View(776): requestLayout() improperly called by com.android.launcher2.BubbleTextView{42546900 VFED..CL ......ID 0,117-117,234 #9c020001} during layout: running second layout pass
10-11 19:09:07.424: W/ResourceType(776): No known package when getting name for resource number 0x9c020101
10-11 19:09:07.424: W/View(776): requestLayout() improperly called by com.android.launcher2.BubbleTextView{42614640 VFED..CL ......ID 160,117-277,234 #9c020101} during layout: running second layout pass
10-11 19:09:07.424: W/ResourceType(776): No known package when getting name for resource number 0x9c020201
10-11 19:09:07.424: W/View(776): requestLayout() improperly called by com.android.launcher2.BubbleTextView{429a6ac0 VFED..CL ......ID 320,117-437,234 #9c020201} during layout: running second layout pass
10-11 19:09:07.424: W/ResourceType(776): No known package when getting name for resource number 0x9c020301
10-11 19:09:07.424: W/View(776): requestLayout() improperly called by com.android.launcher2.BubbleTextView{42a0dff8 VFED..CL ......ID 480,117-597,234 #9c020301} during layout: running second layout pass
10-11 19:09:07.424: W/ResourceType(776): No known package when getting name for resource number 0x9c020401
10-11 19:09:07.424: W/View(776): requestLayout() improperly called by com.android.launcher2.BubbleTextView{424b3408 VFED..CL ......ID 640,117-757,234 #9c020401} during layout: running second layout pass
10-11 19:09:07.424: W/ResourceType(776): No known package when getting name for resource number 0x9c020501
10-11 19:09:07.424: W/View(776): requestLayout() improperly called by com.android.launcher2.BubbleTextView{42064230 VFED..CL ......ID 800,117-917,234 #9c020501} during layout: running second layout pass
10-11 19:09:07.424: W/ResourceType(776): No known package when getting name for resource number 0x9c020002
10-11 19:09:07.424: W/View(776): requestLayout() improperly called by com.android.launcher2.BubbleTextView{421b6838 VFED..CL ......ID 0,234-117,351 #9c020002} during layout: running second layout pass
10-11 19:09:07.424: W/ResourceType(776): No known package when getting name for resource number 0x9c020102
10-11 19:09:07.424: W/View(776): requestLayout() improperly called by com.android.launcher2.BubbleTextView{4257a628 VFED..CL ......ID 160,234-277,351 #9c020102} during layout: running second layout pass
10-11 19:09:07.424: W/ResourceType(776): No known package when getting name for resource number 0x9c020505
10-11 19:09:07.424: W/View(776): requestLayout() improperly called by com.android.launcher2.BubbleTextView{42662448 VFED..CL ......ID 800,585-917,702 #9c020505} during layout: running second layout pass
10-11 19:09:07.474: I/WindowManager(483): Screen frozen for +768ms due to Window{42b579f8 u0 com.android.launcher/com.android.launcher2.Launcher}
10-11 19:09:09.604: D/dalvikvm(483): GC_EXPLICIT freed 522K, 25% free 19623K/26032K, paused 11ms+10ms, total 115ms
10-11 19:09:10.294: I/InputReader(483): Reconfiguring input devices. changes=0x00000004
10-11 19:09:10.294: I/InputReader(483): Device reconfigured: id=2, name='elan-touchscreen', size 800x1280, orientation 0, mode 1, display id 0
10-11 19:09:10.294: I/ActivityManager(483): Config changes=480 {1.0 ?mcc?mnc en_US ldltr sw600dp w600dp h880dp 213dpi lrg port finger -keyb/v/h -nav/h s.8}
10-11 19:09:10.364: D/GeckoApplication(30824): onConfigurationChanged: en_US, background: false
10-11 19:09:10.364: D/GeckoLocales(30824): No selected locale. No correction needed.
10-11 19:09:10.374: D/PhoneStatusBar(585): mSettingsPanelGravity = 8388661
10-11 19:09:10.384: D/dalvikvm(6116): GC_CONCURRENT freed 627K, 12% free 8477K/9604K, paused 4ms+16ms, total 48ms
10-11 19:09:10.594: D/Launcher.Model(776): DbDebug Modify item (Gmail) in db, id: 5 (3, 0, 0, 0) --> (3, 0, 0, 0)
10-11 19:09:10.594: D/Launcher.Model(776): DbDebug Modify item (Maps) in db, id: 7 (3, 0, 1, 0) --> (3, 0, 1, 0)
10-11 19:09:10.594: D/Launcher.Model(776): DbDebug Modify item (Earth) in db, id: 9 (3, 0, 2, 0) --> (3, 0, 2, 0)
10-11 19:09:10.594: D/Launcher.Model(776): DbDebug Modify item (Hangouts) in db, id: 11 (3, 0, 0, 1) --> (3, 0, 0, 1)
10-11 19:09:10.594: D/Launcher.Model(776): DbDebug Modify item (Currents) in db, id: 13 (3, 0, 1, 1) --> (3, 0, 1, 1)
10-11 19:09:10.594: D/Launcher.Model(776): DbDebug Modify item (People) in db, id: 15 (3, 0, 2, 1) --> (3, 0, 2, 1)
10-11 19:09:10.594: D/Launcher.Model(776): DbDebug Modify item (Gallery) in db, id: 17 (3, 0, 0, 2) --> (3, 0, 0, 2)
10-11 19:09:10.594: D/Launcher.Model(776): DbDebug Modify item (Calendar) in db, id: 19 (3, 0, 1, 2) --> (3, 0, 1, 2)
10-11 19:09:10.694: W/ResourceType(776): No known package when getting name for resource number 0x9c020000
10-11 19:09:10.694: W/View(776): requestLayout() improperly called by com.android.launcher2.BubbleTextView{420eb0e8 VFED..CL ......ID 0,0-128,128 #9c020000} during layout: running second layout pass
10-11 19:09:10.694: W/ResourceType(776): No known package when getting name for resource number 0x9c020100
10-11 19:09:10.694: W/View(776): requestLayout() improperly called by com.android.launcher2.BubbleTextView{429a4f68 VFED..CL ......ID 128,0-256,128 #9c020100} during layout: running second layout pass
10-11 19:09:10.694: W/ResourceType(776): No known package when getting name for resource number 0x9c020200
10-11 19:09:10.694: W/View(776): requestLayout() improperly called by com.android.launcher2.BubbleTextView{42660b50 VFED..CL ......ID 256,0-384,128 #9c020200} during layout: running second layout pass
10-11 19:09:10.694: W/ResourceType(776): No known package when getting name for resource number 0x9c020300
10-11 19:09:10.694: W/View(776): requestLayout() improperly called by com.android.launcher2.BubbleTextView{42a30130 VFED..CL ......ID 384,0-512,128 #9c020300} during layout: running second layout pass
10-11 19:09:10.694: W/ResourceType(776): No known package when getting name for resource number 0x9c020400
10-11 19:09:10.694: W/View(776): requestLayout() improperly called by com.android.launcher2.BubbleTextView{42939718 VFED..CL ......ID 512,0-640,128 #9c020400} during layout: running second layout pass
10-11 19:09:10.694: W/ResourceType(776): No known package when getting name for resource number 0x9c020500
10-11 19:09:10.694: W/View(776): requestLayout() improperly called by com.android.launcher2.BubbleTextView{420a7cc0 VFED..CL ......ID 640,0-768,128 #9c020500} during layout: running second layout pass
10-11 19:09:10.694: W/ResourceType(776): No known package when getting name for resource number 0x9c020001
10-11 19:09:10.694: W/View(776): requestLayout() improperly called by com.android.launcher2.BubbleTextView{4295f420 VFED..CL ......ID 0,160-128,288 #9c020001} during layout: running second layout pass
10-11 19:09:10.694: W/ResourceType(776): No known package when getting name for resource number 0x9c020101
10-11 19:09:10.694: W/View(776): requestLayout() improperly called by com.android.launcher2.BubbleTextView{429526c0 VFED..CL ......ID 128,160-256,288 #9c020101} during layout: running second layout pass
10-11 19:09:10.694: W/ResourceType(776): No known package when getting name for resource number 0x9c020201
10-11 19:09:10.694: W/View(776): requestLayout() improperly called by com.android.launcher2.BubbleTextView{426ae7a0 VFED..CL ......ID 256,160-384,288 #9c020201} during layout: running second layout pass
10-11 19:09:10.694: W/ResourceType(776): No known package when getting name for resource number 0x9c020301
10-11 19:09:10.694: W/View(776): requestLayout() improperly called by com.android.launcher2.BubbleTextView{426b2228 VFED..CL ......ID 384,160-512,288 #9c020301} during layout: running second layout pass
10-11 19:09:10.694: W/ResourceType(776): No known package when getting name for resource number 0x9c020401
10-11 19:09:10.694: W/View(776): requestLayout() improperly called by com.android.launcher2.BubbleTextView{4217fb58 VFED..CL ......ID 512,160-640,288 #9c020401} during layout: running second layout pass
10-11 19:09:10.694: W/ResourceType(776): No known package when getting name for resource number 0x9c020501
10-11 19:09:10.694: W/View(776): requestLayout() improperly called by com.android.launcher2.BubbleTextView{425cab00 VFED..CL ......ID 640,160-768,288 #9c020501} during layout: running second layout pass
10-11 19:09:10.694: W/ResourceType(776): No known package when getting name for resource number 0x9c020002
10-11 19:09:10.694: W/View(776): requestLayout() improperly called by com.android.launcher2.BubbleTextView{42a26508 VFED..CL ......ID 0,320-128,448 #9c020002} during layout: running second layout pass
10-11 19:09:10.694: W/ResourceType(776): No known package when getting name for resource number 0x9c020102
10-11 19:09:10.694: W/View(776): requestLayout() improperly called by com.android.launcher2.BubbleTextView{42a29d28 VFED..CL ......ID 128,320-256,448 #9c020102} during layout: running second layout pass
10-11 19:09:10.694: W/ResourceType(776): No known package when getting name for resource number 0x9c020505
10-11 19:09:10.694: W/View(776): requestLayout() improperly called by com.android.launcher2.BubbleTextView{429c3998 VFED..CL ......ID 640,800-768,928 #9c020505} during layout: running second layout pass
10-11 19:09:10.764: I/WindowManager(483): Screen frozen for +518ms due to Window{42844b70 u0 com.android.launcher/com.android.launcher2.Launcher}
10-11 19:09:12.884: D/dalvikvm(483): GC_EXPLICIT freed 118K, 25% free 19582K/26032K, paused 12ms+8ms, total 116ms
10-11 19:09:13.384: D/dalvikvm(585): GC_FOR_ALLOC freed 140K, 17% free 10951K/13116K, paused 26ms, total 26ms
10-11 19:09:13.384: I/dalvikvm-heap(585): Grow heap (frag case) to 10.969MB for 251120-byte allocation
10-11 19:09:13.404: D/dalvikvm(585): GC_FOR_ALLOC freed 235K, 18% free 10961K/13364K, paused 28ms, total 28ms
10-11 19:09:13.464: D/dalvikvm(585): GC_FOR_ALLOC freed 100K, 19% free 10919K/13364K, paused 25ms, total 25ms
10-11 19:09:13.464: I/dalvikvm-heap(585): Grow heap (frag case) to 10.938MB for 251120-byte allocation
10-11 19:09:13.484: D/dalvikvm(585): GC_FOR_ALLOC freed <1K, 18% free 11164K/13612K, paused 24ms, total 24ms
10-11 19:09:13.484: I/ActivityManager(483): START u0 {act=com.android.systemui.recent.action.TOGGLE_RECENTS flg=0x10800000 cmp=com.android.systemui/.recent.RecentsActivity} from pid 585
10-11 19:09:13.584: D/dalvikvm(483): GC_FOR_ALLOC freed 276K, 25% free 19572K/26032K, paused 84ms, total 84ms
10-11 19:09:13.664: W/ResourceType(483): Skipping entry 0x7f05000c in package table 0 because it is not complex!
10-11 19:09:13.664: W/ResourceType(483): Skipping entry 0x7f05000d in package table 0 because it is not complex!
10-11 19:09:14.004: D/dalvikvm(1808): GC_CONCURRENT freed 458K, 59% free 9563K/23036K, paused 10ms+3ms, total 37ms
