10-11 18:10:43.671: D/ChildProcessLauncher(5152): stopping child connection: pid=32137
10-11 18:10:43.671: D/ChildProcessLauncher(5152): Allocator freed a connection, sandbox: true, slot: 6
10-11 18:11:00.101: D/dalvikvm(585): GC_CONCURRENT freed 1092K, 19% free 10373K/12784K, paused 8ms+16ms, total 94ms
10-11 18:11:20.481: D/dalvikvm(1808): GC_CONCURRENT freed 651K, 59% free 9535K/23036K, paused 20ms+6ms, total 79ms
10-11 18:11:51.141: D/dalvikvm(26421): GC_CONCURRENT freed 58K, 39% free 15270K/24972K, paused 2ms+3ms, total 26ms
10-11 18:11:51.141: D/dalvikvm(26421): WAIT_FOR_CONCURRENT_GC blocked 13ms
10-11 18:11:52.271: D/dalvikvm(3149): GC_CONCURRENT freed 582K, 7% free 9422K/10076K, paused 3ms+3ms, total 40ms
10-11 18:11:52.271: D/dalvikvm(3149): WAIT_FOR_CONCURRENT_GC blocked 21ms
10-11 18:11:52.301: D/libgps(483): proxy_gps_inject_location()
10-11 18:11:52.931: I/GLSUser(3124): [i] extracting token using key:Auth
10-11 18:11:52.961: W/GLSUser(3124): [i][i] Permission for com.google.android.apps.plus to access oauth2:https://www.googleapis.com/auth/plus.me https://www.googleapis.com/auth/plus.stream.read https://www.googleapis.com/auth/plus.stream.write https://www.googleapis.com/auth/plus.circles.write https://www.googleapis.com/auth/plus.circles.read https://www.googleapis.com/auth/plus.photos.readwrite https://www.googleapis.com/auth/plus.native will be managed locally.
10-11 18:11:54.311: D/dalvikvm(26421): GC_CONCURRENT freed 238K, 30% free 17539K/24972K, paused 4ms+3ms, total 33ms
10-11 18:11:54.311: D/dalvikvm(26421): WAIT_FOR_CONCURRENT_GC blocked 21ms
10-11 18:11:54.491: D/dalvikvm(26421): GC_CONCURRENT freed 77K, 17% free 20726K/24972K, paused 3ms+12ms, total 43ms
10-11 18:12:43.761: I/PowerManagerService(483): Going to sleep due to screen timeout...
10-11 18:12:44.201: D/SurfaceFlinger(122): Screen released, type=0 flinger=0x410f5450
10-11 18:12:44.201: D/hwcomposer(122): hwc_blank: display 0: blank
10-11 18:12:44.201: D/hwcomposer(122): hwc_blank_display: display 0: [0 -> 1]
10-11 18:12:44.201: D/hwcomposer(122): hwc_blank_display: releasing buffer 0x22
10-11 18:12:44.201: D/hwcomposer(122): dc_blank: display 0, [0 -> 1]
10-11 18:12:44.271: E/Sensors(483): HAL:ERR Full data packet was not read
10-11 18:12:44.271: I/MPL-storeload(483): mpl state size = 5584
10-11 18:12:44.271: E/MPL-storeload(483): calData from inv_save_mpl_states, size=2
10-11 18:12:44.271: I/MPL-storeload(483): cal data size to write = 5584
10-11 18:12:44.271: I/MPL-storeload(483): Bytes written = 5584
10-11 18:12:47.348: D/hwcomposer(122): hotplug_thread: processing control fd
10-11 18:12:47.348: I/hwcomposer(122): hotplug: connected = 0
10-11 18:12:47.358: I/PowerManagerService(483): Waking up from sleep...
10-11 18:12:47.438: V/KeyguardServiceDelegate(483): onScreenTurnedOn(showListener = com.android.internal.policy.impl.PhoneWindowManager$17@43152bf8)
10-11 18:12:47.438: V/KeyguardServiceDelegate(483): **** SHOWN CALLED ****
10-11 18:12:47.438: I/WindowManager(483): No lock screen! windowToken=null
10-11 18:12:47.448: D/DisplayPowerController(483): Unblocked screen on after 109696057 ms
10-11 18:12:47.648: D/PowerManagerService-JNI(483): Excessive delay in autosuspend_disable() while turning screen on: 263ms
10-11 18:12:47.648: D/SurfaceFlinger(122): Screen acquired, type=0 flinger=0x410f5450
10-11 18:12:47.648: D/hwcomposer(122): hwc_blank: display 0: unblank
10-11 18:12:47.648: D/hwcomposer(122): hwc_blank_display: display 0: [1 -> 0]
10-11 18:12:47.648: D/hwcomposer(122): Display 0 is 800 x 1280
10-11 18:12:47.648: D/hwcomposer(122): dc_blank: display 0, [1 -> 0]
10-11 18:14:36.318: D/GCM(3124): Message class com.google.e.a.a.h
10-11 18:14:36.328: D/dalvikvm(1808): GC_CONCURRENT freed 542K, 59% free 9639K/23036K, paused 13ms+2ms, total 80ms
10-11 18:14:36.328: D/dalvikvm(1808): WAIT_FOR_CONCURRENT_GC blocked 30ms
10-11 18:14:36.818: D/ConnectivityService(483): handleInetConditionHoldEnd: net=1, condition=100, published condition=100
10-11 18:14:42.448: D/dalvikvm(483): GC_FOR_ALLOC freed 1524K, 25% free 19630K/26032K, paused 86ms, total 86ms
10-11 18:14:42.528: D/dalvikvm(483): GC_FOR_ALLOC freed 298K, 25% free 19577K/26032K, paused 78ms, total 78ms
10-11 18:14:42.598: D/dalvikvm(6116): GC_CONCURRENT freed 303K, 10% free 8476K/9348K, paused 3ms+4ms, total 41ms
10-11 18:14:44.958: I/ActivityManager(483): START u0 {cmp=org.adblockplus.android/.ProxyConfigurationActivity (has extras)} from pid 6116
10-11 18:14:45.038: D/dalvikvm(483): GC_FOR_ALLOC freed 271K, 25% free 19581K/26032K, paused 82ms, total 83ms
10-11 18:14:45.118: D/dalvikvm(483): GC_FOR_ALLOC freed 255K, 25% free 19572K/26032K, paused 75ms, total 75ms
10-11 18:14:45.238: I/ActivityManager(483): Displayed org.adblockplus.android/.ProxyConfigurationActivity: +110ms (total +5m2s496ms)
10-11 18:15:00.038: I/ProcessStatsService(483): Prepared write state in 28ms
10-11 18:15:00.068: I/ProcessStatsService(483): Prepared write state in 21ms
10-11 18:15:32.938: I/ActivityManager(483): START u0 {act=android.intent.action.VIEW dat=https://adblockplus.org cmp=com.android.chrome/com.google.android.apps.chrome.Main (has extras)} from pid 6116
10-11 18:15:33.018: D/dalvikvm(483): GC_FOR_ALLOC freed 464K, 25% free 19585K/26032K, paused 76ms, total 77ms
10-11 18:15:33.098: D/dalvikvm(483): GC_FOR_ALLOC freed 253K, 25% free 19578K/26032K, paused 74ms, total 74ms
10-11 18:15:33.168: I/ActivityManager(483): START u0 {act=android.intent.action.VIEW dat=https://adblockplus.org flg=0x14000000 cmp=com.android.chrome/com.google.android.apps.chrome.ChromeTabbedActivity (has extras)} from pid 5152
10-11 18:15:33.168: W/ActivityManager(483): Duplicate finish request for ActivityRecord{42046d68 u0 com.android.chrome/com.google.android.apps.chrome.Main t7 f}
10-11 18:15:33.368: D/ChildProcessLauncher(5152): Allocator allocated a connection, sandbox: true, slot: 7
10-11 18:15:33.388: D/ChildProcessLauncher(5152): Setting up connection to process: slot=7
10-11 18:15:33.388: I/ActivityManager(483): Start proc com.android.chrome:sandboxed_process7 for service com.android.chrome/org.chromium.content.app.SandboxedProcessService7: pid=32330 uid=99027 gids={}
10-11 18:15:33.508: I/ChildProcessService(32330): Creating new ChildProcessService pid=32330
10-11 18:15:33.518: D/dalvikvm(32330): Trying to load lib /data/app-lib/com.android.chrome-1/libchromium_android_linker.so 0x4201f3f0
10-11 18:15:33.518: D/dalvikvm(32330): Added shared lib /data/app-lib/com.android.chrome-1/libchromium_android_linker.so 0x4201f3f0
10-11 18:15:33.538: I/LibraryLoader(32330): Loading: chromium_android_linker
10-11 18:15:33.538: I/LibraryLoader(32330): Loading: chrome.2125.102
10-11 18:15:33.778: D/ChildProcessLauncher(5152): on connect callback, pid=32330 context=1780102384
10-11 18:15:33.798: E/GoogleApiIcingClientImpl(5152): NoSuchMethodException while trying to construct DocumentContents
10-11 18:15:33.888: I/LibraryLoader(32330): Time to load native libraries: 347 ms (timestamps 412-759)
10-11 18:15:33.888: I/LibraryLoader(32330): Expected native library version number "38.0.2125.102",actual native library version number "38.0.2125.102"
10-11 18:15:33.888: I/chromium(32330): [INFO:library_loader_hooks.cc(104)] Chromium logging enabled: level = 0, default verbosity = 0
10-11 18:15:34.668: E/GoogleApiIcingClientImpl(5152): NoSuchMethodException while trying to construct DocumentContents
10-11 18:15:34.698: E/GoogleApiIcingClientImpl(5152): NoSuchMethodException while trying to construct DocumentContents
10-11 18:15:34.768: E/GoogleApiIcingClientImpl(5152): NoSuchMethodException while trying to construct DocumentContents
10-11 18:15:34.798: E/GoogleApiIcingClientImpl(5152): NoSuchMethodException while trying to construct DocumentContents
10-11 18:15:34.828: D/dalvikvm(3124): GC_CONCURRENT freed 551K, 8% free 9447K/10176K, paused 34ms+9ms, total 119ms
10-11 18:15:35.098: I/chromium(32330): [INFO:SkUtilsArm.cpp(179)] Device supports ARM NEON instructions!
10-11 18:15:36.988: I/ActivityManager(483): moveTaskToBack: 7
10-11 18:15:37.148: D/dalvikvm(483): GC_FOR_ALLOC freed 385K, 25% free 19619K/26032K, paused 141ms, total 141ms
10-11 18:15:37.308: D/dalvikvm(483): GC_FOR_ALLOC freed 280K, 25% free 19584K/26032K, paused 148ms, total 149ms
10-11 18:15:37.398: W/IInputConnectionWrapper(5152): showStatusIcon on inactive InputConnection
10-11 18:15:37.818: W/ScreenOrientationListener(5152): Removing an inexistent observer!
10-11 18:15:37.838: I/ActivityManager(483): Process com.android.chrome:sandboxed_process7 (pid 32330) has died.
10-11 18:15:37.838: W/ActivityManager(483): Scheduling restart of crashed service com.android.chrome/org.chromium.content.app.SandboxedProcessService7 in 1000ms
10-11 18:15:37.878: I/chromium(5152): [INFO:child_process_launcher.cc(395)] ChromeProcess: Stopping process with handle 32330
10-11 18:15:37.878: D/ChildProcessLauncher(5152): stopping child connection: pid=32330
10-11 18:15:37.878: E/chromium(5152): [ERROR:channel.cc(316)] RawChannel read error (connection broken)
10-11 18:15:37.878: D/ChildProcessLauncher(5152): Allocator freed a connection, sandbox: true, slot: 7
10-11 18:15:37.878: W/ChildProcessConnection(5152): onServiceDisconnected (crash or killed by oom): pid=32330
10-11 18:15:37.878: D/ChildProcessLauncher(5152): stopping child connection: pid=32330
10-11 18:15:37.878: W/ChildProcessLauncher(5152): Tried to stop non-existent connection, pid=32330
10-11 18:15:38.128: D/DelayedSyncController(5152): No delayed sync.
10-11 18:16:01.038: D/dalvikvm(1808): GC_CONCURRENT freed 663K, 59% free 9528K/23036K, paused 10ms+4ms, total 46ms
10-11 18:16:04.488: I/ActivityManager(483): START u0 {act=android.intent.action.VIEW dat=https://adblockplus.org cmp=com.android.chrome/com.google.android.apps.chrome.Main (has extras)} from pid 6116
10-11 18:16:04.578: D/dalvikvm(483): GC_FOR_ALLOC freed 407K, 25% free 19596K/26032K, paused 84ms, total 85ms
10-11 18:16:04.658: D/dalvikvm(483): GC_FOR_ALLOC freed 261K, 25% free 19580K/26032K, paused 77ms, total 77ms
10-11 18:16:04.698: I/ActivityManager(483): START u0 {act=android.intent.action.VIEW dat=https://adblockplus.org flg=0x14000000 cmp=com.android.chrome/com.google.android.apps.chrome.ChromeTabbedActivity (has extras)} from pid 5152
10-11 18:16:04.708: W/ActivityManager(483): Duplicate finish request for ActivityRecord{426cea48 u0 com.android.chrome/com.google.android.apps.chrome.Main t7 f}
10-11 18:16:04.958: D/ChildProcessLauncher(5152): Allocator allocated a connection, sandbox: true, slot: 8
10-11 18:16:04.978: D/ChildProcessLauncher(5152): Setting up connection to process: slot=8
10-11 18:16:04.978: I/ActivityManager(483): Start proc com.android.chrome:sandboxed_process8 for service com.android.chrome/org.chromium.content.app.SandboxedProcessService8: pid=32391 uid=99028 gids={}
10-11 18:16:05.108: I/ChildProcessService(32391): Creating new ChildProcessService pid=32391
10-11 18:16:05.108: D/dalvikvm(32391): Trying to load lib /data/app-lib/com.android.chrome-1/libchromium_android_linker.so 0x42020190
10-11 18:16:05.118: D/dalvikvm(32391): Added shared lib /data/app-lib/com.android.chrome-1/libchromium_android_linker.so 0x42020190
10-11 18:16:05.178: I/LibraryLoader(32391): Loading: chromium_android_linker
10-11 18:16:05.178: I/LibraryLoader(32391): Loading: chrome.2125.102
10-11 18:16:05.338: D/ChildProcessLauncher(5152): on connect callback, pid=32391 context=1757715768
10-11 18:16:05.358: I/LibraryLoader(32391): Time to load native libraries: 175 ms (timestamps 2055-2230)
10-11 18:16:05.358: I/LibraryLoader(32391): Expected native library version number "38.0.2125.102",actual native library version number "38.0.2125.102"
10-11 18:16:05.358: I/chromium(32391): [INFO:library_loader_hooks.cc(104)] Chromium logging enabled: level = 0, default verbosity = 0
10-11 18:16:05.398: E/GoogleApiIcingClientImpl(5152): NoSuchMethodException while trying to construct DocumentContents
10-11 18:16:05.758: E/GoogleApiIcingClientImpl(5152): NoSuchMethodException while trying to construct DocumentContents
10-11 18:16:05.788: E/GoogleApiIcingClientImpl(5152): NoSuchMethodException while trying to construct DocumentContents
10-11 18:16:05.808: E/GoogleApiIcingClientImpl(5152): NoSuchMethodException while trying to construct DocumentContents
10-11 18:16:05.838: D/dalvikvm(5152): GC_CONCURRENT freed 5398K, 37% free 9734K/15436K, paused 2ms+5ms, total 52ms
10-11 18:16:05.848: E/GoogleApiIcingClientImpl(5152): NoSuchMethodException while trying to construct DocumentContents
10-11 18:16:06.028: I/chromium(32391): [INFO:SkUtilsArm.cpp(179)] Device supports ARM NEON instructions!
10-11 18:16:06.198: I/Icing(3162): Indexing 0CF4DD156EB38BE0AD36F4A41E71D284436EED73 from com.android.chrome
10-11 18:16:06.368: I/Icing(3162): Indexing done 0CF4DD156EB38BE0AD36F4A41E71D284436EED73
10-11 18:16:07.438: I/ActivityManager(483): moveTaskToBack: 7
10-11 18:16:07.538: D/dalvikvm(483): GC_FOR_ALLOC freed 404K, 25% free 19625K/26032K, paused 89ms, total 89ms
10-11 18:16:07.678: D/dalvikvm(483): GC_FOR_ALLOC freed 267K, 25% free 19604K/26032K, paused 127ms, total 127ms
10-11 18:16:07.778: W/IInputConnectionWrapper(5152): showStatusIcon on inactive InputConnection
10-11 18:16:08.188: W/ScreenOrientationListener(5152): Removing an inexistent observer!
10-11 18:16:08.208: I/ActivityManager(483): Process com.android.chrome:sandboxed_process8 (pid 32391) has died.
10-11 18:16:08.208: W/ActivityManager(483): Scheduling restart of crashed service com.android.chrome/org.chromium.content.app.SandboxedProcessService8 in 1000ms
10-11 18:16:08.278: I/chromium(5152): [INFO:child_process_launcher.cc(395)] ChromeProcess: Stopping process with handle 32391
10-11 18:16:08.278: D/ChildProcessLauncher(5152): stopping child connection: pid=32391
10-11 18:16:08.288: D/ChildProcessLauncher(5152): Allocator freed a connection, sandbox: true, slot: 8
10-11 18:16:08.288: W/ChildProcessConnection(5152): onServiceDisconnected (crash or killed by oom): pid=32391
10-11 18:16:08.288: D/ChildProcessLauncher(5152): stopping child connection: pid=32391
10-11 18:16:08.288: W/ChildProcessLauncher(5152): Tried to stop non-existent connection, pid=32391
10-11 18:16:08.318: I/Icing(3162): Usage reports 2 indexed 0 rejected 0 denied 0 imm upload false
10-11 18:16:10.288: D/dalvikvm(483): GC_FOR_ALLOC freed 297K, 25% free 19623K/26032K, paused 78ms, total 78ms
10-11 18:16:10.368: D/dalvikvm(483): GC_FOR_ALLOC freed 259K, 25% free 19608K/26032K, paused 78ms, total 78ms
10-11 18:16:10.508: D/dalvikvm(6116): GC_CONCURRENT freed 544K, 11% free 8348K/9348K, paused 4ms+11ms, total 42ms
10-11 18:16:11.608: I/ActivityManager(483): START u0 {cmp=org.adblockplus.android/.ProxyConfigurationActivity (has extras)} from pid 6116
10-11 18:16:11.688: D/dalvikvm(483): GC_FOR_ALLOC freed 262K, 25% free 19618K/26032K, paused 79ms, total 80ms
10-11 18:16:11.768: D/dalvikvm(483): GC_FOR_ALLOC freed 256K, 25% free 19607K/26032K, paused 77ms, total 77ms
10-11 18:16:11.898: I/ActivityManager(483): Displayed org.adblockplus.android/.ProxyConfigurationActivity: +123ms (total +38s792ms)
10-11 18:16:12.178: I/ActivityManager(483): START u0 {act=android.settings.WIFI_SETTINGS cmp=com.android.settings/.Settings$WifiSettingsActivity} from pid 6116
10-11 18:16:12.288: D/dalvikvm(483): GC_FOR_ALLOC freed 265K, 25% free 19663K/26032K, paused 78ms, total 78ms
10-11 18:16:12.368: D/dalvikvm(483): GC_FOR_ALLOC freed 254K, 25% free 19660K/26032K, paused 79ms, total 79ms
10-11 18:16:12.778: I/ActivityManager(483): Displayed com.android.settings/.Settings$WifiSettingsActivity: +374ms
10-11 18:16:13.708: D/dalvikvm(483): GC_FOR_ALLOC freed 428K, 25% free 19691K/26032K, paused 81ms, total 81ms
10-11 18:16:13.808: D/dalvikvm(483): GC_FOR_ALLOC freed 321K, 25% free 19615K/26032K, paused 87ms, total 87ms
10-11 18:16:13.898: W/InputMethodManagerService(483): Starting input on non-focused client com.android.internal.view.IInputMethodClient$Stub$Proxy@42deb058 (uid=1000 pid=5016)
10-11 18:16:15.728: I/ActivityManager(483): START u0 {cmp=org.adblockplus.android/.ProxyConfigurationActivity (has extras)} from pid 6116
10-11 18:16:15.808: D/dalvikvm(483): GC_FOR_ALLOC freed 294K, 25% free 19617K/26032K, paused 76ms, total 77ms
10-11 18:16:15.888: D/dalvikvm(483): GC_FOR_ALLOC freed 258K, 25% free 19604K/26032K, paused 76ms, total 76ms
10-11 18:16:15.978: D/dalvikvm(6116): GC_CONCURRENT freed 409K, 11% free 8399K/9348K, paused 4ms+8ms, total 41ms
10-11 18:16:16.048: I/ActivityManager(483): Displayed org.adblockplus.android/.ProxyConfigurationActivity: +151ms
10-11 18:16:16.618: I/ActivityManager(483): START u0 {act=android.intent.action.VIEW dat=https://adblockplus.org cmp=com.android.chrome/com.google.android.apps.chrome.Main (has extras)} from pid 6116
10-11 18:16:16.698: D/dalvikvm(483): GC_FOR_ALLOC freed 304K, 25% free 19613K/26032K, paused 76ms, total 77ms
10-11 18:16:16.778: D/dalvikvm(483): GC_FOR_ALLOC freed 251K, 25% free 19608K/26032K, paused 78ms, total 78ms
10-11 18:16:16.838: I/ActivityManager(483): START u0 {act=android.intent.action.VIEW dat=https://adblockplus.org flg=0x14000000 cmp=com.android.chrome/com.google.android.apps.chrome.ChromeTabbedActivity (has extras)} from pid 5152
10-11 18:16:16.838: W/ActivityManager(483): Duplicate finish request for ActivityRecord{42849ec8 u0 com.android.chrome/com.google.android.apps.chrome.Main t7 f}
10-11 18:16:17.098: D/dalvikvm(1808): GC_CONCURRENT freed 483K, 59% free 9636K/23036K, paused 5ms+4ms, total 66ms
10-11 18:16:17.158: D/ChildProcessLauncher(5152): Allocator allocated a connection, sandbox: true, slot: 9
10-11 18:16:17.178: I/ActivityManager(483): Start proc com.android.chrome:sandboxed_process9 for service com.android.chrome/org.chromium.content.app.SandboxedProcessService9: pid=32464 uid=99029 gids={}
10-11 18:16:17.188: D/ChildProcessLauncher(5152): Setting up connection to process: slot=9
10-11 18:16:17.288: I/ChildProcessService(32464): Creating new ChildProcessService pid=32464
10-11 18:16:17.288: D/dalvikvm(32464): Trying to load lib /data/app-lib/com.android.chrome-1/libchromium_android_linker.so 0x42020f20
10-11 18:16:17.288: D/dalvikvm(32464): Added shared lib /data/app-lib/com.android.chrome-1/libchromium_android_linker.so 0x42020f20
10-11 18:16:17.308: I/LibraryLoader(32464): Loading: chromium_android_linker
10-11 18:16:17.308: I/LibraryLoader(32464): Loading: chrome.2125.102
10-11 18:16:17.468: D/dalvikvm(5152): GC_CONCURRENT freed 598K, 36% free 9729K/15052K, paused 13ms+4ms, total 57ms
10-11 18:16:17.578: D/ChildProcessLauncher(5152): on connect callback, pid=32464 context=1780919720
10-11 18:16:17.598: E/GoogleApiIcingClientImpl(5152): NoSuchMethodException while trying to construct DocumentContents
10-11 18:16:17.628: I/LibraryLoader(32464): Time to load native libraries: 321 ms (timestamps 4182-4503)
10-11 18:16:17.628: I/LibraryLoader(32464): Expected native library version number "38.0.2125.102",actual native library version number "38.0.2125.102"
10-11 18:16:17.628: I/chromium(32464): [INFO:library_loader_hooks.cc(104)] Chromium logging enabled: level = 0, default verbosity = 0
10-11 18:16:18.018: E/GoogleApiIcingClientImpl(5152): NoSuchMethodException while trying to construct DocumentContents
10-11 18:16:18.048: E/GoogleApiIcingClientImpl(5152): NoSuchMethodException while trying to construct DocumentContents
10-11 18:16:18.088: E/GoogleApiIcingClientImpl(5152): NoSuchMethodException while trying to construct DocumentContents
10-11 18:16:18.128: E/GoogleApiIcingClientImpl(5152): NoSuchMethodException while trying to construct DocumentContents
10-11 18:16:18.138: D/dalvikvm(3162): GC_CONCURRENT freed 763K, 8% free 10065K/10868K, paused 4ms+9ms, total 78ms
10-11 18:16:18.328: I/chromium(32464): [INFO:SkUtilsArm.cpp(179)] Device supports ARM NEON instructions!
10-11 18:16:19.098: D/dalvikvm(585): GC_CONCURRENT freed 584K, 18% free 10597K/12784K, paused 4ms+10ms, total 48ms
10-11 18:16:19.168: I/ActivityManager(483): moveTaskToBack: 7
10-11 18:16:19.268: D/dalvikvm(483): GC_FOR_ALLOC freed 373K, 25% free 19647K/26032K, paused 92ms, total 92ms
10-11 18:16:19.388: D/dalvikvm(483): GC_FOR_ALLOC freed 283K, 25% free 19610K/26032K, paused 114ms, total 114ms
10-11 18:16:19.758: W/IInputConnectionWrapper(5152): showStatusIcon on inactive InputConnection
10-11 18:16:19.898: W/ScreenOrientationListener(5152): Removing an inexistent observer!
10-11 18:16:19.918: I/ActivityManager(483): Process com.android.chrome:sandboxed_process9 (pid 32464) has died.
10-11 18:16:19.918: W/ActivityManager(483): Scheduling restart of crashed service com.android.chrome/org.chromium.content.app.SandboxedProcessService9 in 1000ms
10-11 18:16:19.948: I/chromium(5152): [INFO:child_process_launcher.cc(395)] ChromeProcess: Stopping process with handle 32464
10-11 18:16:19.948: D/ChildProcessLauncher(5152): stopping child connection: pid=32464
10-11 18:16:19.948: D/ChildProcessLauncher(5152): Allocator freed a connection, sandbox: true, slot: 9
10-11 18:16:19.948: W/ChildProcessConnection(5152): onServiceDisconnected (crash or killed by oom): pid=32464
10-11 18:16:19.948: D/ChildProcessLauncher(5152): stopping child connection: pid=32464
10-11 18:16:19.948: W/ChildProcessLauncher(5152): Tried to stop non-existent connection, pid=32464
10-11 18:16:21.198: I/ActivityManager(483): START u0 {cmp=org.adblockplus.android/.ProxyConfigurationActivity (has extras)} from pid 6116
10-11 18:16:21.278: D/dalvikvm(483): GC_FOR_ALLOC freed 288K, 25% free 19623K/26032K, paused 80ms, total 81ms
10-11 18:16:21.368: D/dalvikvm(483): GC_FOR_ALLOC freed 261K, 25% free 19608K/26032K, paused 78ms, total 79ms
10-11 18:16:21.478: I/ActivityManager(483): Displayed org.adblockplus.android/.ProxyConfigurationActivity: +109ms (total +4s694ms)
10-11 18:16:23.178: D/dalvikvm(483): GC_FOR_ALLOC freed 259K, 25% free 19615K/26032K, paused 79ms, total 79ms
10-11 18:16:23.258: D/dalvikvm(483): GC_FOR_ALLOC freed 250K, 25% free 19610K/26032K, paused 78ms, total 78ms
10-11 18:16:23.308: D/dalvikvm(6116): GC_CONCURRENT freed 418K, 11% free 8376K/9348K, paused 1ms+7ms, total 30ms
10-11 18:16:24.208: I/ActivityManager(483): START u0 {cmp=org.adblockplus.android/.ProxyConfigurationActivity (has extras)} from pid 6116
10-11 18:16:24.288: D/dalvikvm(483): GC_FOR_ALLOC freed 262K, 25% free 19619K/26032K, paused 78ms, total 78ms
10-11 18:16:24.368: D/dalvikvm(483): GC_FOR_ALLOC freed 253K, 25% free 19611K/26032K, paused 77ms, total 78ms
10-11 18:16:24.498: I/ActivityManager(483): Displayed org.adblockplus.android/.ProxyConfigurationActivity: +121ms
10-11 18:16:25.488: I/ActivityManager(483): START u0 {act=android.intent.action.VIEW dat=https://adblockplus.org cmp=com.android.chrome/com.google.android.apps.chrome.Main (has extras)} from pid 6116
10-11 18:16:25.578: D/dalvikvm(483): GC_FOR_ALLOC freed 304K, 25% free 19620K/26032K, paused 84ms, total 84ms
10-11 18:16:25.658: D/dalvikvm(483): GC_FOR_ALLOC freed 250K, 25% free 19615K/26032K, paused 78ms, total 78ms
10-11 18:16:25.728: I/ActivityManager(483): START u0 {act=android.intent.action.VIEW dat=https://adblockplus.org flg=0x14000000 cmp=com.android.chrome/com.google.android.apps.chrome.ChromeTabbedActivity (has extras)} from pid 5152
10-11 18:16:25.728: W/ActivityManager(483): Duplicate finish request for ActivityRecord{42956840 u0 com.android.chrome/com.google.android.apps.chrome.Main t7 f}
10-11 18:16:25.848: D/ChildProcessLauncher(5152): Allocator allocated a connection, sandbox: true, slot: 10
10-11 18:16:25.868: I/ActivityManager(483): Start proc com.android.chrome:sandboxed_process10 for service com.android.chrome/org.chromium.content.app.SandboxedProcessService10: pid=32527 uid=99030 gids={}
10-11 18:16:25.878: D/ChildProcessLauncher(5152): Setting up connection to process: slot=10
10-11 18:16:25.958: I/ChildProcessService(32527): Creating new ChildProcessService pid=32527
10-11 18:16:25.968: D/dalvikvm(32527): Trying to load lib /data/app-lib/com.android.chrome-1/libchromium_android_linker.so 0x42021cc8
10-11 18:16:25.968: D/dalvikvm(32527): Added shared lib /data/app-lib/com.android.chrome-1/libchromium_android_linker.so 0x42021cc8
10-11 18:16:25.988: D/dalvikvm(5152): GC_CONCURRENT freed 634K, 36% free 9723K/15052K, paused 34ms+5ms, total 96ms
10-11 18:16:25.998: I/LibraryLoader(32527): Loading: chromium_android_linker
10-11 18:16:25.998: I/LibraryLoader(32527): Loading: chrome.2125.102
10-11 18:16:26.078: D/ChildProcessLauncher(5152): on connect callback, pid=32527 context=1783383992
10-11 18:16:26.088: E/GoogleApiIcingClientImpl(5152): NoSuchMethodException while trying to construct DocumentContents
10-11 18:16:26.108: I/LibraryLoader(32527): Time to load native libraries: 104 ms (timestamps 2876-2980)
10-11 18:16:26.108: I/LibraryLoader(32527): Expected native library version number "38.0.2125.102",actual native library version number "38.0.2125.102"
10-11 18:16:26.108: I/chromium(32527): [INFO:library_loader_hooks.cc(104)] Chromium logging enabled: level = 0, default verbosity = 0
10-11 18:16:26.438: E/GoogleApiIcingClientImpl(5152): NoSuchMethodException while trying to construct DocumentContents
10-11 18:16:26.488: E/GoogleApiIcingClientImpl(5152): NoSuchMethodException while trying to construct DocumentContents
10-11 18:16:26.558: E/GoogleApiIcingClientImpl(5152): NoSuchMethodException while trying to construct DocumentContents
10-11 18:16:26.668: E/GoogleApiIcingClientImpl(5152): NoSuchMethodException while trying to construct DocumentContents
10-11 18:16:26.788: I/chromium(32527): [INFO:SkUtilsArm.cpp(179)] Device supports ARM NEON instructions!
10-11 18:16:26.808: V/DeadZone(585): consuming errant click: (85.0,15.606079)
10-11 18:16:29.918: D/dalvikvm(5152): GC_FOR_ALLOC freed 523K, 36% free 9706K/15052K, paused 27ms, total 27ms
10-11 18:16:29.918: I/dalvikvm-heap(5152): Grow heap (frag case) to 12.701MB for 3344016-byte allocation
10-11 18:16:29.948: D/dalvikvm(5152): GC_CONCURRENT freed 1K, 14% free 12970K/15052K, paused 3ms+2ms, total 26ms
10-11 18:16:29.948: D/dalvikvm(5152): WAIT_FOR_CONCURRENT_GC blocked 23ms
10-11 18:16:29.948: D/dalvikvm(5152): WAIT_FOR_CONCURRENT_GC blocked 25ms
10-11 18:16:29.978: D/dalvikvm(5152): GC_FOR_ALLOC freed 12K, 14% free 12958K/15052K, paused 22ms, total 22ms
10-11 18:16:29.978: I/dalvikvm-heap(5152): Grow heap (frag case) to 13.063MB for 394016-byte allocation
10-11 18:16:30.008: D/dalvikvm(5152): GC_FOR_ALLOC freed 0K, 14% free 13343K/15440K, paused 25ms, total 25ms
10-11 18:16:30.688: D/DelayedSyncController(5152): No delayed sync.
10-11 18:16:30.808: I/ActivityManager(483): moveTaskToBack: 7
10-11 18:16:30.898: D/dalvikvm(483): GC_FOR_ALLOC freed 392K, 25% free 19657K/26032K, paused 80ms, total 80ms
10-11 18:16:30.978: D/dalvikvm(483): GC_FOR_ALLOC freed 265K, 25% free 19638K/26032K, paused 79ms, total 79ms
10-11 18:16:31.058: W/IInputConnectionWrapper(5152): showStatusIcon on inactive InputConnection
10-11 18:16:31.488: W/ScreenOrientationListener(5152): Removing an inexistent observer!
10-11 18:16:31.528: I/chromium(5152): [INFO:child_process_launcher.cc(395)] ChromeProcess: Stopping process with handle 32527
10-11 18:16:31.528: D/ChildProcessLauncher(5152): stopping child connection: pid=32527
10-11 18:16:31.538: I/ActivityManager(483): Process com.android.chrome:sandboxed_process10 (pid 32527) has died.
10-11 18:16:31.538: W/ActivityManager(483): Scheduling restart of crashed service com.android.chrome/org.chromium.content.app.SandboxedProcessService10 in 1000ms
10-11 18:16:31.548: D/ChildProcessLauncher(5152): Allocator freed a connection, sandbox: true, slot: 10
10-11 18:16:32.488: D/dalvikvm(483): GC_FOR_ALLOC freed 271K, 25% free 19645K/26032K, paused 87ms, total 87ms
10-11 18:16:32.568: D/dalvikvm(483): GC_FOR_ALLOC freed 259K, 25% free 19631K/26032K, paused 77ms, total 78ms
10-11 18:16:32.658: D/dalvikvm(6116): GC_CONCURRENT freed 395K, 11% free 8376K/9348K, paused 3ms+4ms, total 40ms
10-11 18:16:33.678: I/ActivityManager(483): START u0 {cmp=org.adblockplus.android/.ProxyConfigurationActivity (has extras)} from pid 6116
10-11 18:16:33.758: D/dalvikvm(483): GC_FOR_ALLOC freed 262K, 25% free 19640K/26032K, paused 78ms, total 78ms
10-11 18:16:33.838: D/dalvikvm(483): GC_FOR_ALLOC freed 256K, 25% free 19630K/26032K, paused 77ms, total 78ms
10-11 18:16:33.968: I/ActivityManager(483): Displayed org.adblockplus.android/.ProxyConfigurationActivity: +123ms (total +8s305ms)
10-11 18:16:35.008: D/dalvikvm(483): GC_FOR_ALLOC freed 258K, 25% free 19637K/26032K, paused 82ms, total 82ms
10-11 18:16:35.098: D/dalvikvm(483): GC_FOR_ALLOC freed 249K, 25% free 19632K/26032K, paused 81ms, total 82ms
10-11 18:16:35.308: D/dalvikvm(6116): GC_CONCURRENT freed 396K, 11% free 8381K/9348K, paused 2ms+7ms, total 72ms
10-11 18:16:36.128: D/libgps(483): proxy_gps_inject_location()
10-11 18:16:36.348: I/ActivityManager(483): START u0 {cmp=org.adblockplus.android/.ProxyConfigurationActivity (has extras)} from pid 6116
10-11 18:16:36.438: D/dalvikvm(483): GC_FOR_ALLOC freed 505K, 25% free 19643K/26032K, paused 80ms, total 80ms
10-11 18:16:36.518: D/dalvikvm(483): GC_FOR_ALLOC freed 261K, 25% free 19628K/26032K, paused 77ms, total 78ms
10-11 18:16:36.658: I/ActivityManager(483): Displayed org.adblockplus.android/.ProxyConfigurationActivity: +134ms
10-11 18:16:36.808: I/Icing(3162): Indexing 0CF4DD156EB38BE0AD36F4A41E71D284436EED73 from com.android.chrome
10-11 18:16:36.908: I/Icing(3162): Indexing done 0CF4DD156EB38BE0AD36F4A41E71D284436EED73
10-11 18:16:37.108: I/ActivityManager(483): START u0 {act=android.settings.WIFI_SETTINGS cmp=com.android.settings/.Settings$WifiSettingsActivity} from pid 6116
10-11 18:16:37.208: D/dalvikvm(483): GC_FOR_ALLOC freed 274K, 25% free 19662K/26032K, paused 81ms, total 81ms
10-11 18:16:37.288: D/dalvikvm(483): GC_FOR_ALLOC freed 252K, 25% free 19677K/26032K, paused 79ms, total 79ms
10-11 18:16:37.638: D/dalvikvm(1808): GC_CONCURRENT freed 497K, 58% free 9693K/23036K, paused 8ms+3ms, total 95ms
10-11 18:16:37.738: I/ActivityManager(483): Displayed com.android.settings/.Settings$WifiSettingsActivity: +434ms
10-11 18:16:38.258: D/dalvikvm(483): GC_FOR_ALLOC freed 448K, 25% free 19714K/26032K, paused 104ms, total 105ms
10-11 18:16:38.378: D/dalvikvm(483): GC_FOR_ALLOC freed 322K, 25% free 19637K/26032K, paused 114ms, total 114ms
10-11 18:16:38.438: W/InputMethodManagerService(483): Starting input on non-focused client com.android.internal.view.IInputMethodClient$Stub$Proxy@42deb058 (uid=1000 pid=5016)
10-11 18:16:38.958: I/Icing(3162): Usage reports 2 indexed 0 rejected 0 denied 0 imm upload false
10-11 18:16:39.868: I/ActivityManager(483): START u0 {cmp=org.adblockplus.android/.ProxyConfigurationActivity (has extras)} from pid 6116
10-11 18:16:39.968: D/dalvikvm(483): GC_FOR_ALLOC freed 299K, 25% free 19645K/26032K, paused 81ms, total 81ms
10-11 18:16:40.048: D/dalvikvm(483): GC_FOR_ALLOC freed 259K, 25% free 19631K/26032K, paused 79ms, total 79ms
10-11 18:16:40.108: D/dalvikvm(6116): GC_CONCURRENT freed 438K, 11% free 8397K/9348K, paused 3ms+3ms, total 24ms
10-11 18:16:40.188: I/ActivityManager(483): Displayed org.adblockplus.android/.ProxyConfigurationActivity: +135ms
10-11 18:16:41.828: D/dalvikvm(483): GC_FOR_ALLOC freed 260K, 25% free 19639K/26032K, paused 79ms, total 79ms
10-11 18:16:41.908: D/dalvikvm(483): GC_FOR_ALLOC freed 254K, 25% free 19630K/26032K, paused 79ms, total 79ms
10-11 18:16:42.858: I/ActivityManager(483): START u0 {cmp=org.adblockplus.android/.ProxyConfigurationActivity (has extras)} from pid 6116
10-11 18:16:42.948: D/dalvikvm(483): GC_FOR_ALLOC freed 261K, 25% free 19640K/26032K, paused 85ms, total 86ms
10-11 18:16:43.038: D/dalvikvm(483): GC_FOR_ALLOC freed 253K, 25% free 19633K/26032K, paused 81ms, total 82ms
10-11 18:16:43.168: I/ActivityManager(483): Displayed org.adblockplus.android/.ProxyConfigurationActivity: +122ms
10-11 18:16:43.418: D/dalvikvm(483): GC_FOR_ALLOC freed 260K, 25% free 19637K/26032K, paused 87ms, total 87ms
10-11 18:16:43.508: D/dalvikvm(483): GC_FOR_ALLOC freed 248K, 25% free 19634K/26032K, paused 84ms, total 85ms
10-11 18:16:43.608: D/dalvikvm(6116): GC_CONCURRENT freed 438K, 11% free 8390K/9348K, paused 7ms+10ms, total 71ms
10-11 18:16:44.238: I/ActivityManager(483): START u0 {cmp=org.adblockplus.android/.ProxyConfigurationActivity (has extras)} from pid 6116
10-11 18:16:44.318: D/dalvikvm(483): GC_FOR_ALLOC freed 263K, 25% free 19643K/26032K, paused 76ms, total 77ms
10-11 18:16:44.398: D/dalvikvm(483): GC_FOR_ALLOC freed 259K, 25% free 19629K/26032K, paused 76ms, total 76ms
10-11 18:16:44.798: I/WindowManager(483): Screenshot max retries 4 of Token{426640d8 ActivityRecord{42b2ee58 u0 org.adblockplus.android/.ProxyConfigurationActivity t27 f}} appWin=Window{42b00fb8 u0 org.adblockplus.android/org.adblockplus.android.ProxyConfigurationActivity} drawState=1
10-11 18:16:44.798: W/WindowManager(483): Screenshot failure taking screenshot for (800x1280) to layer 21045
10-11 18:16:44.968: D/dalvikvm(6116): GC_CONCURRENT freed 408K, 11% free 8383K/9348K, paused 3ms+3ms, total 42ms
10-11 18:16:45.138: I/ActivityManager(483): START u0 {cmp=org.adblockplus.android/.ProxyConfigurationActivity (has extras)} from pid 6116
10-11 18:16:45.228: D/dalvikvm(483): GC_FOR_ALLOC freed 519K, 26% free 19391K/26032K, paused 77ms, total 77ms
10-11 18:16:45.368: I/ActivityManager(483): Displayed org.adblockplus.android/.ProxyConfigurationActivity: +134ms (total +960ms)
10-11 18:16:45.458: D/dalvikvm(483): GC_FOR_ALLOC freed 256K, 25% free 19642K/26032K, paused 80ms, total 80ms
10-11 18:16:45.548: D/dalvikvm(483): GC_FOR_ALLOC freed 252K, 25% free 19635K/26032K, paused 84ms, total 84ms
10-11 18:16:46.188: I/ActivityManager(483): START u0 {cmp=org.adblockplus.android/.ProxyConfigurationActivity (has extras)} from pid 6116
10-11 18:16:46.268: D/dalvikvm(483): GC_FOR_ALLOC freed 267K, 25% free 19645K/26032K, paused 80ms, total 81ms
10-11 18:16:46.348: D/dalvikvm(483): GC_FOR_ALLOC freed 258K, 25% free 19632K/26032K, paused 76ms, total 77ms
10-11 18:16:46.408: D/dalvikvm(6116): GC_CONCURRENT freed 425K, 11% free 8377K/9348K, paused 3ms+3ms, total 39ms
10-11 18:16:46.778: I/WindowManager(483): Screenshot max retries 4 of Token{42708160 ActivityRecord{42d38aa8 u0 org.adblockplus.android/.ProxyConfigurationActivity t29 f}} appWin=Window{4308e8a0 u0 org.adblockplus.android/org.adblockplus.android.ProxyConfigurationActivity} drawState=1
10-11 18:16:46.778: W/WindowManager(483): Screenshot failure taking screenshot for (800x1280) to layer 21045
10-11 18:16:46.938: D/dalvikvm(6116): GC_CONCURRENT freed 469K, 11% free 8329K/9348K, paused 3ms+6ms, total 39ms
10-11 18:16:47.398: I/ActivityManager(483): START u0 {cmp=org.adblockplus.android/.ProxyConfigurationActivity (has extras)} from pid 6116
10-11 18:16:47.488: D/dalvikvm(483): GC_FOR_ALLOC freed 545K, 26% free 19394K/26032K, paused 78ms, total 78ms
10-11 18:16:47.618: I/ActivityManager(483): Displayed org.adblockplus.android/.ProxyConfigurationActivity: +117ms (total +1s259ms)
10-11 18:16:47.718: D/dalvikvm(483): GC_FOR_ALLOC freed 257K, 25% free 19644K/26032K, paused 89ms, total 89ms
10-11 18:16:47.808: D/dalvikvm(483): GC_FOR_ALLOC freed 252K, 25% free 19637K/26032K, paused 87ms, total 87ms
10-11 18:16:48.038: D/dalvikvm(6116): GC_CONCURRENT freed 443K, 11% free 8398K/9348K, paused 31ms+9ms, total 100ms
10-11 18:16:48.038: D/dalvikvm(6116): WAIT_FOR_CONCURRENT_GC blocked 21ms
10-11 18:16:48.828: I/ActivityManager(483): START u0 {cmp=org.adblockplus.android/.ProxyConfigurationActivity (has extras)} from pid 6116
10-11 18:16:48.918: D/dalvikvm(483): GC_FOR_ALLOC freed 287K, 25% free 19648K/26032K, paused 80ms, total 80ms
10-11 18:16:48.998: D/dalvikvm(483): GC_FOR_ALLOC freed 255K, 25% free 19638K/26032K, paused 78ms, total 79ms
10-11 18:16:49.118: I/ActivityManager(483): Displayed org.adblockplus.android/.ProxyConfigurationActivity: +111ms
10-11 18:16:49.268: D/dalvikvm(483): GC_FOR_ALLOC freed 256K, 25% free 19645K/26032K, paused 84ms, total 84ms
10-11 18:16:49.358: D/dalvikvm(483): GC_FOR_ALLOC freed 252K, 25% free 19638K/26032K, paused 85ms, total 85ms
10-11 18:16:49.428: D/dalvikvm(6116): GC_CONCURRENT freed 427K, 11% free 8397K/9348K, paused 6ms+6ms, total 44ms
10-11 18:16:50.068: I/ActivityManager(483): START u0 {cmp=org.adblockplus.android/.ProxyConfigurationActivity (has extras)} from pid 6116
10-11 18:16:50.158: D/dalvikvm(483): GC_FOR_ALLOC freed 261K, 25% free 19649K/26032K, paused 82ms, total 82ms
10-11 18:16:50.238: D/dalvikvm(483): GC_FOR_ALLOC freed 259K, 25% free 19636K/26032K, paused 81ms, total 81ms
10-11 18:16:50.368: I/ActivityManager(483): Displayed org.adblockplus.android/.ProxyConfigurationActivity: +119ms
10-11 18:16:50.518: D/dalvikvm(483): GC_FOR_ALLOC freed 255K, 25% free 19642K/26032K, paused 87ms, total 87ms
10-11 18:16:50.608: D/dalvikvm(483): GC_FOR_ALLOC freed 248K, 25% free 19640K/26032K, paused 87ms, total 87ms
10-11 18:16:50.768: D/dalvikvm(6116): GC_CONCURRENT freed 420K, 11% free 8384K/9348K, paused 2ms+3ms, total 43ms
10-11 18:16:51.128: I/ActivityManager(483): START u0 {cmp=org.adblockplus.android/.ProxyConfigurationActivity (has extras)} from pid 6116
10-11 18:16:51.228: D/dalvikvm(483): GC_FOR_ALLOC freed 266K, 25% free 19650K/26032K, paused 85ms, total 85ms
10-11 18:16:51.308: D/dalvikvm(483): GC_FOR_ALLOC freed 258K, 25% free 19637K/26032K, paused 78ms, total 78ms
10-11 18:16:51.518: D/dalvikvm(483): GC_FOR_ALLOC freed 254K, 25% free 19644K/26032K, paused 80ms, total 80ms
10-11 18:16:51.598: D/dalvikvm(483): GC_FOR_ALLOC freed 248K, 25% free 19641K/26032K, paused 80ms, total 80ms
10-11 18:16:51.738: D/dalvikvm(6116): GC_CONCURRENT freed 421K, 11% free 8371K/9348K, paused 2ms+4ms, total 32ms
10-11 18:16:52.048: I/ActivityManager(483): START u0 {cmp=org.adblockplus.android/.ProxyConfigurationActivity (has extras)} from pid 6116
10-11 18:16:52.138: D/dalvikvm(483): GC_FOR_ALLOC freed 261K, 25% free 19651K/26032K, paused 80ms, total 80ms
10-11 18:16:52.228: D/dalvikvm(483): GC_FOR_ALLOC freed 259K, 25% free 19638K/26032K, paused 82ms, total 82ms
10-11 18:16:52.368: I/ActivityManager(483): Displayed org.adblockplus.android/.ProxyConfigurationActivity: +135ms (total +1s54ms)
10-11 18:16:52.628: D/dalvikvm(483): GC_FOR_ALLOC freed 257K, 25% free 19645K/26032K, paused 92ms, total 92ms
10-11 18:16:52.718: D/dalvikvm(483): GC_FOR_ALLOC freed 248K, 25% free 19642K/26032K, paused 85ms, total 85ms
10-11 18:16:53.148: I/ActivityManager(483): START u0 {cmp=org.adblockplus.android/.ProxyConfigurationActivity (has extras)} from pid 6116
10-11 18:16:53.238: D/dalvikvm(483): GC_FOR_ALLOC freed 271K, 25% free 19653K/26032K, paused 79ms, total 80ms
10-11 18:16:53.318: D/dalvikvm(483): GC_FOR_ALLOC freed 259K, 25% free 19639K/26032K, paused 79ms, total 80ms
10-11 18:16:53.388: D/dalvikvm(6116): GC_CONCURRENT freed 446K, 11% free 8384K/9348K, paused 2ms+3ms, total 22ms
10-11 18:16:53.448: I/ActivityManager(483): Displayed org.adblockplus.android/.ProxyConfigurationActivity: +122ms
10-11 18:16:53.638: D/dalvikvm(483): GC_FOR_ALLOC freed 264K, 25% free 19650K/26032K, paused 88ms, total 88ms
10-11 18:16:53.728: D/dalvikvm(483): GC_FOR_ALLOC freed 249K, 25% free 19646K/26032K, paused 82ms, total 83ms
10-11 18:16:54.018: I/ActivityManager(483): START u0 {cmp=org.adblockplus.android/.ProxyConfigurationActivity (has extras)} from pid 6116
10-11 18:16:54.128: D/dalvikvm(483): GC_FOR_ALLOC freed 259K, 25% free 19657K/26032K, paused 93ms, total 93ms
10-11 18:16:54.228: D/dalvikvm(483): GC_FOR_ALLOC freed 251K, 25% free 19652K/26032K, paused 91ms, total 91ms
10-11 18:16:54.308: D/dalvikvm(6116): GC_CONCURRENT freed 425K, 11% free 8356K/9348K, paused 2ms+4ms, total 23ms
10-11 18:16:54.368: I/ActivityManager(483): Displayed org.adblockplus.android/.ProxyConfigurationActivity: +134ms
10-11 18:16:54.888: D/dalvikvm(483): GC_FOR_ALLOC freed 265K, 25% free 19651K/26032K, paused 77ms, total 77ms
10-11 18:16:54.968: D/dalvikvm(483): GC_FOR_ALLOC freed 250K, 25% free 19646K/26032K, paused 76ms, total 76ms
10-11 18:16:55.898: I/ActivityManager(483): START u0 {cmp=org.adblockplus.android/.ProxyConfigurationActivity (has extras)} from pid 6116
10-11 18:16:55.978: D/dalvikvm(483): GC_FOR_ALLOC freed 262K, 25% free 19657K/26032K, paused 78ms, total 79ms
10-11 18:16:56.058: D/dalvikvm(483): GC_FOR_ALLOC freed 257K, 25% free 19645K/26032K, paused 79ms, total 79ms
10-11 18:16:56.168: D/dalvikvm(1808): GC_CONCURRENT freed 748K, 59% free 9517K/23036K, paused 8ms+2ms, total 95ms
10-11 18:16:56.218: I/ActivityManager(483): Displayed org.adblockplus.android/.ProxyConfigurationActivity: +147ms
10-11 18:16:56.778: D/dalvikvm(483): GC_FOR_ALLOC freed 258K, 25% free 19652K/26032K, paused 78ms, total 78ms
10-11 18:16:56.858: D/dalvikvm(483): GC_FOR_ALLOC freed 249K, 25% free 19647K/26032K, paused 77ms, total 77ms
10-11 18:16:56.948: D/dalvikvm(6116): GC_CONCURRENT freed 401K, 11% free 8371K/9348K, paused 3ms+13ms, total 56ms
10-11 18:16:57.378: I/ActivityManager(483): START u0 {cmp=org.adblockplus.android/.ProxyConfigurationActivity (has extras)} from pid 6116
10-11 18:16:57.458: D/dalvikvm(483): GC_FOR_ALLOC freed 265K, 25% free 19657K/26032K, paused 79ms, total 80ms
10-11 18:16:57.548: D/dalvikvm(483): GC_FOR_ALLOC freed 257K, 25% free 19646K/26032K, paused 80ms, total 80ms
10-11 18:16:57.668: I/ActivityManager(483): Displayed org.adblockplus.android/.ProxyConfigurationActivity: +114ms
10-11 18:16:57.848: D/dalvikvm(483): GC_FOR_ALLOC freed 255K, 25% free 19653K/26032K, paused 82ms, total 82ms
10-11 18:16:57.938: D/dalvikvm(483): GC_FOR_ALLOC freed 248K, 25% free 19650K/26032K, paused 84ms, total 84ms
10-11 18:16:58.108: D/dalvikvm(6116): GC_CONCURRENT freed 380K, 11% free 8403K/9348K, paused 12ms+15ms, total 101ms
10-11 18:16:58.308: I/ActivityManager(483): START u0 {cmp=org.adblockplus.android/.ProxyConfigurationActivity (has extras)} from pid 6116
10-11 18:16:58.418: D/dalvikvm(483): GC_FOR_ALLOC freed 260K, 25% free 19660K/26032K, paused 91ms, total 92ms
10-11 18:16:58.508: D/dalvikvm(483): GC_FOR_ALLOC freed 259K, 25% free 19647K/26032K, paused 86ms, total 86ms
10-11 18:16:58.638: I/ActivityManager(483): Displayed org.adblockplus.android/.ProxyConfigurationActivity: +117ms
10-11 18:16:58.728: D/dalvikvm(483): GC_FOR_ALLOC freed 260K, 25% free 19651K/26032K, paused 80ms, total 81ms
10-11 18:16:58.818: D/dalvikvm(483): GC_FOR_ALLOC freed 248K, 25% free 19648K/26032K, paused 84ms, total 84ms
10-11 18:16:59.038: D/dalvikvm(6116): GC_CONCURRENT freed 482K, 11% free 8411K/9348K, paused 12ms+19ms, total 94ms
10-11 18:16:59.508: I/ActivityManager(483): START u0 {cmp=org.adblockplus.android/.ProxyConfigurationActivity (has extras)} from pid 6116
10-11 18:16:59.588: D/dalvikvm(483): GC_FOR_ALLOC freed 276K, 25% free 19659K/26032K, paused 78ms, total 79ms
10-11 18:16:59.668: D/dalvikvm(483): GC_FOR_ALLOC freed 259K, 25% free 19645K/26032K, paused 77ms, total 77ms
10-11 18:16:59.788: I/ActivityManager(483): Displayed org.adblockplus.android/.ProxyConfigurationActivity: +110ms
10-11 18:16:59.878: D/dalvikvm(483): GC_FOR_ALLOC freed 253K, 25% free 19652K/26032K, paused 79ms, total 79ms
10-11 18:16:59.968: I/InputDispatcher(483): Dropped event because the current application is not responding and the user has started interacting with a different application.
10-11 18:16:59.968: I/InputDispatcher(483): Dropped event because the current application is not responding and the user has started interacting with a different application.
10-11 18:16:59.968: I/InputDispatcher(483): Dropped event because the current application is not responding and the user has started interacting with a different application.
10-11 18:16:59.968: D/dalvikvm(483): GC_FOR_ALLOC freed 248K, 25% free 19649K/26032K, paused 85ms, total 85ms
10-11 18:17:00.248: D/dalvikvm(6116): GC_CONCURRENT freed 401K, 11% free 8408K/9348K, paused 3ms+10ms, total 70ms
10-11 18:17:00.338: I/ActivityManager(483): START u0 {cmp=org.adblockplus.android/.ProxyConfigurationActivity (has extras)} from pid 6116
10-11 18:17:00.438: D/dalvikvm(483): GC_FOR_ALLOC freed 265K, 25% free 19662K/26032K, paused 83ms, total 83ms
10-11 18:17:00.528: D/dalvikvm(483): GC_FOR_ALLOC freed 251K, 25% free 19656K/26032K, paused 85ms, total 85ms
10-11 18:17:00.658: I/ActivityManager(483): Displayed org.adblockplus.android/.ProxyConfigurationActivity: +112ms
10-11 18:17:00.808: D/dalvikvm(483): GC_FOR_ALLOC freed 258K, 25% free 19663K/26032K, paused 85ms, total 85ms
10-11 18:17:00.878: I/InputDispatcher(483): Dropped event because the current application is not responding and the user has started interacting with a different application.
10-11 18:17:00.878: I/InputDispatcher(483): Dropped event because the current application is not responding and the user has started interacting with a different application.
10-11 18:17:00.878: I/InputDispatcher(483): Dropped event because the current application is not responding and the user has started interacting with a different application.
10-11 18:17:00.878: I/InputDispatcher(483): Dropped event because the current application is not responding and the user has started interacting with a different application.
10-11 18:17:00.878: I/InputDispatcher(483): Dropped event because the current application is not responding and the user has started interacting with a different application.
10-11 18:17:00.898: D/dalvikvm(483): GC_FOR_ALLOC freed 252K, 25% free 19656K/26032K, paused 91ms, total 91ms
10-11 18:17:01.128: D/dalvikvm(6116): GC_CONCURRENT freed 473K, 10% free 8424K/9348K, paused 15ms+21ms, total 88ms
10-11 18:17:01.198: I/ActivityManager(483): START u0 {cmp=org.adblockplus.android/.ProxyConfigurationActivity (has extras)} from pid 6116
10-11 18:17:01.308: D/dalvikvm(483): GC_FOR_ALLOC freed 268K, 25% free 19666K/26032K, paused 88ms, total 89ms
10-11 18:17:01.398: D/dalvikvm(483): GC_FOR_ALLOC freed 250K, 25% free 19661K/26032K, paused 88ms, total 88ms
10-11 18:17:01.558: I/ActivityManager(483): Displayed org.adblockplus.android/.ProxyConfigurationActivity: +147ms
10-11 18:17:01.678: D/dalvikvm(483): GC_FOR_ALLOC freed 257K, 25% free 19668K/26032K, paused 85ms, total 85ms
10-11 18:17:01.748: I/InputDispatcher(483): Dropped event because the current application is not responding and the user has started interacting with a different application.
10-11 18:17:01.748: I/InputDispatcher(483): Dropped event because the current application is not responding and the user has started interacting with a different application.
10-11 18:17:01.748: I/InputDispatcher(483): Dropped event because the current application is not responding and the user has started interacting with a different application.
10-11 18:17:01.778: D/dalvikvm(483): GC_FOR_ALLOC freed 251K, 25% free 19664K/26032K, paused 87ms, total 88ms
10-11 18:17:02.028: D/dalvikvm(6116): GC_CONCURRENT freed 470K, 11% free 8411K/9348K, paused 6ms+4ms, total 74ms
10-11 18:17:02.928: I/ActivityManager(483): START u0 {cmp=org.adblockplus.android/.ProxyConfigurationActivity (has extras)} from pid 6116
10-11 18:17:03.008: D/dalvikvm(483): GC_FOR_ALLOC freed 274K, 25% free 19670K/26032K, paused 79ms, total 79ms
10-11 18:17:03.088: D/dalvikvm(483): GC_FOR_ALLOC freed 262K, 25% free 19653K/26032K, paused 78ms, total 78ms
10-11 18:17:03.238: I/ActivityManager(483): Displayed org.adblockplus.android/.ProxyConfigurationActivity: +143ms
10-11 18:17:04.638: I/ActivityManager(483): START u0 {act=android.intent.action.MAIN cat=[android.intent.category.HOME] flg=0x10200000 cmp=com.android.launcher/com.android.launcher2.Launcher} from pid 483
10-11 18:17:04.728: D/dalvikvm(483): GC_FOR_ALLOC freed 272K, 25% free 19665K/26032K, paused 81ms, total 81ms
10-11 18:17:04.818: D/dalvikvm(483): GC_FOR_ALLOC freed 255K, 25% free 19655K/26032K, paused 85ms, total 85ms
10-11 18:17:06.048: D/dalvikvm(585): GC_FOR_ALLOC freed 573K, 19% free 10377K/12784K, paused 34ms, total 34ms
10-11 18:17:06.048: I/dalvikvm-heap(585): Grow heap (frag case) to 10.409MB for 251120-byte allocation
10-11 18:17:06.078: D/dalvikvm(585): GC_FOR_ALLOC freed <1K, 19% free 10621K/13032K, paused 35ms, total 35ms
10-11 18:17:06.138: I/ActivityManager(483): START u0 {act=com.android.systemui.recent.action.TOGGLE_RECENTS flg=0x10800000 cmp=com.android.systemui/.recent.RecentsActivity} from pid 585
10-11 18:17:06.258: D/dalvikvm(483): GC_FOR_ALLOC freed 281K, 25% free 19668K/26032K, paused 122ms, total 122ms
10-11 18:17:06.298: D/dalvikvm(585): GC_FOR_ALLOC freed 34K, 19% free 10639K/13032K, paused 24ms, total 25ms
10-11 18:17:06.298: I/dalvikvm-heap(585): Grow heap (frag case) to 10.665MB for 251120-byte allocation
10-11 18:17:06.318: D/dalvikvm(585): GC_FOR_ALLOC freed <1K, 19% free 10883K/13280K, paused 24ms, total 24ms
10-11 18:17:06.378: W/InputMethodManagerService(483): Starting input on non-focused client com.android.internal.view.IInputMethodClient$Stub$Proxy@42809490 (uid=10031 pid=776)
10-11 18:17:09.868: I/ActivityManager(483): Killing 30436:com.google.android.partnersetup/u0a23 (adj 15): empty #17
10-11 18:17:09.868: I/ActivityManager(483): Killing 5016:com.android.settings/1000 (adj 9): remove task
10-11 18:17:09.898: W/InputDispatcher(483): channel '427d2928 com.android.settings/com.android.settings.SubSettings (server)' ~ Consumer closed input channel or an error occurred. events=0x9
10-11 18:17:09.898: E/InputDispatcher(483): channel '427d2928 com.android.settings/com.android.settings.SubSettings (server)' ~ Channel is unrecoverably broken and will be disposed!
10-11 18:17:09.898: I/WindowState(483): WIN DEATH: Window{42579a50 u0 com.android.settings/com.android.settings.Settings}
10-11 18:17:09.908: W/InputDispatcher(483): Attempted to unregister already unregistered input channel '427d2928 com.android.settings/com.android.settings.SubSettings (server)'
