10-11 19:09:14.754: D/dalvikvm(483): GC_FOR_ALLOC freed 265K, 25% free 19580K/26032K, paused 77ms, total 78ms
10-11 19:09:14.844: D/dalvikvm(483): GC_FOR_ALLOC freed 4K, 24% free 19822K/26032K, paused 76ms, total 76ms
10-11 19:09:14.844: I/dalvikvm-heap(483): Grow heap (frag case) to 19.636MB for 251120-byte allocation
10-11 19:09:14.924: D/dalvikvm(483): GC_FOR_ALLOC freed 0K, 24% free 20067K/26280K, paused 77ms, total 77ms
10-11 19:09:15.004: D/dalvikvm(483): GC_FOR_ALLOC freed 245K, 25% free 19822K/26280K, paused 77ms, total 77ms
10-11 19:09:18.244: W/InputMethodManagerService(483): Window already focused, ignoring focus gain of: com.android.internal.view.IInputMethodClient$Stub$Proxy@42b330d0 attribute=null, token = android.os.BinderProxy@42816260
10-11 19:09:18.764: I/ActivityManager(483): START u0 {act=android.intent.action.MAIN cat=[android.intent.category.HOME] flg=0x10200000 cmp=com.android.launcher/com.android.launcher2.Launcher} from pid 483
10-11 19:09:18.844: D/dalvikvm(483): GC_FOR_ALLOC freed 545K, 26% free 19591K/26280K, paused 82ms, total 82ms
10-11 19:09:20.754: I/ActivityManager(483): Config changes=480 {1.0 ?mcc?mnc en_US ldltr sw600dp w961dp h528dp 213dpi lrg land finger -keyb/v/h -nav/h s.9}
10-11 19:09:20.764: I/InputReader(483): Reconfiguring input devices. changes=0x00000004
10-11 19:09:20.764: I/InputReader(483): Device reconfigured: id=2, name='elan-touchscreen', size 800x1280, orientation 1, mode 1, display id 0
10-11 19:09:20.764: I/InputReader(483): Reconfiguring input devices. changes=0x00000004
10-11 19:09:20.834: D/PhoneStatusBar(585): mSettingsPanelGravity = 8388661
10-11 19:09:20.954: D/GeckoApplication(30824): onConfigurationChanged: en_US, background: false
10-11 19:09:20.954: D/GeckoLocales(30824): No selected locale. No correction needed.
10-11 19:09:21.024: D/dalvikvm(26421): GC_FOR_ALLOC freed 250K, 4% free 24138K/24972K, paused 99ms, total 100ms
10-11 19:09:21.144: D/dalvikvm(776): GC_CONCURRENT freed 1641K, 19% free 14970K/18444K, paused 2ms+9ms, total 41ms
10-11 19:09:21.164: D/Launcher.Model(776): DbDebug Modify item (Gmail) in db, id: 5 (3, 0, 0, 0) --> (3, 0, 0, 0)
10-11 19:09:21.164: D/Launcher.Model(776): DbDebug Modify item (Maps) in db, id: 7 (3, 0, 1, 0) --> (3, 0, 1, 0)
10-11 19:09:21.164: D/Launcher.Model(776): DbDebug Modify item (Earth) in db, id: 9 (3, 0, 2, 0) --> (3, 0, 2, 0)
10-11 19:09:21.164: D/Launcher.Model(776): DbDebug Modify item (Hangouts) in db, id: 11 (3, 0, 0, 1) --> (3, 0, 0, 1)
10-11 19:09:21.164: D/Launcher.Model(776): DbDebug Modify item (Currents) in db, id: 13 (3, 0, 1, 1) --> (3, 0, 1, 1)
10-11 19:09:21.164: D/Launcher.Model(776): DbDebug Modify item (People) in db, id: 15 (3, 0, 2, 1) --> (3, 0, 2, 1)
10-11 19:09:21.164: D/Launcher.Model(776): DbDebug Modify item (Gallery) in db, id: 17 (3, 0, 0, 2) --> (3, 0, 0, 2)
10-11 19:09:21.164: D/Launcher.Model(776): DbDebug Modify item (Calendar) in db, id: 19 (3, 0, 1, 2) --> (3, 0, 1, 2)
10-11 19:09:21.314: W/ResourceType(776): No known package when getting name for resource number 0x9c020000
10-11 19:09:21.314: W/View(776): requestLayout() improperly called by com.android.launcher2.BubbleTextView{424a9520 VFED..CL ......ID 0,0-117,117 #9c020000} during layout: running second layout pass
10-11 19:09:21.314: W/ResourceType(776): No known package when getting name for resource number 0x9c020100
10-11 19:09:21.314: W/View(776): requestLayout() improperly called by com.android.launcher2.BubbleTextView{424b3408 VFED..CL ......ID 160,0-277,117 #9c020100} during layout: running second layout pass
10-11 19:09:21.314: W/ResourceType(776): No known package when getting name for resource number 0x9c020200
10-11 19:09:21.314: W/View(776): requestLayout() improperly called by com.android.launcher2.BubbleTextView{42064230 VFED..CL ......ID 320,0-437,117 #9c020200} during layout: running second layout pass
10-11 19:09:21.314: W/ResourceType(776): No known package when getting name for resource number 0x9c020300
10-11 19:09:21.314: W/View(776): requestLayout() improperly called by com.android.launcher2.BubbleTextView{4208da60 VFED..CL ......ID 480,0-597,117 #9c020300} during layout: running second layout pass
10-11 19:09:21.314: W/ResourceType(776): No known package when getting name for resource number 0x9c020400
10-11 19:09:21.314: W/View(776): requestLayout() improperly called by com.android.launcher2.BubbleTextView{421b6838 VFED..CL ......ID 640,0-757,117 #9c020400} during layout: running second layout pass
10-11 19:09:21.314: W/ResourceType(776): No known package when getting name for resource number 0x9c020500
10-11 19:09:21.314: W/View(776): requestLayout() improperly called by com.android.launcher2.BubbleTextView{42546900 VFED..CL ......ID 800,0-917,117 #9c020500} during layout: running second layout pass
10-11 19:09:21.314: W/ResourceType(776): No known package when getting name for resource number 0x9c020001
10-11 19:09:21.314: W/View(776): requestLayout() improperly called by com.android.launcher2.BubbleTextView{42661158 VFED..CL ......ID 0,117-117,234 #9c020001} during layout: running second layout pass
10-11 19:09:21.314: W/ResourceType(776): No known package when getting name for resource number 0x9c020101
10-11 19:09:21.314: W/View(776): requestLayout() improperly called by com.android.launcher2.BubbleTextView{429af0f0 VFED..CL ......ID 160,117-277,234 #9c020101} during layout: running second layout pass
10-11 19:09:21.314: W/ResourceType(776): No known package when getting name for resource number 0x9c020201
10-11 19:09:21.314: W/View(776): requestLayout() improperly called by com.android.launcher2.BubbleTextView{429fdee8 VFED..CL ......ID 320,117-437,234 #9c020201} during layout: running second layout pass
10-11 19:09:21.314: W/ResourceType(776): No known package when getting name for resource number 0x9c020301
10-11 19:09:21.314: W/View(776): requestLayout() improperly called by com.android.launcher2.BubbleTextView{42043c28 VFED..CL ......ID 480,117-597,234 #9c020301} during layout: running second layout pass
10-11 19:09:21.314: W/ResourceType(776): No known package when getting name for resource number 0x9c020401
10-11 19:09:21.314: W/View(776): requestLayout() improperly called by com.android.launcher2.BubbleTextView{4208b2b8 VFED..CL ......ID 640,117-757,234 #9c020401} during layout: running second layout pass
10-11 19:09:21.314: W/ResourceType(776): No known package when getting name for resource number 0x9c020501
10-11 19:09:21.314: W/View(776): requestLayout() improperly called by com.android.launcher2.BubbleTextView{420c5620 VFED..CL ......ID 800,117-917,234 #9c020501} during layout: running second layout pass
10-11 19:09:21.314: W/ResourceType(776): No known package when getting name for resource number 0x9c020002
10-11 19:09:21.314: W/View(776): requestLayout() improperly called by com.android.launcher2.BubbleTextView{42126518 VFED..CL ......ID 0,234-117,351 #9c020002} during layout: running second layout pass
10-11 19:09:21.314: W/ResourceType(776): No known package when getting name for resource number 0x9c020102
10-11 19:09:21.314: W/View(776): requestLayout() improperly called by com.android.launcher2.BubbleTextView{4252d618 VFED..CL ......ID 160,234-277,351 #9c020102} during layout: running second layout pass
10-11 19:09:21.314: W/ResourceType(776): No known package when getting name for resource number 0x9c020505
10-11 19:09:21.314: W/View(776): requestLayout() improperly called by com.android.launcher2.BubbleTextView{42614640 VFED..CL ......ID 800,585-917,702 #9c020505} during layout: running second layout pass
10-11 19:09:21.384: I/WindowManager(483): Screen frozen for +680ms due to Window{428e6bb0 u0 com.android.launcher/com.android.launcher2.Launcher}
10-11 19:09:23.364: I/InputReader(483): Reconfiguring input devices. changes=0x00000004
10-11 19:09:23.364: I/InputReader(483): Device reconfigured: id=2, name='elan-touchscreen', size 800x1280, orientation 0, mode 1, display id 0
10-11 19:09:23.364: I/ActivityManager(483): Config changes=480 {1.0 ?mcc?mnc en_US ldltr sw600dp w600dp h880dp 213dpi lrg port finger -keyb/v/h -nav/h s.10}
10-11 19:09:23.404: D/GeckoApplication(30824): onConfigurationChanged: en_US, background: false
10-11 19:09:23.404: D/GeckoLocales(30824): No selected locale. No correction needed.
10-11 19:09:23.424: D/PhoneStatusBar(585): mSettingsPanelGravity = 8388661
10-11 19:09:23.614: D/dalvikvm(776): GC_CONCURRENT freed 4156K, 29% free 13228K/18444K, paused 3ms+4ms, total 38ms
10-11 19:09:23.634: D/Launcher.Model(776): DbDebug Modify item (Gmail) in db, id: 5 (3, 0, 0, 0) --> (3, 0, 0, 0)
10-11 19:09:23.634: D/Launcher.Model(776): DbDebug Modify item (Maps) in db, id: 7 (3, 0, 1, 0) --> (3, 0, 1, 0)
10-11 19:09:23.634: D/Launcher.Model(776): DbDebug Modify item (Earth) in db, id: 9 (3, 0, 2, 0) --> (3, 0, 2, 0)
10-11 19:09:23.634: D/Launcher.Model(776): DbDebug Modify item (Hangouts) in db, id: 11 (3, 0, 0, 1) --> (3, 0, 0, 1)
10-11 19:09:23.634: D/Launcher.Model(776): DbDebug Modify item (Currents) in db, id: 13 (3, 0, 1, 1) --> (3, 0, 1, 1)
10-11 19:09:23.634: D/Launcher.Model(776): DbDebug Modify item (People) in db, id: 15 (3, 0, 2, 1) --> (3, 0, 2, 1)
10-11 19:09:23.634: D/Launcher.Model(776): DbDebug Modify item (Gallery) in db, id: 17 (3, 0, 0, 2) --> (3, 0, 0, 2)
10-11 19:09:23.644: D/Launcher.Model(776): DbDebug Modify item (Calendar) in db, id: 19 (3, 0, 1, 2) --> (3, 0, 1, 2)
10-11 19:09:23.764: D/dalvikvm(776): GC_CONCURRENT freed 371K, 21% free 14622K/18444K, paused 2ms+4ms, total 34ms
10-11 19:09:23.784: W/ResourceType(776): No known package when getting name for resource number 0x9c020000
10-11 19:09:23.784: W/View(776): requestLayout() improperly called by com.android.launcher2.BubbleTextView{42a9f170 VFED..CL ......ID 0,0-128,128 #9c020000} during layout: running second layout pass
10-11 19:09:23.784: W/ResourceType(776): No known package when getting name for resource number 0x9c020100
10-11 19:09:23.784: W/View(776): requestLayout() improperly called by com.android.launcher2.BubbleTextView{424a4b08 VFED..CL ......ID 128,0-256,128 #9c020100} during layout: running second layout pass
10-11 19:09:23.784: W/ResourceType(776): No known package when getting name for resource number 0x9c020200
10-11 19:09:23.784: W/View(776): requestLayout() improperly called by com.android.launcher2.BubbleTextView{42043c28 VFED..CL ......ID 256,0-384,128 #9c020200} during layout: running second layout pass
10-11 19:09:23.784: W/ResourceType(776): No known package when getting name for resource number 0x9c020300
10-11 19:09:23.784: W/View(776): requestLayout() improperly called by com.android.launcher2.BubbleTextView{4205ba18 VFED..CL ......ID 384,0-512,128 #9c020300} during layout: running second layout pass
10-11 19:09:23.784: W/ResourceType(776): No known package when getting name for resource number 0x9c020400
10-11 19:09:23.784: W/View(776): requestLayout() improperly called by com.android.launcher2.BubbleTextView{420c5620 VFED..CL ......ID 512,0-640,128 #9c020400} during layout: running second layout pass
10-11 19:09:23.784: W/ResourceType(776): No known package when getting name for resource number 0x9c020500
10-11 19:09:23.784: W/View(776): requestLayout() improperly called by com.android.launcher2.BubbleTextView{421b5890 VFED..CL ......ID 640,0-768,128 #9c020500} during layout: running second layout pass
10-11 19:09:23.784: W/ResourceType(776): No known package when getting name for resource number 0x9c020001
10-11 19:09:23.784: W/View(776): requestLayout() improperly called by com.android.launcher2.BubbleTextView{421b5f38 VFED..CL ......ID 0,160-128,288 #9c020001} during layout: running second layout pass
10-11 19:09:23.784: W/ResourceType(776): No known package when getting name for resource number 0x9c020101
10-11 19:09:23.784: W/View(776): requestLayout() improperly called by com.android.launcher2.BubbleTextView{421c0e88 VFED..CL ......ID 128,160-256,288 #9c020101} during layout: running second layout pass
10-11 19:09:23.784: W/ResourceType(776): No known package when getting name for resource number 0x9c020201
10-11 19:09:23.784: W/View(776): requestLayout() improperly called by com.android.launcher2.BubbleTextView{424b0ea8 VFED..CL ......ID 256,160-384,288 #9c020201} during layout: running second layout pass
10-11 19:09:23.784: W/ResourceType(776): No known package when getting name for resource number 0x9c020301
10-11 19:09:23.784: W/View(776): requestLayout() improperly called by com.android.launcher2.BubbleTextView{429a5b20 VFED..CL ......ID 384,160-512,288 #9c020301} during layout: running second layout pass
10-11 19:09:23.784: W/ResourceType(776): No known package when getting name for resource number 0x9c020401
10-11 19:09:23.784: W/View(776): requestLayout() improperly called by com.android.launcher2.BubbleTextView{429dd1f8 VFED..CL ......ID 512,160-640,288 #9c020401} during layout: running second layout pass
10-11 19:09:23.784: W/ResourceType(776): No known package when getting name for resource number 0x9c020501
10-11 19:09:23.784: W/View(776): requestLayout() improperly called by com.android.launcher2.BubbleTextView{429df3f0 VFED..CL ......ID 640,160-768,288 #9c020501} during layout: running second layout pass
10-11 19:09:23.784: W/ResourceType(776): No known package when getting name for resource number 0x9c020002
10-11 19:09:23.784: W/View(776): requestLayout() improperly called by com.android.launcher2.BubbleTextView{42a7d4c0 VFED..CL ......ID 0,320-128,448 #9c020002} during layout: running second layout pass
10-11 19:09:23.784: W/ResourceType(776): No known package when getting name for resource number 0x9c020102
10-11 19:09:23.784: W/View(776): requestLayout() improperly called by com.android.launcher2.BubbleTextView{421b13c8 VFED..CL ......ID 128,320-256,448 #9c020102} during layout: running second layout pass
10-11 19:09:23.784: W/ResourceType(776): No known package when getting name for resource number 0x9c020505
10-11 19:09:23.784: W/View(776): requestLayout() improperly called by com.android.launcher2.BubbleTextView{426a7d20 VFED..CL ......ID 640,800-768,928 #9c020505} during layout: running second layout pass
10-11 19:09:23.844: I/WindowManager(483): Screen frozen for +527ms due to Window{42b579f8 u0 com.android.launcher/com.android.launcher2.Launcher}
10-11 19:09:25.204: D/dalvikvm(585): GC_FOR_ALLOC freed 1097K, 22% free 10687K/13612K, paused 30ms, total 30ms
10-11 19:09:25.244: I/ActivityManager(483): START u0 {act=com.android.systemui.recent.action.TOGGLE_RECENTS flg=0x10800000 cmp=com.android.systemui/.recent.RecentsActivity} from pid 585
10-11 19:09:25.354: D/dalvikvm(483): GC_FOR_ALLOC freed 646K, 26% free 19616K/26280K, paused 87ms, total 87ms
10-11 19:09:25.414: W/ResourceType(483): Skipping entry 0x7f05000c in package table 0 because it is not complex!
10-11 19:09:25.424: W/ResourceType(483): Skipping entry 0x7f05000d in package table 0 because it is not complex!
10-11 19:09:25.964: D/dalvikvm(483): GC_EXPLICIT freed 308K, 26% free 19576K/26280K, paused 11ms+8ms, total 108ms
10-11 19:09:26.674: D/dalvikvm(483): GC_FOR_ALLOC freed 251K, 25% free 19819K/26280K, paused 81ms, total 81ms
10-11 19:09:26.794: D/dalvikvm(6116): GC_CONCURRENT freed 402K, 12% free 8487K/9604K, paused 3ms+3ms, total 25ms
10-11 19:10:51.994: D/dalvikvm(585): GC_CONCURRENT freed 1199K, 24% free 10391K/13612K, paused 5ms+13ms, total 70ms
10-11 19:11:27.514: I/PowerManagerService(483): Going to sleep due to screen timeout...
10-11 19:11:27.964: D/SurfaceFlinger(122): Screen released, type=0 flinger=0x410f5450
10-11 19:11:27.964: D/hwcomposer(122): hwc_blank: display 0: blank
10-11 19:11:27.964: D/hwcomposer(122): hwc_blank_display: display 0: [0 -> 1]
10-11 19:11:27.964: D/hwcomposer(122): hwc_blank_display: releasing buffer 0x22
10-11 19:11:27.964: D/hwcomposer(122): dc_blank: display 0, [0 -> 1]
10-11 19:11:28.054: I/MPL-storeload(483): mpl state size = 5584
10-11 19:11:28.054: E/MPL-storeload(483): calData from inv_save_mpl_states, size=2
10-11 19:11:28.054: I/MPL-storeload(483): cal data size to write = 5584
10-11 19:11:28.054: I/MPL-storeload(483): Bytes written = 5584
10-11 19:11:31.308: D/hwcomposer(122): hotplug_thread: processing control fd
10-11 19:11:31.308: I/hwcomposer(122): hotplug: connected = 0
10-11 19:11:31.328: I/PowerManagerService(483): Waking up from sleep...
10-11 19:11:31.418: V/KeyguardServiceDelegate(483): onScreenTurnedOn(showListener = com.android.internal.policy.impl.PhoneWindowManager$17@4257bff8)
10-11 19:11:31.418: V/KeyguardServiceDelegate(483): **** SHOWN CALLED ****
10-11 19:11:31.418: I/WindowManager(483): No lock screen! windowToken=null
10-11 19:11:31.418: D/DisplayPowerController(483): Unblocked screen on after 113220029 ms
10-11 19:11:31.588: D/PowerManagerService-JNI(483): Excessive delay in autosuspend_disable() while turning screen on: 260ms
10-11 19:11:31.588: D/SurfaceFlinger(122): Screen acquired, type=0 flinger=0x410f5450
10-11 19:11:31.588: D/hwcomposer(122): hwc_blank: display 0: unblank
10-11 19:11:31.588: D/hwcomposer(122): hwc_blank_display: display 0: [1 -> 0]
10-11 19:11:31.588: D/hwcomposer(122): Display 0 is 800 x 1280
10-11 19:11:31.588: D/hwcomposer(122): dc_blank: display 0, [1 -> 0]
10-11 19:11:32.888: D/libgps(483): proxy_gps_inject_location()
10-11 19:11:35.328: I/ActivityManager(483): START u0 {cmp=org.adblockplus.android/.ProxyConfigurationActivity (has extras)} from pid 6116
10-11 19:11:35.418: D/dalvikvm(483): GC_FOR_ALLOC freed 893K, 26% free 19593K/26280K, paused 89ms, total 90ms
10-11 19:11:36.538: D/dalvikvm(483): GC_FOR_ALLOC freed 544K, 26% free 19584K/26280K, paused 78ms, total 79ms
10-11 19:11:37.808: D/dalvikvm(6116): GC_CONCURRENT freed 502K, 12% free 8496K/9604K, paused 5ms+4ms, total 47ms
10-11 19:11:39.158: W/InputEventReceiver(6116): Attempted to finish an input event but the input event receiver has already been disposed.
10-11 19:11:39.918: I/PowerManagerService(483): Going to sleep by user request...
10-11 19:11:40.348: D/SurfaceFlinger(122): Screen released, type=0 flinger=0x410f5450
10-11 19:11:40.348: D/hwcomposer(122): hwc_blank: display 0: blank
10-11 19:11:40.348: D/hwcomposer(122): hwc_blank_display: display 0: [0 -> 1]
10-11 19:11:40.348: D/hwcomposer(122): hwc_blank_display: releasing buffer 0x22
10-11 19:11:40.348: D/hwcomposer(122): dc_blank: display 0, [0 -> 1]
10-11 19:11:40.398: I/MPL-storeload(483): mpl state size = 5584
10-11 19:11:40.398: E/MPL-storeload(483): calData from inv_save_mpl_states, size=2
10-11 19:11:40.398: I/MPL-storeload(483): cal data size to write = 5584
10-11 19:11:40.398: I/MPL-storeload(483): Bytes written = 5584
10-11 19:11:40.408: V/KeyguardHostView(585): Initial transport state: 1, pbstate=0
10-11 19:11:40.488: D/dalvikvm(585): GC_CONCURRENT freed 253K, 15% free 11000K/12884K, paused 2ms+3ms, total 30ms
10-11 19:11:40.588: V/KeyguardHostView(585): music state changed: 0
10-11 19:11:40.698: V/KeyguardHostView(585): Initial transport state: 1, pbstate=0
10-11 19:11:40.828: V/KeyguardHostView(585): music state changed: 0
10-11 19:11:40.868: D/PhoneStatusBar(585): disable: < EXPAND* icons alerts TICKER* system_info BACK* HOME* RECENT* clock search
> 10-11 19:11:41.028: W/View(585): requestLayout() improperly called by android.widget.TextClock{422e0410 V.ED.... ......ID 108,0-444,230 #7f0e0045 app:id/the_clock} during layout: running second layout pass
10-11 19:11:41.028: W/View(585): requestLayout() improperly called by android.widget.TextClock{42383850 V.ED.... ......ID 205,0-348,29 #7f0e0041 app:id/date} during layout: running second layout pass
10-11 19:11:41.028: W/View(585): requestLayout() improperly called by android.widget.TextClock{423c34a8 V.ED.... ......ID 39,0-236,93 #7f0e009b app:id/left_clock} during layout: running second layout pass
10-11 19:11:41.028: W/View(585): requestLayout() improperly called by android.widget.TextView{42308488 V.ED.... ......ID 0,0-69,29 #7f0e009c app:id/city_name_left} during layout: running second layout pass
10-11 19:11:41.028: W/View(585): requestLayout() improperly called by android.widget.TextClock{424d9fa8 I.ED.... ......ID 59,0-218,92 #7f0e009e app:id/right_clock} during layout: running second layout pass
10-11 19:11:41.028: W/View(585): requestLayout() improperly called by android.widget.TextView{42262840 I.ED.... ......ID 0,0-0,29 #7f0e009f app:id/city_name_right} during layout: running second layout pass
10-11 19:11:41.028: W/View(585): requestLayout() improperly called by android.widget.TextView{42262af0 I.ED.... ......ID 5,0-5,29 #7f0e00a0 app:id/city_day_right} during layout: running second layout pass
10-11 19:11:41.028: W/View(585): requestLayout() improperly called by android.widget.TextView{423a1020 V.ED.... ......ID 0,0-0,28 #7f0b018b app:id/widget_folder} during layout: running second layout pass
10-11 19:11:41.028: W/View(585): requestLayout() improperly called by android.widget.TextView{42397350 V.ED.... ......ID 0,28-0,51 #7f0b018c app:id/widget_account_noflip} during layout: running second layout pass
10-11 19:11:41.058: D/dalvikvm(30019): GC_CONCURRENT freed 392K, 6% free 7948K/8440K, paused 4ms+1ms, total 35ms
10-11 19:11:41.088: D/dalvikvm(585): GC_CONCURRENT freed 731K, 13% free 11284K/12884K, paused 4ms+4ms, total 37ms
10-11 19:11:49.394: D/hwcomposer(122): hotplug_thread: processing control fd
10-11 19:11:49.394: I/hwcomposer(122): hotplug: connected = 0
10-11 19:12:09.394: D/hwcomposer(122): hotplug_thread: processing control fd
10-11 19:12:09.394: I/hwcomposer(122): hotplug: connected = 0
10-11 19:12:31.069: D/hwcomposer(122): hotplug_thread: processing control fd
10-11 19:12:31.069: I/hwcomposer(122): hotplug: connected = 0
10-11 19:12:31.089: I/PowerManagerService(483): Waking up from sleep...
10-11 19:12:31.249: V/KeyguardServiceDelegate(483): onScreenTurnedOn(showListener = com.android.internal.policy.impl.PhoneWindowManager$17@420a79e8)
10-11 19:12:31.369: V/KeyguardServiceDelegate(483): **** SHOWN CALLED ****
10-11 19:12:31.369: I/WindowManager(483): Lock screen displayed!
10-11 19:12:31.369: D/DisplayPowerController(483): Unblocked screen on after 113279973 ms
10-11 19:12:31.389: D/PowerManagerService-JNI(483): Excessive delay in autosuspend_disable() while turning screen on: 285ms
10-11 19:12:31.389: D/SurfaceFlinger(122): Screen acquired, type=0 flinger=0x410f5450
10-11 19:12:31.389: D/hwcomposer(122): hwc_blank: display 0: unblank
10-11 19:12:31.389: D/hwcomposer(122): hwc_blank_display: display 0: [1 -> 0]
10-11 19:12:31.389: D/hwcomposer(122): Display 0 is 800 x 1280
10-11 19:12:31.389: D/hwcomposer(122): dc_blank: display 0, [1 -> 0]
10-11 19:12:33.459: V/UserPresentBroadcastReceiver(3124): Recieved ACTION_USER_PRESENT.
10-11 19:12:33.459: D/d(3124): Notifying listener(s): onUserPresent()...
10-11 19:12:33.459: D/c(3124): Starting periodic check for user presence.
10-11 19:12:33.469: D/c(3124): Stoping periodic check for user presence.
10-11 19:12:33.469: D/PeriodicCheckReceiver(3124): Received intent: Intent { flg=0x14 cmp=com.google.android.gms/.auth.be.proximity.authorization.userpresence.PeriodicCheckReceiver (has extras) }.
10-11 19:12:33.479: D/UserPresenceService(3124): Received onHandleIntent() with intent: Intent { cmp=com.google.android.gms/.auth.be.proximity.authorization.userpresence.UserPresenceService (has extras) }.
10-11 19:12:33.479: E/UserPresenceService(3124): Proximity feature is not enabled.
10-11 19:12:33.479: D/PhoneStatusBar(585): disable: < expand* icons alerts ticker* system_info back* home* recent* clock search
> 10-11 19:12:33.529: W/InputMethodManagerService(483): Window already focused, ignoring focus gain of: com.android.internal.view.IInputMethodClient$Stub$Proxy@428740a8 attribute=android.view.inputmethod.EditorInfo@427bf160, token = android.os.BinderProxy@42816260
10-11 19:12:41.629: D/dalvikvm(1808): GC_CONCURRENT freed 586K, 59% free 9504K/23036K, paused 11ms+2ms, total 45ms
10-11 19:12:54.389: D/dalvikvm(6116): GC_CONCURRENT freed 523K, 13% free 8380K/9604K, paused 3ms+10ms, total 42ms
10-11 19:14:01.969: W/InputMethodManagerService(483): Window already focused, ignoring focus gain of: com.android.internal.view.IInputMethodClient$Stub$Proxy@428967c0 attribute=null, token = android.os.BinderProxy@42816260
10-11 19:14:23.599: D/MtpService(5993): updating state; isCurrentUser=true, mMtpLocked=false
10-11 19:14:23.599: D/MtpService(5993): addStorageLocked 65537 /storage/emulated/0
10-11 19:14:23.599: D/MtpService(5993): updating state; isCurrentUser=true, mMtpLocked=false
10-11 19:14:23.629: D/MtpService(5993): starting MTP server in MTP mode
10-11 19:14:23.639: D/MtpService(5993): addStorageLocked 65537 /storage/emulated/0
10-11 19:14:23.919: I/EntropyMixer(483): Writing entropy...
10-11 19:14:23.969: I/ActivityManager(483): Start proc com.google.android.gallery3d for broadcast com.google.android.gallery3d/com.google.android.picasasync.BatteryReceiver: pid=2071 uid=10017 gids={50017, 3003, 1028, 1015}
10-11 19:14:24.069: D/dalvikvm(2071): GC_CONCURRENT freed 315K, 5% free 7748K/8100K, paused 2ms+4ms, total 26ms
10-11 19:14:24.129: D/UploadsManager(2071): wifiOnlyPhoto changed to true
10-11 19:14:24.129: D/UploadsManager(2071): wifiOnlyVideo changed to true
10-11 19:14:24.129: D/UploadsManager(2071): syncOnBattery changed to true
10-11 19:14:24.129: D/PicasaSync(2071): sync account database
10-11 19:14:24.149: D/PicasaSync(2071): accounts in DB=2
10-11 19:14:24.159: D/PicasaSyncManager(2071): active network: NetworkInfo: type: WIFI[], state: CONNECTED/CONNECTED, reason: (unspecified), extra: "Tenda_41FE29", roaming: false, failover: false, isAvailable: true, isConnectedToProvisioningNetwork: false
10-11 19:14:24.159: D/PicasaSyncManager(2071): background data: true
10-11 19:14:24.179: D/PicasaSyncManager(2071): battery info: true
10-11 19:14:24.209: D/dalvikvm(2071): GC_CONCURRENT freed 188K, 3% free 7970K/8196K, paused 2ms+2ms, total 23ms
10-11 19:14:24.289: I/GCoreUlr(3149): Starting service, intent=Intent { act=com.google.android.location.reporting.ACTION_UPDATE_WORLD cmp=com.google.android.gms/com.google.android.location.reporting.service.DispatchingService (has extras) }, extras=Bundle[{receiverAction=android.intent.action.ACTION_POWER_CONNECTED}]
10-11 19:14:24.299: I/GCoreUlr(3149): WorldUpdater received intent Intent { act=com.google.android.location.reporting.ACTION_UPDATE_WORLD cmp=com.google.android.gms/com.google.android.location.reporting.service.DispatchingService (has extras) } with receiverAction android.intent.action.ACTION_POWER_CONNECTED
10-11 19:14:24.369: I/GCoreUlr(3149): No GCM registration ID
10-11 19:14:24.459: I/GCoreUlr(3149): Ensuring that reporting is stopped because of reasons: {account#-13#=[InactiveReason{mVersionCode=0, mIdentifier=6, mName='ReportingNotSelected'}], account#-7#=[InactiveReason{mVersionCode=0, mIdentifier=6, mName='ReportingNotSelected'}]}
10-11 19:14:24.459: D/GCoreFlp(3149): Unknown pending intent to remove.
10-11 19:14:24.459: I/GCoreUlr(3149): Unbound from all location providers
10-11 19:14:24.519: D/dalvikvm(3149): GC_CONCURRENT freed 468K, 7% free 9425K/10076K, paused 4ms+4ms, total 40ms
10-11 19:14:29.119: I/GAV2(2071): Thread[GAThread,5,main]: No campaign data found.
10-11 19:15:01.059: D/dalvikvm(1808): GC_CONCURRENT freed 417K, 59% free 9635K/23036K, paused 3ms+4ms, total 32ms
10-11 19:15:01.089: D/dalvikvm(26768): GC_CONCURRENT freed 483K, 7% free 7752K/8308K, paused 2ms+2ms, total 19ms
10-11 19:15:55.719: W/wpa_supplicant(598): wlan0: WPA: EAPOL-Key Replay Counter did not increase - dropping packet
10-11 19:15:55.819: I/wpa_supplicant(598): wlan0: Associated with c8:3a:35:41:fe:29
10-11 19:15:56.769: I/wpa_supplicant(598): wlan0: WPA: Key negotiation completed with c8:3a:35:41:fe:29 [PTK=CCMP GTK=TKIP]
10-11 19:15:56.769: I/wpa_supplicant(598): wlan0: CTRL-EVENT-CONNECTED - Connection to c8:3a:35:41:fe:29 completed (auth) [id=1 id_str=]
10-11 19:16:24.609: D/dalvikvm(483): GC_EXPLICIT freed 2346K, 25% free 19738K/26280K, paused 3ms+9ms, total 107ms
10-11 19:16:24.999: I/PowerManagerService(483): Going to sleep due to screen timeout...
10-11 19:16:25.439: D/SurfaceFlinger(122): Screen released, type=0 flinger=0x410f5450
10-11 19:16:25.439: D/hwcomposer(122): hwc_blank: display 0: blank
10-11 19:16:25.439: D/hwcomposer(122): hwc_blank_display: display 0: [0 -> 1]
10-11 19:16:25.439: D/hwcomposer(122): hwc_blank_display: releasing buffer 0x1e
10-11 19:16:25.439: D/hwcomposer(122): dc_blank: display 0, [0 -> 1]
10-11 19:16:25.509: I/MPL-storeload(483): mpl state size = 5584
10-11 19:16:25.509: E/MPL-storeload(483): calData from inv_save_mpl_states, size=2
10-11 19:16:25.509: I/MPL-storeload(483): cal data size to write = 5584
10-11 19:16:25.529: I/MPL-storeload(483): Bytes written = 5584
10-11 19:16:25.979: D/libgps(483): proxy_gps_inject_location()
10-11 19:16:30.529: V/KeyguardHostView(585): Initial transport state: 1, pbstate=0
10-11 19:16:30.659: D/dalvikvm(585): GC_CONCURRENT freed 1105K, 12% free 11357K/12880K, paused 5ms+20ms, total 115ms
10-11 19:16:30.859: V/KeyguardHostView(585): music state changed: 0
10-11 19:16:30.999: W/View(585): requestLayout() improperly called by android.widget.TextClock{42260f88 V.ED.... ......ID 108,0-444,230 #7f0e0045 app:id/the_clock} during layout: running second layout pass
10-11 19:16:30.999: W/View(585): requestLayout() improperly called by android.widget.TextClock{42285248 V.ED.... ......ID 205,0-348,29 #7f0e0041 app:id/date} during layout: running second layout pass
10-11 19:16:30.999: W/View(585): requestLayout() improperly called by android.widget.TextView{421e15c0 V.ED.... ......ID 0,0-0,28 #7f0b018b app:id/widget_folder} during layout: running second layout pass
10-11 19:16:30.999: W/View(585): requestLayout() improperly called by android.widget.TextView{421ea7b0 V.ED.... ......ID 0,28-0,51 #7f0b018c app:id/widget_account_noflip} during layout: running second layout pass
10-11 19:16:31.169: D/PhoneStatusBar(585): disable: < EXPAND* icons alerts TICKER* system_info BACK* HOME* RECENT* clock search
> 10-11 19:16:35.359: I/PowerManagerService(483): Waking up from sleep...
10-11 19:16:35.449: V/KeyguardServiceDelegate(483): onScreenTurnedOn(showListener = com.android.internal.policy.impl.PhoneWindowManager$17@42542de0)
10-11 19:16:35.669: V/KeyguardServiceDelegate(483): **** SHOWN CALLED ****
10-11 19:16:35.669: I/WindowManager(483): Lock screen displayed!
10-11 19:16:35.669: D/DisplayPowerController(483): Unblocked screen on after 113524276 ms
10-11 19:16:35.689: D/PowerManagerService-JNI(483): Excessive delay in autosuspend_disable() while turning screen on: 319ms
10-11 19:16:35.699: D/SurfaceFlinger(122): Screen acquired, type=0 flinger=0x410f5450
10-11 19:16:35.699: D/hwcomposer(122): hwc_blank: display 0: unblank
10-11 19:16:35.699: D/hwcomposer(122): hwc_blank_display: display 0: [1 -> 0]
10-11 19:16:35.699: D/hwcomposer(122): Display 0 is 800 x 1280
10-11 19:16:35.699: D/hwcomposer(122): dc_blank: display 0, [1 -> 0]
10-11 19:16:35.759: D/dalvikvm(585): GC_CONCURRENT freed 831K, 9% free 11780K/12880K, paused 2ms+3ms, total 36ms
10-11 19:16:35.759: D/dalvikvm(585): WAIT_FOR_CONCURRENT_GC blocked 22ms
10-11 19:16:38.019: V/UserPresentBroadcastReceiver(3124): Recieved ACTION_USER_PRESENT.
10-11 19:16:38.019: D/d(3124): Notifying listener(s): onUserPresent()...
10-11 19:16:38.019: D/c(3124): Starting periodic check for user presence.
10-11 19:16:38.029: D/c(3124): Stoping periodic check for user presence.
10-11 19:16:38.029: D/PhoneStatusBar(585): disable: < expand* icons alerts ticker* system_info back* home* recent* clock search
> 10-11 19:16:38.029: D/PeriodicCheckReceiver(3124): Received intent: Intent { flg=0x14 cmp=com.google.android.gms/.auth.be.proximity.authorization.userpresence.PeriodicCheckReceiver (has extras) }.
10-11 19:16:38.049: D/UserPresenceService(3124): Received onHandleIntent() with intent: Intent { cmp=com.google.android.gms/.auth.be.proximity.authorization.userpresence.UserPresenceService (has extras) }.
10-11 19:16:38.049: E/UserPresenceService(3124): Proximity feature is not enabled.
10-11 19:16:38.089: W/InputMethodManagerService(483): Window already focused, ignoring focus gain of: com.android.internal.view.IInputMethodClient$Stub$Proxy@42aec710 attribute=android.view.inputmethod.EditorInfo@426d5310, token = android.os.BinderProxy@42816260
10-11 19:16:45.249: D/dalvikvm(6116): GC_CONCURRENT freed 386K, 13% free 8383K/9604K, paused 3ms+3ms, total 46ms
10-11 19:16:59.839: I/ActivityManager(483): START u0 {act=android.settings.APPLICATION_DETAILS_SETTINGS dat=package:org.adblockplus.android flg=0x10000000 cmp=com.android.settings/.applications.InstalledAppDetails} from pid 6116
10-11 19:17:00.209: W/ResourceType(1741): getEntry failing because entryIndex 129 is beyond type entryCount 4
10-11 19:17:00.289: D/dalvikvm(1741): GC_CONCURRENT freed 760K, 6% free 12692K/13488K, paused 14ms+3ms, total 113ms
10-11 19:17:00.429: D/dalvikvm(1808): GC_CONCURRENT freed 507K, 58% free 9700K/23036K, paused 52ms+9ms, total 113ms
10-11 19:17:00.599: D/android.widget.GridLayout(1741): vertical constraints: y1-y0>=36, y2-y1>=303, y2-y0<=64 are inconsistent; permanently removing: y2-y0<=64.
10-11 19:17:00.839: I/ActivityManager(483): Displayed com.android.settings/.applications.InstalledAppDetails: +938ms
10-11 19:17:01.569: D/dalvikvm(30881): GC_CONCURRENT freed 383K, 6% free 7630K/8052K, paused 4ms+1ms, total 24ms
10-11 19:17:49.879: D/dalvikvm(483): GC_FOR_ALLOC freed 2515K, 25% free 19742K/26280K, paused 93ms, total 98ms
10-11 19:18:52.069: D/ConnectivityService(483): Sampling interval elapsed, updating statistics ..
10-11 19:18:52.119: D/ConnectivityService(483): Done.
10-11 19:18:52.119: D/ConnectivityService(483): Setting timer for 720seconds
10-11 19:18:52.209: D/GCM(3124): Message class com.google.e.a.a.h
10-11 19:18:52.709: D/ConnectivityService(483): handleInetConditionHoldEnd: net=1, condition=100, published condition=100
10-11 19:19:50.729: I/PowerManagerService(483): Going to sleep due to screen timeout...
10-11 19:19:51.169: D/SurfaceFlinger(122): Screen released, type=0 flinger=0x410f5450
10-11 19:19:51.169: D/hwcomposer(122): hwc_blank: display 0: blank
10-11 19:19:51.169: D/hwcomposer(122): hwc_blank_display: display 0: [0 -> 1]
10-11 19:19:51.169: D/hwcomposer(122): hwc_blank_display: releasing buffer 0x1e
10-11 19:19:51.169: D/hwcomposer(122): dc_blank: display 0, [0 -> 1]
10-11 19:19:51.239: I/MPL-storeload(483): mpl state size = 5584
10-11 19:19:51.239: E/MPL-storeload(483): calData from inv_save_mpl_states, size=2
10-11 19:19:51.239: I/MPL-storeload(483): cal data size to write = 5584
10-11 19:19:51.239: I/MPL-storeload(483): Bytes written = 5584
10-11 19:19:51.279: I/ProcessStatsService(483): Prepared write state in 11ms
10-11 19:19:51.309: I/ProcessStatsService(483): Prepared write state in 22ms
10-11 19:19:51.309: I/ProcessStatsService(483): Prepared write state in 6ms
10-11 19:19:53.019: I/PowerManagerService(483): Waking up from sleep...
10-11 19:19:53.109: V/KeyguardServiceDelegate(483): onScreenTurnedOn(showListener = com.android.internal.policy.impl.PhoneWindowManager$17@425f9e90)
10-11 19:19:53.109: V/KeyguardServiceDelegate(483): **** SHOWN CALLED ****
10-11 19:19:53.109: I/WindowManager(483): No lock screen! windowToken=null
10-11 19:19:53.119: D/DisplayPowerController(483): Unblocked screen on after 113721728 ms
10-11 19:19:53.289: D/PowerManagerService-JNI(483): Excessive delay in autosuspend_disable() while turning screen on: 266ms
10-11 19:19:53.289: D/SurfaceFlinger(122): Screen acquired, type=0 flinger=0x410f5450
10-11 19:19:53.289: D/hwcomposer(122): hwc_blank: display 0: unblank
10-11 19:19:53.289: D/hwcomposer(122): hwc_blank_display: display 0: [1 -> 0]
10-11 19:19:53.289: D/hwcomposer(122): Display 0 is 800 x 1280
10-11 19:19:53.289: D/hwcomposer(122): dc_blank: display 0, [1 -> 0]
10-11 19:19:53.359: D/dalvikvm(6116): GC_CONCURRENT freed 412K, 13% free 8382K/9604K, paused 1ms+3ms, total 23ms
10-11 19:19:54.499: D/libgps(483): proxy_gps_inject_location()
10-11 19:19:54.509: D/dalvikvm(3149): GC_CONCURRENT freed 574K, 7% free 9409K/10076K, paused 3ms+5ms, total 35ms
10-11 19:20:40.159: D/dalvikvm(1808): GC_CONCURRENT freed 769K, 59% free 9504K/23036K, paused 11ms+5ms, total 70ms
10-11 19:23:34.569: I/PowerManagerService(483): Going to sleep due to screen timeout...
10-11 19:23:35.039: D/SurfaceFlinger(122): Screen released, type=0 flinger=0x410f5450
10-11 19:23:35.039: D/hwcomposer(122): hwc_blank: display 0: blank
10-11 19:23:35.039: D/hwcomposer(122): hwc_blank_display: display 0: [0 -> 1]
10-11 19:23:35.039: D/hwcomposer(122): hwc_blank_display: releasing buffer 0x22
10-11 19:23:35.039: D/hwcomposer(122): dc_blank: display 0, [0 -> 1]
10-11 19:23:35.129: I/MPL-storeload(483): mpl state size = 5584
10-11 19:23:35.129: E/MPL-storeload(483): calData from inv_save_mpl_states, size=2
10-11 19:23:35.129: I/MPL-storeload(483): cal data size to write = 5584
10-11 19:23:35.129: I/MPL-storeload(483): Bytes written = 5584
10-11 19:23:40.149: V/KeyguardHostView(585): Initial transport state: 1, pbstate=0
10-11 19:23:40.379: V/KeyguardHostView(585): music state changed: 0
10-11 19:23:40.519: D/dalvikvm(1808): GC_CONCURRENT freed 478K, 59% free 9662K/23036K, paused 6ms+5ms, total 312ms
10-11 19:23:40.519: D/dalvikvm(1808): WAIT_FOR_CONCURRENT_GC blocked 23ms
10-11 19:23:40.629: W/View(585): requestLayout() improperly called by android.widget.TextClock{423bbe68 V.ED.... ......ID 108,0-444,230 #7f0e0045 app:id/the_clock} during layout: running second layout pass
10-11 19:23:40.629: W/View(585): requestLayout() improperly called by android.widget.TextClock{424357d0 V.ED.... ......ID 205,0-348,29 #7f0e0041 app:id/date} during layout: running second layout pass
10-11 19:23:40.629: W/View(585): requestLayout() improperly called by android.widget.TextView{42378a60 V.ED.... ......ID 0,0-0,28 #7f0b018b app:id/widget_folder} during layout: running second layout pass
10-11 19:23:40.629: W/View(585): requestLayout() improperly called by android.widget.TextView{4230b2c8 V.ED.... ......ID 0,28-0,51 #7f0b018c app:id/widget_account_noflip} during layout: running second layout pass
10-11 19:23:40.819: D/dalvikvm(585): GC_CONCURRENT freed 1528K, 12% free 11580K/13148K, paused 3ms+14ms, total 54ms
10-11 19:23:40.849: D/PhoneStatusBar(585): disable: < EXPAND* icons alerts TICKER* system_info BACK* HOME* RECENT* clock search
> 10-11 19:23:40.889: D/dalvikvm(30019): GC_CONCURRENT freed 424K, 6% free 7977K/8440K, paused 4ms+8ms, total 27ms
10-11 19:23:40.909: D/dalvikvm(26768): GC_CONCURRENT freed 415K, 7% free 7751K/8308K, paused 4ms+9ms, total 37ms
10-11 19:24:54.909: V/BackupManagerService(483): Running a backup pass
10-11 19:24:54.949: V/BackupManagerService(483): clearing pending backups
10-11 19:24:54.949: V/PerformBackupTask(483): Beginning backup of 1 targets
10-11 19:24:54.969: V/BackupServiceBinder(483): doBackup() invoked
10-11 19:24:54.969: D/PerformBackupTask(483): invokeAgentForBackup on @pm@
10-11 19:24:54.989: I/PerformBackupTask(483): no backup data written; not calling transport
10-11 19:24:54.989: D/PerformBackupTask(483): starting agent for backup of BackupRequest{pkg=android}
10-11 19:24:54.999: V/BackupServiceBinder(483): doBackup() invoked
10-11 19:24:54.999: D/BackupManagerService(483): awaiting agent for ApplicationInfo{420a1350 android}
10-11 19:24:54.999: D/BackupManagerService(483): agentConnected pkg=android agent=android.app.backup.BackupAgent$BackupServiceBinder@431115a0
10-11 19:24:54.999: I/BackupManagerService(483): got agent android.app.backup.BackupAgent$BackupServiceBinder@431115a0
10-11 19:24:54.999: D/PerformBackupTask(483): invokeAgentForBackup on android
10-11 19:24:55.009: D/BackupHelperDispatcher(483): handling existing helper 'wallpaper' android.app.backup.WallpaperBackupHelper@42d9e6e8
10-11 19:24:56.159: D/libgps(483): proxy_gps_inject_location()
10-11 19:24:56.179: D/dalvikvm(3149): GC_FOR_ALLOC freed 478K, 7% free 9405K/10076K, paused 25ms, total 26ms
10-11 19:24:56.209: D/dalvikvm(3149): GC_CONCURRENT freed 19K, 7% free 9408K/10076K, paused 4ms+2ms, total 29ms
10-11 19:24:56.259: I/PerformBackupTask(483): Backup pass finished.
10-11 19:26:20.059: I/PowerManagerService(483): Waking up from sleep...
10-11 19:26:20.209: V/KeyguardServiceDelegate(483): onScreenTurnedOn(showListener = com.android.internal.policy.impl.PhoneWindowManager$17@42a743c0)
10-11 19:26:20.369: V/KeyguardServiceDelegate(483): **** SHOWN CALLED ****
10-11 19:26:20.369: I/WindowManager(483): Lock screen displayed!
10-11 19:26:20.399: D/DisplayPowerController(483): Unblocked screen on after 114109003 ms
10-11 19:26:20.409: D/PowerManagerService-JNI(483): Excessive delay in autosuspend_disable() while turning screen on: 331ms
10-11 19:26:20.409: D/SurfaceFlinger(122): Screen acquired, type=0 flinger=0x410f5450
10-11 19:26:20.409: D/hwcomposer(122): hwc_blank: display 0: unblank
10-11 19:26:20.409: D/hwcomposer(122): hwc_blank_display: display 0: [1 -> 0]
10-11 19:26:20.409: D/hwcomposer(122): Display 0 is 800 x 1280
10-11 19:26:20.409: D/hwcomposer(122): dc_blank: display 0, [1 -> 0]
10-11 19:26:24.399: V/UserPresentBroadcastReceiver(3124): Recieved ACTION_USER_PRESENT.
10-11 19:26:24.399: D/d(3124): Notifying listener(s): onUserPresent()...
10-11 19:26:24.409: D/c(3124): Starting periodic check for user presence.
10-11 19:26:24.409: D/c(3124): Stoping periodic check for user presence.
10-11 19:26:24.439: D/PhoneStatusBar(585): disable: < expand* icons alerts ticker* system_info back* home* recent* clock search
> 10-11 19:26:24.559: D/dalvikvm(6116): GC_CONCURRENT freed 395K, 13% free 8374K/9604K, paused 5ms+11ms, total 43ms
10-11 19:26:44.169: D/dalvikvm(1808): GC_CONCURRENT freed 705K, 59% free 9516K/23036K, paused 19ms+5ms, total 80ms
10-11 19:28:08.149: V/DeadZone(585): consuming errant click: (225.625,20.45459)
10-11 19:28:09.149: D/dalvikvm(585): GC_CONCURRENT freed 1897K, 18% free 10895K/13148K, paused 8ms+13ms, total 61ms
10-11 19:28:11.109: W/InputMethodManagerService(483): Window already focused, ignoring focus gain of: com.android.internal.view.IInputMethodClient$Stub$Proxy@422a0b68 attribute=android.view.inputmethod.EditorInfo@428a4b10, token = android.os.BinderProxy@42816260
10-11 19:28:14.999: D/PermissionCache(122): checking android.permission.READ_FRAME_BUFFER for uid=2000 => granted (271 us)
10-11 19:29:06.679: I/GCM(3124): GCM message com.skype.raider 0:1413044946727039%0#82d6e31cf9fd7ecd
10-11 19:29:06.729: I/ActivityManager(483): Start proc com.skype.raider for broadcast com.skype.raider/com.skype.android.push.gcm.GCMPushReceiver: pid=2536 uid=10075 gids={50075, 3003, 3002, 1028, 1015}
10-11 19:29:06.869: D/dalvikvm(2536): Trying to load lib /data/app-lib/com.skype.raider-2/libSkypeAndroid.so 0x42022d20
10-11 19:29:06.869: W/linker(2536): libSkypeAndroid.so has text relocations. This is wasting memory and is a security risk. Please fix.
10-11 19:29:06.869: D/dalvikvm(2536): Added shared lib /data/app-lib/com.skype.raider-2/libSkypeAndroid.so 0x42022d20
10-11 19:29:06.979: D/dalvikvm(2536): GC_CONCURRENT freed 300K, 5% free 7704K/8040K, paused 3ms+2ms, total 18ms
10-11 19:29:07.069: D/dalvikvm(2536): GC_CONCURRENT freed 457K, 7% free 7718K/8212K, paused 3ms+2ms, total 18ms
10-11 19:29:07.149: D/dalvikvm(2536): GC_CONCURRENT freed 426K, 6% free 7751K/8216K, paused 3ms+2ms, total 34ms
10-11 19:29:07.189: D/ConnectivityService(483): handleInetConditionHoldEnd: net=1, condition=100, published condition=100
10-11 19:29:07.209: D/dalvikvm(2536): GC_CONCURRENT freed 473K, 7% free 7791K/8300K, paused 1ms+1ms, total 21ms
10-11 19:29:07.209: D/dalvikvm(2536): WAIT_FOR_CONCURRENT_GC blocked 8ms
10-11 19:29:07.259: D/dalvikvm(2536): GC_CONCURRENT freed 497K, 7% free 7806K/8340K, paused 3ms+2ms, total 24ms
10-11 19:29:07.259: D/dalvikvm(2536): WAIT_FOR_CONCURRENT_GC blocked 9ms
10-11 19:29:07.329: D/dalvikvm(2536): GC_CONCURRENT freed 423K, 6% free 7841K/8340K, paused 1ms+3ms, total 18ms
10-11 19:29:07.449: D/dalvikvm(2536): GC_CONCURRENT freed 445K, 6% free 7858K/8340K, paused 1ms+1ms, total 17ms
10-11 19:29:07.539: D/dalvikvm(2536): GC_CONCURRENT freed 389K, 6% free 7897K/8340K, paused 2ms+2ms, total 18ms
10-11 19:29:07.639: D/dalvikvm(2536): GC_CONCURRENT freed 317K, 5% free 8012K/8368K, paused 1ms+2ms, total 17ms
10-11 19:29:07.729: D/dalvikvm(2536): GC_CONCURRENT freed 477K, 7% free 8045K/8560K, paused 1ms+1ms, total 19ms
10-11 19:29:07.729: D/dalvikvm(2536): WAIT_FOR_CONCURRENT_GC blocked 5ms
10-11 19:29:07.739: D//Ln.java:218(2536): main Configuring Logging, minimum log level is INFO
10-11 19:29:07.789: D/dalvikvm(2536): Trying to load lib /data/app-lib/com.skype.raider-2/libsliq.so 0x42022d20
10-11 19:29:07.809: D/dalvikvm(2536): GC_CONCURRENT freed 537K, 7% free 8002K/8576K, paused 1ms+2ms, total 28ms
10-11 19:29:07.819: W/linker(2536): libsliq.so has text relocations. This is wasting memory and is a security risk. Please fix.
10-11 19:29:07.819: D/dalvikvm(2536): Added shared lib /data/app-lib/com.skype.raider-2/libsliq.so 0x42022d20
10-11 19:29:07.819: D/dalvikvm(2536): No JNI_OnLoad found in /data/app-lib/com.skype.raider-2/libsliq.so 0x42022d20, skipping init
10-11 19:29:07.819: D/dalvikvm(2536): Trying to load lib /data/app-lib/com.skype.raider-2/libSkyLib.so 0x42022d20
10-11 19:29:07.909: W/linker(2536): libSkyLib.so has text relocations. This is wasting memory and is a security risk. Please fix.
10-11 19:29:08.259: V/skype_jni(2536): jni_CallDevice::jni_CallDevice()
10-11 19:29:08.259: V/skype_jni(2536): jni_CallDevice::Init()
10-11 19:29:08.259: E/skype_jni(2536): g_jniCallback == 0
10-11 19:29:08.259: E/skype_jni(2536): g_pcmInit == 0
10-11 19:29:08.259: D/dalvikvm(2536): Added shared lib /data/app-lib/com.skype.raider-2/libSkyLib.so 0x42022d20
10-11 19:29:08.259: I/AndroidPlatformHost(2536): Video_JNI_OnLoad()
10-11 19:29:08.259: D/AndroidPlatformHost(2536): Build fingerprint >> SVN Revision: 56996, 2013-10-26 03:06
10-11 19:29:08.259: I/JavaObject(2536): JavaObject::FindClass: name=com/skype/android/video/capture/JavaCamera clz=0x1200001d
10-11 19:29:08.259: I/JavaObject(2536): JavaObject::FindClass: name=com/skype/android/video/render/GLESRenderer clz=0x8900021
10-11 19:29:08.269: I/JavaObject(2536): JavaObject::FindClass: name=com/skype/android/video/ControlUnit clz=0xf200025
10-11 19:29:08.269: I/AndroidPlatformHost(2536): Video_JNI_OnLoad() e
10-11 19:29:08.289: V/skype_jni(2536): JNI Init
10-11 19:29:08.289: V/skype_jni(2536): jniSetup
10-11 19:29:08.299: D/dalvikvm(2536): Trying to load lib /data/app-lib/com.skype.raider-2/libSkypeAndroid.so 0x42022d20
10-11 19:29:08.299: D/dalvikvm(2536): Shared lib '/data/app-lib/com.skype.raider-2/libSkypeAndroid.so' already loaded in same CL 0x42022d20
10-11 19:29:08.399: I/JavaObject(2536): JavaObject::Instantiate: clz=0x1d200412 nativePointer=0x6878d788
10-11 19:29:08.419: I/JavaObject(2536): JavaObject::Instantiate: about to SetNativePointer
10-11 19:29:08.419: I/JavaObject(2536): JavaObject::SetNativePointer: m_object=0x1d80048e nativePointer=0x6878d788
10-11 19:29:08.509: I/dalvikvm(2536): Could not find method com.amazon.device.messaging.ADM.getRegistrationId, referenced from method com.skype.android.push.adm.ADMPushRegistration.getRegistrationToken
10-11 19:29:08.509: W/dalvikvm(2536): VFY: unable to resolve virtual method 9155: Lcom/amazon/device/messaging/ADM;.getRegistrationId ()Ljava/lang/String;
10-11 19:29:08.509: D/dalvikvm(2536): VFY: replacing opcode 0x6e at 0x0008
10-11 19:29:08.509: I/dalvikvm(2536): Could not find method com.amazon.device.messaging.ADM.getRegistrationId, referenced from method com.skype.android.push.adm.ADMPushRegistration.isRegistered
10-11 19:29:08.509: W/dalvikvm(2536): VFY: unable to resolve virtual method 9155: Lcom/amazon/device/messaging/ADM;.getRegistrationId ()Ljava/lang/String;
10-11 19:29:08.509: D/dalvikvm(2536): VFY: replacing opcode 0x6e at 0x000d
10-11 19:29:08.509: E/dalvikvm(2536): Could not find class 'com.amazon.device.messaging.ADM', referenced from method com.skype.android.push.adm.ADMPushRegistration.isSupported
10-11 19:29:08.509: W/dalvikvm(2536): VFY: unable to resolve new-instance 1158 (Lcom/amazon/device/messaging/ADM;) in Lcom/skype/android/push/adm/ADMPushRegistration;
10-11 19:29:08.509: D/dalvikvm(2536): VFY: replacing opcode 0x22 at 0x0006
10-11 19:29:08.509: I/dalvikvm(2536): Could not find method com.amazon.device.messaging.ADM.getRegistrationId, referenced from method com.skype.android.push.adm.ADMPushRegistration.register
10-11 19:29:08.509: W/dalvikvm(2536): VFY: unable to resolve virtual method 9155: Lcom/amazon/device/messaging/ADM;.getRegistrationId ()Ljava/lang/String;
10-11 19:29:08.509: D/dalvikvm(2536): VFY: replacing opcode 0x6e at 0x0008
10-11 19:29:08.509: I/dalvikvm(2536): Could not find method com.amazon.device.messaging.ADM.startUnregister, referenced from method com.skype.android.push.adm.ADMPushRegistration.unregister
10-11 19:29:08.509: W/dalvikvm(2536): VFY: unable to resolve virtual method 9158: Lcom/amazon/device/messaging/ADM;.startUnregister ()V
10-11 19:29:08.509: D/dalvikvm(2536): VFY: replacing opcode 0x6e at 0x0008
10-11 19:29:08.509: D/dalvikvm(2536): DexOpt: unable to opt direct call 0x23c2 at 0x0a in Lcom/skype/android/push/adm/ADMPushRegistration;.isSupported
10-11 19:29:08.579: D/dalvikvm(2536): GC_CONCURRENT freed 330K, 6% free 8110K/8576K, paused 2ms+2ms, total 21ms
10-11 19:29:08.609: D/dalvikvm(2536): GC_FOR_ALLOC freed 63K, 6% free 8116K/8576K, paused 16ms, total 16ms
10-11 19:29:08.609: I/dalvikvm-heap(2536): Grow heap (frag case) to 9.710MB for 1837096-byte allocation
10-11 19:29:08.639: D/dalvikvm(2536): GC_FOR_ALLOC freed 0K, 5% free 9910K/10372K, paused 22ms, total 22ms
10-11 19:29:08.659: D/dalvikvm(2536): GC_CONCURRENT freed 0K, 5% free 9910K/10372K, paused 2ms+2ms, total 22ms
