10-11 18:03:29.321: E/GoogleApiIcingClientImpl(5152): NoSuchMethodException while trying to construct DocumentContents
10-11 18:03:29.341: I/LibraryLoader(31606): Loading: chromium_android_linker
10-11 18:03:29.341: I/LibraryLoader(31606): Loading: chrome.2125.102
10-11 18:03:29.451: D/dalvikvm(1808): GC_CONCURRENT freed 558K, 59% free 9636K/23036K, paused 8ms+5ms, total 51ms
10-11 18:03:29.501: D/ChildProcessLauncher(5152): on connect callback, pid=31606 context=1780285224
10-11 18:03:29.521: I/LibraryLoader(31606): Time to load native libraries: 177 ms (timestamps 7818-7995)
10-11 18:03:29.521: I/LibraryLoader(31606): Expected native library version number "38.0.2125.102",actual native library version number "38.0.2125.102"
10-11 18:03:29.521: I/chromium(31606): [INFO:library_loader_hooks.cc(104)] Chromium logging enabled: level = 0, default verbosity = 0
10-11 18:03:30.141: E/GoogleApiIcingClientImpl(5152): NoSuchMethodException while trying to construct DocumentContents
10-11 18:03:30.171: E/GoogleApiIcingClientImpl(5152): NoSuchMethodException while trying to construct DocumentContents
10-11 18:03:30.201: E/GoogleApiIcingClientImpl(5152): NoSuchMethodException while trying to construct DocumentContents
10-11 18:03:30.221: E/GoogleApiIcingClientImpl(5152): NoSuchMethodException while trying to construct DocumentContents
10-11 18:03:30.521: I/chromium(31606): [INFO:SkUtilsArm.cpp(179)] Device supports ARM NEON instructions!
10-11 18:03:30.681: V/DeadZone(585): consuming errant click: (216.25,14.393921)
10-11 18:03:31.721: I/ActivityManager(483): moveTaskToBack: 7
10-11 18:03:31.781: W/IInputConnectionWrapper(5152): showStatusIcon on inactive InputConnection
10-11 18:03:32.231: W/ScreenOrientationListener(5152): Removing an inexistent observer!
10-11 18:03:32.261: I/ActivityManager(483): Process com.android.chrome:sandboxed_process16 (pid 31606) has died.
10-11 18:03:32.261: W/ActivityManager(483): Scheduling restart of crashed service com.android.chrome/org.chromium.content.app.SandboxedProcessService16 in 1000ms
10-11 18:03:32.311: I/chromium(5152): [INFO:child_process_launcher.cc(395)] ChromeProcess: Stopping process with handle 31606
10-11 18:03:32.311: D/ChildProcessLauncher(5152): stopping child connection: pid=31606
10-11 18:03:32.311: D/ChildProcessLauncher(5152): Allocator freed a connection, sandbox: true, slot: 16
10-11 18:03:32.311: W/ChildProcessConnection(5152): onServiceDisconnected (crash or killed by oom): pid=31606
10-11 18:03:32.311: D/ChildProcessLauncher(5152): stopping child connection: pid=31606
10-11 18:03:32.311: W/ChildProcessLauncher(5152): Tried to stop non-existent connection, pid=31606
10-11 18:03:34.181: I/ActivityManager(483): START u0 {act=android.intent.action.VIEW dat=https://adblockplus.org/en/android-config cmp=com.android.chrome/com.google.android.apps.chrome.Main (has extras)} from pid 6116
10-11 18:03:34.201: I/ActivityManager(483): START u0 {act=android.intent.action.VIEW dat=https://adblockplus.org/en/android-config flg=0x14000000 cmp=com.android.chrome/com.google.android.apps.chrome.ChromeTabbedActivity (has extras)} from pid 5152
10-11 18:03:34.251: D/ChildProcessLauncher(5152): Allocator allocated a connection, sandbox: true, slot: 17
10-11 18:03:34.271: I/ActivityManager(483): Start proc com.android.chrome:sandboxed_process17 for service com.android.chrome/org.chromium.content.app.SandboxedProcessService17: pid=31647 uid=99017 gids={}
10-11 18:03:34.281: D/ChildProcessLauncher(5152): Setting up connection to process: slot=17
10-11 18:03:34.361: I/ChildProcessService(31647): Creating new ChildProcessService pid=31647
10-11 18:03:34.371: D/dalvikvm(31647): Trying to load lib /data/app-lib/com.android.chrome-1/libchromium_android_linker.so 0x42020250
10-11 18:03:34.371: D/dalvikvm(31647): Added shared lib /data/app-lib/com.android.chrome-1/libchromium_android_linker.so 0x42020250
10-11 18:03:34.421: E/GoogleApiIcingClientImpl(5152): NoSuchMethodException while trying to construct DocumentContents
10-11 18:03:34.431: I/LibraryLoader(31647): Loading: chromium_android_linker
10-11 18:03:34.431: I/LibraryLoader(31647): Loading: chrome.2125.102
10-11 18:03:34.491: D/ChildProcessLauncher(5152): on connect callback, pid=31647 context=1756555472
10-11 18:03:34.531: I/LibraryLoader(31647): Time to load native libraries: 102 ms (timestamps 2905-3007)
10-11 18:03:34.541: I/LibraryLoader(31647): Expected native library version number "38.0.2125.102",actual native library version number "38.0.2125.102"
10-11 18:03:34.541: I/chromium(31647): [INFO:library_loader_hooks.cc(104)] Chromium logging enabled: level = 0, default verbosity = 0
10-11 18:03:34.971: E/GoogleApiIcingClientImpl(5152): NoSuchMethodException while trying to construct DocumentContents
10-11 18:03:35.031: D/dalvikvm(5152): GC_CONCURRENT freed 4952K, 36% free 9669K/15052K, paused 2ms+8ms, total 83ms
10-11 18:03:35.061: E/GoogleApiIcingClientImpl(5152): NoSuchMethodException while trying to construct DocumentContents
10-11 18:03:35.111: E/GoogleApiIcingClientImpl(5152): NoSuchMethodException while trying to construct DocumentContents
10-11 18:03:35.161: E/GoogleApiIcingClientImpl(5152): NoSuchMethodException while trying to construct DocumentContents
10-11 18:03:35.241: I/chromium(31647): [INFO:SkUtilsArm.cpp(179)] Device supports ARM NEON instructions!
10-11 18:03:36.261: D/dalvikvm(5152): GC_FOR_ALLOC freed 320K, 37% free 9599K/15052K, paused 31ms, total 31ms
10-11 18:03:36.261: I/dalvikvm-heap(5152): Grow heap (frag case) to 12.596MB for 3344016-byte allocation
10-11 18:03:36.281: D/dalvikvm(5152): GC_FOR_ALLOC freed <1K, 15% free 12864K/15052K, paused 23ms, total 23ms
10-11 18:03:36.311: D/dalvikvm(5152): GC_CONCURRENT freed 3K, 15% free 12861K/15052K, paused 2ms+3ms, total 33ms
10-11 18:03:36.321: D/dalvikvm(5152): WAIT_FOR_CONCURRENT_GC blocked 14ms
10-11 18:03:36.321: I/dalvikvm-heap(5152): Grow heap (frag case) to 12.969MB for 394016-byte allocation
10-11 18:03:36.341: D/dalvikvm(5152): GC_FOR_ALLOC freed <1K, 15% free 13246K/15440K, paused 24ms, total 24ms
10-11 18:03:36.401: I/Icing(3162): Indexing 0CF4DD156EB38BE0AD36F4A41E71D284436EED73 from com.android.chrome
10-11 18:03:36.481: D/dalvikvm(3162): GC_CONCURRENT freed 707K, 7% free 10088K/10840K, paused 6ms+9ms, total 72ms
10-11 18:03:36.561: I/Icing(3162): Indexing done 0CF4DD156EB38BE0AD36F4A41E71D284436EED73
10-11 18:03:36.791: I/ActivityManager(483): moveTaskToBack: 7
10-11 18:03:36.881: D/dalvikvm(483): GC_FOR_ALLOC freed 971K, 26% free 19433K/26032K, paused 86ms, total 86ms
10-11 18:03:36.951: W/IInputConnectionWrapper(5152): showStatusIcon on inactive InputConnection
10-11 18:03:37.111: D/dalvikvm(6116): GC_CONCURRENT freed 426K, 12% free 8315K/9348K, paused 3ms+7ms, total 69ms
10-11 18:03:37.411: W/ScreenOrientationListener(5152): Removing an inexistent observer!
10-11 18:03:37.441: I/ActivityManager(483): Process com.android.chrome:sandboxed_process17 (pid 31647) has died.
10-11 18:03:37.441: W/ActivityManager(483): Scheduling restart of crashed service com.android.chrome/org.chromium.content.app.SandboxedProcessService17 in 1000ms
10-11 18:03:37.531: W/ChildProcessConnection(5152): onServiceDisconnected (crash or killed by oom): pid=31647
10-11 18:03:37.531: D/ChildProcessLauncher(5152): stopping child connection: pid=31647
10-11 18:03:37.531: D/ChildProcessLauncher(5152): Allocator freed a connection, sandbox: true, slot: 17
10-11 18:03:37.611: D/dalvikvm(3124): GC_EXPLICIT freed 419K, 8% free 9460K/10176K, paused 2ms+7ms, total 67ms
10-11 18:03:37.651: I/Icing(3162): Usage reports 6 indexed 0 rejected 0 denied 0 imm upload false
10-11 18:03:40.541: I/ActivityManager(483): START u0 {act=android.intent.action.VIEW dat=http://www.gnu.org/licenses/gpl.html cmp=com.android.chrome/com.google.android.apps.chrome.Main (has extras)} from pid 6116
10-11 18:03:40.551: I/ActivityManager(483): START u0 {act=android.intent.action.VIEW dat=http://www.gnu.org/licenses/gpl.html flg=0x14000000 cmp=com.android.chrome/com.google.android.apps.chrome.ChromeTabbedActivity (has extras)} from pid 5152
10-11 18:03:40.601: D/ChildProcessLauncher(5152): Allocator allocated a connection, sandbox: true, slot: 18
10-11 18:03:40.611: D/ChildProcessLauncher(5152): Setting up connection to process: slot=18
10-11 18:03:40.611: I/ActivityManager(483): Start proc com.android.chrome:sandboxed_process18 for service com.android.chrome/org.chromium.content.app.SandboxedProcessService18: pid=31695 uid=99018 gids={}
10-11 18:03:40.721: I/ChildProcessService(31695): Creating new ChildProcessService pid=31695
10-11 18:03:40.731: D/dalvikvm(31695): Trying to load lib /data/app-lib/com.android.chrome-1/libchromium_android_linker.so 0x42020fe8
10-11 18:03:40.741: D/dalvikvm(31695): Added shared lib /data/app-lib/com.android.chrome-1/libchromium_android_linker.so 0x42020fe8
10-11 18:03:40.771: E/GoogleApiIcingClientImpl(5152): NoSuchMethodException while trying to construct DocumentContents
10-11 18:03:40.821: I/LibraryLoader(31695): Loading: chromium_android_linker
10-11 18:03:40.821: I/LibraryLoader(31695): Loading: chrome.2125.102
10-11 18:03:40.881: D/ChildProcessLauncher(5152): on connect callback, pid=31695 context=1781086752
10-11 18:03:40.911: I/LibraryLoader(31695): Time to load native libraries: 84 ms (timestamps 9295-9379)
10-11 18:03:40.911: I/LibraryLoader(31695): Expected native library version number "38.0.2125.102",actual native library version number "38.0.2125.102"
10-11 18:03:40.911: I/chromium(31695): [INFO:library_loader_hooks.cc(104)] Chromium logging enabled: level = 0, default verbosity = 0
10-11 18:03:41.901: E/GoogleApiIcingClientImpl(5152): NoSuchMethodException while trying to construct DocumentContents
10-11 18:03:41.941: E/GoogleApiIcingClientImpl(5152): NoSuchMethodException while trying to construct DocumentContents
10-11 18:03:41.971: E/GoogleApiIcingClientImpl(5152): NoSuchMethodException while trying to construct DocumentContents
10-11 18:03:42.091: E/GoogleApiIcingClientImpl(5152): NoSuchMethodException while trying to construct DocumentContents
10-11 18:03:42.391: I/chromium(31695): [INFO:SkUtilsArm.cpp(179)] Device supports ARM NEON instructions!
10-11 18:03:43.111: D/dalvikvm(5152): GC_FOR_ALLOC freed 4658K, 38% free 9627K/15436K, paused 25ms, total 25ms
10-11 18:03:43.111: I/dalvikvm-heap(5152): Grow heap (frag case) to 12.624MB for 3344016-byte allocation
10-11 18:03:43.131: D/dalvikvm(5152): GC_FOR_ALLOC freed 20K, 17% free 12873K/15436K, paused 25ms, total 25ms
10-11 18:03:43.171: D/dalvikvm(5152): GC_CONCURRENT freed 404K, 17% free 12951K/15436K, paused 4ms+3ms, total 40ms
10-11 18:03:43.451: W/chromium(5152): [WARNING:http_server_properties_impl.cc(265)] Changing the alternate protocol for: csi.gstatic.com:80 from [Port: 80, Protocol: 4, Probability: 1] to [Port: 80, Protocol: 4, Probability: 0.01].
10-11 18:03:43.861: I/ActivityManager(483): moveTaskToBack: 7
10-11 18:03:43.921: D/dalvikvm(585): GC_CONCURRENT freed 1914K, 18% free 10591K/12908K, paused 2ms+14ms, total 60ms
10-11 18:03:43.941: W/IInputConnectionWrapper(5152): showStatusIcon on inactive InputConnection
10-11 18:03:44.391: W/ScreenOrientationListener(5152): Removing an inexistent observer!
10-11 18:03:44.421: I/ActivityManager(483): Process com.android.chrome:sandboxed_process18 (pid 31695) has died.
10-11 18:03:44.421: W/ActivityManager(483): Scheduling restart of crashed service com.android.chrome/org.chromium.content.app.SandboxedProcessService18 in 1000ms
10-11 18:03:44.451: W/ChildProcessConnection(5152): onServiceDisconnected (crash or killed by oom): pid=31695
10-11 18:03:44.451: D/ChildProcessLauncher(5152): stopping child connection: pid=31695
10-11 18:03:44.451: D/ChildProcessLauncher(5152): Allocator freed a connection, sandbox: true, slot: 18
10-11 18:03:47.221: I/ActivityManager(483): START u0 {act=android.intent.action.VIEW dat=http://code.google.com/p/v8/ cmp=com.android.chrome/com.google.android.apps.chrome.Main (has extras)} from pid 6116
10-11 18:03:47.241: I/ActivityManager(483): START u0 {act=android.intent.action.VIEW dat=http://code.google.com/p/v8/ flg=0x14000000 cmp=com.android.chrome/com.google.android.apps.chrome.ChromeTabbedActivity (has extras)} from pid 5152
10-11 18:03:47.281: D/ChildProcessLauncher(5152): Allocator allocated a connection, sandbox: true, slot: 19
10-11 18:03:47.301: D/ChildProcessLauncher(5152): Setting up connection to process: slot=19
10-11 18:03:47.301: I/ActivityManager(483): Start proc com.android.chrome:sandboxed_process19 for service com.android.chrome/org.chromium.content.app.SandboxedProcessService19: pid=31745 uid=99019 gids={}
10-11 18:03:47.381: I/ChildProcessService(31745): Creating new ChildProcessService pid=31745
10-11 18:03:47.381: D/dalvikvm(31745): Trying to load lib /data/app-lib/com.android.chrome-1/libchromium_android_linker.so 0x42021d88
10-11 18:03:47.381: D/dalvikvm(31745): Added shared lib /data/app-lib/com.android.chrome-1/libchromium_android_linker.so 0x42021d88
10-11 18:03:47.421: I/LibraryLoader(31745): Loading: chromium_android_linker
10-11 18:03:47.421: I/LibraryLoader(31745): Loading: chrome.2125.102
10-11 18:03:47.511: D/ChildProcessLauncher(5152): on connect callback, pid=31745 context=1754937728
10-11 18:03:47.511: E/GoogleApiIcingClientImpl(5152): NoSuchMethodException while trying to construct DocumentContents
10-11 18:03:47.531: I/LibraryLoader(31745): Time to load native libraries: 104 ms (timestamps 5896-6000)
10-11 18:03:47.531: I/LibraryLoader(31745): Expected native library version number "38.0.2125.102",actual native library version number "38.0.2125.102"
10-11 18:03:47.531: I/chromium(31745): [INFO:library_loader_hooks.cc(104)] Chromium logging enabled: level = 0, default verbosity = 0
10-11 18:03:49.271: E/GoogleApiIcingClientImpl(5152): NoSuchMethodException while trying to construct DocumentContents
10-11 18:03:49.331: E/GoogleApiIcingClientImpl(5152): NoSuchMethodException while trying to construct DocumentContents
10-11 18:03:49.351: E/GoogleApiIcingClientImpl(5152): NoSuchMethodException while trying to construct DocumentContents
10-11 18:03:49.381: E/GoogleApiIcingClientImpl(5152): NoSuchMethodException while trying to construct DocumentContents
10-11 18:03:50.051: I/chromium(31745): [INFO:SkUtilsArm.cpp(179)] Device supports ARM NEON instructions!
10-11 18:03:50.811: I/ActivityManager(483): moveTaskToBack: 7
10-11 18:03:50.921: D/dalvikvm(483): GC_FOR_ALLOC freed 1093K, 26% free 19460K/26032K, paused 93ms, total 94ms
10-11 18:03:51.271: W/IInputConnectionWrapper(5152): showStatusIcon on inactive InputConnection
10-11 18:03:51.291: D/dalvikvm(6116): GC_CONCURRENT freed 387K, 12% free 8318K/9348K, paused 17ms+12ms, total 102ms
10-11 18:03:51.421: W/ScreenOrientationListener(5152): Removing an inexistent observer!
10-11 18:03:51.451: I/ActivityManager(483): Process com.android.chrome:sandboxed_process19 (pid 31745) has died.
10-11 18:03:51.451: W/ActivityManager(483): Scheduling restart of crashed service com.android.chrome/org.chromium.content.app.SandboxedProcessService19 in 1000ms
10-11 18:03:51.501: W/ChildProcessConnection(5152): onServiceDisconnected (crash or killed by oom): pid=31745
10-11 18:03:51.501: D/ChildProcessLauncher(5152): stopping child connection: pid=31745
10-11 18:03:51.501: D/ChildProcessLauncher(5152): Allocator freed a connection, sandbox: true, slot: 19
10-11 18:03:53.231: I/ActivityManager(483): START u0 {act=android.intent.action.VIEW dat=http://code.google.com/p/roottools/ cmp=com.android.chrome/com.google.android.apps.chrome.Main (has extras)} from pid 6116
10-11 18:03:53.241: I/ActivityManager(483): START u0 {act=android.intent.action.VIEW dat=http://code.google.com/p/roottools/ flg=0x14000000 cmp=com.android.chrome/com.google.android.apps.chrome.ChromeTabbedActivity (has extras)} from pid 5152
10-11 18:03:53.291: D/ChildProcessLauncher(5152): Allocator allocated a connection, sandbox: true, slot: 0
10-11 18:03:53.301: D/ChildProcessLauncher(5152): Setting up connection to process: slot=0
10-11 18:03:53.301: I/ActivityManager(483): Start proc com.android.chrome:sandboxed_process0 for service com.android.chrome/org.chromium.content.app.SandboxedProcessService0: pid=31792 uid=99020 gids={}
10-11 18:03:53.391: I/ChildProcessService(31792): Creating new ChildProcessService pid=31792
10-11 18:03:53.391: D/dalvikvm(31792): Trying to load lib /data/app-lib/com.android.chrome-1/libchromium_android_linker.so 0x42022b28
10-11 18:03:53.391: D/dalvikvm(31792): Added shared lib /data/app-lib/com.android.chrome-1/libchromium_android_linker.so 0x42022b28
10-11 18:03:53.441: I/LibraryLoader(31792): Loading: chromium_android_linker
10-11 18:03:53.441: I/LibraryLoader(31792): Loading: chrome.2125.102
10-11 18:03:53.441: E/GoogleApiIcingClientImpl(5152): NoSuchMethodException while trying to construct DocumentContents
10-11 18:03:53.521: D/ChildProcessLauncher(5152): on connect callback, pid=31792 context=1757283464
10-11 18:03:53.521: D/dalvikvm(1808): GC_CONCURRENT freed 667K, 59% free 9636K/23036K, paused 10ms+4ms, total 111ms
10-11 18:03:53.561: I/LibraryLoader(31792): Time to load native libraries: 122 ms (timestamps 1911-2033)
10-11 18:03:53.561: I/LibraryLoader(31792): Expected native library version number "38.0.2125.102",actual native library version number "38.0.2125.102"
10-11 18:03:53.561: I/chromium(31792): [INFO:library_loader_hooks.cc(104)] Chromium logging enabled: level = 0, default verbosity = 0
10-11 18:03:54.241: E/GoogleApiIcingClientImpl(5152): NoSuchMethodException while trying to construct DocumentContents
10-11 18:03:54.291: E/GoogleApiIcingClientImpl(5152): NoSuchMethodException while trying to construct DocumentContents
10-11 18:03:54.321: D/dalvikvm(5152): GC_CONCURRENT freed 4990K, 36% free 9744K/15152K, paused 2ms+4ms, total 65ms
10-11 18:03:54.321: D/dalvikvm(5152): WAIT_FOR_CONCURRENT_GC blocked 12ms
10-11 18:03:54.331: E/GoogleApiIcingClientImpl(5152): NoSuchMethodException while trying to construct DocumentContents
10-11 18:03:54.361: E/GoogleApiIcingClientImpl(5152): NoSuchMethodException while trying to construct DocumentContents
10-11 18:03:54.781: I/chromium(31792): [INFO:SkUtilsArm.cpp(179)] Device supports ARM NEON instructions!
10-11 18:03:55.571: I/ActivityManager(483): moveTaskToBack: 7
10-11 18:03:55.681: D/dalvikvm(5152): GC_FOR_ALLOC freed 345K, 37% free 9618K/15152K, paused 37ms, total 37ms
10-11 18:03:55.691: I/dalvikvm-heap(5152): Grow heap (frag case) to 12.615MB for 3344016-byte allocation
10-11 18:03:55.731: D/dalvikvm(5152): GC_FOR_ALLOC freed <1K, 15% free 12882K/15152K, paused 46ms, total 46ms
10-11 18:03:55.791: D/dalvikvm(5152): GC_CONCURRENT freed 2K, 15% free 12880K/15152K, paused 5ms+7ms, total 58ms
10-11 18:03:55.791: D/dalvikvm(5152): WAIT_FOR_CONCURRENT_GC blocked 22ms
10-11 18:03:55.791: I/dalvikvm-heap(5152): Grow heap (frag case) to 12.988MB for 394016-byte allocation
10-11 18:03:55.831: D/dalvikvm(5152): GC_FOR_ALLOC freed <1K, 15% free 13265K/15540K, paused 33ms, total 33ms
10-11 18:03:55.861: W/IInputConnectionWrapper(5152): showStatusIcon on inactive InputConnection
10-11 18:03:56.091: W/ScreenOrientationListener(5152): Removing an inexistent observer!
10-11 18:03:56.121: I/ActivityManager(483): Process com.android.chrome:sandboxed_process0 (pid 31792) has died.
10-11 18:03:56.121: W/ActivityManager(483): Scheduling restart of crashed service com.android.chrome/org.chromium.content.app.SandboxedProcessService0 in 1000ms
10-11 18:03:56.171: W/ChildProcessConnection(5152): onServiceDisconnected (crash or killed by oom): pid=31792
10-11 18:03:56.171: D/ChildProcessLauncher(5152): stopping child connection: pid=31792
10-11 18:03:56.171: D/ChildProcessLauncher(5152): Allocator freed a connection, sandbox: true, slot: 0
10-11 18:03:57.971: I/ActivityManager(483): START u0 {act=android.intent.action.VIEW dat=http://code.google.com/p/roottools/ cmp=com.android.chrome/com.google.android.apps.chrome.Main (has extras)} from pid 6116
10-11 18:03:57.991: I/ActivityManager(483): START u0 {act=android.intent.action.VIEW dat=http://code.google.com/p/roottools/ flg=0x14000000 cmp=com.android.chrome/com.google.android.apps.chrome.ChromeTabbedActivity (has extras)} from pid 5152
10-11 18:03:58.041: D/ChildProcessLauncher(5152): Allocator allocated a connection, sandbox: true, slot: 2
10-11 18:03:58.061: D/ChildProcessLauncher(5152): Setting up connection to process: slot=2
10-11 18:03:58.061: I/ActivityManager(483): Start proc com.android.chrome:sandboxed_process2 for service com.android.chrome/org.chromium.content.app.SandboxedProcessService2: pid=31830 uid=99021 gids={}
10-11 18:03:58.131: I/ChildProcessService(31830): Creating new ChildProcessService pid=31830
10-11 18:03:58.141: D/dalvikvm(31830): Trying to load lib /data/app-lib/com.android.chrome-1/libchromium_android_linker.so 0x420238c0
10-11 18:03:58.141: D/dalvikvm(31830): Added shared lib /data/app-lib/com.android.chrome-1/libchromium_android_linker.so 0x420238c0
10-11 18:03:58.171: I/LibraryLoader(31830): Loading: chromium_android_linker
10-11 18:03:58.171: I/LibraryLoader(31830): Loading: chrome.2125.102
10-11 18:03:58.181: E/GoogleApiIcingClientImpl(5152): NoSuchMethodException while trying to construct DocumentContents
10-11 18:03:58.251: D/ChildProcessLauncher(5152): on connect callback, pid=31830 context=1780780936
10-11 18:03:58.281: I/LibraryLoader(31830): Time to load native libraries: 114 ms (timestamps 6640-6754)
10-11 18:03:58.281: I/LibraryLoader(31830): Expected native library version number "38.0.2125.102",actual native library version number "38.0.2125.102"
10-11 18:03:58.291: I/chromium(31830): [INFO:library_loader_hooks.cc(104)] Chromium logging enabled: level = 0, default verbosity = 0
10-11 18:03:58.871: E/GoogleApiIcingClientImpl(5152): NoSuchMethodException while trying to construct DocumentContents
10-11 18:03:58.921: E/GoogleApiIcingClientImpl(5152): NoSuchMethodException while trying to construct DocumentContents
10-11 18:03:58.951: E/GoogleApiIcingClientImpl(5152): NoSuchMethodException while trying to construct DocumentContents
10-11 18:03:58.981: E/GoogleApiIcingClientImpl(5152): NoSuchMethodException while trying to construct DocumentContents
10-11 18:03:59.031: D/dalvikvm(3162): GC_CONCURRENT freed 757K, 8% free 10059K/10856K, paused 5ms+5ms, total 56ms
10-11 18:03:59.421: I/chromium(31830): [INFO:SkUtilsArm.cpp(179)] Device supports ARM NEON instructions!
10-11 18:04:01.841: I/ActivityManager(483): moveTaskToBack: 7
10-11 18:04:01.921: D/dalvikvm(483): GC_FOR_ALLOC freed 1132K, 26% free 19450K/26032K, paused 84ms, total 84ms
10-11 18:04:01.991: W/IInputConnectionWrapper(5152): showStatusIcon on inactive InputConnection
10-11 18:04:02.091: D/dalvikvm(6116): GC_CONCURRENT freed 419K, 12% free 8316K/9348K, paused 3ms+11ms, total 49ms
10-11 18:04:02.441: W/ScreenOrientationListener(5152): Removing an inexistent observer!
10-11 18:04:02.471: I/ActivityManager(483): Process com.android.chrome:sandboxed_process2 (pid 31830) has died.
10-11 18:04:02.471: W/ActivityManager(483): Scheduling restart of crashed service com.android.chrome/org.chromium.content.app.SandboxedProcessService2 in 1000ms
10-11 18:04:02.511: W/ChildProcessConnection(5152): onServiceDisconnected (crash or killed by oom): pid=31830
10-11 18:04:02.521: D/ChildProcessLauncher(5152): stopping child connection: pid=31830
10-11 18:04:02.521: D/ChildProcessLauncher(5152): Allocator freed a connection, sandbox: true, slot: 2
10-11 18:04:05.431: I/ActivityManager(483): START u0 {act=android.intent.action.VIEW dat=http://freecode.com/projects/brazil cmp=com.android.chrome/com.google.android.apps.chrome.Main (has extras)} from pid 6116
10-11 18:04:05.441: I/ActivityManager(483): START u0 {act=android.intent.action.VIEW dat=http://freecode.com/projects/brazil flg=0x14000000 cmp=com.android.chrome/com.google.android.apps.chrome.ChromeTabbedActivity (has extras)} from pid 5152
10-11 18:04:05.491: D/ChildProcessLauncher(5152): Allocator allocated a connection, sandbox: true, slot: 1
10-11 18:04:05.511: D/ChildProcessLauncher(5152): Setting up connection to process: slot=1
10-11 18:04:05.511: I/ActivityManager(483): Start proc com.android.chrome:sandboxed_process1 for service com.android.chrome/org.chromium.content.app.SandboxedProcessService1: pid=31876 uid=99022 gids={}
10-11 18:04:05.591: I/ChildProcessService(31876): Creating new ChildProcessService pid=31876
10-11 18:04:05.601: D/dalvikvm(31876): Trying to load lib /data/app-lib/com.android.chrome-1/libchromium_android_linker.so 0x420246f8
10-11 18:04:05.601: D/dalvikvm(31876): Added shared lib /data/app-lib/com.android.chrome-1/libchromium_android_linker.so 0x420246f8
10-11 18:04:05.641: I/LibraryLoader(31876): Loading: chromium_android_linker
10-11 18:04:05.641: I/LibraryLoader(31876): Loading: chrome.2125.102
10-11 18:04:05.711: D/ChildProcessLauncher(5152): on connect callback, pid=31876 context=1781594856
10-11 18:04:05.711: E/GoogleApiIcingClientImpl(5152): NoSuchMethodException while trying to construct DocumentContents
10-11 18:04:05.721: I/LibraryLoader(31876): Time to load native libraries: 82 ms (timestamps 4114-4196)
10-11 18:04:05.721: I/LibraryLoader(31876): Expected native library version number "38.0.2125.102",actual native library version number "38.0.2125.102"
10-11 18:04:05.731: I/chromium(31876): [INFO:library_loader_hooks.cc(104)] Chromium logging enabled: level = 0, default verbosity = 0
10-11 18:04:06.341: E/GoogleApiIcingClientImpl(5152): NoSuchMethodException while trying to construct DocumentContents
10-11 18:04:06.371: E/GoogleApiIcingClientImpl(5152): NoSuchMethodException while trying to construct DocumentContents
10-11 18:04:06.391: E/GoogleApiIcingClientImpl(5152): NoSuchMethodException while trying to construct DocumentContents
10-11 18:04:06.421: E/GoogleApiIcingClientImpl(5152): NoSuchMethodException while trying to construct DocumentContents
10-11 18:04:07.031: I/chromium(31876): [INFO:SkUtilsArm.cpp(179)] Device supports ARM NEON instructions!
10-11 18:04:07.101: W/chromium(5152): [WARNING:http_server_properties_impl.cc(265)] Changing the alternate protocol for: www.google-analytics.com:80 from [Port: 80, Protocol: 4, Probability: 1] to [Port: 80, Protocol: 4, Probability: 0.01].
10-11 18:04:07.551: W/chromium(5152): [WARNING:http_server_properties_impl.cc(265)] Changing the alternate protocol for: googleads.g.doubleclick.net:80 from [Port: 80, Protocol: 4, Probability: 1] to [Port: 80, Protocol: 4, Probability: 0.01].
10-11 18:04:09.311: I/ActivityManager(483): moveTaskToBack: 7
10-11 18:04:09.501: W/chromium(5152): [WARNING:http_server_properties_impl.cc(265)] Changing the alternate protocol for: accounts.google.com:443 from [Port: 443, Protocol: 4, Probability: 1] to [Port: 443, Protocol: 4, Probability: 0.01].
10-11 18:04:09.581: W/IInputConnectionWrapper(5152): showStatusIcon on inactive InputConnection
10-11 18:04:09.821: W/ScreenOrientationListener(5152): Removing an inexistent observer!
10-11 18:04:09.851: I/ActivityManager(483): Process com.android.chrome:sandboxed_process1 (pid 31876) has died.
10-11 18:04:09.861: W/ActivityManager(483): Scheduling restart of crashed service com.android.chrome/org.chromium.content.app.SandboxedProcessService1 in 1000ms
10-11 18:04:09.901: I/chromium(5152): [INFO:child_process_launcher.cc(395)] ChromeProcess: Stopping process with handle 31876
10-11 18:04:09.901: D/ChildProcessLauncher(5152): stopping child connection: pid=31876
10-11 18:04:09.901: D/ChildProcessLauncher(5152): Allocator freed a connection, sandbox: true, slot: 1
10-11 18:04:09.901: W/ChildProcessConnection(5152): onServiceDisconnected (crash or killed by oom): pid=31876
10-11 18:04:09.901: D/ChildProcessLauncher(5152): stopping child connection: pid=31876
10-11 18:04:09.901: W/ChildProcessLauncher(5152): Tried to stop non-existent connection, pid=31876
10-11 18:04:11.621: I/ActivityManager(483): START u0 {act=android.intent.action.VIEW dat=http://actionbarsherlock.com/ cmp=com.android.chrome/com.google.android.apps.chrome.Main (has extras)} from pid 6116
10-11 18:04:11.641: I/ActivityManager(483): START u0 {act=android.intent.action.VIEW dat=http://actionbarsherlock.com/ flg=0x14000000 cmp=com.android.chrome/com.google.android.apps.chrome.ChromeTabbedActivity (has extras)} from pid 5152
10-11 18:04:11.681: D/ChildProcessLauncher(5152): Allocator allocated a connection, sandbox: true, slot: 3
10-11 18:04:11.691: I/ActivityManager(483): Start proc com.android.chrome:sandboxed_process3 for service com.android.chrome/org.chromium.content.app.SandboxedProcessService3: pid=31926 uid=99023 gids={}
10-11 18:04:11.701: D/ChildProcessLauncher(5152): Setting up connection to process: slot=3
10-11 18:04:11.791: I/ChildProcessService(31926): Creating new ChildProcessService pid=31926
10-11 18:04:11.791: D/dalvikvm(31926): Trying to load lib /data/app-lib/com.android.chrome-1/libchromium_android_linker.so 0x42025488
10-11 18:04:11.801: D/dalvikvm(31926): Added shared lib /data/app-lib/com.android.chrome-1/libchromium_android_linker.so 0x42025488
10-11 18:04:11.831: I/LibraryLoader(31926): Loading: chromium_android_linker
10-11 18:04:11.831: I/LibraryLoader(31926): Loading: chrome.2125.102
10-11 18:04:11.841: D/dalvikvm(5152): GC_CONCURRENT freed 5340K, 38% free 9707K/15532K, paused 11ms+6ms, total 80ms
10-11 18:04:11.851: D/dalvikvm(3124): GC_EXPLICIT freed 445K, 8% free 9447K/10176K, paused 6ms+30ms, total 118ms
10-11 18:04:11.951: D/ChildProcessLauncher(5152): on connect callback, pid=31926 context=1781074584
10-11 18:04:11.961: I/LibraryLoader(31926): Time to load native libraries: 138 ms (timestamps 301-439)
10-11 18:04:11.961: I/LibraryLoader(31926): Expected native library version number "38.0.2125.102",actual native library version number "38.0.2125.102"
10-11 18:04:11.971: I/chromium(31926): [INFO:library_loader_hooks.cc(104)] Chromium logging enabled: level = 0, default verbosity = 0
10-11 18:04:12.001: E/GoogleApiIcingClientImpl(5152): NoSuchMethodException while trying to construct DocumentContents
10-11 18:04:12.591: E/GoogleApiIcingClientImpl(5152): NoSuchMethodException while trying to construct DocumentContents
10-11 18:04:12.621: E/GoogleApiIcingClientImpl(5152): NoSuchMethodException while trying to construct DocumentContents
10-11 18:04:12.641: E/GoogleApiIcingClientImpl(5152): NoSuchMethodException while trying to construct DocumentContents
10-11 18:04:12.661: E/GoogleApiIcingClientImpl(5152): NoSuchMethodException while trying to construct DocumentContents
10-11 18:04:13.101: I/Icing(3162): Indexing 0CF4DD156EB38BE0AD36F4A41E71D284436EED73 from com.android.chrome
10-11 18:04:13.251: D/dalvikvm(5152): GC_CONCURRENT freed 641K, 38% free 9681K/15532K, paused 3ms+3ms, total 38ms
10-11 18:04:13.261: I/Icing(3162): Indexing done 0CF4DD156EB38BE0AD36F4A41E71D284436EED73
10-11 18:04:13.501: I/chromium(31926): [INFO:SkUtilsArm.cpp(179)] Device supports ARM NEON instructions!
10-11 18:04:15.271: D/dalvikvm(5152): GC_CONCURRENT freed 693K, 38% free 9650K/15532K, paused 3ms+3ms, total 58ms
10-11 18:04:15.331: I/Icing(3162): Usage reports 9 indexed 0 rejected 0 denied 0 imm upload false
10-11 18:04:16.701: D/DelayedSyncController(5152): No delayed sync.
10-11 18:04:17.441: D/dalvikvm(5152): GC_FOR_ALLOC freed 475K, 38% free 9638K/15532K, paused 26ms, total 26ms
10-11 18:04:17.441: I/dalvikvm-heap(5152): Grow heap (frag case) to 12.634MB for 3344016-byte allocation
10-11 18:04:17.461: D/dalvikvm(5152): GC_FOR_ALLOC freed <1K, 17% free 12902K/15532K, paused 27ms, total 27ms
10-11 18:04:17.501: D/dalvikvm(5152): GC_CONCURRENT freed 391K, 17% free 12994K/15532K, paused 5ms+3ms, total 37ms
10-11 18:04:18.301: I/chromium(5152): [INFO:CONSOLE(0)] "'webkitRequestAnimationFrame' is vendor-specific. Please use the standard 'requestAnimationFrame' instead.", source: (0)
10-11 18:04:20.611: I/ActivityManager(483): moveTaskToBack: 7
10-11 18:04:20.711: D/dalvikvm(483): GC_FOR_ALLOC freed 1074K, 26% free 19460K/26032K, paused 89ms, total 89ms
10-11 18:04:20.771: W/IInputConnectionWrapper(5152): showStatusIcon on inactive InputConnection
10-11 18:04:20.811: D/dalvikvm(6116): GC_CONCURRENT freed 386K, 11% free 8328K/9348K, paused 5ms+7ms, total 46ms
10-11 18:04:21.221: W/ScreenOrientationListener(5152): Removing an inexistent observer!
10-11 18:04:21.271: I/ActivityManager(483): Process com.android.chrome:sandboxed_process3 (pid 31926) has died.
10-11 18:04:21.271: W/ActivityManager(483): Scheduling restart of crashed service com.android.chrome/org.chromium.content.app.SandboxedProcessService3 in 1000ms
10-11 18:04:21.311: I/chromium(5152): [INFO:child_process_launcher.cc(395)] ChromeProcess: Stopping process with handle 31926
10-11 18:04:21.311: D/ChildProcessLauncher(5152): stopping child connection: pid=31926
10-11 18:04:21.321: W/ChildProcessConnection(5152): onServiceDisconnected (crash or killed by oom): pid=31926
10-11 18:04:21.321: D/ChildProcessLauncher(5152): Allocator freed a connection, sandbox: true, slot: 3
10-11 18:04:21.321: D/ChildProcessLauncher(5152): stopping child connection: pid=31926
10-11 18:04:21.321: W/ChildProcessLauncher(5152): Tried to stop non-existent connection, pid=31926
10-11 18:04:23.221: I/ActivityManager(483): START u0 {act=android.intent.action.VIEW dat=https://github.com/BoD/android-switch-backport cmp=com.android.chrome/com.google.android.apps.chrome.Main (has extras)} from pid 6116
10-11 18:04:23.241: I/ActivityManager(483): START u0 {act=android.intent.action.VIEW dat=https://github.com/BoD/android-switch-backport flg=0x14000000 cmp=com.android.chrome/com.google.android.apps.chrome.ChromeTabbedActivity (has extras)} from pid 5152
10-11 18:04:23.281: D/ChildProcessLauncher(5152): Allocator allocated a connection, sandbox: true, slot: 4
10-11 18:04:23.291: I/ActivityManager(483): Start proc com.android.chrome:sandboxed_process4 for service com.android.chrome/org.chromium.content.app.SandboxedProcessService4: pid=31999 uid=99024 gids={}
10-11 18:04:23.301: D/ChildProcessLauncher(5152): Setting up connection to process: slot=4
10-11 18:04:23.321: D/dalvikvm(123): GC_EXPLICIT freed 37K, 2% free 7607K/7688K, paused 2ms+2ms, total 31ms
10-11 18:04:23.351: D/dalvikvm(123): GC_EXPLICIT freed <1K, 2% free 7608K/7688K, paused 2ms+2ms, total 27ms
10-11 18:04:23.381: D/dalvikvm(123): GC_EXPLICIT freed <1K, 2% free 7608K/7688K, paused 3ms+3ms, total 29ms
10-11 18:04:23.511: I/ChildProcessService(31999): Creating new ChildProcessService pid=31999
10-11 18:04:23.511: D/dalvikvm(31999): Trying to load lib /data/app-lib/com.android.chrome-1/libchromium_android_linker.so 0x42026220
10-11 18:04:23.511: D/dalvikvm(31999): Added shared lib /data/app-lib/com.android.chrome-1/libchromium_android_linker.so 0x42026220
10-11 18:04:23.531: I/LibraryLoader(31999): Loading: chromium_android_linker
10-11 18:04:23.531: I/LibraryLoader(31999): Loading: chrome.2125.102
10-11 18:04:23.601: D/dalvikvm(1808): GC_CONCURRENT freed 681K, 59% free 9633K/23036K, paused 55ms+8ms, total 152ms
10-11 18:04:23.601: D/dalvikvm(1808): WAIT_FOR_CONCURRENT_GC blocked 70ms
10-11 18:04:23.611: E/GoogleApiIcingClientImpl(5152): NoSuchMethodException while trying to construct DocumentContents
10-11 18:04:23.661: D/ChildProcessLauncher(5152): on connect callback, pid=31999 context=1781087504
10-11 18:04:23.701: I/LibraryLoader(31999): Time to load native libraries: 160 ms (timestamps 2008-2168)
10-11 18:04:23.701: I/LibraryLoader(31999): Expected native library version number "38.0.2125.102",actual native library version number "38.0.2125.102"
10-11 18:04:23.701: I/chromium(31999): [INFO:library_loader_hooks.cc(104)] Chromium logging enabled: level = 0, default verbosity = 0
10-11 18:04:24.541: E/GoogleApiIcingClientImpl(5152): NoSuchMethodException while trying to construct DocumentContents
10-11 18:04:24.571: E/GoogleApiIcingClientImpl(5152): NoSuchMethodException while trying to construct DocumentContents
10-11 18:04:24.591: E/GoogleApiIcingClientImpl(5152): NoSuchMethodException while trying to construct DocumentContents
10-11 18:04:24.631: E/GoogleApiIcingClientImpl(5152): NoSuchMethodException while trying to construct DocumentContents
10-11 18:04:24.641: D/dalvikvm(3162): GC_CONCURRENT freed 733K, 8% free 10066K/10852K, paused 4ms+7ms, total 68ms
10-11 18:04:24.991: I/chromium(31999): [INFO:SkUtilsArm.cpp(179)] Device supports ARM NEON instructions!
10-11 18:04:26.021: I/ActivityManager(483): moveTaskToBack: 7
10-11 18:04:26.101: W/IInputConnectionWrapper(5152): showStatusIcon on inactive InputConnection
10-11 18:04:26.531: W/ScreenOrientationListener(5152): Removing an inexistent observer!
10-11 18:04:26.561: I/ActivityManager(483): Process com.android.chrome:sandboxed_process4 (pid 31999) has died.
10-11 18:04:26.561: W/ActivityManager(483): Scheduling restart of crashed service com.android.chrome/org.chromium.content.app.SandboxedProcessService4 in 1000ms
10-11 18:04:26.601: W/ChildProcessConnection(5152): onServiceDisconnected (crash or killed by oom): pid=31999
10-11 18:04:26.601: D/ChildProcessLauncher(5152): stopping child connection: pid=31999
10-11 18:04:26.601: D/ChildProcessLauncher(5152): Allocator freed a connection, sandbox: true, slot: 4
10-11 18:04:27.691: I/ActivityManager(483): START u0 {act=android.intent.action.VIEW dat=http://paw-project.sourceforge.net/ cmp=com.android.chrome/com.google.android.apps.chrome.Main (has extras)} from pid 6116
10-11 18:04:27.711: I/ActivityManager(483): START u0 {act=android.intent.action.VIEW dat=http://paw-project.sourceforge.net/ flg=0x14000000 cmp=com.android.chrome/com.google.android.apps.chrome.ChromeTabbedActivity (has extras)} from pid 5152
10-11 18:04:27.751: D/ChildProcessLauncher(5152): Allocator allocated a connection, sandbox: true, slot: 5
10-11 18:04:27.771: D/ChildProcessLauncher(5152): Setting up connection to process: slot=5
10-11 18:04:27.771: I/ActivityManager(483): Start proc com.android.chrome:sandboxed_process5 for service com.android.chrome/org.chromium.content.app.SandboxedProcessService5: pid=32047 uid=99025 gids={}
10-11 18:04:27.821: D/dalvikvm(6116): GC_CONCURRENT freed 405K, 12% free 8309K/9348K, paused 4ms+10ms, total 64ms
10-11 18:04:27.881: I/ChildProcessService(32047): Creating new ChildProcessService pid=32047
10-11 18:04:27.881: D/dalvikvm(32047): Trying to load lib /data/app-lib/com.android.chrome-1/libchromium_android_linker.so 0x4201d490
10-11 18:04:27.881: D/dalvikvm(32047): Added shared lib /data/app-lib/com.android.chrome-1/libchromium_android_linker.so 0x4201d490
10-11 18:04:27.911: E/GoogleApiIcingClientImpl(5152): NoSuchMethodException while trying to construct DocumentContents
10-11 18:04:27.961: I/LibraryLoader(32047): Loading: chromium_android_linker
10-11 18:04:27.961: I/LibraryLoader(32047): Loading: chrome.2125.102
10-11 18:04:28.011: D/ChildProcessLauncher(5152): on connect callback, pid=32047 context=1757040144
10-11 18:04:28.031: I/LibraryLoader(32047): Time to load native libraries: 67 ms (timestamps 6433-6500)
10-11 18:04:28.031: I/LibraryLoader(32047): Expected native library version number "38.0.2125.102",actual native library version number "38.0.2125.102"
10-11 18:04:28.031: I/chromium(32047): [INFO:library_loader_hooks.cc(104)] Chromium logging enabled: level = 0, default verbosity = 0
10-11 18:04:28.291: E/GoogleApiIcingClientImpl(5152): NoSuchMethodException while trying to construct DocumentContents
10-11 18:04:28.381: E/GoogleApiIcingClientImpl(5152): NoSuchMethodException while trying to construct DocumentContents
10-11 18:04:28.391: I/chromium(32047): [INFO:SkUtilsArm.cpp(179)] Device supports ARM NEON instructions!
10-11 18:04:28.421: E/GoogleApiIcingClientImpl(5152): NoSuchMethodException while trying to construct DocumentContents
10-11 18:04:28.451: E/GoogleApiIcingClientImpl(5152): NoSuchMethodException while trying to construct DocumentContents
10-11 18:04:29.641: I/ActivityManager(483): moveTaskToBack: 7
10-11 18:04:29.731: D/dalvikvm(483): GC_FOR_ALLOC freed 1010K, 26% free 19443K/26032K, paused 85ms, total 85ms
10-11 18:04:29.991: W/IInputConnectionWrapper(5152): showStatusIcon on inactive InputConnection
10-11 18:04:30.241: W/ScreenOrientationListener(5152): Removing an inexistent observer!
10-11 18:04:30.271: I/ActivityManager(483): Process com.android.chrome:sandboxed_process5 (pid 32047) has died.
10-11 18:04:30.271: W/ActivityManager(483): Scheduling restart of crashed service com.android.chrome/org.chromium.content.app.SandboxedProcessService5 in 1000ms
10-11 18:04:30.321: W/ChildProcessConnection(5152): onServiceDisconnected (crash or killed by oom): pid=32047
10-11 18:04:30.321: D/ChildProcessLauncher(5152): stopping child connection: pid=32047
10-11 18:04:30.321: D/ChildProcessLauncher(5152): Allocator freed a connection, sandbox: true, slot: 5
10-11 18:04:43.641: I/Icing(3162): Indexing 0CF4DD156EB38BE0AD36F4A41E71D284436EED73 from com.android.chrome
10-11 18:04:43.721: I/Icing(3162): Indexing done 0CF4DD156EB38BE0AD36F4A41E71D284436EED73
10-11 18:04:45.791: I/Icing(3162): Usage reports 2 indexed 0 rejected 0 denied 0 imm upload false
10-11 18:05:28.991: D/ConnectivityService(483): Sampling interval elapsed, updating statistics ..
10-11 18:05:29.011: D/ConnectivityService(483): Done.
10-11 18:05:29.011: D/ConnectivityService(483): Setting timer for 720seconds
10-11 18:05:40.781: W/InputEventReceiver(6116): Attempted to finish an input event but the input event receiver has already been disposed.
10-11 18:06:35.661: I/GCoreUlr(3149): Received powerMode change from NLP: com.google.android.location.activity.LOW_POWER_MODE_ENABLED
10-11 18:06:35.661: I/GCoreUlr(3149): Starting service, intent=Intent { act=com.google.android.location.reporting.ACTION_UPDATE_ACTIVE_STATE cmp=com.google.android.gms/com.google.android.location.reporting.service.DispatchingService }, extras=null
10-11 18:06:35.751: I/GCoreUlr(3149): Ensuring that reporting is stopped because of reasons: {account#-13#=[InactiveReason{mVersionCode=0, mIdentifier=6, mName='ReportingNotSelected'}], account#-7#=[InactiveReason{mVersionCode=0, mIdentifier=6, mName='ReportingNotSelected'}]}
10-11 18:06:35.751: D/GCoreFlp(3149): Unknown pending intent to remove.
10-11 18:06:35.751: I/GCoreUlr(3149): Unbound from all location providers
10-11 18:06:36.351: D/libgps(483): proxy_gps_inject_location()
10-11 18:06:43.511: I/ActivityManager(483): START u0 {cmp=org.adblockplus.android/.ProxyConfigurationActivity (has extras)} from pid 6116
10-11 18:06:43.601: D/dalvikvm(483): GC_FOR_ALLOC freed 817K, 25% free 19652K/26032K, paused 84ms, total 85ms
10-11 18:06:43.751: I/ActivityManager(483): Displayed org.adblockplus.android/.ProxyConfigurationActivity: +137ms (total +19m54s926ms)
10-11 18:06:49.291: D/dalvikvm(483): GC_FOR_ALLOC freed 308K, 25% free 19620K/26032K, paused 75ms, total 76ms
10-11 18:06:49.361: D/dalvikvm(483): GC_FOR_ALLOC freed 251K, 25% free 19615K/26032K, paused 75ms, total 75ms
10-11 18:06:49.471: D/dalvikvm(6116): GC_CONCURRENT freed 386K, 11% free 8343K/9348K, paused 3ms+11ms, total 68ms
10-11 18:06:49.941: D/dalvikvm(1808): GC_CONCURRENT freed 672K, 59% free 9520K/23036K, paused 6ms+2ms, total 42ms
10-11 18:06:51.341: I/ActivityManager(483): START u0 {cmp=org.adblockplus.android/.ProxyConfigurationActivity (has extras)} from pid 6116
10-11 18:06:51.431: D/dalvikvm(483): GC_FOR_ALLOC freed 263K, 25% free 19625K/26032K, paused 78ms, total 78ms
10-11 18:06:51.511: D/dalvikvm(483): GC_FOR_ALLOC freed 256K, 25% free 19615K/26032K, paused 76ms, total 76ms
10-11 18:06:51.631: I/ActivityManager(483): Displayed org.adblockplus.android/.ProxyConfigurationActivity: +117ms
10-11 18:06:52.461: D/dalvikvm(483): GC_FOR_ALLOC freed 257K, 25% free 19622K/26032K, paused 78ms, total 78ms
10-11 18:06:52.541: D/dalvikvm(483): GC_FOR_ALLOC freed 249K, 25% free 19618K/26032K, paused 76ms, total 76ms
10-11 18:06:52.751: D/dalvikvm(6116): GC_CONCURRENT freed 365K, 11% free 8378K/9348K, paused 4ms+14ms, total 80ms
10-11 18:07:24.651: W/InputMethodManagerService(483): Window already focused, ignoring focus gain of: com.android.internal.view.IInputMethodClient$Stub$Proxy@428e0150 attribute=null, token = android.os.BinderProxy@42da4bd0
10-11 18:08:54.281: I/ActivityManager(483): START u0 {cmp=org.adblockplus.android/.ProxyConfigurationActivity (has extras)} from pid 6116
10-11 18:08:54.371: D/dalvikvm(483): GC_FOR_ALLOC freed 622K, 25% free 19644K/26032K, paused 84ms, total 85ms
10-11 18:08:54.451: D/dalvikvm(483): GC_FOR_ALLOC freed 274K, 25% free 19615K/26032K, paused 77ms, total 77ms
10-11 18:08:54.611: I/ActivityManager(483): Displayed org.adblockplus.android/.ProxyConfigurationActivity: +145ms
10-11 18:09:40.971: I/ActivityManager(483): START u0 {act=android.intent.action.VIEW dat=https://adblockplus.org/en/android-config cmp=com.android.chrome/com.google.android.apps.chrome.Main (has extras)} from pid 6116
10-11 18:09:41.061: D/dalvikvm(483): GC_FOR_ALLOC freed 395K, 25% free 19623K/26032K, paused 80ms, total 80ms
10-11 18:09:41.141: D/dalvikvm(483): GC_FOR_ALLOC freed 256K, 25% free 19612K/26032K, paused 74ms, total 75ms
10-11 18:09:41.191: I/ActivityManager(483): START u0 {act=android.intent.action.VIEW dat=https://adblockplus.org/en/android-config flg=0x14000000 cmp=com.android.chrome/com.google.android.apps.chrome.ChromeTabbedActivity (has extras)} from pid 5152
10-11 18:09:41.201: W/ActivityManager(483): Duplicate finish request for ActivityRecord{42046d68 u0 com.android.chrome/com.google.android.apps.chrome.Main t7 f}
10-11 18:09:41.381: D/ChildProcessLauncher(5152): Allocator allocated a connection, sandbox: true, slot: 6
10-11 18:09:41.401: I/ActivityManager(483): Start proc com.android.chrome:sandboxed_process6 for service com.android.chrome/org.chromium.content.app.SandboxedProcessService6: pid=32137 uid=99026 gids={}
10-11 18:09:41.411: D/ChildProcessLauncher(5152): Setting up connection to process: slot=6
10-11 18:09:41.591: I/ChildProcessService(32137): Creating new ChildProcessService pid=32137
10-11 18:09:41.601: D/dalvikvm(5152): GC_CONCURRENT freed 4942K, 36% free 9769K/15052K, paused 4ms+3ms, total 135ms
10-11 18:09:41.611: D/dalvikvm(32137): Trying to load lib /data/app-lib/com.android.chrome-1/libchromium_android_linker.so 0x4201e658
10-11 18:09:41.611: D/dalvikvm(32137): Added shared lib /data/app-lib/com.android.chrome-1/libchromium_android_linker.so 0x4201e658
10-11 18:09:41.661: I/LibraryLoader(32137): Loading: chromium_android_linker
10-11 18:09:41.661: I/LibraryLoader(32137): Loading: chrome.2125.102
10-11 18:09:41.771: D/dalvikvm(1808): GC_CONCURRENT freed 518K, 59% free 9636K/23036K, paused 51ms+9ms, total 187ms
10-11 18:09:41.871: I/LibraryLoader(32137): Time to load native libraries: 210 ms (timestamps 130-340)
10-11 18:09:41.871: I/LibraryLoader(32137): Expected native library version number "38.0.2125.102",actual native library version number "38.0.2125.102"
10-11 18:09:41.871: I/chromium(32137): [INFO:library_loader_hooks.cc(104)] Chromium logging enabled: level = 0, default verbosity = 0
10-11 18:09:41.871: D/ChildProcessLauncher(5152): on connect callback, pid=32137 context=1727454704
10-11 18:09:41.891: E/GoogleApiIcingClientImpl(5152): NoSuchMethodException while trying to construct DocumentContents
10-11 18:09:42.721: E/GoogleApiIcingClientImpl(5152): NoSuchMethodException while trying to construct DocumentContents
10-11 18:09:42.751: E/GoogleApiIcingClientImpl(5152): NoSuchMethodException while trying to construct DocumentContents
10-11 18:09:42.781: E/GoogleApiIcingClientImpl(5152): NoSuchMethodException while trying to construct DocumentContents
10-11 18:09:42.831: E/GoogleApiIcingClientImpl(5152): NoSuchMethodException while trying to construct DocumentContents
10-11 18:09:42.891: D/dalvikvm(3124): GC_EXPLICIT freed 419K, 8% free 9459K/10176K, paused 2ms+5ms, total 34ms
10-11 18:09:43.081: I/chromium(32137): [INFO:SkUtilsArm.cpp(179)] Device supports ARM NEON instructions!
10-11 18:09:43.691: D/dalvikvm(5152): GC_FOR_ALLOC freed 585K, 36% free 9684K/15052K, paused 28ms, total 28ms
10-11 18:09:43.691: I/dalvikvm-heap(5152): Grow heap (frag case) to 12.679MB for 3344016-byte allocation
10-11 18:09:43.721: D/dalvikvm(5152): GC_FOR_ALLOC freed 12K, 15% free 12937K/15052K, paused 26ms, total 26ms
10-11 18:09:43.751: D/dalvikvm(5152): GC_CONCURRENT freed 15K, 15% free 12921K/15052K, paused 3ms+3ms, total 34ms
10-11 18:09:43.751: D/dalvikvm(5152): WAIT_FOR_CONCURRENT_GC blocked 15ms
10-11 18:09:43.751: I/dalvikvm-heap(5152): Grow heap (frag case) to 13.028MB for 394016-byte allocation
10-11 18:09:43.781: D/dalvikvm(5152): GC_FOR_ALLOC freed <1K, 14% free 13306K/15440K, paused 23ms, total 23ms
10-11 18:09:46.171: D/DelayedSyncController(5152): No delayed sync.
10-11 18:10:13.791: I/Icing(3162): Indexing 0CF4DD156EB38BE0AD36F4A41E71D284436EED73 from com.android.chrome
10-11 18:10:13.851: D/dalvikvm(3162): GC_CONCURRENT freed 702K, 8% free 10083K/10852K, paused 7ms+4ms, total 45ms
10-11 18:10:13.881: I/Icing(3162): Indexing done 0CF4DD156EB38BE0AD36F4A41E71D284436EED73
10-11 18:10:15.941: I/Icing(3162): Usage reports 1 indexed 0 rejected 0 denied 0 imm upload false
10-11 18:10:42.831: I/ActivityManager(483): moveTaskToBack: 7
10-11 18:10:42.931: D/dalvikvm(483): GC_FOR_ALLOC freed 612K, 25% free 19672K/26032K, paused 88ms, total 90ms
10-11 18:10:43.091: D/dalvikvm(483): GC_FOR_ALLOC freed 345K, 25% free 19573K/26032K, paused 141ms, total 141ms
10-11 18:10:43.601: W/ScreenOrientationListener(5152): Removing an inexistent observer!
10-11 18:10:43.631: I/ActivityManager(483): Process com.android.chrome:sandboxed_process6 (pid 32137) has died.
10-11 18:10:43.631: W/ActivityManager(483): Scheduling restart of crashed service com.android.chrome/org.chromium.content.app.SandboxedProcessService6 in 1000ms
10-11 18:10:43.671: W/ChildProcessConnection(5152): onServiceDisconnected (crash or killed by oom): pid=32137
