10-11 19:29:08.909: D/dalvikvm(2536): GC_CONCURRENT freed 562K, 6% free 10094K/10692K, paused 2ms+2ms, total 25ms
10-11 19:29:08.959: I/ActivityManager(483): Killing 30824:org.mozilla.firefox/u0a100 (adj 15): empty #17
10-11 19:29:09.029: D/dalvikvm(2536): GC_CONCURRENT freed 728K, 7% free 10197K/10964K, paused 1ms+2ms, total 22ms
10-11 19:29:09.029: D/dalvikvm(2536): WAIT_FOR_CONCURRENT_GC blocked 10ms
10-11 19:29:09.119: D/dalvikvm(2536): GC_CONCURRENT freed 826K, 8% free 10217K/11100K, paused 1ms+1ms, total 21ms
10-11 19:29:09.119: D/dalvikvm(2536): WAIT_FOR_CONCURRENT_GC blocked 8ms
10-11 19:29:09.219: D/dalvikvm(2536): GC_CONCURRENT freed 795K, 8% free 10245K/11100K, paused 2ms+2ms, total 23ms
10-11 19:29:22.119: W/InputMethodManagerService(483): Window already focused, ignoring focus gain of: com.android.internal.view.IInputMethodClient$Stub$Proxy@42096f78 attribute=null, token = android.os.BinderProxy@42816260
10-11 19:29:39.679: D/dalvikvm(483): GC_CONCURRENT freed 2905K, 25% free 19751K/26280K, paused 7ms+7ms, total 153ms
10-11 19:30:01.099: D/dalvikvm(1808): GC_CONCURRENT freed 519K, 59% free 9635K/23036K, paused 5ms+2ms, total 58ms
10-11 19:30:01.099: D/dalvikvm(1808): WAIT_FOR_CONCURRENT_GC blocked 20ms
10-11 19:30:02.259: D/libgps(483): proxy_gps_inject_location()
10-11 19:30:45.059: I/ActivityManager(483): START u0 {act=android.intent.action.MAIN cat=[android.intent.category.HOME] flg=0x10200000 cmp=com.android.launcher/com.android.launcher2.Launcher} from pid 483
10-11 19:30:45.219: W/InputMethodManagerService(483): Starting input on non-focused client com.android.internal.view.IInputMethodClient$Stub$Proxy@427cc700 (uid=10110 pid=6116)
10-11 19:30:45.919: D/dalvikvm(585): GC_FOR_ALLOC freed 774K, 21% free 10507K/13148K, paused 52ms, total 52ms
10-11 19:30:45.919: I/dalvikvm-heap(585): Grow heap (frag case) to 10.536MB for 251120-byte allocation
10-11 19:30:45.989: D/dalvikvm(585): GC_FOR_ALLOC freed 3K, 20% free 10749K/13396K, paused 61ms, total 61ms
10-11 19:30:46.029: I/ActivityManager(483): START u0 {act=com.android.systemui.recent.action.TOGGLE_RECENTS flg=0x10800000 cmp=com.android.systemui/.recent.RecentsActivity} from pid 585
10-11 19:30:46.229: D/dalvikvm(483): GC_FOR_ALLOC freed 835K, 26% free 19633K/26272K, paused 187ms, total 187ms
10-11 19:30:46.469: D/dalvikvm(585): GC_FOR_ALLOC freed 42K, 20% free 10773K/13396K, paused 38ms, total 38ms
10-11 19:30:46.479: I/dalvikvm-heap(585): Grow heap (frag case) to 10.795MB for 251120-byte allocation
10-11 19:30:46.519: D/dalvikvm(585): GC_FOR_ALLOC freed <1K, 20% free 11018K/13644K, paused 40ms, total 40ms
10-11 19:30:47.909: I/ActivityManager(483): START u0 {act=android.intent.action.MAIN cat=[android.intent.category.HOME] flg=0x10200000 cmp=com.android.launcher/com.android.launcher2.Launcher} from pid 483
10-11 19:30:47.999: D/dalvikvm(483): GC_FOR_ALLOC freed 539K, 26% free 19619K/26272K, paused 81ms, total 82ms
10-11 19:30:48.109: W/ResourceType(483): Skipping entry 0x7f05000e in package table 0 because it is not complex!
10-11 19:30:48.109: W/ResourceType(483): Skipping entry 0x7f05000f in package table 0 because it is not complex!
10-11 19:30:48.519: D/dalvikvm(585): GC_FOR_ALLOC freed 1001K, 23% free 10510K/13644K, paused 30ms, total 30ms
10-11 19:30:48.579: I/ActivityManager(483): START u0 {act=com.android.systemui.recent.action.TOGGLE_RECENTS flg=0x10800000 cmp=com.android.systemui/.recent.RecentsActivity} from pid 585
10-11 19:30:48.689: D/dalvikvm(483): GC_FOR_ALLOC freed 526K, 26% free 19621K/26272K, paused 97ms, total 97ms
10-11 19:30:48.809: D/dalvikvm(585): GC_CONCURRENT freed 45K, 18% free 11316K/13644K, paused 8ms+5ms, total 65ms
10-11 19:30:49.829: D/dalvikvm(483): GC_FOR_ALLOC freed 515K, 26% free 19618K/26272K, paused 87ms, total 87ms
10-11 19:30:49.929: D/dalvikvm(483): GC_FOR_ALLOC freed 251K, 25% free 19858K/26272K, paused 86ms, total 86ms
10-11 19:30:50.059: D/dalvikvm(6116): GC_CONCURRENT freed 383K, 13% free 8379K/9604K, paused 3ms+5ms, total 37ms
10-11 19:30:52.119: D/ConnectivityService(483): Sampling interval elapsed, updating statistics ..
10-11 19:30:52.139: D/ConnectivityService(483): Done.
10-11 19:30:52.139: D/ConnectivityService(483): Setting timer for 720seconds
10-11 19:30:52.149: I/EventLogService(3162): Aggregate from 1413043428400 (log), 1413043201099 (data)
10-11 19:30:52.189: I/ServiceDumpSys(3162): dumping service [account]
10-11 19:30:52.269: D/dalvikvm(3162): GC_CONCURRENT freed 676K, 8% free 10094K/10860K, paused 28ms+4ms, total 67ms
10-11 19:31:19.169: W/InputMethodManagerService(483): Window already focused, ignoring focus gain of: com.android.internal.view.IInputMethodClient$Stub$Proxy@425de288 attribute=null, token = android.os.BinderProxy@42816260
10-11 19:31:23.119: D/PhoneStatusBar(585): disable: < expand ICONS* alerts TICKER* system_info back home recent CLOCK* search
> 10-11 19:31:23.219: V/PanelView(585): animationTick called with dtms=0; nothing to do (h=199.39394 v=1716.0411)
10-11 19:31:26.339: V/PanelView(585): animationTick called with dtms=0; nothing to do (h=658.0 v=-2662.5002)
10-11 19:31:26.339: V/PanelView(585): animationTick called with dtms=0; nothing to do (h=658.0 v=-2662.5002)
10-11 19:31:26.349: W/InputMethodManagerService(483): Window already focused, ignoring focus gain of: com.android.internal.view.IInputMethodClient$Stub$Proxy@42213a50 attribute=null, token = android.os.BinderProxy@42816260
10-11 19:31:26.379: D/PhoneStatusBar(585): disable: < expand icons* alerts ticker* system_info back home recent clock* search >