10-12 11:11:24.856 3151-30611/? I/EXYNOS_BASE_COMP: [0xeb89e300][Exynos_OMX_ComponentStateSet] current:(OMX_StateExecuting) dest:(OMX_StateIdle)
10-12 11:11:24.856 29809-30610/? I/ACodec: [OMX.Exynos.avc.dec] Now Executing->Idle
10-12 11:11:24.856 3151-30616/? W/libexynosv4l2: failed to ioctl: VIDIOC_DQBUF (22 - Invalid argument)
10-12 11:11:24.856 3151-30615/? W/libexynosv4l2: failed to ioctl: VIDIOC_DQBUF (22 - Invalid argument)
10-12 11:11:24.856 3151-30611/? I/EXYNOS_BASE_COMP: [0xeb89e300][Exynos_OMX_ComponentStateSet]:567 OMX_EventCmdComplete
10-12 11:11:24.866 3151-30611/? I/EXYNOS_BASE_COMP: [0xeb89e300][Exynos_OMX_ComponentStateSet] current:(OMX_StateIdle) dest:(OMX_StateLoaded)
10-12 11:11:24.866 29809-30610/? E/BufferQueueProducer: [SurfaceTexture-143-29809-5] cancelBuffer: BufferQueue has been abandoned
10-12 11:11:24.876 29809-30610/? E/BufferQueueProducer: [SurfaceTexture-143-29809-5] cancelBuffer: BufferQueue has been abandoned
10-12 11:11:24.876 29809-30610/? E/BufferQueueProducer: [SurfaceTexture-143-29809-5] cancelBuffer: BufferQueue has been abandoned
10-12 11:11:24.876 29809-30610/? E/BufferQueueProducer: [SurfaceTexture-143-29809-5] cancelBuffer: BufferQueue has been abandoned
10-12 11:11:24.876 29809-30610/? E/BufferQueueProducer: [SurfaceTexture-143-29809-5] cancelBuffer: BufferQueue has been abandoned
10-12 11:11:24.876 29809-30610/? E/BufferQueueProducer: [SurfaceTexture-143-29809-5] cancelBuffer: BufferQueue has been abandoned
10-12 11:11:24.876 29809-30610/? E/BufferQueueProducer: [SurfaceTexture-143-29809-5] cancelBuffer: BufferQueue has been abandoned
10-12 11:11:24.876 3151-3418/? I/APM::AudioPolicyManager: stopOutput() output 4, stream 3, session 32
10-12 11:11:24.876 29809-30610/? E/BufferQueueProducer: [SurfaceTexture-143-29809-5] cancelBuffer: BufferQueue has been abandoned
10-12 11:11:24.876 29809-30610/? E/BufferQueueProducer: [SurfaceTexture-143-29809-5] cancelBuffer: BufferQueue has been abandoned
10-12 11:11:24.886 29809-30610/? E/BufferQueueProducer: [SurfaceTexture-143-29809-5] cancelBuffer: BufferQueue has been abandoned
10-12 11:11:24.886 29809-30610/? E/BufferQueueProducer: [SurfaceTexture-143-29809-5] cancelBuffer: BufferQueue has been abandoned
10-12 11:11:24.886 3143-3708/? D/EnterpriseController: netId is 0
10-12 11:11:24.886 3143-3708/? D/Netd: getNetworkForDns: using netid 502 for uid 10207
10-12 11:11:24.886 29809-30610/? E/BufferQueueProducer: [SurfaceTexture-143-29809-5] cancelBuffer: BufferQueue has been abandoned
10-12 11:11:24.886 29809-30610/? E/BufferQueueProducer: [SurfaceTexture-143-29809-5] cancelBuffer: BufferQueue has been abandoned
10-12 11:11:24.886 29809-30610/? E/BufferQueueProducer: [SurfaceTexture-143-29809-5] cancelBuffer: BufferQueue has been abandoned
10-12 11:11:24.886 29809-30610/? E/BufferQueueProducer: [SurfaceTexture-143-29809-5] cancelBuffer: BufferQueue has been abandoned
10-12 11:11:24.886 29809-30610/? E/BufferQueueProducer: [SurfaceTexture-143-29809-5] cancelBuffer: BufferQueue has been abandoned
10-12 11:11:24.896 29809-30610/? E/BufferQueueProducer: [SurfaceTexture-143-29809-5] cancelBuffer: BufferQueue has been abandoned
10-12 11:11:24.896 29809-30610/? E/BufferQueueProducer: [SurfaceTexture-143-29809-5] cancelBuffer: BufferQueue has been abandoned
10-12 11:11:24.896 3151-30611/? I/EXYNOS_BASE_COMP: [0xeb89e300][Exynos_OMX_ComponentStateSet]:567 OMX_EventCmdComplete
10-12 11:11:24.896 29809-30610/? I/ACodec: [OMX.Exynos.avc.dec] Now Idle->Loaded
10-12 11:11:24.896 29809-30610/? I/ACodec: [OMX.Exynos.avc.dec] Now Loaded
10-12 11:11:24.896 29809-30610/? I/ACodec: [OMX.Exynos.avc.dec] Now uninitialized
10-12 11:11:24.896 29809-30610/? I/ACodec: [] Now kWhatShutdownCompleted event : 6991
10-12 11:11:24.906 29809-30609/? I/MediaCodec: Codec shutdown complete
10-12 11:11:25.086 3151-3599/? V/MediaPlayerService: Create new media retriever from pid 29809
10-12 11:11:25.086 29809-29941/? E/cr_MediaResource: Unable to configure metadata extractor
10-12 11:11:25.096 29809-29894/? I/MediaPlayer: Need to enable context aware info
10-12 11:11:25.096 29809-29894/? V/MediaPlayer-JNI: native_setup
10-12 11:11:25.096 29809-29894/? V/MediaPlayer: constructor
10-12 11:11:25.096 29809-29894/? V/MediaPlayer: setListener
10-12 11:11:25.096 29809-29894/? V/MediaPlayer-JNI: setParameter: key 1400
10-12 11:11:25.096 29809-29894/? V/MediaPlayer: MediaPlayer::setParameter(1400)
10-12 11:11:25.096 29809-29894/? V/MediaPlayer-JNI: setAudioStreamType: 3
10-12 11:11:25.096 29809-29894/? V/MediaPlayer: MediaPlayer::setAudioStreamType
10-12 11:11:25.096 29809-29894/? V/MediaPlayer-JNI: set_session_id(): 33
10-12 11:11:25.096 29809-29894/? V/MediaPlayer: MediaPlayer::setAudioSessionId(33)
10-12 11:11:25.096 29809-29894/? V/MediaPlayer-JNI: setDataSourceFD: fd 98
10-12 11:11:25.096 29809-29894/? V/MediaPlayer: setDataSource(98, 9601824, 58)
10-12 11:11:25.096 3151-4151/? V/MediaPlayerService: Create new client(9) from pid 29809, uid 10207,
10-12 11:11:25.096 3151-4880/? V/MediaPlayerService: setDataSource fd=33, offset=9601824, length=58
10-12 11:11:25.096 3151-4880/? V/MediaPlayerService: st_dev = 64769
10-12 11:11:25.096 3151-4880/? V/MediaPlayerService: st_mode = 33188
10-12 11:11:25.096 3151-4880/? V/MediaPlayerService: st_uid = 1000
10-12 11:11:25.096 3151-4880/? V/MediaPlayerService: st_gid = 1000
10-12 11:11:25.096 3151-4880/? V/MediaPlayerService: st_size = 55301200
10-12 11:11:25.096 3151-4880/? V/MediaPlayerService: player type = 4
10-12 11:11:25.096 3151-4880/? V/NuPlayerDriver: NuPlayerDriver(0xf130cf80)
10-12 11:11:25.096 3151-4880/? V/AudioSink: AudioOutput(33)
10-12 11:11:25.096 3151-4880/? V/NuPlayerDriver: setDataSource(0xf130cf80) file(33)
10-12 11:11:25.096 3151-4880/? V/GenericSource: setDefault
10-12 11:11:25.106 3151-30627/? V/NuPlayer: kWhatSetAudioSink
10-12 11:11:25.106 3151-30627/? V/NuPlayer: kWhatSetDataSource
10-12 11:11:25.106 3151-4875/? V/MediaPlayerService: [9] getParameter(31700)
10-12 11:11:25.106 29809-29894/? V/MediaPlayer: setVideoSurfaceTexture
10-12 11:11:25.106 3151-3599/? V/MediaPlayerService: [9] setVideoSurfaceTexture(0x0)
10-12 11:11:25.106 29809-29894/? V/MediaPlayer: prepare
10-12 11:11:25.106 3151-30055/? V/MediaPlayerService: [9] setParameter(1400)
10-12 11:11:25.106 3151-30055/? V/MediaPlayerService: setAudioAttributes_l() usage=0 content=0 flags=0x0 tags=
10-12 11:11:25.106 3151-3617/? V/MediaPlayerService: [9] prepareAsync
10-12 11:11:25.106 3151-3617/? V/NuPlayerDriver: prepareAsync(0xf130cf80)
10-12 11:11:25.106 3151-30627/? V/GenericSource: [Flag] set 0x8 -> mFlags = 0x8
10-12 11:11:25.106 3151-30628/? V/GenericSource: onPrepareAsync
10-12 11:11:25.116 3151-30628/? E/WVMExtractor: Failed to open libwvm.so: dlopen failed: library "libwvm.so" not found
10-12 11:11:25.156 3150-6790/? E/SEC_DRM_PLUGIN_Omafl: OmaPlugin::onOpenDecryptSession(fd)::Drm2IsDrmFileByExtFd::file is NOT DRM by extension
10-12 11:11:25.156 3150-6790/? W/SEC_DRM_PLUGIN_Playready: PlayreadyPlugIn: Function[DRM_ASFVerify_Context_Initialize]; Line[4462]; File type[0]
10-12 11:11:25.166 3150-6790/? W/SEC_DRM_PLUGIN_Playready: PlayReadyPlugIn: Function[onOpenDecryptSession]; Line[2569]; DRM Result[0x80004005]
10-12 11:11:25.166 3151-30628/? I/AnotherPacketSource: setFormat() audio
10-12 11:11:25.166 3151-30628/? V/GenericSource: setDefault
10-12 11:11:25.166 3151-30628/? I/GenericSource: NuPlayer Ormode enabled
10-12 11:11:25.166 3151-30628/? V/GenericSource: send mUnsupportedAudio = 0 mUnsupportedVideo = 0 mHaveAudio = 1 mHaveVideo = 0
10-12 11:11:25.166 3151-30628/? V/GenericSource: onPrepareAsyncEvent() done
10-12 11:11:25.166 3151-30627/? V/NuPlayer: prepare posted successfully.
10-12 11:11:25.166 3151-30627/? V/NuPlayer: mUnsupportedAudio = 0, mUnsupportedVideo = 0, mHaveAudioTrack = 1, mHaveVideoTrack = 0
10-12 11:11:25.166 3151-30627/? V/NuPlayer: msg : 200, ext1 : 10973, ext2 : 0
10-12 11:11:25.166 3151-30627/? D/NuPlayerDriver: notifyListener_l(0xf130cf80), (200, 10973, 0)
10-12 11:11:25.166 3151-30627/? V/MediaPlayerService: [9] notify (0xecb57440, 200, 10973, 0)
10-12 11:11:25.166 3151-30627/? V/NuPlayer: extractMetadata Tracks : 1
10-12 11:11:25.166 3151-30627/? V/NuPlayer: enableInbandTextFromExtr
10-12 11:11:25.166 3151-30627/? D/NuPlayerDriver: notifyListener_l(0xf130cf80), (1, 0, 0)
10-12 11:11:25.166 3151-30627/? V/MediaPlayerService: [9] notify (0xecb57440, 1, 0, 0)
10-12 11:11:25.166 29809-29820/? V/MediaPlayer: message received msg=200, ext1=10973, ext2=0
10-12 11:11:25.166 29809-29820/? W/MediaPlayer: info/warning (10973, 0)
10-12 11:11:25.166 29809-29820/? V/MediaPlayer: callback application
10-12 11:11:25.166 29809-29820/? V/MediaPlayer: back from callback
10-12 11:11:25.166 29809-29820/? V/MediaPlayer: message received msg=1, ext1=0, ext2=0
10-12 11:11:25.166 29809-29820/? V/MediaPlayer: prepared
10-12 11:11:25.166 29809-29820/? V/MediaPlayer: signal application thread
10-12 11:11:25.166 29809-29820/? V/MediaPlayer: callback application
10-12 11:11:25.166 29809-29894/? V/MediaPlayer: prepare complete - status=0
10-12 11:11:25.166 29809-29894/? D/MediaPlayer: setSubtitleAnchor in MediaPlayer
10-12 11:11:25.166 29809-29820/? V/MediaPlayer: back from callback
10-12 11:11:25.166 29809-29894/? V/MediaPlayer: invoke 68
10-12 11:11:25.166 3151-30056/? I/MediaPlayerService: Client::invoke requestID=1
10-12 11:11:25.166 3151-30056/? V/NuPlayer: getTrackInfo
10-12 11:11:25.176 29809-29809/? V/MediaPlayer-JNI: native_setup
10-12 11:11:25.176 29809-29809/? V/MediaPlayer: constructor
10-12 11:11:25.186 29809-29809/? V/MediaPlayer: setListener
10-12 11:11:25.186 29809-29809/? V/MediaPlayer: getAudioStreamType
10-12 11:11:25.186 29809-29809/? V/MediaPlayer-JNI: getAudioStreamType: 3 (streamtype)
10-12 11:11:25.186 29809-29809/? V/MediaPlayer-JNI: setVolume: left 1.000000 right 1.000000
10-12 11:11:25.186 29809-29809/? V/MediaPlayer: MediaPlayer::setVolume(1.000000, 1.000000)
10-12 11:11:25.186 3435-4802/? W/ActivityManager: Permission Denial: getCurrentUser() from pid=29809, uid=10207 requires android.permission.INTERACT_ACROSS_USERS
10-12 11:11:25.186 29809-29809/? W/MediaPlayer: Couldn't open file on client side; trying server side: java.io.FileNotFoundException: No content provider: http://cp401493-vh.akamaihd.net/i/,iplayerstream/secure_auth/100kbps/2c97c5945766314b015770b6e8703235--video--HOD-EP-2-online-h264-3000Kbps-720p_3gp_mpeg4_lo,prod_3gp_mpeg4_med/iplayerstream/2c97c5945766314b015770b6e8703235--video--HOD-EP-2-online-h264-3000Kbps-720p_3gp_mpeg4_med,iplayerstream/secure_auth/400kbps/2c97c5945766314b015770b6e8703235--video--HOD-EP-2-online-h264-3000Kbps-720p_flv_avc1_vlow,iplayerstream/secure_auth/480kbps/MP/2c97c5945766314b015770b6e8703235--video--HOD-EP-2-online-h264-3000Kbps-720p_flv_avc1_low,iplayerstream/secure_auth/800kbps/MP/2c97c5945766314b015770b6e8703235--video--HOD-EP-2-online-h264-3000Kbps-720p_flv_avc1_med,.mp4.csmil/master.m3u8?hdnea=st=1476263484~exp=1476285084~acl=/*iplayerstream/secure_auth/100kbps/2c97c5945766314b015770b6e8703235--video--HOD-EP-2-online-h264-3000Kbps-720p_3gp_mpeg4_lo,prod_3gp_mpeg4_med/iplayerstream/2c97c5945766314b015770b6e8703235--video--HOD-EP-2-online-h264-3000Kbps-720p_3gp_mpeg4_med,iplayerstream/secure_auth/400kbps/2c97c5945766314b015770b6e8703235--video--HOD-EP-2-online-h264-3000Kbps-720p_flv_avc1_vlow,iplayerstream/secure_auth/480kbps/MP/2c97c5945766314b015770b6e8703235--video--HOD-EP-2-online-h264-3000Kbps-720p_flv_avc1_low,iplayerstream/secure_auth/800kbps/MP/2c97c5945766314b015770b6e8703235--video--HOD-EP-2-online-h264-3000Kbps-720p_flv_avc1_med*~hmac=99abb8c8f1d4e33b4969f010941533bbccfe0e83ee2bef369aa2bf1b23611014
10-12 11:11:25.186 29809-29809/? D/RingtoneManager: Can't get current user. return default user
10-12 11:11:25.196 29809-29809/? D/MediaPlayer: setDataSource IOException | SecurityException happend : java.io.FileNotFoundException: No content provider: http://cp401493-vh.akamaihd.net/i/,iplayerstream/secure_auth/100kbps/2c97c5945766314b015770b6e8703235--video--HOD-EP-2-online-h264-3000Kbps-720p_3gp_mpeg4_lo,prod_3gp_mpeg4_med/iplayerstream/2c97c5945766314b015770b6e8703235--video--HOD-EP-2-online-h264-3000Kbps-720p_3gp_mpeg4_med,iplayerstream/secure_auth/400kbps/2c97c5945766314b015770b6e8703235--video--HOD-EP-2-online-h264-3000Kbps-720p_flv_avc1_vlow,iplayerstream/secure_auth/480kbps/MP/2c97c5945766314b015770b6e8703235--video--HOD-EP-2-online-h264-3000Kbps-720p_flv_avc1_low,iplayerstream/secure_auth/800kbps/MP/2c97c5945766314b015770b6e8703235--video--HOD-EP-2-online-h264-3000Kbps-720p_flv_avc1_med,.mp4.csmil/master.m3u8?hdnea=st=1476263484~exp=1476285084~acl=/*iplayerstream/secure_auth/100kbps/2c97c5945766314b015770b6e8703235--video--HOD-EP-2-online-h264-3000Kbps-720p_3gp_mpeg4_lo,prod_3gp_mpeg4_med/iplayerstream/2c97c5945766314b015770b6e8703235--video--HOD-EP-2-online-h264-3000Kbps-720p_3gp_mpeg4_med,iplayerstream/secure_auth/400kbps/2c97c5945766314b015770b6e8703235--video--HOD-EP-2-online-h264-3000Kbps-720p_flv_avc1_vlow,iplayerstream/secure_auth/480kbps/MP/2c97c5945766314b015770b6e8703235--video--HOD-EP-2-online-h264-3000Kbps-720p_flv_avc1_low,iplayerstream/secure_auth/800kbps/MP/2c97c5945766314b015770b6e8703235--video--HOD-EP-2-online-h264-3000Kbps-720p_flv_avc1_med*~hmac=99abb8c8f1d4e33b4969f010941533bbccfe0e83ee2bef369aa2bf1b23611014
at android.content.ContentResolver.openTypedAssetFileDescriptor(ContentResolver.java:1141)
at android.content.ContentResolver.openAssetFileDescriptor(ContentResolver.java:991)
at android.content.ContentResolver.openAssetFileDescriptor(ContentResolver.java:914)
at android.media.MediaPlayer.setDataSource(MediaPlayer.java:1121)
at org.chromium.media.MediaPlayerBridge.setDataSource(MediaPlayerBridge.java:192)
at org.chromium.base.SystemMessageHandler.nativeDoRunLoopOnce(Native Method)
at org.chromium.base.SystemMessageHandler.handleMessage(SystemMessageHandler.java:39)
at android.os.Handler.dispatchMessage(Handler.java:102)
at android.os.Looper.loop(Looper.java:158)
at android.app.ActivityThread.main(ActivityThread.java:7229)
at java.lang.reflect.Method.invoke(Native Method)
at com.android.internal.os.ZygoteInit$MethodAndArgsCaller.run(ZygoteInit.java:1230)
at com.android.internal.os.ZygoteInit.main(ZygoteInit.java:1120)
10-12 11:11:25.196 3151-4880/? V/MediaPlayerService: Create new client(10) from pid 29809, uid 10207,
10-12 11:11:25.196 3151-4875/? I/MediaPlayerFactory: Create NuPlayer
10-12 11:11:25.196 3151-4875/? I/MediaPlayerService: Setting player type to NuPlayer
10-12 11:11:25.196 3151-4875/? V/MediaPlayerService: player type = 4
10-12 11:11:25.196 3151-4875/? V/NuPlayerDriver: NuPlayerDriver(0xf130d2a0)
10-12 11:11:25.196 3151-4875/? V/AudioSink: AudioOutput(35)
10-12 11:11:25.196 3151-4875/? V/NuPlayerDriver: setDataSource(0xf130d2a0) url(http://)
10-12 11:11:25.196 3151-30630/? V/NuPlayer: kWhatSetAudioSink
10-12 11:11:25.206 3151-30630/? V/NuPlayer: kWhatSetDataSource
10-12 11:11:25.206 3151-3599/? V/MediaPlayerService: [10] getParameter(31700)
10-12 11:11:25.206 29809-29809/? V/MediaPlayer: setVideoSurfaceTexture
10-12 11:11:25.206 3151-30055/? V/MediaPlayerService: [10] setVideoSurfaceTexture(0x0)
10-12 11:11:25.206 29809-29809/? V/MediaPlayer: prepareAsync
10-12 11:11:25.206 3151-3617/? V/MediaPlayerService: [10] setAudioStreamType(3)
10-12 11:11:25.206 3151-30056/? V/MediaPlayerService: [10] prepareAsync
10-12 11:11:25.206 3151-30056/? V/NuPlayerDriver: prepareAsync(0xf130d2a0)
10-12 11:11:25.206 29809-29809/? V/MediaPlayer: invoke 68
10-12 11:11:25.206 3151-3151/? I/MediaPlayerService: Client::invoke requestID=1
10-12 11:11:25.206 3151-3151/? V/NuPlayer: getTrackInfo
10-12 11:11:25.216 3435-4325/? D/PowerManagerService: [api] acquire WakeLock flags=0x2000000a tag=WindowManager uid=1000 pid=3435
10-12 11:11:25.206 3151-30631/? I/LiveSession: onConnect http://
10-12 11:11:25.206 29809-30085/? D/MediaHTTPConnection: setReadTimeOut = 300000000ms
10-12 11:11:25.216 3151-30632/? V/MediaHTTP: connection established
10-12 11:11:25.216 29809-29879/? D/MediaHTTPConnection: setReadTimeout with 300000000ms
10-12 11:11:25.216 29809-29879/? I/System.out: (HTTPLog)-Static: isSBSettingEnabled false
10-12 11:11:25.216 29809-29879/? I/System.out: (HTTPLog)-Static: isSBSettingEnabled false
10-12 11:11:25.216 3143-3708/? D/EnterpriseController: netId is 0
10-12 11:11:25.216 3143-3708/? D/Netd: getNetworkForDns: using netid 502 for uid 10207
10-12 11:11:25.226 3143-3708/? D/EnterpriseController: netId is 0
10-12 11:11:25.226 3143-3708/? D/Netd: getNetworkForDns: using netid 502 for uid 10207
10-12 11:11:25.226 29809-29809/? I/chromium: [INFO:CONSOLE(1)] "HTML5VideoMediator:loaded metadata:event", source: http://www.bbc.com/culture/static/76d5554b7079/scripts/requirejs/util/logger.js (1)
10-12 11:11:25.246 3435-4803/? D/PowerManagerService: [api] [s] userActivity : event: 0 flags: 0 (uid: 1000 pid: 3435) eventTime = 9303990
10-12 11:11:25.246 3435-4803/? D/PowerManagerService: [api] release WakeLock flags=0x2000000a tag=WindowManager uid=1000 pid=3435 (0x0)
10-12 11:11:25.246 3435-4803/? D/PowerManagerService: [api] applyWakeLockFlagsOnReleaseLocked : userActivityNoUpdateLocked is called : SCREEN_BRIGHT_WAKE_LOCK 'WindowManager' ON_AFTER_RELEASE (uid=1000, pid=3435, ws=WorkSource{10207}) (elapsedTime=29)
10-12 11:11:25.246 29809-29809/? I/chromium: [INFO:CONSOLE(1)] "HTML5VideoMediator:adsPlugin:event", source: http://www.bbc.com/culture/static/76d5554b7079/scripts/requirejs/util/logger.js (1)
10-12 11:11:25.246 29809-29809/? I/chromium: [INFO:CONSOLE(1)] "HTML5VideoMediator:track: startPlaylist", source: http://www.bbc.com/culture/static/76d5554b7079/scripts/requirejs/util/logger.js (1)
10-12 11:11:25.246 29809-29809/? I/chromium: [INFO:CONSOLE(1)] "Start Playlist", source: http://www.bbc.com/culture/static/76d5554b7079/scripts/requirejs/util/logger.js (1)
10-12 11:11:25.276 29809-29809/? I/chromium: [INFO:CONSOLE(1)] "HTML5VideoMediator:playing:event", source: http://www.bbc.com/culture/static/76d5554b7079/scripts/requirejs/util/logger.js (1)
10-12 11:11:25.286 29809-29879/? I/MediaHTTPConnection: response code = 200
10-12 11:11:25.286 29809-29879/? V/MediaHTTPConnection: mTotalSize is 4022
10-12 11:11:25.296 3151-30632/? D/HTTPBase: [1] Network BandWidth = 0 Kbps
10-12 11:11:25.296 3151-30632/? V/MediaHTTP: disconnect called
10-12 11:11:25.296 3151-30632/? V/MediaHTTP: disconnect called
10-12 11:11:25.296 3151-30631/? V/LiveSession: changeConfiguration: timeUs=0 us, bwIndex=0, pickTrack=0
10-12 11:11:25.306 3151-30631/? V/LiveSession: cancelBandwidthSwitch: mSwitchGen(0)++, orig -1, cur -1
10-12 11:11:25.306 3151-30631/? I/LiveSession: #### Starting Bandwidth Switch: -1 => 0
10-12 11:11:25.306 3151-30631/? V/LiveSession: onChangeConfiguration2
10-12 11:11:25.306 3151-30631/? V/LiveSession: onPollBuffering: mSwitchInProgress 0, mReconfigurationInProgress 1, mInPreparationPhase 1, mCurBandwidthIndex 0, mStreamMask 0x0
10-12 11:11:25.306 3151-30631/? V/LiveSession: Switch/Reconfig in progress, defer buffer polling
10-12 11:11:25.306 3151-30631/? V/LiveSession: audioURI = 'http://cp401493-vh.akamaihd.net/i/,iplayerstream/secure_auth/100kbps/2c97c5945766314b015770b6e8703235--video--HOD-EP-2-online-h264-3000Kbps-720p_3gp_mpeg4_lo,prod_3gp_mpeg4_med/iplayerstream/2c97c5945766314b015770b6e8703235--video--HOD-EP-2-online-h264-3000Kbps-720p_3gp_mpeg4_med,iplayerstream/secure_auth/400kbps/2c97c5945766314b015770b6e8703235--video--HOD-EP-2-online-h264-3000Kbps-720p_flv_avc1_vlow,iplayerstream/secure_auth/480kbps/MP/2c97c5945766314b015770b6e8703235--video--HOD-EP-2-online-h264-3000Kbps-720p_flv_avc1_low,iplayerstream/secure_auth/800kbps/MP/2c97c5945766314b015770b6e8703235--video--HOD-EP-2-online-h264-3000Kbps-720p_flv_avc1_med,.mp4.csmil/index_0_av.m3u8'
10-12 11:11:25.306 3151-30631/? V/LiveSession: videoURI = 'http://cp401493-vh.akamaihd.net/i/,iplayerstream/secure_auth/100kbps/2c97c5945766314b015770b6e8703235--video--HOD-EP-2-online-h264-3000Kbps-720p_3gp_mpeg4_lo,prod_3gp_mpeg4_med/iplayerstream/2c97c5945766314b015770b6e8703235--video--HOD-EP-2-online-h264-3000Kbps-720p_3gp_mpeg4_med,iplayerstream/secure_auth/400kbps/2c97c5945766314b015770b6e8703235--video--HOD-EP-2-online-h264-3000Kbps-720p_flv_avc1_vlow,iplayerstream/secure_auth/480kbps/MP/2c97c5945766314b015770b6e8703235--video--HOD-EP-2-online-h264-3000Kbps-720p_flv_avc1_low,iplayerstream/secure_auth/800kbps/MP/2c97c5945766314b015770b6e8703235--video--HOD-EP-2-online-h264-3000Kbps-720p_flv_avc1_med,.mp4.csmil/index_0_av.m3u8'
10-12 11:11:25.306 3151-30631/? V/LiveSession: onChangeConfiguration3: timeUs=0, switching=0, pickTrack=0, mStreamMask=0x0, mNewStreamMask=0x3, mSwapMask=0x0
10-12 11:11:25.306 3151-30631/? V/LiveSession: resuming fetchers for mask 0x00000000
10-12 11:11:25.306 3151-30631/? V/LiveSession: creating new fetchers for mask 0x00000003
10-12 11:11:25.306 3151-30631/? V/LiveSession: [fetcher-0] startAsync: startTimeUs 0 mLastSeekTimeUs 0 segmentStartTimeUs -1 seekMode 0
10-12 11:11:25.306 3151-30631/? V/LiveSession: [timed_id3] getMetadataSourceForUri streamMask 3 newUri false
10-12 11:11:25.306 3151-30631/? V/LiveSession: #### Finished Bandwidth Switch Early: -1 => 0
10-12 11:11:25.306 3151-30631/? V/LiveSession: onChangeConfiguration3: mSwitchInProgress 0, mStreamMask 0x3
10-12 11:11:25.306 29809-30085/? D/MediaHTTPConnection: setReadTimeOut = 300000000ms
10-12 11:11:25.306 3151-30632/? V/MediaHTTP: connection established
10-12 11:11:25.306 29809-29879/? D/MediaHTTPConnection: setReadTimeout with 300000000ms
10-12 11:11:25.306 29809-29879/? I/System.out: (HTTPLog)-Static: isSBSettingEnabled false
10-12 11:11:25.306 29809-29879/? I/System.out: (HTTPLog)-Static: isSBSettingEnabled false
10-12 11:11:25.346 29809-29879/? I/MediaHTTPConnection: response code = 200
10-12 11:11:25.346 29809-29879/? V/MediaHTTPConnection: mTotalSize is 17677
10-12 11:11:25.356 3151-30632/? D/HTTPBase: [1] Network BandWidth = 0 Kbps
10-12 11:11:25.356 3151-30632/? V/MediaHTTP: disconnect called
10-12 11:11:25.356 3151-30632/? V/MediaHTTP: disconnect called
10-12 11:11:25.356 3151-30632/? V/PlaylistFetcher: [fetcher-0] monitoring, buffered=0 < 30000000
10-12 11:11:25.356 3151-30632/? V/PlaylistFetcher: [fetcher-0] Initial sequence number for time 0 is 1 from (1 .. 25)
10-12 11:11:25.356 3151-30632/? V/PlaylistFetcher: [fetcher-0] fetching segment 1 from (1 .. 25)
10-12 11:11:25.356 3151-30632/? V/PlaylistFetcher: [fetcher-0] fetching: 'http://cp401493-vh.akamaihd.net/i/,iplayerstream/secure_auth/100kbps/2c97c5945766314b015770b6e8703235--video--HOD-EP-2-online-h264-3000Kbps-720p_3gp_mpeg4_lo,prod_3gp_mpeg4_med/iplayerstream/2c97c5945766314b015770b6e8703235--video--HOD-EP-2-online-h264-3000Kbps-720p_3gp_mpeg4_med,iplayerstream/secure_auth/400kbps/2c97c5945766314b015770b6e8703235--video--HOD-EP-2-online-h264-3000Kbps-720p_flv_avc1_vlow,iplayerstream/secure_auth/480kbps/MP/2c97c5945766314b015770b6e8703235--video--HOD-EP-2-online-h264-3000Kbps-720p_flv_avc1_low,iplayerstream/secure_auth/800kbps/MP/2c97c5945766314b015770b6e8703235--video--HOD-EP-2-online-h264-3000Kbps-720p_flv_avc1_med,.mp4.csmil/segment1_0_av.ts'
10-12 11:11:25.366 29809-29879/? D/MediaHTTPConnection: setReadTimeOut = 300000000ms
10-12 11:11:25.366 3151-30632/? V/MediaHTTP: connection established
10-12 11:11:25.366 29809-30085/? D/MediaHTTPConnection: setReadTimeout with 300000000ms
10-12 11:11:25.366 29809-30085/? I/System.out: (HTTPLog)-Static: isSBSettingEnabled false
10-12 11:11:25.366 29809-30085/? I/System.out: (HTTPLog)-Static: isSBSettingEnabled false
10-12 11:11:25.636 29809-30085/? I/MediaHTTPConnection: response code = 200
10-12 11:11:25.656 29809-30085/? V/MediaHTTPConnection: mTotalSize is 216952
10-12 11:11:25.676 3151-30632/? I/ESQueue: found something resembling an H.264/MPEG syncword at offset 1
10-12 11:11:25.676 3151-30632/? I/avc_utils: found AVC codec config (128 x 72, Baseline-profile level 1.3)
10-12 11:11:25.676 3151-30632/? I/AnotherPacketSource: setFormat() video
10-12 11:11:25.676 3151-30632/? I/ESQueue: found AAC codec config (24000 Hz, 2 channels)
10-12 11:11:25.676 3151-30632/? I/AnotherPacketSource: setFormat() audio
10-12 11:11:25.696 3151-30632/? V/PlaylistFetcher: [fetcher-0] startTimeUsRelative, timeUs (101000) - 101000 = 0
10-12 11:11:25.696 3151-30632/? V/PlaylistFetcher: [fetcher-0] [video] timeUs(101000)-mStartTimeUs(0)=101000, mIDRFound=0
10-12 11:11:25.696 3151-30632/? V/PlaylistFetcher: [fetcher-0] [video] found IDR, clear mVideoBuffer
10-12 11:11:25.696 3151-30632/? V/PlaylistFetcher: [fetcher-0] [video] found start point, timeUs=101000, streamMask becomes 2
10-12 11:11:25.696 3151-30632/? V/PlaylistFetcher: [fetcher-0] [video] queueAccessUnit, timeUs=101000
10-12 11:11:25.696 3151-30632/? V/PlaylistFetcher: [fetcher-0] startTimeUsRelative, timeUs (141000) - 101000 = 40000
10-12 11:11:25.696 3151-30632/? V/PlaylistFetcher: [fetcher-0] [video] queueAccessUnit, timeUs=141000
10-12 11:11:25.696 3151-30632/? V/PlaylistFetcher: [fetcher-0] startTimeUsRelative, timeUs (181000) - 101000 = 80000
10-12 11:11:25.696 3151-30632/? V/PlaylistFetcher: [fetcher-0] [video] queueAccessUnit, timeUs=181000
10-12 11:11:25.696 3151-30632/? V/PlaylistFetcher: [fetcher-0] startTimeUsRelative, timeUs (221000) - 101000 = 120000
10-12 11:11:25.696 3151-30632/? V/PlaylistFetcher: [fetcher-0] [video] queueAccessUnit, timeUs=221000
10-12 11:11:25.696 3151-30632/? V/PlaylistFetcher: [fetcher-0] startTimeUsRelative, timeUs (261000) - 101000 = 160000
10-12 11:11:25.696 3151-30632/? V/PlaylistFetcher: [fetcher-0] [video] queueAccessUnit, timeUs=261000
10-12 11:11:25.696 3151-30632/? V/PlaylistFetcher: [fetcher-0] startTimeUsRelative, timeUs (301000) - 101000 = 200000
10-12 11:11:25.696 3151-30632/? V/PlaylistFetcher: [fetcher-0] [video] queueAccessUnit, timeUs=301000
10-12 11:11:25.696 3151-30632/? V/PlaylistFetcher: [fetcher-0] startTimeUsRelative, timeUs (341000) - 101000 = 240000
10-12 11:11:25.696 3151-30632/? V/PlaylistFetcher: [fetcher-0] [video] queueAccessUnit, timeUs=341000
10-12 11:11:25.696 3151-30632/? V/PlaylistFetcher: [fetcher-0] startTimeUsRelative, timeUs (381000) - 101000 = 280000
10-12 11:11:25.696 3151-30632/? V/PlaylistFetcher: [fetcher-0] [video] queueAccessUnit, timeUs=381000
10-12 11:11:25.696 3151-30632/? V/PlaylistFetcher: [fetcher-0] startTimeUsRelative, timeUs (421000) - 101000 = 320000
10-12 11:11:25.696 3151-30632/? V/PlaylistFetcher: [fetcher-0] [video] queueAccessUnit, timeUs=421000
10-12 11:11:25.696 3151-30632/? V/PlaylistFetcher: [fetcher-0] startTimeUsRelative, timeUs (461000) - 101000 = 360000
10-12 11:11:25.696 3151-30632/? V/PlaylistFetcher: [fetcher-0] [video] queueAccessUnit, timeUs=461000
10-12 11:11:25.696 3151-30632/? V/PlaylistFetcher: [fetcher-0] startTimeUsRelative, timeUs (501000) - 101000 = 400000
10-12 11:11:25.696 3151-30632/? V/PlaylistFetcher: [fetcher-0] [video] queueAccessUnit, timeUs=501000
10-12 11:11:25.696 3151-30632/? V/PlaylistFetcher: [fetcher-0] startTimeUsRelative, timeUs (541000) - 101000 = 440000
10-12 11:11:25.696 3151-30632/? V/PlaylistFetcher: [fetcher-0] [video] queueAccessUnit, timeUs=541000
10-12 11:11:25.696 3151-30632/? V/PlaylistFetcher: [fetcher-0] startTimeUsRelative, timeUs (581000) - 101000 = 480000
10-12 11:11:25.696 3151-30632/? V/PlaylistFetcher: [fetcher-0] [video] queueAccessUnit, timeUs=581000
10-12 11:11:25.696 3151-30632/? V/PlaylistFetcher: [fetcher-0] startTimeUsRelative, timeUs (621000) - 101000 = 520000
10-12 11:11:25.696 3151-30632/? V/PlaylistFetcher: [fetcher-0] [video] queueAccessUnit, timeUs=621000
10-12 11:11:25.696 3151-30632/? V/PlaylistFetcher: [fetcher-0] startTimeUsRelative, timeUs (661000) - 101000 = 560000
10-12 11:11:25.696 3151-30632/? V/PlaylistFetcher: [fetcher-0] [video] queueAccessUnit, timeUs=661000
10-12 11:11:25.696 3151-30632/? V/PlaylistFetcher: [fetcher-0] startTimeUsRelative, timeUs (701000) - 101000 = 600000
10-12 11:11:25.696 3151-30632/? V/PlaylistFetcher: [fetcher-0] [video] queueAccessUnit, timeUs=701000
10-12 11:11:25.696 3151-30632/? V/PlaylistFetcher: [fetcher-0] startTimeUsRelative, timeUs (741000) - 101000 = 640000
10-12 11:11:25.696 3151-30632/? V/PlaylistFetcher: [fetcher-0] [video] queueAccessUnit, timeUs=741000
10-12 11:11:25.696 3151-30632/? V/PlaylistFetcher: [fetcher-0] startTimeUsRelative, timeUs (781000) - 101000 = 680000
10-12 11:11:25.696 3151-30632/? V/PlaylistFetcher: [fetcher-0] [video] queueAccessUnit, timeUs=781000
10-12 11:11:25.696 3151-30632/? V/PlaylistFetcher: [fetcher-0] startTimeUsRelative, timeUs (821000) - 101000 = 720000
10-12 11:11:25.696 3151-30632/? V/PlaylistFetcher: [fetcher-0] [video] queueAccessUnit, timeUs=821000
10-12 11:11:25.696 3151-30632/? V/PlaylistFetcher: [fetcher-0] startTimeUsRelative, timeUs (861000) - 101000 = 760000
10-12 11:11:25.696 3151-30632/? V/PlaylistFetcher: [fetcher-0] [video] queueAccessUnit, timeUs=861000
10-12 11:11:25.696 3151-30632/? V/PlaylistFetcher: [fetcher-0] startTimeUsRelative, timeUs (901000) - 101000 = 800000
10-12 11:11:25.696 3151-30632/? V/PlaylistFetcher: [fetcher-0] [video] queueAccessUnit, timeUs=901000
10-12 11:11:25.696 3151-30632/? V/PlaylistFetcher: [fetcher-0] startTimeUsRelative, timeUs (941000) - 101000 = 840000
10-12 11:11:25.696 3151-30632/? V/PlaylistFetcher: [fetcher-0] [video] queueAccessUnit, timeUs=941000
10-12 11:11:25.696 3151-30632/? V/PlaylistFetcher: [fetcher-0] startTimeUsRelative, timeUs (981000) - 101000 = 880000
10-12 11:11:25.696 3151-30632/? V/PlaylistFetcher: [fetcher-0] [video] queueAccessUnit, timeUs=981000
10-12 11:11:25.696 3151-30632/? V/PlaylistFetcher: [fetcher-0] startTimeUsRelative, timeUs (1021000) - 101000 = 920000
10-12 11:11:25.706 3151-30632/? V/PlaylistFetcher: [fetcher-0] [video] queueAccessUnit, timeUs=1021000
10-12 11:11:25.706 3151-30632/? V/PlaylistFetcher: [fetcher-0] startTimeUsRelative, timeUs (1061000) - 101000 = 960000
10-12 11:11:25.706 3151-30632/? V/PlaylistFetcher: [fetcher-0] [video] queueAccessUnit, timeUs=1061000
10-12 11:11:25.706 3151-30632/? V/PlaylistFetcher: [fetcher-0] startTimeUsRelative, timeUs (1101000) - 101000 = 1000000
10-12 11:11:25.706 3151-30632/? V/PlaylistFetcher: [fetcher-0] [video] queueAccessUnit, timeUs=1101000
10-12 11:11:25.706 3151-30632/? V/PlaylistFetcher: [fetcher-0] startTimeUsRelative, timeUs (1141000) - 101000 = 1040000
10-12 11:11:25.706 3151-30632/? V/PlaylistFetcher: [fetcher-0] [video] queueAccessUnit, timeUs=1141000
10-12 11:11:25.706 3151-30632/? V/PlaylistFetcher: [fetcher-0] startTimeUsRelative, timeUs (1181000) - 101000 = 1080000
10-12 11:11:25.706 3151-30632/? V/PlaylistFetcher: [fetcher-0] [video] queueAccessUnit, timeUs=1181000
10-12 11:11:25.706 3151-30632/? V/PlaylistFetcher: [fetcher-0] startTimeUsRelative, timeUs (1221000) - 101000 = 1120000
10-12 11:11:25.706 3151-30632/? V/PlaylistFetcher: [fetcher-0] [video] queueAccessUnit, timeUs=1221000
10-12 11:11:25.706 3151-30632/? V/PlaylistFetcher: [fetcher-0] startTimeUsRelative, timeUs (1261000) - 101000 = 1160000
10-12 11:11:25.706 3151-30632/? V/PlaylistFetcher: [fetcher-0] [video] queueAccessUnit, timeUs=1261000
10-12 11:11:25.706 3151-30632/? V/PlaylistFetcher: [fetcher-0] startTimeUsRelative, timeUs (1301000) - 101000 = 1200000
10-12 11:11:25.706 3151-30632/? V/PlaylistFetcher: [fetcher-0] [video] queueAccessUnit, timeUs=1301000
10-12 11:11:25.706 3151-30632/? V/PlaylistFetcher: [fetcher-0] startTimeUsRelative, timeUs (1341000) - 101000 = 1240000
10-12 11:11:25.706 3151-30632/? V/PlaylistFetcher: [fetcher-0] [video] queueAccessUnit, timeUs=1341000
10-12 11:11:25.706 3151-30632/? V/PlaylistFetcher: [fetcher-0] startTimeUsRelative, timeUs (1381000) - 101000 = 1280000
10-12 11:11:25.706 3151-30632/? V/PlaylistFetcher: [fetcher-0] [video] queueAccessUnit, timeUs=1381000
10-12 11:11:25.706 3151-30632/? V/PlaylistFetcher: [fetcher-0] startTimeUsRelative, timeUs (1421000) - 101000 = 1320000
10-12 11:11:25.706 3151-30632/? V/PlaylistFetcher: [fetcher-0] [video] queueAccessUnit, timeUs=1421000
10-12 11:11:25.706 3151-30632/? V/PlaylistFetcher: [fetcher-0] startTimeUsRelative, timeUs (1461000) - 101000 = 1360000
10-12 11:11:25.706 3151-30632/? V/PlaylistFetcher: [fetcher-0] [video] queueAccessUnit, timeUs=1461000
10-12 11:11:25.706 3151-30632/? V/PlaylistFetcher: [fetcher-0] startTimeUsRelative, timeUs (1501000) - 101000 = 1400000
10-12 11:11:25.706 3151-30632/? V/PlaylistFetcher: [fetcher-0] [video] queueAccessUnit, timeUs=1501000
10-12 11:11:25.706 3151-30632/? V/PlaylistFetcher: [fetcher-0] startTimeUsRelative, timeUs (1541000) - 101000 = 1440000
10-12 11:11:25.706 3151-30632/? V/PlaylistFetcher: [fetcher-0] [video] queueAccessUnit, timeUs=1541000
10-12 11:11:25.706 3151-30632/? V/PlaylistFetcher: [fetcher-0] startTimeUsRelative, timeUs (1581000) - 101000 = 1480000
10-12 11:11:25.706 3151-30632/? V/PlaylistFetcher: [fetcher-0] [video] queueAccessUnit, timeUs=1581000
10-12 11:11:25.706 3151-30632/? V/PlaylistFetcher: [fetcher-0] startTimeUsRelative, timeUs (1621000) - 101000 = 1520000
10-12 11:11:25.706 3151-30632/? V/PlaylistFetcher: [fetcher-0] [video] queueAccessUnit, timeUs=1621000
10-12 11:11:25.706 3151-30632/? V/PlaylistFetcher: [fetcher-0] startTimeUsRelative, timeUs (1661000) - 101000 = 1560000
10-12 11:11:25.706 3151-30632/? V/PlaylistFetcher: [fetcher-0] [video] queueAccessUnit, timeUs=1661000
10-12 11:11:25.706 3151-30632/? V/PlaylistFetcher: [fetcher-0] startTimeUsRelative, timeUs (1701000) - 101000 = 1600000
10-12 11:11:25.706 3151-30632/? V/PlaylistFetcher: [fetcher-0] [video] queueAccessUnit, timeUs=1701000
10-12 11:11:25.706 3151-30632/? V/PlaylistFetcher: [fetcher-0] startTimeUsRelative, timeUs (1741000) - 101000 = 1640000
10-12 11:11:25.706 3151-30632/? V/PlaylistFetcher: [fetcher-0] [video] queueAccessUnit, timeUs=1741000
10-12 11:11:25.706 3151-30632/? V/PlaylistFetcher: [fetcher-0] startTimeUsRelative, timeUs (1781000) - 101000 = 1680000
10-12 11:11:25.706 3151-30632/? V/PlaylistFetcher: [fetcher-0] [video] queueAccessUnit, timeUs=1781000
10-12 11:11:25.706 3151-30632/? V/PlaylistFetcher: [fetcher-0] startTimeUsRelative, timeUs (1821000) - 101000 = 1720000
10-12 11:11:25.706 3151-30632/? V/PlaylistFetcher: [fetcher-0] [video] queueAccessUnit, timeUs=1821000
10-12 11:11:25.706 3151-30632/? V/PlaylistFetcher: [fetcher-0] startTimeUsRelative, timeUs (1861000) - 101000 = 1760000
10-12 11:11:25.706 3151-30632/? V/PlaylistFetcher: [fetcher-0] [video] queueAccessUnit, timeUs=1861000
10-12 11:11:25.706 3151-30632/? V/PlaylistFetcher: [fetcher-0] startTimeUsRelative, timeUs (1901000) - 101000 = 1800000
10-12 11:11:25.706 3151-30632/? V/PlaylistFetcher: [fetcher-0] [video] queueAccessUnit, timeUs=1901000
10-12 11:11:25.706 3151-30632/? V/PlaylistFetcher: [fetcher-0] startTimeUsRelative, timeUs (1941000) - 101000 = 1840000
10-12 11:11:25.706 3151-30632/? V/PlaylistFetcher: [fetcher-0] [video] queueAccessUnit, timeUs=1941000
10-12 11:11:25.706 3151-30632/? V/PlaylistFetcher: [fetcher-0] startTimeUsRelative, timeUs (1981000) - 101000 = 1880000
10-12 11:11:25.706 3151-30632/? V/PlaylistFetcher: [fetcher-0] [video] queueAccessUnit, timeUs=1981000
10-12 11:11:25.706 3151-30632/? V/PlaylistFetcher: [fetcher-0] startTimeUsRelative, timeUs (2021000) - 101000 = 1920000
10-12 11:11:25.706 3151-30632/? V/PlaylistFetcher: [fetcher-0] [video] queueAccessUnit, timeUs=2021000
10-12 11:11:25.706 3151-30632/? V/PlaylistFetcher: [fetcher-0] startTimeUsRelative, timeUs (2061000) - 101000 = 1960000
10-12 11:11:25.706 3151-30632/? V/PlaylistFetcher: [fetcher-0] [video] queueAccessUnit, timeUs=2061000
10-12 11:11:25.706 3151-30632/? V/PlaylistFetcher: [fetcher-0] startTimeUsRelative, timeUs (2101000) - 101000 = 2000000
10-12 11:11:25.706 3151-30632/? V/PlaylistFetcher: [fetcher-0] [video] queueAccessUnit, timeUs=2101000
10-12 11:11:25.706 3151-30632/? V/PlaylistFetcher: [fetcher-0] startTimeUsRelative, timeUs (2141000) - 101000 = 2040000
10-12 11:11:25.706 3151-30632/? V/PlaylistFetcher: [fetcher-0] [video] queueAccessUnit, timeUs=2141000
10-12 11:11:25.706 3151-30632/? V/PlaylistFetcher: [fetcher-0] startTimeUsRelative, timeUs (100666) - 101000 = -334
10-12 11:11:25.706 3151-30632/? V/PlaylistFetcher: [fetcher-0] clamp negative timeUs to 0
10-12 11:11:25.706 3151-30632/? V/PlaylistFetcher: [fetcher-0] [audio] found start point, timeUs=100666, streamMask becomes 3
10-12 11:11:25.706 3151-30632/? V/PlaylistFetcher: [fetcher-0] found start point for all streams
10-12 11:11:25.706 3151-30632/? V/PlaylistFetcher: [fetcher-0] [audio] queueAccessUnit, timeUs=100666
10-12 11:11:25.706 3151-30632/? V/PlaylistFetcher: [fetcher-0] [audio] queueAccessUnit, timeUs=186000
10-12 11:11:25.706 3151-30632/? V/PlaylistFetcher: [fetcher-0] [audio] queueAccessUnit, timeUs=271333
10-12 11:11:25.706 3151-30632/? V/PlaylistFetcher: [fetcher-0] [audio] queueAccessUnit, timeUs=356666
10-12 11:11:25.706 3151-30632/? V/PlaylistFetcher: [fetcher-0] [audio] queueAccessUnit, timeUs=442000
10-12 11:11:25.706 3151-30632/? V/PlaylistFetcher: [fetcher-0] [audio] queueAccessUnit, timeUs=527333
10-12 11:11:25.706 3151-30632/? V/PlaylistFetcher: [fetcher-0] [audio] queueAccessUnit, timeUs=612666
10-12 11:11:25.706 3151-30632/? V/PlaylistFetcher: [fetcher-0] [audio] queueAccessUnit, timeUs=740666
10-12 11:11:25.706 3151-30632/? V/PlaylistFetcher: [fetcher-0] [audio] queueAccessUnit, timeUs=826000
10-12 11:11:25.706 3151-30632/? V/PlaylistFetcher: [fetcher-0] [audio] queueAccessUnit, timeUs=911333
10-12 11:11:25.706 3151-30632/? V/PlaylistFetcher: [fetcher-0] [audio] queueAccessUnit, timeUs=996666
10-12 11:11:25.706 3151-30632/? V/PlaylistFetcher: [fetcher-0] [audio] queueAccessUnit, timeUs=1082000
10-12 11:11:25.706 3151-30632/? V/PlaylistFetcher: [fetcher-0] [audio] queueAccessUnit, timeUs=1167333
10-12 11:11:25.706 3151-30632/? V/PlaylistFetcher: [fetcher-0] [audio] queueAccessUnit, timeUs=1252666
10-12 11:11:25.706 3151-30632/? V/PlaylistFetcher: [fetcher-0] [audio] queueAccessUnit, timeUs=1380666
10-12 11:11:25.706 3151-30632/? V/PlaylistFetcher: [fetcher-0] [audio] queueAccessUnit, timeUs=1466000
10-12 11:11:25.706 3151-30632/? V/PlaylistFetcher: [fetcher-0] [audio] queueAccessUnit, timeUs=1551333
10-12 11:11:25.706 3151-30632/? V/PlaylistFetcher: [fetcher-0] [audio] queueAccessUnit, timeUs=1636666
10-12 11:11:25.706 3151-30632/? V/PlaylistFetcher: [fetcher-0] [audio] queueAccessUnit, timeUs=1722000
10-12 11:11:25.706 3151-30632/? V/PlaylistFetcher: [fetcher-0] [audio] queueAccessUnit, timeUs=1807333
10-12 11:11:25.706 3151-30632/? V/PlaylistFetcher: [fetcher-0] [audio] queueAccessUnit, timeUs=1892666
10-12 11:11:25.706 3151-30632/? V/PlaylistFetcher: [fetcher-0] [audio] queueAccessUnit, timeUs=2020666
10-12 11:11:25.736 3151-30632/? V/PlaylistFetcher: [fetcher-0] [video] queueAccessUnit, timeUs=2181000
10-12 11:11:25.736 3151-30632/? V/PlaylistFetcher: [fetcher-0] [video] queueAccessUnit, timeUs=2221000
10-12 11:11:25.736 3151-30632/? V/PlaylistFetcher: [fetcher-0] [video] queueAccessUnit, timeUs=2261000
10-12 11:11:25.736 3151-30632/? V/PlaylistFetcher: [fetcher-0] [video] queueAccessUnit, timeUs=2301000
10-12 11:11:25.736 3151-30632/? V/PlaylistFetcher: [fetcher-0] [video] queueAccessUnit, timeUs=2341000
10-12 11:11:25.736 3151-30632/? V/PlaylistFetcher: [fetcher-0] [video] queueAccessUnit, timeUs=2381000
10-12 11:11:25.736 3151-30632/? V/PlaylistFetcher: [fetcher-0] [video] queueAccessUnit, timeUs=2421000
10-12 11:11:25.736 3151-30632/? V/PlaylistFetcher: [fetcher-0] [video] queueAccessUnit, timeUs=2461000
10-12 11:11:25.736 3151-30632/? V/PlaylistFetcher: [fetcher-0] [video] queueAccessUnit, timeUs=2501000
10-12 11:11:25.736 3151-30632/? V/PlaylistFetcher: [fetcher-0] [video] queueAccessUnit, timeUs=2541000
10-12 11:11:25.736 3151-30632/? V/PlaylistFetcher: [fetcher-0] [video] queueAccessUnit, timeUs=2581000
10-12 11:11:25.736 3151-30632/? V/PlaylistFetcher: [fetcher-0] [video] queueAccessUnit, timeUs=2621000
10-12 11:11:25.736 3151-30632/? V/PlaylistFetcher: [fetcher-0] [video] queueAccessUnit, timeUs=2661000
10-12 11:11:25.736 3151-30632/? V/PlaylistFetcher: [fetcher-0] [video] queueAccessUnit, timeUs=2701000
10-12 11:11:25.736 3151-30632/? V/PlaylistFetcher: [fetcher-0] [video] queueAccessUnit, timeUs=2741000
10-12 11:11:25.736 3151-30632/? V/PlaylistFetcher: [fetcher-0] [video] queueAccessUnit, timeUs=2781000
10-12 11:11:25.736 3151-30632/? V/PlaylistFetcher: [fetcher-0] [video] queueAccessUnit, timeUs=2821000
10-12 11:11:25.736 3151-30632/? V/PlaylistFetcher: [fetcher-0] [video] queueAccessUnit, timeUs=2861000
10-12 11:11:25.736 3151-30632/? V/PlaylistFetcher: [fetcher-0] [video] queueAccessUnit, timeUs=2901000
10-12 11:11:25.736 3151-30632/? V/PlaylistFetcher: [fetcher-0] [video] queueAccessUnit, timeUs=2941000
10-12 11:11:25.736 3151-30632/? V/PlaylistFetcher: [fetcher-0] [video] queueAccessUnit, timeUs=2981000
10-12 11:11:25.736 3151-30632/? V/PlaylistFetcher: [fetcher-0] [video] queueAccessUnit, timeUs=3021000
10-12 11:11:25.736 3151-30632/? V/PlaylistFetcher: [fetcher-0] [video] queueAccessUnit, timeUs=3061000
10-12 11:11:25.736 3151-30632/? V/PlaylistFetcher: [fetcher-0] [video] queueAccessUnit, timeUs=3101000
10-12 11:11:25.736 3151-30632/? V/PlaylistFetcher: [fetcher-0] [video] queueAccessUnit, timeUs=3141000
10-12 11:11:25.736 3151-30632/? V/PlaylistFetcher: [fetcher-0] [video] queueAccessUnit, timeUs=3181000
10-12 11:11:25.736 3151-30632/? V/PlaylistFetcher: [fetcher-0] [video] queueAccessUnit, timeUs=3221000
10-12 11:11:25.736 3151-30632/? V/PlaylistFetcher: [fetcher-0] [video] queueAccessUnit, timeUs=3261000
10-12 11:11:25.736 3151-30632/? V/PlaylistFetcher: [fetcher-0] [video] queueAccessUnit, timeUs=3301000
10-12 11:11:25.736 3151-30632/? V/PlaylistFetcher: [fetcher-0] [video] queueAccessUnit, timeUs=3341000
10-12 11:11:25.736 3151-30632/? V/PlaylistFetcher: [fetcher-0] [video] queueAccessUnit, timeUs=3381000
10-12 11:11:25.736 3151-30632/? V/PlaylistFetcher: [fetcher-0] [video] queueAccessUnit, timeUs=3421000
10-12 11:11:25.736 3151-30632/? V/PlaylistFetcher: [fetcher-0] [video] queueAccessUnit, timeUs=3461000
10-12 11:11:25.736 3151-30632/? V/PlaylistFetcher: [fetcher-0] [video] queueAccessUnit, timeUs=3501000
10-12 11:11:25.736 3151-30632/? V/PlaylistFetcher: [fetcher-0] [video] queueAccessUnit, timeUs=3541000
10-12 11:11:25.736 3151-30632/? V/PlaylistFetcher: [fetcher-0] [video] queueAccessUnit, timeUs=3581000
10-12 11:11:25.736 3151-30632/? V/PlaylistFetcher: [fetcher-0] [video] queueAccessUnit, timeUs=3621000
10-12 11:11:25.736 3151-30632/? V/PlaylistFetcher: [fetcher-0] [video] queueAccessUnit, timeUs=3661000
10-12 11:11:25.736 3151-30632/? V/PlaylistFetcher: [fetcher-0] [video] queueAccessUnit, timeUs=3701000
10-12 11:11:25.736 3151-30632/? V/PlaylistFetcher: [fetcher-0] [video] queueAccessUnit, timeUs=3741000
10-12 11:11:25.736 3151-30632/? V/PlaylistFetcher: [fetcher-0] [video] queueAccessUnit, timeUs=3781000
10-12 11:11:25.736 3151-30632/? V/PlaylistFetcher: [fetcher-0] [video] queueAccessUnit, timeUs=3821000
10-12 11:11:25.736 3151-30632/? V/PlaylistFetcher: [fetcher-0] [video] queueAccessUnit, timeUs=3861000
10-12 11:11:25.736 3151-30632/? V/PlaylistFetcher: [fetcher-0] [video] queueAccessUnit, timeUs=3901000
10-12 11:11:25.736 3151-30632/? V/PlaylistFetcher: [fetcher-0] [video] queueAccessUnit, timeUs=3941000
10-12 11:11:25.736 3151-30632/? V/PlaylistFetcher: [fetcher-0] [video] queueAccessUnit, timeUs=3981000
10-12 11:11:25.736 3151-30632/? V/PlaylistFetcher: [fetcher-0] [video] queueAccessUnit, timeUs=4021000
10-12 11:11:25.736 3151-30632/? V/PlaylistFetcher: [fetcher-0] [video] queueAccessUnit, timeUs=4061000
10-12 11:11:25.736 3151-30632/? V/PlaylistFetcher: [fetcher-0] [video] queueAccessUnit, timeUs=4101000
10-12 11:11:25.736 3151-30632/? V/PlaylistFetcher: [fetcher-0] [video] queueAccessUnit, timeUs=4141000
10-12 11:11:25.736 3151-30632/? V/PlaylistFetcher: [fetcher-0] [video] queueAccessUnit, timeUs=4181000
10-12 11:11:25.736 3151-30632/? V/PlaylistFetcher: [fetcher-0] [video] queueAccessUnit, timeUs=4221000
10-12 11:11:25.736 3151-30632/? V/PlaylistFetcher: [fetcher-0] [video] queueAccessUnit, timeUs=4261000
10-12 11:11:25.736 3151-30632/? V/PlaylistFetcher: [fetcher-0] [video] queueAccessUnit, timeUs=4301000
10-12 11:11:25.736 3151-30632/? V/PlaylistFetcher: [fetcher-0] [video] queueAccessUnit, timeUs=4341000
10-12 11:11:25.736 3151-30632/? V/PlaylistFetcher: [fetcher-0] [video] queueAccessUnit, timeUs=4381000
10-12 11:11:25.736 3151-30632/? V/PlaylistFetcher: [fetcher-0] [video] queueAccessUnit, timeUs=4421000
10-12 11:11:25.736 3151-30632/? V/PlaylistFetcher: [fetcher-0] [video] queueAccessUnit, timeUs=4461000
10-12 11:11:25.736 3151-30632/? V/PlaylistFetcher: [fetcher-0] [video] queueAccessUnit, timeUs=4501000
10-12 11:11:25.736 3151-30632/? V/PlaylistFetcher: [fetcher-0] [audio] queueAccessUnit, timeUs=2106000
10-12 11:11:25.736 3151-30632/? V/PlaylistFetcher: [fetcher-0] [audio] queueAccessUnit, timeUs=2191333
10-12 11:11:25.736 3151-30632/? V/PlaylistFetcher: [fetcher-0] [audio] queueAccessUnit, timeUs=2276666
10-12 11:11:25.736 3151-30632/? V/PlaylistFetcher: [fetcher-0] [audio] queueAccessUnit, timeUs=2362000
10-12 11:11:25.736 3151-30632/? V/PlaylistFetcher: [fetcher-0] [audio] queueAccessUnit, timeUs=2447333
10-12 11:11:25.736 3151-30632/? V/PlaylistFetcher: [fetcher-0] [audio] queueAccessUnit, timeUs=2532666
10-12 11:11:25.736 3151-30632/? V/PlaylistFetcher: [fetcher-0] [audio] queueAccessUnit, timeUs=2660666
10-12 11:11:25.736 3151-30632/? V/PlaylistFetcher: [fetcher-0] [audio] queueAccessUnit, timeUs=2746000
10-12 11:11:25.736 3151-30632/? V/PlaylistFetcher: [fetcher-0] [audio] queueAccessUnit, timeUs=2831333
10-12 11:11:25.736 3151-30632/? V/PlaylistFetcher: [fetcher-0] [audio] queueAccessUnit, timeUs=2916666
10-12 11:11:25.736 3151-30632/? V/PlaylistFetcher: [fetcher-0] [audio] queueAccessUnit, timeUs=3002000
10-12 11:11:25.736 3151-30632/? V/PlaylistFetcher: [fetcher-0] [audio] queueAccessUnit, timeUs=3087333
10-12 11:11:25.736 3151-30632/? V/PlaylistFetcher: [fetcher-0] [audio] queueAccessUnit, timeUs=3172666
10-12 11:11:25.736 3151-30632/? V/PlaylistFetcher: [fetcher-0] [audio] queueAccessUnit, timeUs=3300666
10-12 11:11:25.736 3151-30632/? V/PlaylistFetcher: [fetcher-0] [audio] queueAccessUnit, timeUs=3386000
10-12 11:11:25.736 3151-30632/? V/PlaylistFetcher: [fetcher-0] [audio] queueAccessUnit, timeUs=3471333
10-12 11:11:25.736 3151-30632/? V/PlaylistFetcher: [fetcher-0] [audio] queueAccessUnit, timeUs=3556666
10-12 11:11:25.736 3151-30632/? V/PlaylistFetcher: [fetcher-0] [audio] queueAccessUnit, timeUs=3642000
10-12 11:11:25.736 3151-30632/? V/PlaylistFetcher: [fetcher-0] [audio] queueAccessUnit, timeUs=3727333
10-12 11:11:25.736 3151-30632/? V/PlaylistFetcher: [fetcher-0] [audio] queueAccessUnit, timeUs=3812666
10-12 11:11:25.736 3151-30632/? V/PlaylistFetcher: [fetcher-0] [audio] queueAccessUnit, timeUs=3940666
10-12 11:11:25.736 3151-30632/? V/PlaylistFetcher: [fetcher-0] [audio] queueAccessUnit, timeUs=4026000
10-12 11:11:25.736 3151-30632/? V/PlaylistFetcher: [fetcher-0] [audio] queueAccessUnit, timeUs=4111333
10-12 11:11:25.736 3151-30632/? V/PlaylistFetcher: [fetcher-0] [audio] queueAccessUnit, timeUs=4196666
10-12 11:11:25.736 3151-30632/? V/PlaylistFetcher: [fetcher-0] [audio] queueAccessUnit, timeUs=4282000
10-12 11:11:25.736 3151-30632/? V/PlaylistFetcher: [fetcher-0] [audio] queueAccessUnit, timeUs=4367333
10-12 11:11:25.746 3151-30632/? V/PlaylistFetcher: [fetcher-0] [video] queueAccessUnit, timeUs=4541000
10-12 11:11:25.746 3151-30632/? V/PlaylistFetcher: [fetcher-0] [video] queueAccessUnit, timeUs=4581000
10-12 11:11:25.746 3151-30632/? V/PlaylistFetcher: [fetcher-0] [video] queueAccessUnit, timeUs=4621000
10-12 11:11:25.746 3151-30632/? V/PlaylistFetcher: [fetcher-0] [video] queueAccessUnit, timeUs=4661000
10-12 11:11:25.746 3151-30632/? V/PlaylistFetcher: [fetcher-0] [video] queueAccessUnit, timeUs=4701000
10-12 11:11:25.746 3151-30632/? V/PlaylistFetcher: [fetcher-0] [video] queueAccessUnit, timeUs=4741000
10-12 11:11:25.746 3151-30632/? V/PlaylistFetcher: [fetcher-0] [video] queueAccessUnit, timeUs=4781000
10-12 11:11:25.746 3151-30632/? V/PlaylistFetcher: [fetcher-0] [video] queueAccessUnit, timeUs=4821000
10-12 11:11:25.746 3151-30632/? V/PlaylistFetcher: [fetcher-0] [video] queueAccessUnit, timeUs=4861000
10-12 11:11:25.746 3151-30632/? V/PlaylistFetcher: [fetcher-0] [video] queueAccessUnit, timeUs=4901000
10-12 11:11:25.746 3151-30632/? V/PlaylistFetcher: [fetcher-0] [video] queueAccessUnit, timeUs=4941000
10-12 11:11:25.756 3151-30632/? V/PlaylistFetcher: [fetcher-0] [video] queueAccessUnit, timeUs=4981000
10-12 11:11:25.756 3151-30632/? V/PlaylistFetcher: [fetcher-0] [video] queueAccessUnit, timeUs=5021000
10-12 11:11:25.756 3151-30632/? V/PlaylistFetcher: [fetcher-0] [video] queueAccessUnit, timeUs=5061000
10-12 11:11:25.756 3151-30632/? V/PlaylistFetcher: [fetcher-0] [video] queueAccessUnit, timeUs=5101000
10-12 11:11:25.756 3151-30632/? V/PlaylistFetcher: [fetcher-0] [video] queueAccessUnit, timeUs=5141000
10-12 11:11:25.756 3151-30632/? V/PlaylistFetcher: [fetcher-0] [video] queueAccessUnit, timeUs=5181000
10-12 11:11:25.756 3151-30632/? V/PlaylistFetcher: [fetcher-0] [video] queueAccessUnit, timeUs=5221000
10-12 11:11:25.756 3151-30632/? V/PlaylistFetcher: [fetcher-0] [video] queueAccessUnit, timeUs=5261000
10-12 11:11:25.756 3151-30632/? V/PlaylistFetcher: [fetcher-0] [video] queueAccessUnit, timeUs=5301000
10-12 11:11:25.756 3151-30632/? V/PlaylistFetcher: [fetcher-0] [video] queueAccessUnit, timeUs=5341000
10-12 11:11:25.756 3151-30632/? V/PlaylistFetcher: [fetcher-0] [video] queueAccessUnit, timeUs=5381000
10-12 11:11:25.756 3151-30632/? V/PlaylistFetcher: [fetcher-0] [video] queueAccessUnit, timeUs=5421000
10-12 11:11:25.756 3151-30632/? V/PlaylistFetcher: [fetcher-0] [video] queueAccessUnit, timeUs=5461000
