10-12 11:11:26.136 3151-30632/? V/PlaylistFetcher: [fetcher-0] [audio] queueAccessUnit, timeUs=29540666
10-12 11:11:26.136 3151-30632/? V/PlaylistFetcher: [fetcher-0] [audio] queueAccessUnit, timeUs=29626000
10-12 11:11:26.136 3151-30632/? V/PlaylistFetcher: [fetcher-0] [audio] queueAccessUnit, timeUs=29711333
10-12 11:11:26.136 3151-30632/? V/PlaylistFetcher: [fetcher-0] [audio] queueAccessUnit, timeUs=29796666
10-12 11:11:26.136 3151-30632/? V/PlaylistFetcher: [fetcher-0] [audio] queueAccessUnit, timeUs=29882000
10-12 11:11:26.136 3151-30632/? V/PlaylistFetcher: [fetcher-0] [audio] queueAccessUnit, timeUs=29967333
10-12 11:11:26.136 3151-30632/? V/PlaylistFetcher: [fetcher-0] PUSH TS: 'http://cp401493-vh.akamaihd.net/i/,iplayerstream/secure_auth/100kbps/2c97c5945766314b015770b6e8703235--video--HOD-EP-2-online-h264-3000Kbps-720p_3gp_mpeg4_lo,prod_3gp_mpeg4_med/iplayerstream/2c97c5945766314b015770b6e8703235--video--HOD-EP-2-online-h264-3000Kbps-720p_3gp_mpeg4_med,iplayerstream/secure_auth/400kbps/2c97c5945766314b015770b6e8703235--video--HOD-EP-2-online-h264-3000Kbps-720p_flv_avc1_vlow,iplayerstream/secure_auth/480kbps/MP/2c97c5945766314b015770b6e8703235--video--HOD-EP-2-online-h264-3000Kbps-720p_flv_avc1_low,iplayerstream/secure_auth/800kbps/MP/2c97c5945766314b015770b6e8703235--video--HOD-EP-2-online-h264-3000Kbps-720p_flv_avc1_med,.mp4.csmil/segment3_0_av.ts'
10-12 11:11:26.136 3151-30632/? V/PlaylistFetcher: [fetcher-0] [audio] buffered 29866667
10-12 11:11:26.136 3151-30632/? V/PlaylistFetcher: [fetcher-0] [video] buffered 29880000
10-12 11:11:26.136 3151-30632/? V/PlaylistFetcher: [fetcher-0] monitoring, buffered=29866667 < 30000000
10-12 11:11:26.146 3151-30632/? V/PlaylistFetcher: [fetcher-0] fetching segment 4 from (1 .. 25)
10-12 11:11:26.146 3151-30632/? V/PlaylistFetcher: [fetcher-0] fetching: 'http://cp401493-vh.akamaihd.net/i/,iplayerstream/secure_auth/100kbps/2c97c5945766314b015770b6e8703235--video--HOD-EP-2-online-h264-3000Kbps-720p_3gp_mpeg4_lo,prod_3gp_mpeg4_med/iplayerstream/2c97c5945766314b015770b6e8703235--video--HOD-EP-2-online-h264-3000Kbps-720p_3gp_mpeg4_med,iplayerstream/secure_auth/400kbps/2c97c5945766314b015770b6e8703235--video--HOD-EP-2-online-h264-3000Kbps-720p_flv_avc1_vlow,iplayerstream/secure_auth/480kbps/MP/2c97c5945766314b015770b6e8703235--video--HOD-EP-2-online-h264-3000Kbps-720p_flv_avc1_low,iplayerstream/secure_auth/800kbps/MP/2c97c5945766314b015770b6e8703235--video--HOD-EP-2-online-h264-3000Kbps-720p_flv_avc1_med,.mp4.csmil/segment4_0_av.ts'
10-12 11:11:26.146 29809-29820/? D/MediaHTTPConnection: setReadTimeOut = 300000000ms
10-12 11:11:26.146 3151-30632/? V/MediaHTTP: connection established
10-12 11:11:26.146 29809-29879/? D/MediaHTTPConnection: setReadTimeout with 300000000ms
10-12 11:11:26.146 29809-29879/? I/System.out: (HTTPLog)-Static: isSBSettingEnabled false
10-12 11:11:26.146 29809-29879/? I/System.out: (HTTPLog)-Static: isSBSettingEnabled false
10-12 11:11:26.186 29809-29879/? I/MediaHTTPConnection: response code = 200
10-12 11:11:26.186 29809-29879/? V/MediaHTTPConnection: mTotalSize is 207928
10-12 11:11:26.216 3151-30632/? V/PlaylistFetcher: [fetcher-0] [video] queueAccessUnit, timeUs=30021000
10-12 11:11:26.216 3151-30632/? V/PlaylistFetcher: [fetcher-0] [video] queueAccessUnit, timeUs=30061000
10-12 11:11:26.216 3151-30632/? V/PlaylistFetcher: [fetcher-0] [video] queueAccessUnit, timeUs=30101000
10-12 11:11:26.216 3151-30632/? V/PlaylistFetcher: [fetcher-0] [video] queueAccessUnit, timeUs=30141000
10-12 11:11:26.216 3151-30632/? V/PlaylistFetcher: [fetcher-0] [video] queueAccessUnit, timeUs=30181000
10-12 11:11:26.216 3151-30632/? V/PlaylistFetcher: [fetcher-0] [video] queueAccessUnit, timeUs=30221000
10-12 11:11:26.216 3151-30632/? V/PlaylistFetcher: [fetcher-0] [video] queueAccessUnit, timeUs=30261000
10-12 11:11:26.216 3151-30632/? V/PlaylistFetcher: [fetcher-0] [video] queueAccessUnit, timeUs=30301000
10-12 11:11:26.216 3151-30632/? V/PlaylistFetcher: [fetcher-0] [video] queueAccessUnit, timeUs=30341000
10-12 11:11:26.216 3151-30632/? V/PlaylistFetcher: [fetcher-0] [video] queueAccessUnit, timeUs=30381000
10-12 11:11:26.216 3151-30632/? V/PlaylistFetcher: [fetcher-0] [video] queueAccessUnit, timeUs=30421000
10-12 11:11:26.216 3151-30632/? V/PlaylistFetcher: [fetcher-0] [video] queueAccessUnit, timeUs=30461000
10-12 11:11:26.216 3151-30632/? V/PlaylistFetcher: [fetcher-0] [video] queueAccessUnit, timeUs=30501000
10-12 11:11:26.216 3151-30632/? V/PlaylistFetcher: [fetcher-0] [video] queueAccessUnit, timeUs=30541000
10-12 11:11:26.216 3151-30632/? V/PlaylistFetcher: [fetcher-0] [video] queueAccessUnit, timeUs=30581000
10-12 11:11:26.216 3151-30632/? V/PlaylistFetcher: [fetcher-0] [video] queueAccessUnit, timeUs=30621000
10-12 11:11:26.216 3151-30632/? V/PlaylistFetcher: [fetcher-0] [video] queueAccessUnit, timeUs=30661000
10-12 11:11:26.216 3151-30632/? V/PlaylistFetcher: [fetcher-0] [video] queueAccessUnit, timeUs=30701000
10-12 11:11:26.216 3151-30632/? V/PlaylistFetcher: [fetcher-0] [video] queueAccessUnit, timeUs=30741000
10-12 11:11:26.216 3151-30632/? V/PlaylistFetcher: [fetcher-0] [video] queueAccessUnit, timeUs=30781000
10-12 11:11:26.216 3151-30632/? V/PlaylistFetcher: [fetcher-0] [video] queueAccessUnit, timeUs=30821000
10-12 11:11:26.216 3151-30632/? V/PlaylistFetcher: [fetcher-0] [video] queueAccessUnit, timeUs=30861000
10-12 11:11:26.216 3151-30632/? V/PlaylistFetcher: [fetcher-0] [video] queueAccessUnit, timeUs=30901000
10-12 11:11:26.216 3151-30632/? V/PlaylistFetcher: [fetcher-0] [video] queueAccessUnit, timeUs=30941000
10-12 11:11:26.216 3151-30632/? V/PlaylistFetcher: [fetcher-0] [video] queueAccessUnit, timeUs=30981000
10-12 11:11:26.216 3151-30632/? V/PlaylistFetcher: [fetcher-0] [video] queueAccessUnit, timeUs=31021000
10-12 11:11:26.216 3151-30632/? V/PlaylistFetcher: [fetcher-0] [video] queueAccessUnit, timeUs=31061000
10-12 11:11:26.216 3151-30632/? V/PlaylistFetcher: [fetcher-0] [video] queueAccessUnit, timeUs=31101000
10-12 11:11:26.216 3151-30632/? V/PlaylistFetcher: [fetcher-0] [video] queueAccessUnit, timeUs=31141000
10-12 11:11:26.216 3151-30632/? V/PlaylistFetcher: [fetcher-0] [video] queueAccessUnit, timeUs=31181000
10-12 11:11:26.216 3151-30632/? V/PlaylistFetcher: [fetcher-0] [video] queueAccessUnit, timeUs=31221000
10-12 11:11:26.216 3151-30632/? V/PlaylistFetcher: [fetcher-0] [video] queueAccessUnit, timeUs=31261000
10-12 11:11:26.216 3151-30632/? V/PlaylistFetcher: [fetcher-0] [video] queueAccessUnit, timeUs=31301000
10-12 11:11:26.226 3151-30632/? V/PlaylistFetcher: [fetcher-0] [video] queueAccessUnit, timeUs=31341000
10-12 11:11:26.226 3151-30632/? V/PlaylistFetcher: [fetcher-0] [video] queueAccessUnit, timeUs=31381000
10-12 11:11:26.226 3151-30632/? V/PlaylistFetcher: [fetcher-0] [video] queueAccessUnit, timeUs=31421000
10-12 11:11:26.226 3151-30632/? V/PlaylistFetcher: [fetcher-0] [video] queueAccessUnit, timeUs=31461000
10-12 11:11:26.226 3151-30632/? V/PlaylistFetcher: [fetcher-0] [video] queueAccessUnit, timeUs=31501000
10-12 11:11:26.226 3151-30632/? V/PlaylistFetcher: [fetcher-0] [video] queueAccessUnit, timeUs=31541000
10-12 11:11:26.226 3151-30632/? V/PlaylistFetcher: [fetcher-0] [video] queueAccessUnit, timeUs=31581000
10-12 11:11:26.226 3151-30632/? V/PlaylistFetcher: [fetcher-0] [video] queueAccessUnit, timeUs=31621000
10-12 11:11:26.226 3151-30632/? V/PlaylistFetcher: [fetcher-0] [video] queueAccessUnit, timeUs=31661000
10-12 11:11:26.226 3151-30632/? V/PlaylistFetcher: [fetcher-0] [video] queueAccessUnit, timeUs=31701000
10-12 11:11:26.226 3151-30632/? V/PlaylistFetcher: [fetcher-0] [video] queueAccessUnit, timeUs=31741000
10-12 11:11:26.226 3151-30632/? V/PlaylistFetcher: [fetcher-0] [video] queueAccessUnit, timeUs=31781000
10-12 11:11:26.226 3151-30632/? V/PlaylistFetcher: [fetcher-0] [video] queueAccessUnit, timeUs=31821000
10-12 11:11:26.226 3151-30632/? V/PlaylistFetcher: [fetcher-0] [video] queueAccessUnit, timeUs=31861000
10-12 11:11:26.226 3151-30632/? V/PlaylistFetcher: [fetcher-0] [video] queueAccessUnit, timeUs=31901000
10-12 11:11:26.226 3151-30632/? V/PlaylistFetcher: [fetcher-0] [video] queueAccessUnit, timeUs=31941000
10-12 11:11:26.226 3151-30632/? V/PlaylistFetcher: [fetcher-0] [video] queueAccessUnit, timeUs=31981000
10-12 11:11:26.226 3151-30632/? V/PlaylistFetcher: [fetcher-0] [video] queueAccessUnit, timeUs=32021000
10-12 11:11:26.226 3151-30632/? V/PlaylistFetcher: [fetcher-0] [video] queueAccessUnit, timeUs=32061000
10-12 11:11:26.226 3151-30632/? V/PlaylistFetcher: [fetcher-0] [video] queueAccessUnit, timeUs=32101000
10-12 11:11:26.226 3151-30632/? V/PlaylistFetcher: [fetcher-0] [video] queueAccessUnit, timeUs=32141000
10-12 11:11:26.226 3151-30632/? V/PlaylistFetcher: [fetcher-0] [video] queueAccessUnit, timeUs=32181000
10-12 11:11:26.226 3151-30632/? V/PlaylistFetcher: [fetcher-0] [audio] queueAccessUnit, timeUs=30052666
10-12 11:11:26.226 3151-30632/? V/PlaylistFetcher: [fetcher-0] [audio] queueAccessUnit, timeUs=30138000
10-12 11:11:26.226 3151-30632/? V/PlaylistFetcher: [fetcher-0] [audio] queueAccessUnit, timeUs=30223333
10-12 11:11:26.226 3151-30632/? V/PlaylistFetcher: [fetcher-0] [audio] queueAccessUnit, timeUs=30308666
10-12 11:11:26.226 3151-30632/? V/PlaylistFetcher: [fetcher-0] [audio] queueAccessUnit, timeUs=30394000
10-12 11:11:26.226 3151-30632/? V/PlaylistFetcher: [fetcher-0] [audio] queueAccessUnit, timeUs=30479333
10-12 11:11:26.226 3151-30632/? V/PlaylistFetcher: [fetcher-0] [audio] queueAccessUnit, timeUs=30564666
10-12 11:11:26.226 3151-30632/? V/PlaylistFetcher: [fetcher-0] [audio] queueAccessUnit, timeUs=30650000
10-12 11:11:26.226 3151-30632/? V/PlaylistFetcher: [fetcher-0] [audio] queueAccessUnit, timeUs=30735333
10-12 11:11:26.226 3151-30632/? V/PlaylistFetcher: [fetcher-0] [audio] queueAccessUnit, timeUs=30863333
10-12 11:11:26.226 3151-30632/? V/PlaylistFetcher: [fetcher-0] [audio] queueAccessUnit, timeUs=30948666
10-12 11:11:26.226 3151-30632/? V/PlaylistFetcher: [fetcher-0] [audio] queueAccessUnit, timeUs=31034000
10-12 11:11:26.226 3151-30632/? V/PlaylistFetcher: [fetcher-0] [audio] queueAccessUnit, timeUs=31119333
10-12 11:11:26.226 3151-30632/? V/PlaylistFetcher: [fetcher-0] [audio] queueAccessUnit, timeUs=31204666
10-12 11:11:26.226 3151-30632/? V/PlaylistFetcher: [fetcher-0] [audio] queueAccessUnit, timeUs=31290000
10-12 11:11:26.226 3151-30632/? V/PlaylistFetcher: [fetcher-0] [audio] queueAccessUnit, timeUs=31375333
10-12 11:11:26.226 3151-30632/? V/PlaylistFetcher: [fetcher-0] [audio] queueAccessUnit, timeUs=31503333
10-12 11:11:26.226 3151-30632/? V/PlaylistFetcher: [fetcher-0] [audio] queueAccessUnit, timeUs=31588666
10-12 11:11:26.226 3151-30632/? V/PlaylistFetcher: [fetcher-0] [audio] queueAccessUnit, timeUs=31674000
10-12 11:11:26.226 3151-30632/? V/PlaylistFetcher: [fetcher-0] [audio] queueAccessUnit, timeUs=31759333
10-12 11:11:26.226 3151-30632/? V/PlaylistFetcher: [fetcher-0] [audio] queueAccessUnit, timeUs=31844666
10-12 11:11:26.226 3151-30632/? V/PlaylistFetcher: [fetcher-0] [audio] queueAccessUnit, timeUs=31930000
10-12 11:11:26.226 3151-30632/? V/PlaylistFetcher: [fetcher-0] [audio] queueAccessUnit, timeUs=32015333
10-12 11:11:26.226 3151-30632/? V/PlaylistFetcher: [fetcher-0] [audio] queueAccessUnit, timeUs=32100666
10-12 11:11:26.246 3151-30632/? V/PlaylistFetcher: [fetcher-0] [video] queueAccessUnit, timeUs=32221000
10-12 11:11:26.246 3151-30632/? V/PlaylistFetcher: [fetcher-0] [video] queueAccessUnit, timeUs=32261000
10-12 11:11:26.246 3151-30632/? V/PlaylistFetcher: [fetcher-0] [video] queueAccessUnit, timeUs=32301000
10-12 11:11:26.246 3151-30632/? V/PlaylistFetcher: [fetcher-0] [video] queueAccessUnit, timeUs=32341000
10-12 11:11:26.246 3151-30632/? V/PlaylistFetcher: [fetcher-0] [video] queueAccessUnit, timeUs=32381000
10-12 11:11:26.246 3151-30632/? V/PlaylistFetcher: [fetcher-0] [video] queueAccessUnit, timeUs=32421000
10-12 11:11:26.246 3151-30632/? V/PlaylistFetcher: [fetcher-0] [video] queueAccessUnit, timeUs=32461000
10-12 11:11:26.246 3151-30632/? V/PlaylistFetcher: [fetcher-0] [video] queueAccessUnit, timeUs=32501000
10-12 11:11:26.246 3151-30632/? V/PlaylistFetcher: [fetcher-0] [video] queueAccessUnit, timeUs=32541000
10-12 11:11:26.246 3151-30632/? V/PlaylistFetcher: [fetcher-0] [video] queueAccessUnit, timeUs=32581000
10-12 11:11:26.246 3151-30632/? V/PlaylistFetcher: [fetcher-0] [video] queueAccessUnit, timeUs=32621000
10-12 11:11:26.246 3151-30632/? V/PlaylistFetcher: [fetcher-0] [video] queueAccessUnit, timeUs=32661000
10-12 11:11:26.246 3151-30632/? V/PlaylistFetcher: [fetcher-0] [video] queueAccessUnit, timeUs=32701000
10-12 11:11:26.246 3151-30632/? V/PlaylistFetcher: [fetcher-0] [video] queueAccessUnit, timeUs=32741000
10-12 11:11:26.246 3151-30632/? V/PlaylistFetcher: [fetcher-0] [video] queueAccessUnit, timeUs=32781000
10-12 11:11:26.246 3151-30632/? V/PlaylistFetcher: [fetcher-0] [video] queueAccessUnit, timeUs=32821000
10-12 11:11:26.246 3151-30632/? V/PlaylistFetcher: [fetcher-0] [video] queueAccessUnit, timeUs=32861000
10-12 11:11:26.246 3151-30632/? V/PlaylistFetcher: [fetcher-0] [video] queueAccessUnit, timeUs=32901000
10-12 11:11:26.246 3151-30632/? V/PlaylistFetcher: [fetcher-0] [video] queueAccessUnit, timeUs=32941000
10-12 11:11:26.246 3151-30632/? V/PlaylistFetcher: [fetcher-0] [video] queueAccessUnit, timeUs=32981000
10-12 11:11:26.246 3151-30632/? V/PlaylistFetcher: [fetcher-0] [video] queueAccessUnit, timeUs=33021000
10-12 11:11:26.246 3151-30632/? V/PlaylistFetcher: [fetcher-0] [video] queueAccessUnit, timeUs=33061000
10-12 11:11:26.246 3151-30632/? V/PlaylistFetcher: [fetcher-0] [video] queueAccessUnit, timeUs=33101000
10-12 11:11:26.246 3151-30632/? V/PlaylistFetcher: [fetcher-0] [video] queueAccessUnit, timeUs=33141000
10-12 11:11:26.246 3151-30632/? V/PlaylistFetcher: [fetcher-0] [video] queueAccessUnit, timeUs=33181000
10-12 11:11:26.246 3151-30632/? V/PlaylistFetcher: [fetcher-0] [video] queueAccessUnit, timeUs=33221000
10-12 11:11:26.246 3151-30632/? V/PlaylistFetcher: [fetcher-0] [video] queueAccessUnit, timeUs=33261000
10-12 11:11:26.246 3151-30632/? V/PlaylistFetcher: [fetcher-0] [video] queueAccessUnit, timeUs=33301000
10-12 11:11:26.246 3151-30632/? V/PlaylistFetcher: [fetcher-0] [video] queueAccessUnit, timeUs=33341000
10-12 11:11:26.246 3151-30632/? V/PlaylistFetcher: [fetcher-0] [video] queueAccessUnit, timeUs=33381000
10-12 11:11:26.246 3151-30632/? V/PlaylistFetcher: [fetcher-0] [video] queueAccessUnit, timeUs=33421000
10-12 11:11:26.256 3151-30632/? V/PlaylistFetcher: [fetcher-0] [video] queueAccessUnit, timeUs=33461000
10-12 11:11:26.256 3151-30632/? V/PlaylistFetcher: [fetcher-0] [video] queueAccessUnit, timeUs=33501000
10-12 11:11:26.256 3151-30632/? V/PlaylistFetcher: [fetcher-0] [video] queueAccessUnit, timeUs=33541000
10-12 11:11:26.256 3151-30632/? V/PlaylistFetcher: [fetcher-0] [video] queueAccessUnit, timeUs=33581000
10-12 11:11:26.256 3151-30632/? V/PlaylistFetcher: [fetcher-0] [video] queueAccessUnit, timeUs=33621000
10-12 11:11:26.256 3151-30632/? V/PlaylistFetcher: [fetcher-0] [video] queueAccessUnit, timeUs=33661000
10-12 11:11:26.256 3151-30632/? V/PlaylistFetcher: [fetcher-0] [video] queueAccessUnit, timeUs=33701000
10-12 11:11:26.256 3151-30632/? V/PlaylistFetcher: [fetcher-0] [video] queueAccessUnit, timeUs=33741000
10-12 11:11:26.256 3151-30632/? V/PlaylistFetcher: [fetcher-0] [video] queueAccessUnit, timeUs=33781000
10-12 11:11:26.256 3151-30632/? V/PlaylistFetcher: [fetcher-0] [video] queueAccessUnit, timeUs=33821000
10-12 11:11:26.256 3151-30632/? V/PlaylistFetcher: [fetcher-0] [video] queueAccessUnit, timeUs=33861000
10-12 11:11:26.256 3151-30632/? V/PlaylistFetcher: [fetcher-0] [video] queueAccessUnit, timeUs=33901000
10-12 11:11:26.256 3151-30632/? V/PlaylistFetcher: [fetcher-0] [video] queueAccessUnit, timeUs=33941000
10-12 11:11:26.256 3151-30632/? V/PlaylistFetcher: [fetcher-0] [video] queueAccessUnit, timeUs=33981000
10-12 11:11:26.256 3151-30632/? V/PlaylistFetcher: [fetcher-0] [video] queueAccessUnit, timeUs=34021000
10-12 11:11:26.256 3151-30632/? V/PlaylistFetcher: [fetcher-0] [video] queueAccessUnit, timeUs=34061000
10-12 11:11:26.256 3151-30632/? V/PlaylistFetcher: [fetcher-0] [video] queueAccessUnit, timeUs=34101000
10-12 11:11:26.256 3151-30632/? V/PlaylistFetcher: [fetcher-0] [video] queueAccessUnit, timeUs=34141000
10-12 11:11:26.256 3151-30632/? V/PlaylistFetcher: [fetcher-0] [video] queueAccessUnit, timeUs=34181000
10-12 11:11:26.256 3151-30632/? V/PlaylistFetcher: [fetcher-0] [video] queueAccessUnit, timeUs=34221000
10-12 11:11:26.256 3151-30632/? V/PlaylistFetcher: [fetcher-0] [video] queueAccessUnit, timeUs=34261000
10-12 11:11:26.256 3151-30632/? V/PlaylistFetcher: [fetcher-0] [video] queueAccessUnit, timeUs=34301000
10-12 11:11:26.256 3151-30632/? V/PlaylistFetcher: [fetcher-0] [video] queueAccessUnit, timeUs=34341000
10-12 11:11:26.256 3151-30632/? V/PlaylistFetcher: [fetcher-0] [video] queueAccessUnit, timeUs=34381000
10-12 11:11:26.256 3151-30632/? V/PlaylistFetcher: [fetcher-0] [video] queueAccessUnit, timeUs=34421000
10-12 11:11:26.256 3151-30632/? V/PlaylistFetcher: [fetcher-0] [video] queueAccessUnit, timeUs=34461000
10-12 11:11:26.256 3151-30632/? V/PlaylistFetcher: [fetcher-0] [video] queueAccessUnit, timeUs=34501000
10-12 11:11:26.256 3151-30632/? V/PlaylistFetcher: [fetcher-0] [audio] queueAccessUnit, timeUs=32186000
10-12 11:11:26.256 3151-30632/? V/PlaylistFetcher: [fetcher-0] [audio] queueAccessUnit, timeUs=32271333
10-12 11:11:26.256 3151-30632/? V/PlaylistFetcher: [fetcher-0] [audio] queueAccessUnit, timeUs=32356666
10-12 11:11:26.256 3151-30632/? V/PlaylistFetcher: [fetcher-0] [audio] queueAccessUnit, timeUs=32442000
10-12 11:11:26.256 3151-30632/? V/PlaylistFetcher: [fetcher-0] [audio] queueAccessUnit, timeUs=32527333
10-12 11:11:26.256 3151-30632/? V/PlaylistFetcher: [fetcher-0] [audio] queueAccessUnit, timeUs=32612666
10-12 11:11:26.256 3151-30632/? V/PlaylistFetcher: [fetcher-0] [audio] queueAccessUnit, timeUs=32740666
10-12 11:11:26.256 3151-30632/? V/PlaylistFetcher: [fetcher-0] [audio] queueAccessUnit, timeUs=32826000
10-12 11:11:26.256 3151-30632/? V/PlaylistFetcher: [fetcher-0] [audio] queueAccessUnit, timeUs=32911333
10-12 11:11:26.256 3151-30632/? V/PlaylistFetcher: [fetcher-0] [audio] queueAccessUnit, timeUs=32996666
10-12 11:11:26.256 3151-30632/? V/PlaylistFetcher: [fetcher-0] [audio] queueAccessUnit, timeUs=33082000
10-12 11:11:26.256 3151-30632/? V/PlaylistFetcher: [fetcher-0] [audio] queueAccessUnit, timeUs=33167333
10-12 11:11:26.256 3151-30632/? V/PlaylistFetcher: [fetcher-0] [audio] queueAccessUnit, timeUs=33252666
10-12 11:11:26.256 3151-30632/? V/PlaylistFetcher: [fetcher-0] [audio] queueAccessUnit, timeUs=33380666
10-12 11:11:26.256 3151-30632/? V/PlaylistFetcher: [fetcher-0] [audio] queueAccessUnit, timeUs=33466000
10-12 11:11:26.256 3151-30632/? V/PlaylistFetcher: [fetcher-0] [audio] queueAccessUnit, timeUs=33551333
10-12 11:11:26.256 3151-30632/? V/PlaylistFetcher: [fetcher-0] [audio] queueAccessUnit, timeUs=33636666
10-12 11:11:26.256 3151-30632/? V/PlaylistFetcher: [fetcher-0] [audio] queueAccessUnit, timeUs=33722000
10-12 11:11:26.256 3151-30632/? V/PlaylistFetcher: [fetcher-0] [audio] queueAccessUnit, timeUs=33807333
10-12 11:11:26.256 3151-30632/? V/PlaylistFetcher: [fetcher-0] [audio] queueAccessUnit, timeUs=33892666
10-12 11:11:26.256 3151-30632/? V/PlaylistFetcher: [fetcher-0] [audio] queueAccessUnit, timeUs=34020666
10-12 11:11:26.256 3151-30632/? V/PlaylistFetcher: [fetcher-0] [audio] queueAccessUnit, timeUs=34106000
10-12 11:11:26.256 3151-30632/? V/PlaylistFetcher: [fetcher-0] [audio] queueAccessUnit, timeUs=34191333
10-12 11:11:26.256 3151-30632/? V/PlaylistFetcher: [fetcher-0] [audio] queueAccessUnit, timeUs=34276666
10-12 11:11:26.256 3151-30632/? V/PlaylistFetcher: [fetcher-0] [audio] queueAccessUnit, timeUs=34362000
10-12 11:11:26.256 3151-30632/? V/PlaylistFetcher: [fetcher-0] [audio] queueAccessUnit, timeUs=34447333
10-12 11:11:26.286 3151-30632/? V/PlaylistFetcher: [fetcher-0] [video] queueAccessUnit, timeUs=34541000
10-12 11:11:26.286 3151-30632/? V/PlaylistFetcher: [fetcher-0] [video] queueAccessUnit, timeUs=34581000
10-12 11:11:26.286 3151-30632/? V/PlaylistFetcher: [fetcher-0] [video] queueAccessUnit, timeUs=34621000
10-12 11:11:26.286 3151-30632/? V/PlaylistFetcher: [fetcher-0] [video] queueAccessUnit, timeUs=34661000
10-12 11:11:26.286 3151-30632/? V/PlaylistFetcher: [fetcher-0] [video] queueAccessUnit, timeUs=34701000
10-12 11:11:26.286 3151-30632/? V/PlaylistFetcher: [fetcher-0] [video] queueAccessUnit, timeUs=34741000
10-12 11:11:26.286 3151-30632/? V/PlaylistFetcher: [fetcher-0] [video] queueAccessUnit, timeUs=34781000
10-12 11:11:26.286 3151-30632/? V/PlaylistFetcher: [fetcher-0] [video] queueAccessUnit, timeUs=34821000
10-12 11:11:26.286 3151-30632/? V/PlaylistFetcher: [fetcher-0] [video] queueAccessUnit, timeUs=34861000
10-12 11:11:26.286 3151-30632/? V/PlaylistFetcher: [fetcher-0] [video] queueAccessUnit, timeUs=34901000
10-12 11:11:26.286 3151-30632/? V/PlaylistFetcher: [fetcher-0] [video] queueAccessUnit, timeUs=34941000
10-12 11:11:26.286 3151-30632/? V/PlaylistFetcher: [fetcher-0] [video] queueAccessUnit, timeUs=34981000
10-12 11:11:26.286 3151-30632/? V/PlaylistFetcher: [fetcher-0] [video] queueAccessUnit, timeUs=35021000
10-12 11:11:26.286 3151-30632/? V/PlaylistFetcher: [fetcher-0] [video] queueAccessUnit, timeUs=35061000
10-12 11:11:26.286 3151-30632/? V/PlaylistFetcher: [fetcher-0] [video] queueAccessUnit, timeUs=35101000
10-12 11:11:26.286 3151-30632/? V/PlaylistFetcher: [fetcher-0] [video] queueAccessUnit, timeUs=35141000
10-12 11:11:26.286 3151-30632/? V/PlaylistFetcher: [fetcher-0] [video] queueAccessUnit, timeUs=35181000
10-12 11:11:26.286 3151-30632/? V/PlaylistFetcher: [fetcher-0] [video] queueAccessUnit, timeUs=35221000
10-12 11:11:26.286 3151-30632/? V/PlaylistFetcher: [fetcher-0] [video] queueAccessUnit, timeUs=35261000
10-12 11:11:26.286 3151-30632/? V/PlaylistFetcher: [fetcher-0] [video] queueAccessUnit, timeUs=35301000
10-12 11:11:26.286 3151-30632/? V/PlaylistFetcher: [fetcher-0] [video] queueAccessUnit, timeUs=35341000
10-12 11:11:26.286 3151-30632/? V/PlaylistFetcher: [fetcher-0] [video] queueAccessUnit, timeUs=35381000
10-12 11:11:26.286 3151-30632/? V/PlaylistFetcher: [fetcher-0] [video] queueAccessUnit, timeUs=35421000
10-12 11:11:26.286 3151-30632/? V/PlaylistFetcher: [fetcher-0] [video] queueAccessUnit, timeUs=35461000
10-12 11:11:26.286 3151-30632/? V/PlaylistFetcher: [fetcher-0] [video] queueAccessUnit, timeUs=35501000
10-12 11:11:26.286 3151-30632/? V/PlaylistFetcher: [fetcher-0] [video] queueAccessUnit, timeUs=35541000
10-12 11:11:26.286 3151-30632/? V/PlaylistFetcher: [fetcher-0] [video] queueAccessUnit, timeUs=35581000
10-12 11:11:26.286 3151-30632/? V/PlaylistFetcher: [fetcher-0] [video] queueAccessUnit, timeUs=35621000
10-12 11:11:26.286 3151-30632/? V/PlaylistFetcher: [fetcher-0] [video] queueAccessUnit, timeUs=35661000
10-12 11:11:26.286 3151-30632/? V/PlaylistFetcher: [fetcher-0] [video] queueAccessUnit, timeUs=35701000
10-12 11:11:26.286 3151-30632/? V/PlaylistFetcher: [fetcher-0] [video] queueAccessUnit, timeUs=35741000
10-12 11:11:26.286 3151-30632/? V/PlaylistFetcher: [fetcher-0] [video] queueAccessUnit, timeUs=35781000
10-12 11:11:26.286 3151-30632/? V/PlaylistFetcher: [fetcher-0] [video] queueAccessUnit, timeUs=35821000
10-12 11:11:26.286 3151-30632/? V/PlaylistFetcher: [fetcher-0] [video] queueAccessUnit, timeUs=35861000
10-12 11:11:26.286 3151-30632/? V/PlaylistFetcher: [fetcher-0] [video] queueAccessUnit, timeUs=35901000
10-12 11:11:26.286 3151-30632/? V/PlaylistFetcher: [fetcher-0] [video] queueAccessUnit, timeUs=35941000
10-12 11:11:26.286 3151-30632/? V/PlaylistFetcher: [fetcher-0] [video] queueAccessUnit, timeUs=35981000
10-12 11:11:26.286 3151-30632/? V/PlaylistFetcher: [fetcher-0] [video] queueAccessUnit, timeUs=36021000
10-12 11:11:26.286 3151-30632/? V/PlaylistFetcher: [fetcher-0] [video] queueAccessUnit, timeUs=36061000
10-12 11:11:26.286 3151-30632/? V/PlaylistFetcher: [fetcher-0] [video] queueAccessUnit, timeUs=36101000
10-12 11:11:26.286 3151-30632/? V/PlaylistFetcher: [fetcher-0] [video] queueAccessUnit, timeUs=36141000
10-12 11:11:26.286 3151-30632/? V/PlaylistFetcher: [fetcher-0] [video] queueAccessUnit, timeUs=36181000
10-12 11:11:26.286 3151-30632/? V/PlaylistFetcher: [fetcher-0] [video] queueAccessUnit, timeUs=36221000
10-12 11:11:26.286 3151-30632/? V/PlaylistFetcher: [fetcher-0] [video] queueAccessUnit, timeUs=36261000
10-12 11:11:26.286 3151-30632/? V/PlaylistFetcher: [fetcher-0] [video] queueAccessUnit, timeUs=36301000
10-12 11:11:26.286 3151-30632/? V/PlaylistFetcher: [fetcher-0] [video] queueAccessUnit, timeUs=36341000
10-12 11:11:26.286 3151-30632/? V/PlaylistFetcher: [fetcher-0] [video] queueAccessUnit, timeUs=36381000
10-12 11:11:26.286 3151-30632/? V/PlaylistFetcher: [fetcher-0] [video] queueAccessUnit, timeUs=36421000
10-12 11:11:26.286 3151-30632/? V/PlaylistFetcher: [fetcher-0] [video] queueAccessUnit, timeUs=36461000
10-12 11:11:26.286 3151-30632/? V/PlaylistFetcher: [fetcher-0] [video] queueAccessUnit, timeUs=36501000
10-12 11:11:26.286 3151-30632/? V/PlaylistFetcher: [fetcher-0] [video] queueAccessUnit, timeUs=36541000
10-12 11:11:26.286 3151-30632/? V/PlaylistFetcher: [fetcher-0] [video] queueAccessUnit, timeUs=36581000
10-12 11:11:26.286 3151-30632/? V/PlaylistFetcher: [fetcher-0] [video] queueAccessUnit, timeUs=36621000
10-12 11:11:26.286 3151-30632/? V/PlaylistFetcher: [fetcher-0] [video] queueAccessUnit, timeUs=36661000
10-12 11:11:26.286 3151-30632/? V/PlaylistFetcher: [fetcher-0] [video] queueAccessUnit, timeUs=36701000
10-12 11:11:26.286 3151-30632/? V/PlaylistFetcher: [fetcher-0] [video] queueAccessUnit, timeUs=36741000
10-12 11:11:26.286 3151-30632/? V/PlaylistFetcher: [fetcher-0] [video] queueAccessUnit, timeUs=36781000
10-12 11:11:26.286 3151-30632/? V/PlaylistFetcher: [fetcher-0] [video] queueAccessUnit, timeUs=36821000
10-12 11:11:26.286 3151-30632/? V/PlaylistFetcher: [fetcher-0] [video] queueAccessUnit, timeUs=36861000
10-12 11:11:26.286 3151-30632/? V/PlaylistFetcher: [fetcher-0] [video] queueAccessUnit, timeUs=36901000
10-12 11:11:26.286 3151-30632/? V/PlaylistFetcher: [fetcher-0] [video] queueAccessUnit, timeUs=36941000
10-12 11:11:26.286 3151-30632/? V/PlaylistFetcher: [fetcher-0] [video] queueAccessUnit, timeUs=36981000
10-12 11:11:26.286 3151-30632/? V/PlaylistFetcher: [fetcher-0] [video] queueAccessUnit, timeUs=37021000
10-12 11:11:26.286 3151-30632/? V/PlaylistFetcher: [fetcher-0] [audio] queueAccessUnit, timeUs=34532666
10-12 11:11:26.286 3151-30632/? V/PlaylistFetcher: [fetcher-0] [audio] queueAccessUnit, timeUs=34660666
10-12 11:11:26.286 3151-30632/? V/PlaylistFetcher: [fetcher-0] [audio] queueAccessUnit, timeUs=34746000
10-12 11:11:26.286 3151-30632/? V/PlaylistFetcher: [fetcher-0] [audio] queueAccessUnit, timeUs=34831333
10-12 11:11:26.286 3151-30632/? V/PlaylistFetcher: [fetcher-0] [audio] queueAccessUnit, timeUs=34916666
10-12 11:11:26.286 3151-30632/? V/PlaylistFetcher: [fetcher-0] [audio] queueAccessUnit, timeUs=35002000
10-12 11:11:26.286 3151-30632/? V/PlaylistFetcher: [fetcher-0] [audio] queueAccessUnit, timeUs=35087333
10-12 11:11:26.286 3151-30632/? V/PlaylistFetcher: [fetcher-0] [audio] queueAccessUnit, timeUs=35172666
10-12 11:11:26.286 3151-30632/? V/PlaylistFetcher: [fetcher-0] [audio] queueAccessUnit, timeUs=35300666
10-12 11:11:26.286 3151-30632/? V/PlaylistFetcher: [fetcher-0] [audio] queueAccessUnit, timeUs=35386000
10-12 11:11:26.286 3151-30632/? V/PlaylistFetcher: [fetcher-0] [audio] queueAccessUnit, timeUs=35471333
10-12 11:11:26.286 3151-30632/? V/PlaylistFetcher: [fetcher-0] [audio] queueAccessUnit, timeUs=35556666
10-12 11:11:26.286 3151-30632/? V/PlaylistFetcher: [fetcher-0] [audio] queueAccessUnit, timeUs=35642000
10-12 11:11:26.286 3151-30632/? V/PlaylistFetcher: [fetcher-0] [audio] queueAccessUnit, timeUs=35727333
10-12 11:11:26.286 3151-30632/? V/PlaylistFetcher: [fetcher-0] [audio] queueAccessUnit, timeUs=35812666
10-12 11:11:26.286 3151-30632/? V/PlaylistFetcher: [fetcher-0] [audio] queueAccessUnit, timeUs=35940666
10-12 11:11:26.286 3151-30632/? V/PlaylistFetcher: [fetcher-0] [audio] queueAccessUnit, timeUs=36026000
10-12 11:11:26.286 3151-30632/? V/PlaylistFetcher: [fetcher-0] [audio] queueAccessUnit, timeUs=36111333
10-12 11:11:26.286 3151-30632/? V/PlaylistFetcher: [fetcher-0] [audio] queueAccessUnit, timeUs=36196666
10-12 11:11:26.286 3151-30632/? V/PlaylistFetcher: [fetcher-0] [audio] queueAccessUnit, timeUs=36282000
10-12 11:11:26.286 3151-30632/? V/PlaylistFetcher: [fetcher-0] [audio] queueAccessUnit, timeUs=36367333
10-12 11:11:26.286 3151-30632/? V/PlaylistFetcher: [fetcher-0] [audio] queueAccessUnit, timeUs=36452666
10-12 11:11:26.286 3151-30632/? V/PlaylistFetcher: [fetcher-0] [audio] queueAccessUnit, timeUs=36580666
10-12 11:11:26.286 3151-30632/? V/PlaylistFetcher: [fetcher-0] [audio] queueAccessUnit, timeUs=36666000
10-12 11:11:26.286 3151-30632/? V/PlaylistFetcher: [fetcher-0] [audio] queueAccessUnit, timeUs=36751333
10-12 11:11:26.286 3151-30632/? V/PlaylistFetcher: [fetcher-0] [audio] queueAccessUnit, timeUs=36836666
10-12 11:11:26.286 3151-30632/? V/PlaylistFetcher: [fetcher-0] [audio] queueAccessUnit, timeUs=36922000
10-12 11:11:26.306 3151-30631/? V/LiveSession: onPollBuffering: mSwitchInProgress 0, mReconfigurationInProgress 0, mInPreparationPhase 1, mCurBandwidthIndex 0, mStreamMask 0x3
10-12 11:11:26.306 3151-30631/? V/LiveSession: [audio] buffered 36821334 us
10-12 11:11:26.306 3151-30631/? V/LiveSession: [video] buffered 36920000 us
10-12 11:11:26.306 3151-30631/? V/LiveSession: minBufferDurationUs[36821334]
10-12 11:11:26.306 3151-30631/? V/LiveSession: notifyBufferingUpdate: percentage=15%
10-12 11:11:26.306 3151-30631/? V/LiveSession: bandwidth estimated at 17289.79 kbps, stable 1, shortTermBps 23791.45 kbps
10-12 11:11:26.306 3151-30631/? V/LiveSession: stopBufferingIfNecessary: mInPreparationPhase=0, mBuffering=0
10-12 11:11:26.306 3151-30631/? V/LiveSession: bandwidth estimated at 17289.79 kbps, stable 1, shortTermBps 23791.45 kbps
10-12 11:11:26.306 3151-30631/? V/LiveSession: changeConfiguration: timeUs=-1 us, bwIndex=4, pickTrack=0
10-12 11:11:26.306 3151-30631/? V/LiveSession: cancelBandwidthSwitch: mSwitchGen(0)++, orig 0, cur 0
10-12 11:11:26.306 3151-30631/? I/LiveSession: #### Starting Bandwidth Switch: 0 => 4
10-12 11:11:26.306 3151-30631/? V/LiveSession: pausing fetcher-0, threshold=0.00
10-12 11:11:26.306 3151-30631/? I/LiveSession: Forcily DC
10-12 11:11:26.306 3151-30631/? V/MediaHTTP: disconnect called
10-12 11:11:26.306 3151-30631/? I/AnotherPacketSource: setFormat() video
10-12 11:11:26.306 3151-30630/? V/NuPlayer: kWhatSourceNotify with buffering-update for NuPlayer 15
10-12 11:11:26.306 3151-30630/? V/NuPlayer: msg : 3, ext1 : 15, ext2 : 0
10-12 11:11:26.306 3151-30630/? D/NuPlayerDriver: notifyListener_l(0xf130d2a0), (3, 15, 0)
10-12 11:11:26.306 3151-30630/? V/MediaPlayerService: [10] notify (0xeb6a67c0, 3, 15, 0)
10-12 11:11:26.306 3151-30630/? V/NuPlayer: updateVideoSize
10-12 11:11:26.306 3151-30630/? V/NuPlayer: Video input format 128 x 72
10-12 11:11:26.306 3151-30630/? V/NuPlayer: msg : 5, ext1 : 128, ext2 : 72
10-12 11:11:26.306 3151-30630/? D/NuPlayerDriver: notifyListener_l(0xf130d2a0), (5, 128, 72)
10-12 11:11:26.306 3151-30630/? V/MediaPlayerService: [10] notify (0xeb6a67c0, 5, 128, 72)
10-12 11:11:26.306 3151-30630/? D/NuPlayerDriver: notifyListener_l(0xf130d2a0), (1, 0, 0)
10-12 11:11:26.306 3151-30630/? V/MediaPlayerService: [10] notify (0xeb6a67c0, 1, 0, 0)
10-12 11:11:26.306 29809-29820/? V/MediaPlayer: message received msg=3, ext1=15, ext2=0
10-12 11:11:26.306 3151-30632/? V/PlaylistFetcher: [fetcher-0] [video] queueAccessUnit, timeUs=37061000
10-12 11:11:26.306 3151-30632/? V/PlaylistFetcher: [fetcher-0] [video] queueAccessUnit, timeUs=37101000
10-12 11:11:26.306 29809-29820/? V/MediaPlayer: buffering 15
10-12 11:11:26.306 29809-29820/? V/MediaPlayer: callback application
10-12 11:11:26.306 29809-29820/? V/MediaPlayer: back from callback
10-12 11:11:26.306 3151-30632/? V/PlaylistFetcher: [fetcher-0] [video] queueAccessUnit, timeUs=37141000
10-12 11:11:26.306 29809-29820/? V/MediaPlayer: message received msg=5, ext1=128, ext2=72
10-12 11:11:26.306 3151-30632/? V/PlaylistFetcher: [fetcher-0] [video] queueAccessUnit, timeUs=37181000
10-12 11:11:26.306 3151-30632/? V/PlaylistFetcher: [fetcher-0] [video] queueAccessUnit, timeUs=37221000
10-12 11:11:26.306 3151-30632/? V/PlaylistFetcher: [fetcher-0] [video] queueAccessUnit, timeUs=37261000
10-12 11:11:26.306 3151-30632/? V/PlaylistFetcher: [fetcher-0] [video] queueAccessUnit, timeUs=37301000
10-12 11:11:26.306 3151-30632/? V/PlaylistFetcher: [fetcher-0] [video] queueAccessUnit, timeUs=37341000
10-12 11:11:26.306 3151-30632/? V/PlaylistFetcher: [fetcher-0] [video] queueAccessUnit, timeUs=37381000
10-12 11:11:26.306 29809-29820/? V/MediaPlayer: New video size 128 x 72
10-12 11:11:26.306 29809-29820/? V/MediaPlayer: callback application
10-12 11:11:26.306 29809-29820/? V/MediaPlayer: back from callback
10-12 11:11:26.306 3151-30632/? V/PlaylistFetcher: [fetcher-0] [video] queueAccessUnit, timeUs=37421000
10-12 11:11:26.306 29809-29820/? V/MediaPlayer: message received msg=1, ext1=0, ext2=0
10-12 11:11:26.306 3151-30632/? V/PlaylistFetcher: [fetcher-0] [video] queueAccessUnit, timeUs=37461000
10-12 11:11:26.306 3151-30632/? V/PlaylistFetcher: [fetcher-0] [video] queueAccessUnit, timeUs=37501000
10-12 11:11:26.306 3151-30632/? V/PlaylistFetcher: [fetcher-0] [video] queueAccessUnit, timeUs=37541000
10-12 11:11:26.306 3151-30632/? V/PlaylistFetcher: [fetcher-0] [video] queueAccessUnit, timeUs=37581000
10-12 11:11:26.306 3151-30632/? V/PlaylistFetcher: [fetcher-0] [video] queueAccessUnit, timeUs=37621000
10-12 11:11:26.306 3151-30632/? V/PlaylistFetcher: [fetcher-0] [video] queueAccessUnit, timeUs=37661000
10-12 11:11:26.306 29809-29820/? V/MediaPlayer: prepared
10-12 11:11:26.306 29809-29820/? V/MediaPlayer: callback application
10-12 11:11:26.306 29809-29820/? V/MediaPlayer: back from callback
10-12 11:11:26.306 29809-29809/? D/MediaPlayer: setSubtitleAnchor in MediaPlayer
10-12 11:11:26.306 3151-30632/? V/PlaylistFetcher: [fetcher-0] [video] queueAccessUnit, timeUs=37701000
10-12 11:11:26.306 3151-30632/? V/PlaylistFetcher: [fetcher-0] [video] queueAccessUnit, timeUs=37741000
10-12 11:11:26.306 3151-30632/? V/PlaylistFetcher: [fetcher-0] [video] queueAccessUnit, timeUs=37781000
10-12 11:11:26.306 3151-30632/? V/PlaylistFetcher: [fetcher-0] [video] queueAccessUnit, timeUs=37821000
10-12 11:11:26.306 3151-30632/? V/PlaylistFetcher: [fetcher-0] [video] queueAccessUnit, timeUs=37861000
10-12 11:11:26.306 3151-30632/? V/PlaylistFetcher: [fetcher-0] [video] queueAccessUnit, timeUs=37901000
10-12 11:11:26.306 3151-30632/? V/PlaylistFetcher: [fetcher-0] [video] queueAccessUnit, timeUs=37941000
10-12 11:11:26.306 3151-30632/? V/PlaylistFetcher: [fetcher-0] [video] queueAccessUnit, timeUs=37981000
10-12 11:11:26.306 3151-30632/? V/PlaylistFetcher: [fetcher-0] [video] queueAccessUnit, timeUs=38021000
10-12 11:11:26.306 3151-30632/? V/PlaylistFetcher: [fetcher-0] [video] queueAccessUnit, timeUs=38061000
10-12 11:11:26.306 3151-30632/? V/PlaylistFetcher: [fetcher-0] [video] queueAccessUnit, timeUs=38101000
10-12 11:11:26.306 3151-30632/? V/PlaylistFetcher: [fetcher-0] [video] queueAccessUnit, timeUs=38141000
10-12 11:11:26.306 3151-30632/? V/PlaylistFetcher: [fetcher-0] [video] queueAccessUnit, timeUs=38181000
10-12 11:11:26.306 3151-30632/? V/PlaylistFetcher: [fetcher-0] [video] queueAccessUnit, timeUs=38221000
10-12 11:11:26.306 3151-30632/? V/PlaylistFetcher: [fetcher-0] [video] queueAccessUnit, timeUs=38261000
10-12 11:11:26.306 3151-30632/? V/PlaylistFetcher: [fetcher-0] [video] queueAccessUnit, timeUs=38301000
10-12 11:11:26.306 3151-30632/? V/PlaylistFetcher: [fetcher-0] [video] queueAccessUnit, timeUs=38341000
10-12 11:11:26.306 3151-30632/? V/PlaylistFetcher: [fetcher-0] [video] queueAccessUnit, timeUs=38381000
10-12 11:11:26.306 3151-30632/? V/PlaylistFetcher: [fetcher-0] [video] queueAccessUnit, timeUs=38421000
10-12 11:11:26.306 3151-30632/? V/PlaylistFetcher: [fetcher-0] [video] queueAccessUnit, timeUs=38461000
10-12 11:11:26.306 3151-30632/? V/PlaylistFetcher: [fetcher-0] [video] queueAccessUnit, timeUs=38501000
10-12 11:11:26.306 3151-30632/? V/PlaylistFetcher: [fetcher-0] [video] queueAccessUnit, timeUs=38541000
10-12 11:11:26.306 3151-30632/? V/PlaylistFetcher: [fetcher-0] [video] queueAccessUnit, timeUs=38581000
10-12 11:11:26.306 3151-30632/? V/PlaylistFetcher: [fetcher-0] [video] queueAccessUnit, timeUs=38621000
10-12 11:11:26.306 3151-30632/? V/PlaylistFetcher: [fetcher-0] [video] queueAccessUnit, timeUs=38661000
10-12 11:11:26.306 3151-30632/? V/PlaylistFetcher: [fetcher-0] [video] queueAccessUnit, timeUs=38701000
10-12 11:11:26.306 3151-30632/? V/PlaylistFetcher: [fetcher-0] [video] queueAccessUnit, timeUs=38741000
10-12 11:11:26.306 3151-30632/? V/PlaylistFetcher: [fetcher-0] [video] queueAccessUnit, timeUs=38781000
10-12 11:11:26.306 3151-30632/? V/PlaylistFetcher: [fetcher-0] [video] queueAccessUnit, timeUs=38821000
10-12 11:11:26.306 3151-30632/? V/PlaylistFetcher: [fetcher-0] [video] queueAccessUnit, timeUs=38861000
10-12 11:11:26.306 3151-30632/? V/PlaylistFetcher: [fetcher-0] [video] queueAccessUnit, timeUs=38901000
10-12 11:11:26.306 3151-30632/? V/PlaylistFetcher: [fetcher-0] [video] queueAccessUnit, timeUs=38941000
10-12 11:11:26.306 3151-30632/? V/PlaylistFetcher: [fetcher-0] [video] queueAccessUnit, timeUs=38981000
10-12 11:11:26.306 3151-30632/? V/PlaylistFetcher: [fetcher-0] [video] queueAccessUnit, timeUs=39021000
10-12 11:11:26.306 3151-30632/? V/PlaylistFetcher: [fetcher-0] [video] queueAccessUnit, timeUs=39061000
10-12 11:11:26.306 3151-30632/? V/PlaylistFetcher: [fetcher-0] [video] queueAccessUnit, timeUs=39101000
10-12 11:11:26.306 3151-30632/? V/PlaylistFetcher: [fetcher-0] [video] queueAccessUnit, timeUs=39141000
10-12 11:11:26.306 3151-30632/? V/PlaylistFetcher: [fetcher-0] [video] queueAccessUnit, timeUs=39181000
10-12 11:11:26.306 3151-30632/? V/PlaylistFetcher: [fetcher-0] [video] queueAccessUnit, timeUs=39221000
10-12 11:11:26.306 3151-30632/? V/PlaylistFetcher: [fetcher-0] [video] queueAccessUnit, timeUs=39261000
10-12 11:11:26.306 3151-30632/? V/PlaylistFetcher: [fetcher-0] [video] queueAccessUnit, timeUs=39301000
10-12 11:11:26.316 3151-30632/? V/PlaylistFetcher: [fetcher-0] [video] queueAccessUnit, timeUs=39341000
10-12 11:11:26.316 3151-30632/? V/PlaylistFetcher: [fetcher-0] [audio] queueAccessUnit, timeUs=37007333
10-12 11:11:26.316 3151-30632/? V/PlaylistFetcher: [fetcher-0] [audio] queueAccessUnit, timeUs=37092666
10-12 11:11:26.316 3151-30632/? V/PlaylistFetcher: [fetcher-0] [audio] queueAccessUnit, timeUs=37220666
10-12 11:11:26.316 3151-30632/? V/PlaylistFetcher: [fetcher-0] [audio] queueAccessUnit, timeUs=37306000
10-12 11:11:26.316 3151-30632/? V/PlaylistFetcher: [fetcher-0] [audio] queueAccessUnit, timeUs=37391333
10-12 11:11:26.316 3151-30632/? V/PlaylistFetcher: [fetcher-0] [audio] queueAccessUnit, timeUs=37476666
10-12 11:11:26.316 3151-30632/? V/PlaylistFetcher: [fetcher-0] [audio] queueAccessUnit, timeUs=37562000
10-12 11:11:26.316 3151-30632/? V/PlaylistFetcher: [fetcher-0] [audio] queueAccessUnit, timeUs=37647333
10-12 11:11:26.316 3151-30632/? V/PlaylistFetcher: [fetcher-0] [audio] queueAccessUnit, timeUs=37732666
10-12 11:11:26.316 3151-30632/? V/PlaylistFetcher: [fetcher-0] [audio] queueAccessUnit, timeUs=37860666
10-12 11:11:26.316 3151-30632/? V/PlaylistFetcher: [fetcher-0] [audio] queueAccessUnit, timeUs=37946000
10-12 11:11:26.316 3151-30632/? V/PlaylistFetcher: [fetcher-0] [audio] queueAccessUnit, timeUs=38031333
10-12 11:11:26.316 3151-30632/? V/PlaylistFetcher: [fetcher-0] [audio] queueAccessUnit, timeUs=38116666
10-12 11:11:26.316 3151-30632/? V/PlaylistFetcher: [fetcher-0] [audio] queueAccessUnit, timeUs=38202000
10-12 11:11:26.316 3151-30632/? V/PlaylistFetcher: [fetcher-0] [audio] queueAccessUnit, timeUs=38287333
10-12 11:11:26.316 3151-30632/? V/PlaylistFetcher: [fetcher-0] [audio] queueAccessUnit, timeUs=38372666
10-12 11:11:26.316 3151-30632/? V/PlaylistFetcher: [fetcher-0] [audio] queueAccessUnit, timeUs=38500666
10-12 11:11:26.316 3151-30632/? V/PlaylistFetcher: [fetcher-0] [audio] queueAccessUnit, timeUs=38586000
10-12 11:11:26.316 3151-30632/? V/PlaylistFetcher: [fetcher-0] [audio] queueAccessUnit, timeUs=38671333
10-12 11:11:26.316 3151-30632/? V/PlaylistFetcher: [fetcher-0] [audio] queueAccessUnit, timeUs=38756666
10-12 11:11:26.316 3151-30632/? V/PlaylistFetcher: [fetcher-0] [audio] queueAccessUnit, timeUs=38842000
10-12 11:11:26.316 3151-30632/? V/PlaylistFetcher: [fetcher-0] [audio] queueAccessUnit, timeUs=38927333
10-12 11:11:26.316 3151-30632/? V/PlaylistFetcher: [fetcher-0] [audio] queueAccessUnit, timeUs=39012666
10-12 11:11:26.316 3151-30632/? V/PlaylistFetcher: [fetcher-0] [audio] queueAccessUnit, timeUs=39140666
10-12 11:11:26.316 3151-30632/? V/PlaylistFetcher: [fetcher-0] [audio] queueAccessUnit, timeUs=39226000
10-12 11:11:26.316 3151-30632/? V/PlaylistFetcher: [fetcher-0] [audio] queueAccessUnit, timeUs=39311333
10-12 11:11:26.316 3151-30631/? V/LiveSession: fetcher-0 paused
10-12 11:11:26.316 3151-30631/? V/LiveSession: 0 fetcher(s) left
10-12 11:11:26.316 3151-30631/? V/LiveSession: onChangeConfiguration3: timeUs=-1, switching=1, pickTrack=0, mStreamMask=0x3, mNewStreamMask=0x3, mSwapMask=0x3
10-12 11:11:26.316 3151-30631/? V/LiveSession: resuming fetchers for mask 0x00000000
10-12 11:11:26.316 3151-30631/? V/LiveSession: marking fetcher-0 to be removed
10-12 11:11:26.316 3151-30631/? V/LiveSession: creating new fetchers for mask 0x00000003
10-12 11:11:26.316 29809-29809/? V/MediaPlayer: invoke 68
10-12 11:11:26.316 3151-4151/? I/MediaPlayerService: Client::invoke requestID=1
10-12 11:11:26.316 3151-4151/? V/NuPlayer: getTrackInfo
10-12 11:11:26.316 3151-30631/? V/LiveSession: [fetcher-4] startAsync: startTimeUs 5220666 mLastSeekTimeUs 0 segmentStartTimeUs 5120000 seekMode 1
10-12 11:11:26.316 3151-30631/? V/LiveSession: [timed_id3] getMetadataSourceForUri streamMask 3 newUri true
10-12 11:11:26.316 3151-30631/? V/LiveSession: onChangeConfiguration3: mSwitchInProgress 1, mStreamMask 0x3
10-12 11:11:26.316 29809-30085/? D/MediaHTTPConnection: setReadTimeOut = 300000000ms
10-12 11:11:26.316 3151-30632/? V/MediaHTTP: connection established
10-12 11:11:26.316 29809-29879/? D/MediaHTTPConnection: setReadTimeout with 300000000ms
10-12 11:11:26.316 29809-29879/? I/System.out: (HTTPLog)-Static: isSBSettingEnabled false
10-12 11:11:26.316 29809-29879/? I/System.out: (HTTPLog)-Static: isSBSettingEnabled false
10-12 11:11:26.316 29809-29809/? V/MediaPlayer: getDuration_l
10-12 11:11:26.326 3151-4880/? V/MediaPlayerService: getDuration
10-12 11:11:26.326 3151-4880/? V/MediaPlayerService: [10] getDuration = 240160
10-12 11:11:26.326 29809-29809/? V/MediaPlayer-JNI: getDuration: 240160 (msec)
10-12 11:11:26.326 29809-29809/? V/MediaPlayer: setVideoSurfaceTexture
10-12 11:11:26.326 3151-4875/? V/MediaPlayerService: [10] setVideoSurfaceTexture(0xebf27aa0)
10-12 11:11:26.336 3151-4875/? V/NuPlayerDriver: setVideoSurfaceTexture(0xf130d2a0)
10-12 11:11:26.336 3151-30630/? D/NuPlayer: onSetVideoSurface(0xec43e800, no video decoder)
10-12 11:11:26.336 3151-30630/? V/NuPlayer: performDecoderFlush audio=0, video=2
10-12 11:11:26.336 3151-30630/? V/NuPlayer: performSetSurface
10-12 11:11:26.336 3151-30630/? V/NuPlayerDriver: notifySetSurfaceComplete(0xf130d2a0)
10-12 11:11:26.336 3151-30630/? V/NuPlayer: performScanSources
10-12 11:11:26.336 3151-30630/? V/NuPlayer: performResumeDecoders video : 1, audio : 1, needNotify : 0
10-12 11:11:26.336 29809-29809/? D/MediaPlayer: getMetadata
10-12 11:11:26.386 29809-29879/? I/MediaHTTPConnection: response code = 200
10-12 11:11:26.386 29809-29879/? V/MediaHTTPConnection: mTotalSize is 17677
10-12 11:11:26.396 3151-30632/? D/HTTPBase: [1] Network BandWidth = 0 Kbps
10-12 11:11:26.396 3151-30632/? V/MediaHTTP: disconnect called
10-12 11:11:26.396 3151-30632/? V/MediaHTTP: disconnect called
10-12 11:11:26.396 3151-30632/? V/PlaylistFetcher: [fetcher-4] monitoring, buffered=0 < 30000000
10-12 11:11:26.396 3151-30632/? V/PlaylistFetcher: [fetcher-4] Initial sequence number is 1 from (1 .. 25)
10-12 11:11:26.396 3151-30632/? V/PlaylistFetcher: [fetcher-4] fetching segment 1 from (1 .. 25)
10-12 11:11:26.396 3151-30632/? V/PlaylistFetcher: [fetcher-4] fetching: 'http://cp401493-vh.akamaihd.net/i/,iplayerstream/secure_auth/100kbps/2c97c5945766314b015770b6e8703235--video--HOD-EP-2-online-h264-3000Kbps-720p_3gp_mpeg4_lo,prod_3gp_mpeg4_med/iplayerstream/2c97c5945766314b015770b6e8703235--video--HOD-EP-2-online-h264-3000Kbps-720p_3gp_mpeg4_med,iplayerstream/secure_auth/400kbps/2c97c5945766314b015770b6e8703235--video--HOD-EP-2-online-h264-3000Kbps-720p_flv_avc1_vlow,iplayerstream/secure_auth/480kbps/MP/2c97c5945766314b015770b6e8703235--video--HOD-EP-2-online-h264-3000Kbps-720p_flv_avc1_low,iplayerstream/secure_auth/800kbps/MP/2c97c5945766314b015770b6e8703235--video--HOD-EP-2-online-h264-3000Kbps-720p_flv_avc1_med,.mp4.csmil/segment1_4_av.ts'
10-12 11:11:26.396 29809-29819/? D/MediaHTTPConnection: setReadTimeOut = 300000000ms
10-12 11:11:26.406 3151-30632/? V/MediaHTTP: connection established
10-12 11:11:26.406 29809-30085/? D/MediaHTTPConnection: setReadTimeout with 300000000ms
10-12 11:11:26.406 29809-30085/? I/System.out: (HTTPLog)-Static: isSBSettingEnabled false
10-12 11:11:26.406 29809-30085/? I/System.out: (HTTPLog)-Static: isSBSettingEnabled false
10-12 11:11:26.516 3143-3708/? D/EnterpriseController: netId is 0
10-12 11:11:26.516 3143-3708/? D/Netd: getNetworkForDns: using netid 502 for uid 10207
10-12 11:11:26.556 29809-30085/? I/MediaHTTPConnection: response code = 200
10-12 11:11:26.556 29809-30085/? V/MediaHTTPConnection: mTotalSize is 1101304
10-12 11:11:26.586 3151-30632/? I/ESQueue: found something resembling an H.264/MPEG syncword at offset 1
10-12 11:11:26.586 3151-30632/? I/avc_utils: found AVC codec config (640 x 360, Main-profile level 3.0)
10-12 11:11:26.586 3151-30632/? I/AnotherPacketSource: setFormat() video
10-12 11:11:26.586 3151-30632/? I/ESQueue: found AAC codec config (48000 Hz, 2 channels)
10-12 11:11:26.586 3151-30632/? I/AnotherPacketSource: setFormat() audio
10-12 11:11:26.596 3151-30632/? I/PlaylistFetcher: anchorTimeUs[100666] mStartTimeUs[5220666] maxDiffUs[0]
10-12 11:11:26.596 3151-30632/? V/PlaylistFetcher: [fetcher-4] [video] timeUs(141000)-mStartTimeUs(5220666)=-5079666, mIDRFound=0
10-12 11:11:26.596 3151-30632/? V/PlaylistFetcher: [fetcher-4] [video] found IDR, clear mVideoBuffer
10-12 11:11:26.596 3151-30632/? V/PlaylistFetcher: [fetcher-4] [video] found start point, timeUs=141000, streamMask becomes 2
10-12 11:11:26.596 3151-30632/? V/PlaylistFetcher: [fetcher-4] [video] queueAccessUnit, timeUs=141000
10-12 11:11:26.596 3151-30632/? V/PlaylistFetcher: [fetcher-4] [video] queueAccessUnit, timeUs=181000
10-12 11:11:26.596 3151-30632/? V/PlaylistFetcher: [fetcher-4] [video] queueAccessUnit, timeUs=221000
10-12 11:11:26.596 3151-30632/? V/PlaylistFetcher: [fetcher-4] [video] queueAccessUnit, timeUs=261000
10-12 11:11:26.596 3151-30632/? V/PlaylistFetcher: [fetcher-4] [video] queueAccessUnit, timeUs=301000
10-12 11:11:26.596 3151-30632/? V/PlaylistFetcher: [fetcher-4] [video] queueAccessUnit, timeUs=341000
10-12 11:11:26.596 3151-30632/? V/PlaylistFetcher: [fetcher-4] [video] queueAccessUnit, timeUs=381000
10-12 11:11:26.596 3151-30632/? V/PlaylistFetcher: [fetcher-4] [video] queueAccessUnit, timeUs=421000
10-12 11:11:26.596 3151-30632/? V/PlaylistFetcher: [fetcher-4] [video] queueAccessUnit, timeUs=461000
10-12 11:11:26.596 3151-30632/? V/PlaylistFetcher: [fetcher-4] [video] queueAccessUnit, timeUs=501000
10-12 11:11:26.596 3151-30632/? V/PlaylistFetcher: [fetcher-4] [audio] found start point, timeUs=100666, streamMask becomes 3
10-12 11:11:26.596 3151-30632/? V/PlaylistFetcher: [fetcher-4] found start point for all streams
10-12 11:11:26.596 3151-30632/? V/PlaylistFetcher: [fetcher-4] [audio] queueAccessUnit, timeUs=100666
10-12 11:11:26.596 3151-30632/? V/PlaylistFetcher: [fetcher-4] [audio] queueAccessUnit, timeUs=186000
10-12 11:11:26.596 3151-30632/? V/PlaylistFetcher: [fetcher-4] [audio] queueAccessUnit, timeUs=271333
10-12 11:11:26.596 3151-30632/? V/PlaylistFetcher: [fetcher-4] [audio] queueAccessUnit, timeUs=356666
10-12 11:11:26.596 3151-30631/? V/LiveSession: kWhatStartedAt: switchGen=0, mSwitchGen=0
10-12 11:11:26.626 3151-30631/? V/LiveSession: finish switch
10-12 11:11:26.626 3151-30631/? V/LiveSession: [audio] swapPacketSource
10-12 11:11:26.626 3151-30631/? I/AnotherPacketSource: setFormat() audio
10-12 11:11:26.626 3151-30631/? V/LiveSession: [video] swapPacketSource
10-12 11:11:26.626 3151-30631/? I/AnotherPacketSource: setFormat() video
10-12 11:11:26.626 3151-30631/? V/MediaHTTP: disconnect called
10-12 11:11:26.626 3151-30631/? V/LiveSession: tryToFinishBandwidthSwitch: mSwapMask=0x0
