10-12 11:11:25.946 3151-30632/? V/PlaylistFetcher: [fetcher-0] [video] queueAccessUnit, timeUs=18261000
10-12 11:11:25.946 3151-30632/? V/PlaylistFetcher: [fetcher-0] [video] queueAccessUnit, timeUs=18301000
10-12 11:11:25.946 3151-30632/? V/PlaylistFetcher: [fetcher-0] [video] queueAccessUnit, timeUs=18341000
10-12 11:11:25.946 3151-30632/? V/PlaylistFetcher: [fetcher-0] [video] queueAccessUnit, timeUs=18381000
10-12 11:11:25.946 3151-30632/? V/PlaylistFetcher: [fetcher-0] [video] queueAccessUnit, timeUs=18421000
10-12 11:11:25.946 3151-30632/? V/PlaylistFetcher: [fetcher-0] [video] queueAccessUnit, timeUs=18461000
10-12 11:11:25.946 3151-30632/? V/PlaylistFetcher: [fetcher-0] [video] queueAccessUnit, timeUs=18501000
10-12 11:11:25.946 3151-30632/? V/PlaylistFetcher: [fetcher-0] [video] queueAccessUnit, timeUs=18541000
10-12 11:11:25.946 3151-30632/? V/PlaylistFetcher: [fetcher-0] [video] queueAccessUnit, timeUs=18581000
10-12 11:11:25.946 3151-30632/? V/PlaylistFetcher: [fetcher-0] [video] queueAccessUnit, timeUs=18621000
10-12 11:11:25.946 3151-30632/? V/PlaylistFetcher: [fetcher-0] [video] queueAccessUnit, timeUs=18661000
10-12 11:11:25.946 3151-30632/? V/PlaylistFetcher: [fetcher-0] [video] queueAccessUnit, timeUs=18701000
10-12 11:11:25.946 3151-30632/? V/PlaylistFetcher: [fetcher-0] [video] queueAccessUnit, timeUs=18741000
10-12 11:11:25.946 3151-30632/? V/PlaylistFetcher: [fetcher-0] [video] queueAccessUnit, timeUs=18781000
10-12 11:11:25.946 3151-30632/? V/PlaylistFetcher: [fetcher-0] [video] queueAccessUnit, timeUs=18821000
10-12 11:11:25.946 3151-30632/? V/PlaylistFetcher: [fetcher-0] [video] queueAccessUnit, timeUs=18861000
10-12 11:11:25.946 3151-30632/? V/PlaylistFetcher: [fetcher-0] [video] queueAccessUnit, timeUs=18901000
10-12 11:11:25.946 3151-30632/? V/PlaylistFetcher: [fetcher-0] [video] queueAccessUnit, timeUs=18941000
10-12 11:11:25.946 3151-30632/? V/PlaylistFetcher: [fetcher-0] [video] queueAccessUnit, timeUs=18981000
10-12 11:11:25.946 3151-30632/? V/PlaylistFetcher: [fetcher-0] [video] queueAccessUnit, timeUs=19021000
10-12 11:11:25.946 3151-30632/? V/PlaylistFetcher: [fetcher-0] [video] queueAccessUnit, timeUs=19061000
10-12 11:11:25.946 3151-30632/? V/PlaylistFetcher: [fetcher-0] [video] queueAccessUnit, timeUs=19101000
10-12 11:11:25.946 3151-30632/? V/PlaylistFetcher: [fetcher-0] [video] queueAccessUnit, timeUs=19141000
10-12 11:11:25.946 3151-30632/? V/PlaylistFetcher: [fetcher-0] [video] queueAccessUnit, timeUs=19181000
10-12 11:11:25.946 3151-30632/? V/PlaylistFetcher: [fetcher-0] [video] queueAccessUnit, timeUs=19221000
10-12 11:11:25.946 3151-30632/? V/PlaylistFetcher: [fetcher-0] [video] queueAccessUnit, timeUs=19261000
10-12 11:11:25.946 3151-30632/? V/PlaylistFetcher: [fetcher-0] [video] queueAccessUnit, timeUs=19301000
10-12 11:11:25.946 3151-30632/? V/PlaylistFetcher: [fetcher-0] [video] queueAccessUnit, timeUs=19341000
10-12 11:11:25.946 3151-30632/? V/PlaylistFetcher: [fetcher-0] [video] queueAccessUnit, timeUs=19381000
10-12 11:11:25.946 3151-30632/? V/PlaylistFetcher: [fetcher-0] [video] queueAccessUnit, timeUs=19421000
10-12 11:11:25.946 3151-30632/? V/PlaylistFetcher: [fetcher-0] [video] queueAccessUnit, timeUs=19461000
10-12 11:11:25.946 3151-30632/? V/PlaylistFetcher: [fetcher-0] [video] queueAccessUnit, timeUs=19501000
10-12 11:11:25.946 3151-30632/? V/PlaylistFetcher: [fetcher-0] [video] queueAccessUnit, timeUs=19541000
10-12 11:11:25.946 3151-30632/? V/PlaylistFetcher: [fetcher-0] [audio] queueAccessUnit, timeUs=17167333
10-12 11:11:25.946 3151-30632/? V/PlaylistFetcher: [fetcher-0] [audio] queueAccessUnit, timeUs=17252666
10-12 11:11:25.946 3151-30632/? V/PlaylistFetcher: [fetcher-0] [audio] queueAccessUnit, timeUs=17380666
10-12 11:11:25.946 3151-30632/? V/PlaylistFetcher: [fetcher-0] [audio] queueAccessUnit, timeUs=17466000
10-12 11:11:25.946 3151-30632/? V/PlaylistFetcher: [fetcher-0] [audio] queueAccessUnit, timeUs=17551333
10-12 11:11:25.946 3151-30632/? V/PlaylistFetcher: [fetcher-0] [audio] queueAccessUnit, timeUs=17636666
10-12 11:11:25.946 3151-30632/? V/PlaylistFetcher: [fetcher-0] [audio] queueAccessUnit, timeUs=17722000
10-12 11:11:25.946 3151-30632/? V/PlaylistFetcher: [fetcher-0] [audio] queueAccessUnit, timeUs=17807333
10-12 11:11:25.946 3151-30632/? V/PlaylistFetcher: [fetcher-0] [audio] queueAccessUnit, timeUs=17892666
10-12 11:11:25.946 3151-30632/? V/PlaylistFetcher: [fetcher-0] [audio] queueAccessUnit, timeUs=18020666
10-12 11:11:25.946 3151-30632/? V/PlaylistFetcher: [fetcher-0] [audio] queueAccessUnit, timeUs=18106000
10-12 11:11:25.946 3151-30632/? V/PlaylistFetcher: [fetcher-0] [audio] queueAccessUnit, timeUs=18191333
10-12 11:11:25.946 3151-30632/? V/PlaylistFetcher: [fetcher-0] [audio] queueAccessUnit, timeUs=18276666
10-12 11:11:25.946 3151-30632/? V/PlaylistFetcher: [fetcher-0] [audio] queueAccessUnit, timeUs=18362000
10-12 11:11:25.946 3151-30632/? V/PlaylistFetcher: [fetcher-0] [audio] queueAccessUnit, timeUs=18447333
10-12 11:11:25.946 3151-30632/? V/PlaylistFetcher: [fetcher-0] [audio] queueAccessUnit, timeUs=18532666
10-12 11:11:25.946 3151-30632/? V/PlaylistFetcher: [fetcher-0] [audio] queueAccessUnit, timeUs=18660666
10-12 11:11:25.946 3151-30632/? V/PlaylistFetcher: [fetcher-0] [audio] queueAccessUnit, timeUs=18746000
10-12 11:11:25.946 3151-30632/? V/PlaylistFetcher: [fetcher-0] [audio] queueAccessUnit, timeUs=18831333
10-12 11:11:25.946 3151-30632/? V/PlaylistFetcher: [fetcher-0] [audio] queueAccessUnit, timeUs=18916666
10-12 11:11:25.946 3151-30632/? V/PlaylistFetcher: [fetcher-0] [audio] queueAccessUnit, timeUs=19002000
10-12 11:11:25.946 3151-30632/? V/PlaylistFetcher: [fetcher-0] [audio] queueAccessUnit, timeUs=19087333
10-12 11:11:25.946 3151-30632/? V/PlaylistFetcher: [fetcher-0] [audio] queueAccessUnit, timeUs=19172666
10-12 11:11:25.946 3151-30632/? V/PlaylistFetcher: [fetcher-0] [audio] queueAccessUnit, timeUs=19300666
10-12 11:11:25.946 3151-30632/? V/PlaylistFetcher: [fetcher-0] [audio] queueAccessUnit, timeUs=19386000
10-12 11:11:25.946 3151-30632/? V/PlaylistFetcher: [fetcher-0] [audio] queueAccessUnit, timeUs=19471333
10-12 11:11:25.946 3151-30632/? V/PlaylistFetcher: [fetcher-0] [video] queueAccessUnit, timeUs=19581000
10-12 11:11:25.946 3151-30632/? V/PlaylistFetcher: [fetcher-0] [video] queueAccessUnit, timeUs=19621000
10-12 11:11:25.946 3151-30632/? V/PlaylistFetcher: [fetcher-0] [video] queueAccessUnit, timeUs=19661000
10-12 11:11:25.946 3151-30632/? V/PlaylistFetcher: [fetcher-0] [video] queueAccessUnit, timeUs=19701000
10-12 11:11:25.946 3151-30632/? V/PlaylistFetcher: [fetcher-0] [video] queueAccessUnit, timeUs=19741000
10-12 11:11:25.946 3151-30632/? V/PlaylistFetcher: [fetcher-0] [video] queueAccessUnit, timeUs=19781000
10-12 11:11:25.946 3151-30632/? V/PlaylistFetcher: [fetcher-0] [video] queueAccessUnit, timeUs=19821000
10-12 11:11:25.946 3151-30632/? V/PlaylistFetcher: [fetcher-0] [video] queueAccessUnit, timeUs=19861000
10-12 11:11:25.946 3151-30632/? V/PlaylistFetcher: [fetcher-0] [video] queueAccessUnit, timeUs=19901000
10-12 11:11:25.956 3151-30632/? V/PlaylistFetcher: [fetcher-0] [video] queueAccessUnit, timeUs=19941000
10-12 11:11:25.956 3151-30632/? V/PlaylistFetcher: [fetcher-0] [video] queueAccessUnit, timeUs=19981000
10-12 11:11:25.956 3151-30632/? V/PlaylistFetcher: [fetcher-0] [audio] queueAccessUnit, timeUs=19556666
10-12 11:11:25.956 3151-30632/? V/PlaylistFetcher: [fetcher-0] [audio] queueAccessUnit, timeUs=19642000
10-12 11:11:25.956 3151-30632/? V/PlaylistFetcher: [fetcher-0] [audio] queueAccessUnit, timeUs=19727333
10-12 11:11:25.956 3151-30632/? V/PlaylistFetcher: [fetcher-0] [audio] queueAccessUnit, timeUs=19812666
10-12 11:11:25.956 3151-30632/? V/PlaylistFetcher: [fetcher-0] [audio] queueAccessUnit, timeUs=19940666
10-12 11:11:25.956 3151-30632/? V/PlaylistFetcher: [fetcher-0] PUSH TS: 'http://cp401493-vh.akamaihd.net/i/,iplayerstream/secure_auth/100kbps/2c97c5945766314b015770b6e8703235--video--HOD-EP-2-online-h264-3000Kbps-720p_3gp_mpeg4_lo,prod_3gp_mpeg4_med/iplayerstream/2c97c5945766314b015770b6e8703235--video--HOD-EP-2-online-h264-3000Kbps-720p_3gp_mpeg4_med,iplayerstream/secure_auth/400kbps/2c97c5945766314b015770b6e8703235--video--HOD-EP-2-online-h264-3000Kbps-720p_flv_avc1_vlow,iplayerstream/secure_auth/480kbps/MP/2c97c5945766314b015770b6e8703235--video--HOD-EP-2-online-h264-3000Kbps-720p_flv_avc1_low,iplayerstream/secure_auth/800kbps/MP/2c97c5945766314b015770b6e8703235--video--HOD-EP-2-online-h264-3000Kbps-720p_flv_avc1_med,.mp4.csmil/segment2_0_av.ts'
10-12 11:11:25.956 3151-30632/? V/PlaylistFetcher: [fetcher-0] [audio] buffered 19840000
10-12 11:11:25.956 3151-30632/? V/PlaylistFetcher: [fetcher-0] [video] buffered 19880000
10-12 11:11:25.956 3151-30632/? V/PlaylistFetcher: [fetcher-0] monitoring, buffered=19840000 < 30000000
10-12 11:11:25.956 3151-30632/? V/PlaylistFetcher: [fetcher-0] fetching segment 3 from (1 .. 25)
10-12 11:11:25.956 3151-30632/? V/PlaylistFetcher: [fetcher-0] fetching: 'http://cp401493-vh.akamaihd.net/i/,iplayerstream/secure_auth/100kbps/2c97c5945766314b015770b6e8703235--video--HOD-EP-2-online-h264-3000Kbps-720p_3gp_mpeg4_lo,prod_3gp_mpeg4_med/iplayerstream/2c97c5945766314b015770b6e8703235--video--HOD-EP-2-online-h264-3000Kbps-720p_3gp_mpeg4_med,iplayerstream/secure_auth/400kbps/2c97c5945766314b015770b6e8703235--video--HOD-EP-2-online-h264-3000Kbps-720p_flv_avc1_vlow,iplayerstream/secure_auth/480kbps/MP/2c97c5945766314b015770b6e8703235--video--HOD-EP-2-online-h264-3000Kbps-720p_flv_avc1_low,iplayerstream/secure_auth/800kbps/MP/2c97c5945766314b015770b6e8703235--video--HOD-EP-2-online-h264-3000Kbps-720p_flv_avc1_med,.mp4.csmil/segment3_0_av.ts'
10-12 11:11:25.956 29809-29820/? D/MediaHTTPConnection: setReadTimeOut = 300000000ms
10-12 11:11:25.956 3151-30632/? V/MediaHTTP: connection established
10-12 11:11:25.956 29809-30085/? D/MediaHTTPConnection: setReadTimeout with 300000000ms
10-12 11:11:25.956 29809-30085/? I/System.out: (HTTPLog)-Static: isSBSettingEnabled false
10-12 11:11:25.956 29809-30085/? I/System.out: (HTTPLog)-Static: isSBSettingEnabled false
10-12 11:11:25.996 29809-30085/? I/MediaHTTPConnection: response code = 200
10-12 11:11:25.996 29809-30085/? V/MediaHTTPConnection: mTotalSize is 210936
10-12 11:11:26.026 3151-30632/? V/PlaylistFetcher: [fetcher-0] [video] queueAccessUnit, timeUs=20021000
10-12 11:11:26.026 3151-30632/? V/PlaylistFetcher: [fetcher-0] [video] queueAccessUnit, timeUs=20061000
10-12 11:11:26.026 3151-30632/? V/PlaylistFetcher: [fetcher-0] [video] queueAccessUnit, timeUs=20101000
10-12 11:11:26.026 3151-30632/? V/PlaylistFetcher: [fetcher-0] [video] queueAccessUnit, timeUs=20141000
10-12 11:11:26.026 3151-30632/? V/PlaylistFetcher: [fetcher-0] [video] queueAccessUnit, timeUs=20181000
10-12 11:11:26.026 3151-30632/? V/PlaylistFetcher: [fetcher-0] [video] queueAccessUnit, timeUs=20221000
10-12 11:11:26.026 3151-30632/? V/PlaylistFetcher: [fetcher-0] [video] queueAccessUnit, timeUs=20261000
10-12 11:11:26.026 3151-30632/? V/PlaylistFetcher: [fetcher-0] [video] queueAccessUnit, timeUs=20301000
10-12 11:11:26.026 3151-30632/? V/PlaylistFetcher: [fetcher-0] [video] queueAccessUnit, timeUs=20341000
10-12 11:11:26.026 3151-30632/? V/PlaylistFetcher: [fetcher-0] [video] queueAccessUnit, timeUs=20381000
10-12 11:11:26.026 3151-30632/? V/PlaylistFetcher: [fetcher-0] [video] queueAccessUnit, timeUs=20421000
10-12 11:11:26.026 3151-30632/? V/PlaylistFetcher: [fetcher-0] [video] queueAccessUnit, timeUs=20461000
10-12 11:11:26.026 3151-30632/? V/PlaylistFetcher: [fetcher-0] [video] queueAccessUnit, timeUs=20501000
10-12 11:11:26.026 3151-30632/? V/PlaylistFetcher: [fetcher-0] [video] queueAccessUnit, timeUs=20541000
10-12 11:11:26.026 3151-30632/? V/PlaylistFetcher: [fetcher-0] [video] queueAccessUnit, timeUs=20581000
10-12 11:11:26.026 3151-30632/? V/PlaylistFetcher: [fetcher-0] [video] queueAccessUnit, timeUs=20621000
10-12 11:11:26.036 3151-30632/? V/PlaylistFetcher: [fetcher-0] [video] queueAccessUnit, timeUs=20661000
10-12 11:11:26.036 3151-30632/? V/PlaylistFetcher: [fetcher-0] [video] queueAccessUnit, timeUs=20701000
10-12 11:11:26.036 3151-30632/? V/PlaylistFetcher: [fetcher-0] [video] queueAccessUnit, timeUs=20741000
10-12 11:11:26.036 3151-30632/? V/PlaylistFetcher: [fetcher-0] [video] queueAccessUnit, timeUs=20781000
10-12 11:11:26.036 3151-30632/? V/PlaylistFetcher: [fetcher-0] [video] queueAccessUnit, timeUs=20821000
10-12 11:11:26.036 3151-30632/? V/PlaylistFetcher: [fetcher-0] [video] queueAccessUnit, timeUs=20861000
10-12 11:11:26.036 3151-30632/? V/PlaylistFetcher: [fetcher-0] [video] queueAccessUnit, timeUs=20901000
10-12 11:11:26.036 3151-30632/? V/PlaylistFetcher: [fetcher-0] [video] queueAccessUnit, timeUs=20941000
10-12 11:11:26.036 3151-30632/? V/PlaylistFetcher: [fetcher-0] [video] queueAccessUnit, timeUs=20981000
10-12 11:11:26.036 3151-30632/? V/PlaylistFetcher: [fetcher-0] [video] queueAccessUnit, timeUs=21021000
10-12 11:11:26.036 3151-30632/? V/PlaylistFetcher: [fetcher-0] [video] queueAccessUnit, timeUs=21061000
10-12 11:11:26.036 3151-30632/? V/PlaylistFetcher: [fetcher-0] [video] queueAccessUnit, timeUs=21101000
10-12 11:11:26.036 3151-30632/? V/PlaylistFetcher: [fetcher-0] [video] queueAccessUnit, timeUs=21141000
10-12 11:11:26.036 3151-30632/? V/PlaylistFetcher: [fetcher-0] [video] queueAccessUnit, timeUs=21181000
10-12 11:11:26.036 3151-30632/? V/PlaylistFetcher: [fetcher-0] [video] queueAccessUnit, timeUs=21221000
10-12 11:11:26.036 3151-30632/? V/PlaylistFetcher: [fetcher-0] [video] queueAccessUnit, timeUs=21261000
10-12 11:11:26.036 3151-30632/? V/PlaylistFetcher: [fetcher-0] [video] queueAccessUnit, timeUs=21301000
10-12 11:11:26.036 3151-30632/? V/PlaylistFetcher: [fetcher-0] [video] queueAccessUnit, timeUs=21341000
10-12 11:11:26.036 3151-30632/? V/PlaylistFetcher: [fetcher-0] [video] queueAccessUnit, timeUs=21381000
10-12 11:11:26.036 3151-30632/? V/PlaylistFetcher: [fetcher-0] [video] queueAccessUnit, timeUs=21421000
10-12 11:11:26.036 3151-30632/? V/PlaylistFetcher: [fetcher-0] [video] queueAccessUnit, timeUs=21461000
10-12 11:11:26.036 3151-30632/? V/PlaylistFetcher: [fetcher-0] [video] queueAccessUnit, timeUs=21501000
10-12 11:11:26.036 3151-30632/? V/PlaylistFetcher: [fetcher-0] [video] queueAccessUnit, timeUs=21541000
10-12 11:11:26.036 3151-30632/? V/PlaylistFetcher: [fetcher-0] [video] queueAccessUnit, timeUs=21581000
10-12 11:11:26.036 3151-30632/? V/PlaylistFetcher: [fetcher-0] [video] queueAccessUnit, timeUs=21621000
10-12 11:11:26.036 3151-30632/? V/PlaylistFetcher: [fetcher-0] [video] queueAccessUnit, timeUs=21661000
10-12 11:11:26.036 3151-30632/? V/PlaylistFetcher: [fetcher-0] [video] queueAccessUnit, timeUs=21701000
10-12 11:11:26.036 3151-30632/? V/PlaylistFetcher: [fetcher-0] [video] queueAccessUnit, timeUs=21741000
10-12 11:11:26.036 3151-30632/? V/PlaylistFetcher: [fetcher-0] [video] queueAccessUnit, timeUs=21781000
10-12 11:11:26.036 3151-30632/? V/PlaylistFetcher: [fetcher-0] [video] queueAccessUnit, timeUs=21821000
10-12 11:11:26.036 3151-30632/? V/PlaylistFetcher: [fetcher-0] [video] queueAccessUnit, timeUs=21861000
10-12 11:11:26.036 3151-30632/? V/PlaylistFetcher: [fetcher-0] [video] queueAccessUnit, timeUs=21901000
10-12 11:11:26.036 3151-30632/? V/PlaylistFetcher: [fetcher-0] [video] queueAccessUnit, timeUs=21941000
10-12 11:11:26.036 3151-30632/? V/PlaylistFetcher: [fetcher-0] [video] queueAccessUnit, timeUs=21981000
10-12 11:11:26.036 3151-30632/? V/PlaylistFetcher: [fetcher-0] [video] queueAccessUnit, timeUs=22021000
10-12 11:11:26.036 3151-30632/? V/PlaylistFetcher: [fetcher-0] [video] queueAccessUnit, timeUs=22061000
10-12 11:11:26.036 3151-30632/? V/PlaylistFetcher: [fetcher-0] [video] queueAccessUnit, timeUs=22101000
10-12 11:11:26.036 3151-30632/? V/PlaylistFetcher: [fetcher-0] [video] queueAccessUnit, timeUs=22141000
10-12 11:11:26.036 3151-30632/? V/PlaylistFetcher: [fetcher-0] [video] queueAccessUnit, timeUs=22181000
10-12 11:11:26.036 3151-30632/? V/PlaylistFetcher: [fetcher-0] [audio] queueAccessUnit, timeUs=20026000
10-12 11:11:26.036 3151-30632/? V/PlaylistFetcher: [fetcher-0] [audio] queueAccessUnit, timeUs=20111333
10-12 11:11:26.036 3151-30632/? V/PlaylistFetcher: [fetcher-0] [audio] queueAccessUnit, timeUs=20196666
10-12 11:11:26.036 3151-30632/? V/PlaylistFetcher: [fetcher-0] [audio] queueAccessUnit, timeUs=20282000
10-12 11:11:26.036 3151-30632/? V/PlaylistFetcher: [fetcher-0] [audio] queueAccessUnit, timeUs=20367333
10-12 11:11:26.036 3151-30632/? V/PlaylistFetcher: [fetcher-0] [audio] queueAccessUnit, timeUs=20452666
10-12 11:11:26.036 3151-30632/? V/PlaylistFetcher: [fetcher-0] [audio] queueAccessUnit, timeUs=20580666
10-12 11:11:26.036 3151-30632/? V/PlaylistFetcher: [fetcher-0] [audio] queueAccessUnit, timeUs=20666000
10-12 11:11:26.036 3151-30632/? V/PlaylistFetcher: [fetcher-0] [audio] queueAccessUnit, timeUs=20751333
10-12 11:11:26.036 3151-30632/? V/PlaylistFetcher: [fetcher-0] [audio] queueAccessUnit, timeUs=20836666
10-12 11:11:26.036 3151-30632/? V/PlaylistFetcher: [fetcher-0] [audio] queueAccessUnit, timeUs=20922000
10-12 11:11:26.036 3151-30632/? V/PlaylistFetcher: [fetcher-0] [audio] queueAccessUnit, timeUs=21007333
10-12 11:11:26.036 3151-30632/? V/PlaylistFetcher: [fetcher-0] [audio] queueAccessUnit, timeUs=21092666
10-12 11:11:26.036 3151-30632/? V/PlaylistFetcher: [fetcher-0] [audio] queueAccessUnit, timeUs=21220666
10-12 11:11:26.036 3151-30632/? V/PlaylistFetcher: [fetcher-0] [audio] queueAccessUnit, timeUs=21306000
10-12 11:11:26.036 3151-30632/? V/PlaylistFetcher: [fetcher-0] [audio] queueAccessUnit, timeUs=21391333
10-12 11:11:26.036 3151-30632/? V/PlaylistFetcher: [fetcher-0] [audio] queueAccessUnit, timeUs=21476666
10-12 11:11:26.036 3151-30632/? V/PlaylistFetcher: [fetcher-0] [audio] queueAccessUnit, timeUs=21562000
10-12 11:11:26.036 3151-30632/? V/PlaylistFetcher: [fetcher-0] [audio] queueAccessUnit, timeUs=21647333
10-12 11:11:26.036 3151-30632/? V/PlaylistFetcher: [fetcher-0] [audio] queueAccessUnit, timeUs=21732666
10-12 11:11:26.036 3151-30632/? V/PlaylistFetcher: [fetcher-0] [audio] queueAccessUnit, timeUs=21860666
10-12 11:11:26.036 3151-30632/? V/PlaylistFetcher: [fetcher-0] [audio] queueAccessUnit, timeUs=21946000
10-12 11:11:26.036 3151-30632/? V/PlaylistFetcher: [fetcher-0] [audio] queueAccessUnit, timeUs=22031333
10-12 11:11:26.036 3151-30632/? V/PlaylistFetcher: [fetcher-0] [audio] queueAccessUnit, timeUs=22116666
10-12 11:11:26.066 3151-30632/? V/PlaylistFetcher: [fetcher-0] [video] queueAccessUnit, timeUs=22221000
10-12 11:11:26.066 3151-30632/? V/PlaylistFetcher: [fetcher-0] [video] queueAccessUnit, timeUs=22261000
10-12 11:11:26.066 3151-30632/? V/PlaylistFetcher: [fetcher-0] [video] queueAccessUnit, timeUs=22301000
10-12 11:11:26.066 3151-30632/? V/PlaylistFetcher: [fetcher-0] [video] queueAccessUnit, timeUs=22341000
10-12 11:11:26.066 3151-30632/? V/PlaylistFetcher: [fetcher-0] [video] queueAccessUnit, timeUs=22381000
10-12 11:11:26.066 3151-30632/? V/PlaylistFetcher: [fetcher-0] [video] queueAccessUnit, timeUs=22421000
10-12 11:11:26.066 3151-30632/? V/PlaylistFetcher: [fetcher-0] [video] queueAccessUnit, timeUs=22461000
10-12 11:11:26.066 3151-30632/? V/PlaylistFetcher: [fetcher-0] [video] queueAccessUnit, timeUs=22501000
10-12 11:11:26.066 3151-30632/? V/PlaylistFetcher: [fetcher-0] [video] queueAccessUnit, timeUs=22541000
10-12 11:11:26.066 3151-30632/? V/PlaylistFetcher: [fetcher-0] [video] queueAccessUnit, timeUs=22581000
10-12 11:11:26.066 3151-30632/? V/PlaylistFetcher: [fetcher-0] [video] queueAccessUnit, timeUs=22621000
10-12 11:11:26.066 3151-30632/? V/PlaylistFetcher: [fetcher-0] [video] queueAccessUnit, timeUs=22661000
10-12 11:11:26.066 3151-30632/? V/PlaylistFetcher: [fetcher-0] [video] queueAccessUnit, timeUs=22701000
10-12 11:11:26.066 3435-3845/? V/NetworkStats: performPollLocked(flags=0x1)
10-12 11:11:26.066 3151-30632/? V/PlaylistFetcher: [fetcher-0] [video] queueAccessUnit, timeUs=22741000
10-12 11:11:26.066 3151-30632/? V/PlaylistFetcher: [fetcher-0] [video] queueAccessUnit, timeUs=22781000
10-12 11:11:26.066 3151-30632/? V/PlaylistFetcher: [fetcher-0] [video] queueAccessUnit, timeUs=22821000
10-12 11:11:26.066 3151-30632/? V/PlaylistFetcher: [fetcher-0] [video] queueAccessUnit, timeUs=22861000
10-12 11:11:26.066 3151-30632/? V/PlaylistFetcher: [fetcher-0] [video] queueAccessUnit, timeUs=22901000
10-12 11:11:26.066 3151-30632/? V/PlaylistFetcher: [fetcher-0] [video] queueAccessUnit, timeUs=22941000
10-12 11:11:26.066 3151-30632/? V/PlaylistFetcher: [fetcher-0] [video] queueAccessUnit, timeUs=22981000
10-12 11:11:26.066 3151-30632/? V/PlaylistFetcher: [fetcher-0] [video] queueAccessUnit, timeUs=23021000
10-12 11:11:26.066 3151-30632/? V/PlaylistFetcher: [fetcher-0] [video] queueAccessUnit, timeUs=23061000
10-12 11:11:26.066 3151-30632/? V/PlaylistFetcher: [fetcher-0] [video] queueAccessUnit, timeUs=23101000
10-12 11:11:26.066 3151-30632/? V/PlaylistFetcher: [fetcher-0] [video] queueAccessUnit, timeUs=23141000
10-12 11:11:26.066 3151-30632/? V/PlaylistFetcher: [fetcher-0] [video] queueAccessUnit, timeUs=23181000
10-12 11:11:26.066 3151-30632/? V/PlaylistFetcher: [fetcher-0] [video] queueAccessUnit, timeUs=23221000
10-12 11:11:26.066 3151-30632/? V/PlaylistFetcher: [fetcher-0] [video] queueAccessUnit, timeUs=23261000
10-12 11:11:26.066 3151-30632/? V/PlaylistFetcher: [fetcher-0] [video] queueAccessUnit, timeUs=23301000
10-12 11:11:26.066 3151-30632/? V/PlaylistFetcher: [fetcher-0] [video] queueAccessUnit, timeUs=23341000
10-12 11:11:26.066 3151-30632/? V/PlaylistFetcher: [fetcher-0] [video] queueAccessUnit, timeUs=23381000
10-12 11:11:26.066 3151-30632/? V/PlaylistFetcher: [fetcher-0] [video] queueAccessUnit, timeUs=23421000
10-12 11:11:26.066 3151-30632/? V/PlaylistFetcher: [fetcher-0] [video] queueAccessUnit, timeUs=23461000
10-12 11:11:26.066 3151-30632/? V/PlaylistFetcher: [fetcher-0] [video] queueAccessUnit, timeUs=23501000
10-12 11:11:26.066 3151-30632/? V/PlaylistFetcher: [fetcher-0] [video] queueAccessUnit, timeUs=23541000
10-12 11:11:26.066 3151-30632/? V/PlaylistFetcher: [fetcher-0] [video] queueAccessUnit, timeUs=23581000
10-12 11:11:26.066 3151-30632/? V/PlaylistFetcher: [fetcher-0] [video] queueAccessUnit, timeUs=23621000
10-12 11:11:26.066 3151-30632/? V/PlaylistFetcher: [fetcher-0] [video] queueAccessUnit, timeUs=23661000
10-12 11:11:26.066 3151-30632/? V/PlaylistFetcher: [fetcher-0] [video] queueAccessUnit, timeUs=23701000
10-12 11:11:26.066 3151-30632/? V/PlaylistFetcher: [fetcher-0] [video] queueAccessUnit, timeUs=23741000
10-12 11:11:26.066 3151-30632/? V/PlaylistFetcher: [fetcher-0] [video] queueAccessUnit, timeUs=23781000
10-12 11:11:26.066 3151-30632/? V/PlaylistFetcher: [fetcher-0] [video] queueAccessUnit, timeUs=23821000
10-12 11:11:26.066 3151-30632/? V/PlaylistFetcher: [fetcher-0] [video] queueAccessUnit, timeUs=23861000
10-12 11:11:26.066 3151-30632/? V/PlaylistFetcher: [fetcher-0] [video] queueAccessUnit, timeUs=23901000
10-12 11:11:26.066 3151-30632/? V/PlaylistFetcher: [fetcher-0] [video] queueAccessUnit, timeUs=23941000
10-12 11:11:26.066 3151-30632/? V/PlaylistFetcher: [fetcher-0] [video] queueAccessUnit, timeUs=23981000
10-12 11:11:26.066 3151-30632/? V/PlaylistFetcher: [fetcher-0] [video] queueAccessUnit, timeUs=24021000
10-12 11:11:26.066 3151-30632/? V/PlaylistFetcher: [fetcher-0] [video] queueAccessUnit, timeUs=24061000
10-12 11:11:26.066 3151-30632/? V/PlaylistFetcher: [fetcher-0] [video] queueAccessUnit, timeUs=24101000
10-12 11:11:26.066 3151-30632/? V/PlaylistFetcher: [fetcher-0] [video] queueAccessUnit, timeUs=24141000
10-12 11:11:26.066 3151-30632/? V/PlaylistFetcher: [fetcher-0] [video] queueAccessUnit, timeUs=24181000
10-12 11:11:26.066 3151-30632/? V/PlaylistFetcher: [fetcher-0] [video] queueAccessUnit, timeUs=24221000
10-12 11:11:26.066 3151-30632/? V/PlaylistFetcher: [fetcher-0] [video] queueAccessUnit, timeUs=24261000
10-12 11:11:26.066 3151-30632/? V/PlaylistFetcher: [fetcher-0] [video] queueAccessUnit, timeUs=24301000
10-12 11:11:26.066 3151-30632/? V/PlaylistFetcher: [fetcher-0] [video] queueAccessUnit, timeUs=24341000
10-12 11:11:26.066 3151-30632/? V/PlaylistFetcher: [fetcher-0] [video] queueAccessUnit, timeUs=24381000
10-12 11:11:26.066 3151-30632/? V/PlaylistFetcher: [fetcher-0] [audio] queueAccessUnit, timeUs=22202000
10-12 11:11:26.066 3151-30632/? V/PlaylistFetcher: [fetcher-0] [audio] queueAccessUnit, timeUs=22287333
10-12 11:11:26.066 3151-30632/? V/PlaylistFetcher: [fetcher-0] [audio] queueAccessUnit, timeUs=22372666
10-12 11:11:26.066 3151-30632/? V/PlaylistFetcher: [fetcher-0] [audio] queueAccessUnit, timeUs=22500666
10-12 11:11:26.066 3151-30632/? V/PlaylistFetcher: [fetcher-0] [audio] queueAccessUnit, timeUs=22586000
10-12 11:11:26.066 3151-30632/? V/PlaylistFetcher: [fetcher-0] [audio] queueAccessUnit, timeUs=22671333
10-12 11:11:26.066 3151-30632/? V/PlaylistFetcher: [fetcher-0] [audio] queueAccessUnit, timeUs=22756666
10-12 11:11:26.066 3151-30632/? V/PlaylistFetcher: [fetcher-0] [audio] queueAccessUnit, timeUs=22842000
10-12 11:11:26.066 3151-30632/? V/PlaylistFetcher: [fetcher-0] [audio] queueAccessUnit, timeUs=22927333
10-12 11:11:26.066 3151-30632/? V/PlaylistFetcher: [fetcher-0] [audio] queueAccessUnit, timeUs=23012666
10-12 11:11:26.066 3151-30632/? V/PlaylistFetcher: [fetcher-0] [audio] queueAccessUnit, timeUs=23140666
10-12 11:11:26.066 3151-30632/? V/PlaylistFetcher: [fetcher-0] [audio] queueAccessUnit, timeUs=23226000
10-12 11:11:26.066 3151-30632/? V/PlaylistFetcher: [fetcher-0] [audio] queueAccessUnit, timeUs=23311333
10-12 11:11:26.066 3151-30632/? V/PlaylistFetcher: [fetcher-0] [audio] queueAccessUnit, timeUs=23396666
10-12 11:11:26.066 3151-30632/? V/PlaylistFetcher: [fetcher-0] [audio] queueAccessUnit, timeUs=23482000
10-12 11:11:26.066 3151-30632/? V/PlaylistFetcher: [fetcher-0] [audio] queueAccessUnit, timeUs=23567333
10-12 11:11:26.066 3151-30632/? V/PlaylistFetcher: [fetcher-0] [audio] queueAccessUnit, timeUs=23652666
10-12 11:11:26.066 3151-30632/? V/PlaylistFetcher: [fetcher-0] [audio] queueAccessUnit, timeUs=23780666
10-12 11:11:26.066 3151-30632/? V/PlaylistFetcher: [fetcher-0] [audio] queueAccessUnit, timeUs=23866000
10-12 11:11:26.066 3435-3845/? D/NtpTrustedTime: currentTimeMillis() cache hit
10-12 11:11:26.066 3151-30632/? V/PlaylistFetcher: [fetcher-0] [audio] queueAccessUnit, timeUs=23951333
10-12 11:11:26.086 3435-3845/? D/NetworkStatsRecorder: entry.iface is null
10-12 11:11:26.066 3151-30632/? V/PlaylistFetcher: [fetcher-0] [audio] queueAccessUnit, timeUs=24036666
10-12 11:11:26.086 3435-3845/? D/NetworkStatsRecorder: entry.iface is null
10-12 11:11:26.066 3151-30632/? V/PlaylistFetcher: [fetcher-0] [audio] queueAccessUnit, timeUs=24122000
10-12 11:11:26.086 3435-3845/? D/NetworkStatsRecorder: entry.iface is null
10-12 11:11:26.066 3151-30632/? V/PlaylistFetcher: [fetcher-0] [audio] queueAccessUnit, timeUs=24207333
10-12 11:11:26.086 3435-3845/? D/NetworkStatsRecorder: entry.iface is null
10-12 11:11:26.066 3151-30632/? V/PlaylistFetcher: [fetcher-0] [audio] queueAccessUnit, timeUs=24292666
10-12 11:11:26.086 3435-3845/? D/NetworkStatsRecorder: entry.iface is null
10-12 11:11:26.086 3435-3845/? D/NetworkStatsRecorder: entry.iface is null
10-12 11:11:26.086 3435-3845/? D/NetworkStatsRecorder: entry.iface is null
10-12 11:11:26.086 3435-3845/? D/NetworkStatsRecorder: entry.iface is null
10-12 11:11:26.086 3435-3845/? D/NetworkStatsRecorder: entry.iface is null
10-12 11:11:26.086 3435-3845/? D/NetworkStatsRecorder: entry.iface is null
10-12 11:11:26.086 3435-3845/? D/NetworkStatsRecorder: entry.iface is null
10-12 11:11:26.086 3435-3845/? D/NetworkStatsRecorder: entry.iface is null
10-12 11:11:26.086 3435-3845/? D/NetworkStatsRecorder: entry.iface is null
10-12 11:11:26.086 3435-3845/? D/NetworkStatsRecorder: entry.iface is null
10-12 11:11:26.086 3435-3845/? D/NetworkStatsRecorder: entry.iface is null
10-12 11:11:26.086 3435-3845/? D/NetworkStatsRecorder: entry.iface is null
10-12 11:11:26.086 3435-3845/? D/NetworkStatsRecorder: entry.iface is null
10-12 11:11:26.086 3435-3845/? D/NetworkStatsRecorder: entry.iface is null
10-12 11:11:26.086 3435-3845/? D/NetworkStatsRecorder: entry.iface is null
10-12 11:11:26.086 3435-3845/? D/NetworkStatsRecorder: entry.iface is null
10-12 11:11:26.086 3435-3845/? D/NetworkStatsRecorder: entry.iface is null
10-12 11:11:26.086 3435-3845/? D/NetworkStatsRecorder: entry.iface is null
10-12 11:11:26.086 3435-3845/? D/NetworkStatsRecorder: entry.iface is null
10-12 11:11:26.086 3435-3845/? D/NetworkStatsRecorder: entry.iface is null
10-12 11:11:26.086 3435-3845/? D/NetworkStatsRecorder: entry.iface is null
10-12 11:11:26.086 3435-3845/? D/NetworkStatsRecorder: entry.iface is null
10-12 11:11:26.086 3435-3845/? D/NetworkStatsRecorder: entry.iface is null
10-12 11:11:26.086 3435-3845/? D/NetworkStatsRecorder: entry.iface is null
10-12 11:11:26.086 3435-3845/? D/NetworkStatsRecorder: entry.iface is null
10-12 11:11:26.086 3435-3845/? D/NetworkStatsRecorder: entry.iface is null
10-12 11:11:26.096 3151-30632/? V/PlaylistFetcher: [fetcher-0] [video] queueAccessUnit, timeUs=24421000
10-12 11:11:26.096 3151-30632/? V/PlaylistFetcher: [fetcher-0] [video] queueAccessUnit, timeUs=24461000
10-12 11:11:26.096 3151-30632/? V/PlaylistFetcher: [fetcher-0] [video] queueAccessUnit, timeUs=24501000
10-12 11:11:26.096 3151-30632/? V/PlaylistFetcher: [fetcher-0] [video] queueAccessUnit, timeUs=24541000
10-12 11:11:26.096 3151-30632/? V/PlaylistFetcher: [fetcher-0] [video] queueAccessUnit, timeUs=24581000
10-12 11:11:26.096 3151-30632/? V/PlaylistFetcher: [fetcher-0] [video] queueAccessUnit, timeUs=24621000
10-12 11:11:26.096 3151-30632/? V/PlaylistFetcher: [fetcher-0] [video] queueAccessUnit, timeUs=24661000
10-12 11:11:26.096 3151-30632/? V/PlaylistFetcher: [fetcher-0] [video] queueAccessUnit, timeUs=24701000
10-12 11:11:26.096 3151-30632/? V/PlaylistFetcher: [fetcher-0] [video] queueAccessUnit, timeUs=24741000
10-12 11:11:26.096 3151-30632/? V/PlaylistFetcher: [fetcher-0] [video] queueAccessUnit, timeUs=24781000
10-12 11:11:26.096 3151-30632/? V/PlaylistFetcher: [fetcher-0] [video] queueAccessUnit, timeUs=24821000
10-12 11:11:26.096 3151-30632/? V/PlaylistFetcher: [fetcher-0] [video] queueAccessUnit, timeUs=24861000
10-12 11:11:26.096 3151-30632/? V/PlaylistFetcher: [fetcher-0] [video] queueAccessUnit, timeUs=24901000
10-12 11:11:26.096 3151-30632/? V/PlaylistFetcher: [fetcher-0] [video] queueAccessUnit, timeUs=24941000
10-12 11:11:26.096 3151-30632/? V/PlaylistFetcher: [fetcher-0] [video] queueAccessUnit, timeUs=24981000
10-12 11:11:26.096 3151-30632/? V/PlaylistFetcher: [fetcher-0] [video] queueAccessUnit, timeUs=25021000
10-12 11:11:26.096 3151-30632/? V/PlaylistFetcher: [fetcher-0] [video] queueAccessUnit, timeUs=25061000
10-12 11:11:26.096 3151-30632/? V/PlaylistFetcher: [fetcher-0] [video] queueAccessUnit, timeUs=25101000
10-12 11:11:26.096 3151-30632/? V/PlaylistFetcher: [fetcher-0] [video] queueAccessUnit, timeUs=25141000
10-12 11:11:26.096 3151-30632/? V/PlaylistFetcher: [fetcher-0] [video] queueAccessUnit, timeUs=25181000
10-12 11:11:26.096 3151-30632/? V/PlaylistFetcher: [fetcher-0] [video] queueAccessUnit, timeUs=25221000
10-12 11:11:26.096 3151-30632/? V/PlaylistFetcher: [fetcher-0] [video] queueAccessUnit, timeUs=25261000
10-12 11:11:26.096 3151-30632/? V/PlaylistFetcher: [fetcher-0] [video] queueAccessUnit, timeUs=25301000
10-12 11:11:26.096 3151-30632/? V/PlaylistFetcher: [fetcher-0] [video] queueAccessUnit, timeUs=25341000
10-12 11:11:26.096 3151-30632/? V/PlaylistFetcher: [fetcher-0] [video] queueAccessUnit, timeUs=25381000
10-12 11:11:26.096 3151-30632/? V/PlaylistFetcher: [fetcher-0] [video] queueAccessUnit, timeUs=25421000
10-12 11:11:26.096 3151-30632/? V/PlaylistFetcher: [fetcher-0] [video] queueAccessUnit, timeUs=25461000
10-12 11:11:26.096 3151-30632/? V/PlaylistFetcher: [fetcher-0] [video] queueAccessUnit, timeUs=25501000
10-12 11:11:26.096 3151-30632/? V/PlaylistFetcher: [fetcher-0] [video] queueAccessUnit, timeUs=25541000
10-12 11:11:26.096 3151-30632/? V/PlaylistFetcher: [fetcher-0] [video] queueAccessUnit, timeUs=25581000
10-12 11:11:26.096 3151-30632/? V/PlaylistFetcher: [fetcher-0] [video] queueAccessUnit, timeUs=25621000
10-12 11:11:26.096 3151-30632/? V/PlaylistFetcher: [fetcher-0] [video] queueAccessUnit, timeUs=25661000
10-12 11:11:26.096 3151-30632/? V/PlaylistFetcher: [fetcher-0] [video] queueAccessUnit, timeUs=25701000
10-12 11:11:26.096 3151-30632/? V/PlaylistFetcher: [fetcher-0] [video] queueAccessUnit, timeUs=25741000
10-12 11:11:26.096 3151-30632/? V/PlaylistFetcher: [fetcher-0] [video] queueAccessUnit, timeUs=25781000
10-12 11:11:26.096 3151-30632/? V/PlaylistFetcher: [fetcher-0] [video] queueAccessUnit, timeUs=25821000
10-12 11:11:26.096 3151-30632/? V/PlaylistFetcher: [fetcher-0] [video] queueAccessUnit, timeUs=25861000
10-12 11:11:26.096 3151-30632/? V/PlaylistFetcher: [fetcher-0] [video] queueAccessUnit, timeUs=25901000
10-12 11:11:26.096 3151-30632/? V/PlaylistFetcher: [fetcher-0] [video] queueAccessUnit, timeUs=25941000
10-12 11:11:26.096 3151-30632/? V/PlaylistFetcher: [fetcher-0] [video] queueAccessUnit, timeUs=25981000
10-12 11:11:26.096 3151-30632/? V/PlaylistFetcher: [fetcher-0] [video] queueAccessUnit, timeUs=26021000
10-12 11:11:26.096 3151-30632/? V/PlaylistFetcher: [fetcher-0] [video] queueAccessUnit, timeUs=26061000
10-12 11:11:26.096 3151-30632/? V/PlaylistFetcher: [fetcher-0] [video] queueAccessUnit, timeUs=26101000
10-12 11:11:26.096 3151-30632/? V/PlaylistFetcher: [fetcher-0] [video] queueAccessUnit, timeUs=26141000
10-12 11:11:26.096 3151-30632/? V/PlaylistFetcher: [fetcher-0] [video] queueAccessUnit, timeUs=26181000
10-12 11:11:26.096 3151-30632/? V/PlaylistFetcher: [fetcher-0] [video] queueAccessUnit, timeUs=26221000
10-12 11:11:26.096 3151-30632/? V/PlaylistFetcher: [fetcher-0] [video] queueAccessUnit, timeUs=26261000
10-12 11:11:26.106 3151-30632/? V/PlaylistFetcher: [fetcher-0] [video] queueAccessUnit, timeUs=26301000
10-12 11:11:26.106 3151-30632/? V/PlaylistFetcher: [fetcher-0] [video] queueAccessUnit, timeUs=26341000
10-12 11:11:26.106 3151-30632/? V/PlaylistFetcher: [fetcher-0] [video] queueAccessUnit, timeUs=26381000
10-12 11:11:26.106 3151-30632/? V/PlaylistFetcher: [fetcher-0] [video] queueAccessUnit, timeUs=26421000
10-12 11:11:26.106 3151-30632/? V/PlaylistFetcher: [fetcher-0] [video] queueAccessUnit, timeUs=26461000
10-12 11:11:26.106 3151-30632/? V/PlaylistFetcher: [fetcher-0] [video] queueAccessUnit, timeUs=26501000
10-12 11:11:26.106 3151-30632/? V/PlaylistFetcher: [fetcher-0] [video] queueAccessUnit, timeUs=26541000
10-12 11:11:26.106 3151-30632/? V/PlaylistFetcher: [fetcher-0] [video] queueAccessUnit, timeUs=26581000
10-12 11:11:26.106 3151-30632/? V/PlaylistFetcher: [fetcher-0] [video] queueAccessUnit, timeUs=26621000
10-12 11:11:26.106 3151-30632/? V/PlaylistFetcher: [fetcher-0] [video] queueAccessUnit, timeUs=26661000
10-12 11:11:26.106 3151-30632/? V/PlaylistFetcher: [fetcher-0] [video] queueAccessUnit, timeUs=26701000
10-12 11:11:26.106 3151-30632/? V/PlaylistFetcher: [fetcher-0] [audio] queueAccessUnit, timeUs=24420666
10-12 11:11:26.106 3151-30632/? V/PlaylistFetcher: [fetcher-0] [audio] queueAccessUnit, timeUs=24506000
10-12 11:11:26.106 3151-30632/? V/PlaylistFetcher: [fetcher-0] [audio] queueAccessUnit, timeUs=24591333
10-12 11:11:26.106 3151-30632/? V/PlaylistFetcher: [fetcher-0] [audio] queueAccessUnit, timeUs=24676666
10-12 11:11:26.106 3151-30632/? V/PlaylistFetcher: [fetcher-0] [audio] queueAccessUnit, timeUs=24762000
10-12 11:11:26.106 3151-30632/? V/PlaylistFetcher: [fetcher-0] [audio] queueAccessUnit, timeUs=24847333
10-12 11:11:26.106 3151-30632/? V/PlaylistFetcher: [fetcher-0] [audio] queueAccessUnit, timeUs=24932666
10-12 11:11:26.106 3151-30632/? V/PlaylistFetcher: [fetcher-0] [audio] queueAccessUnit, timeUs=25060666
10-12 11:11:26.106 3151-30632/? V/PlaylistFetcher: [fetcher-0] [audio] queueAccessUnit, timeUs=25146000
10-12 11:11:26.106 3151-30632/? V/PlaylistFetcher: [fetcher-0] [audio] queueAccessUnit, timeUs=25231333
10-12 11:11:26.106 3151-30632/? V/PlaylistFetcher: [fetcher-0] [audio] queueAccessUnit, timeUs=25316666
10-12 11:11:26.106 3151-30632/? V/PlaylistFetcher: [fetcher-0] [audio] queueAccessUnit, timeUs=25402000
10-12 11:11:26.106 3151-30632/? V/PlaylistFetcher: [fetcher-0] [audio] queueAccessUnit, timeUs=25487333
10-12 11:11:26.106 3151-30632/? V/PlaylistFetcher: [fetcher-0] [audio] queueAccessUnit, timeUs=25572666
10-12 11:11:26.106 3151-30632/? V/PlaylistFetcher: [fetcher-0] [audio] queueAccessUnit, timeUs=25700666
10-12 11:11:26.106 3151-30632/? V/PlaylistFetcher: [fetcher-0] [audio] queueAccessUnit, timeUs=25786000
10-12 11:11:26.106 3151-30632/? V/PlaylistFetcher: [fetcher-0] [audio] queueAccessUnit, timeUs=25871333
10-12 11:11:26.106 3151-30632/? V/PlaylistFetcher: [fetcher-0] [audio] queueAccessUnit, timeUs=25956666
10-12 11:11:26.106 3151-30632/? V/PlaylistFetcher: [fetcher-0] [audio] queueAccessUnit, timeUs=26042000
10-12 11:11:26.106 3151-30632/? V/PlaylistFetcher: [fetcher-0] [audio] queueAccessUnit, timeUs=26127333
10-12 11:11:26.106 3151-30632/? V/PlaylistFetcher: [fetcher-0] [audio] queueAccessUnit, timeUs=26212666
10-12 11:11:26.106 3151-30632/? V/PlaylistFetcher: [fetcher-0] [audio] queueAccessUnit, timeUs=26340666
10-12 11:11:26.106 3151-30632/? V/PlaylistFetcher: [fetcher-0] [audio] queueAccessUnit, timeUs=26426000
10-12 11:11:26.106 3151-30632/? V/PlaylistFetcher: [fetcher-0] [audio] queueAccessUnit, timeUs=26511333
10-12 11:11:26.106 3151-30632/? V/PlaylistFetcher: [fetcher-0] [audio] queueAccessUnit, timeUs=26596666
10-12 11:11:26.106 3151-30632/? V/PlaylistFetcher: [fetcher-0] [audio] queueAccessUnit, timeUs=26682000
10-12 11:11:26.116 3435-3845/? D/NtpTrustedTime: currentTimeMillis() cache hit
10-12 11:11:26.116 3435-3845/? V/NetworkStats: performPollLocked() took 45ms
10-12 11:11:26.116 3435-3846/? D/NtpTrustedTime: currentTimeMillis() cache hit
10-12 11:11:26.116 3435-3846/? D/NtpTrustedTime: currentTimeMillis() cache hit
10-12 11:11:26.126 3435-6368/? D/SSRM:n: SIOP:: AP = 330, PST = 292 (W:6), CP = 232, CUR = 59, LCD = 65
10-12 11:11:26.126 3151-30632/? V/PlaylistFetcher: [fetcher-0] [video] queueAccessUnit, timeUs=26741000
10-12 11:11:26.126 3151-30632/? V/PlaylistFetcher: [fetcher-0] [video] queueAccessUnit, timeUs=26781000
10-12 11:11:26.126 3151-30632/? V/PlaylistFetcher: [fetcher-0] [video] queueAccessUnit, timeUs=26821000
10-12 11:11:26.126 3151-30632/? V/PlaylistFetcher: [fetcher-0] [video] queueAccessUnit, timeUs=26861000
10-12 11:11:26.126 3151-30632/? V/PlaylistFetcher: [fetcher-0] [video] queueAccessUnit, timeUs=26901000
10-12 11:11:26.126 3151-30632/? V/PlaylistFetcher: [fetcher-0] [video] queueAccessUnit, timeUs=26941000
10-12 11:11:26.126 3151-30632/? V/PlaylistFetcher: [fetcher-0] [video] queueAccessUnit, timeUs=26981000
10-12 11:11:26.126 3151-30632/? V/PlaylistFetcher: [fetcher-0] [video] queueAccessUnit, timeUs=27021000
10-12 11:11:26.126 3151-30632/? V/PlaylistFetcher: [fetcher-0] [video] queueAccessUnit, timeUs=27061000
10-12 11:11:26.126 3151-30632/? V/PlaylistFetcher: [fetcher-0] [video] queueAccessUnit, timeUs=27101000
10-12 11:11:26.126 3151-30632/? V/PlaylistFetcher: [fetcher-0] [video] queueAccessUnit, timeUs=27141000
10-12 11:11:26.126 3151-30632/? V/PlaylistFetcher: [fetcher-0] [video] queueAccessUnit, timeUs=27181000
10-12 11:11:26.126 3151-30632/? V/PlaylistFetcher: [fetcher-0] [video] queueAccessUnit, timeUs=27221000
10-12 11:11:26.126 3151-30632/? V/PlaylistFetcher: [fetcher-0] [video] queueAccessUnit, timeUs=27261000
10-12 11:11:26.126 3151-30632/? V/PlaylistFetcher: [fetcher-0] [video] queueAccessUnit, timeUs=27301000
10-12 11:11:26.126 3151-30632/? V/PlaylistFetcher: [fetcher-0] [video] queueAccessUnit, timeUs=27341000
10-12 11:11:26.126 3151-30632/? V/PlaylistFetcher: [fetcher-0] [video] queueAccessUnit, timeUs=27381000
10-12 11:11:26.126 3151-30632/? V/PlaylistFetcher: [fetcher-0] [video] queueAccessUnit, timeUs=27421000
10-12 11:11:26.126 3151-30632/? V/PlaylistFetcher: [fetcher-0] [video] queueAccessUnit, timeUs=27461000
10-12 11:11:26.126 3151-30632/? V/PlaylistFetcher: [fetcher-0] [video] queueAccessUnit, timeUs=27501000
10-12 11:11:26.126 3151-30632/? V/PlaylistFetcher: [fetcher-0] [video] queueAccessUnit, timeUs=27541000
10-12 11:11:26.126 3151-30632/? V/PlaylistFetcher: [fetcher-0] [video] queueAccessUnit, timeUs=27581000
10-12 11:11:26.126 3151-30632/? V/PlaylistFetcher: [fetcher-0] [video] queueAccessUnit, timeUs=27621000
10-12 11:11:26.126 3151-30632/? V/PlaylistFetcher: [fetcher-0] [video] queueAccessUnit, timeUs=27661000
10-12 11:11:26.126 3151-30632/? V/PlaylistFetcher: [fetcher-0] [video] queueAccessUnit, timeUs=27701000
10-12 11:11:26.126 3151-30632/? V/PlaylistFetcher: [fetcher-0] [video] queueAccessUnit, timeUs=27741000
10-12 11:11:26.126 3151-30632/? V/PlaylistFetcher: [fetcher-0] [video] queueAccessUnit, timeUs=27781000
10-12 11:11:26.126 3151-30632/? V/PlaylistFetcher: [fetcher-0] [video] queueAccessUnit, timeUs=27821000
10-12 11:11:26.126 3151-30632/? V/PlaylistFetcher: [fetcher-0] [video] queueAccessUnit, timeUs=27861000
10-12 11:11:26.126 3151-30632/? V/PlaylistFetcher: [fetcher-0] [video] queueAccessUnit, timeUs=27901000
10-12 11:11:26.126 3151-30632/? V/PlaylistFetcher: [fetcher-0] [video] queueAccessUnit, timeUs=27941000
10-12 11:11:26.126 3151-30632/? V/PlaylistFetcher: [fetcher-0] [video] queueAccessUnit, timeUs=27981000
10-12 11:11:26.126 3151-30632/? V/PlaylistFetcher: [fetcher-0] [video] queueAccessUnit, timeUs=28021000
10-12 11:11:26.126 3151-30632/? V/PlaylistFetcher: [fetcher-0] [video] queueAccessUnit, timeUs=28061000
10-12 11:11:26.126 3151-30632/? V/PlaylistFetcher: [fetcher-0] [video] queueAccessUnit, timeUs=28101000
10-12 11:11:26.126 3151-30632/? V/PlaylistFetcher: [fetcher-0] [video] queueAccessUnit, timeUs=28141000
10-12 11:11:26.126 3151-30632/? V/PlaylistFetcher: [fetcher-0] [video] queueAccessUnit, timeUs=28181000
10-12 11:11:26.126 3151-30632/? V/PlaylistFetcher: [fetcher-0] [video] queueAccessUnit, timeUs=28221000
10-12 11:11:26.126 3151-30632/? V/PlaylistFetcher: [fetcher-0] [video] queueAccessUnit, timeUs=28261000
10-12 11:11:26.126 3151-30632/? V/PlaylistFetcher: [fetcher-0] [video] queueAccessUnit, timeUs=28301000
10-12 11:11:26.126 3151-30632/? V/PlaylistFetcher: [fetcher-0] [video] queueAccessUnit, timeUs=28341000
10-12 11:11:26.126 3151-30632/? V/PlaylistFetcher: [fetcher-0] [video] queueAccessUnit, timeUs=28381000
10-12 11:11:26.126 3151-30632/? V/PlaylistFetcher: [fetcher-0] [video] queueAccessUnit, timeUs=28421000
10-12 11:11:26.126 3151-30632/? V/PlaylistFetcher: [fetcher-0] [video] queueAccessUnit, timeUs=28461000
10-12 11:11:26.126 3151-30632/? V/PlaylistFetcher: [fetcher-0] [video] queueAccessUnit, timeUs=28501000
10-12 11:11:26.126 3151-30632/? V/PlaylistFetcher: [fetcher-0] [video] queueAccessUnit, timeUs=28541000
10-12 11:11:26.126 3151-30632/? V/PlaylistFetcher: [fetcher-0] [video] queueAccessUnit, timeUs=28581000
10-12 11:11:26.126 3151-30632/? V/PlaylistFetcher: [fetcher-0] [video] queueAccessUnit, timeUs=28621000
10-12 11:11:26.126 3151-30632/? V/PlaylistFetcher: [fetcher-0] [video] queueAccessUnit, timeUs=28661000
10-12 11:11:26.126 3151-30632/? V/PlaylistFetcher: [fetcher-0] [video] queueAccessUnit, timeUs=28701000
10-12 11:11:26.126 3151-30632/? V/PlaylistFetcher: [fetcher-0] [video] queueAccessUnit, timeUs=28741000
10-12 11:11:26.126 3151-30632/? V/PlaylistFetcher: [fetcher-0] [video] queueAccessUnit, timeUs=28781000
10-12 11:11:26.126 3151-30632/? V/PlaylistFetcher: [fetcher-0] [video] queueAccessUnit, timeUs=28821000
10-12 11:11:26.126 3151-30632/? V/PlaylistFetcher: [fetcher-0] [video] queueAccessUnit, timeUs=28861000
10-12 11:11:26.126 3151-30632/? V/PlaylistFetcher: [fetcher-0] [video] queueAccessUnit, timeUs=28901000
10-12 11:11:26.126 3151-30632/? V/PlaylistFetcher: [fetcher-0] [video] queueAccessUnit, timeUs=28941000
10-12 11:11:26.126 3151-30632/? V/PlaylistFetcher: [fetcher-0] [video] queueAccessUnit, timeUs=28981000
10-12 11:11:26.126 3151-30632/? V/PlaylistFetcher: [fetcher-0] [video] queueAccessUnit, timeUs=29021000
10-12 11:11:26.126 3151-30632/? V/PlaylistFetcher: [fetcher-0] [video] queueAccessUnit, timeUs=29061000
10-12 11:11:26.126 3151-30632/? V/PlaylistFetcher: [fetcher-0] [video] queueAccessUnit, timeUs=29101000
10-12 11:11:26.126 3151-30632/? V/PlaylistFetcher: [fetcher-0] [video] queueAccessUnit, timeUs=29141000
10-12 11:11:26.126 3151-30632/? V/PlaylistFetcher: [fetcher-0] [video] queueAccessUnit, timeUs=29181000
10-12 11:11:26.126 3151-30632/? V/PlaylistFetcher: [fetcher-0] [video] queueAccessUnit, timeUs=29221000
10-12 11:11:26.126 3151-30632/? V/PlaylistFetcher: [fetcher-0] [video] queueAccessUnit, timeUs=29261000
10-12 11:11:26.126 3151-30632/? V/PlaylistFetcher: [fetcher-0] [audio] queueAccessUnit, timeUs=26767333
10-12 11:11:26.126 3151-30632/? V/PlaylistFetcher: [fetcher-0] [audio] queueAccessUnit, timeUs=26852666
10-12 11:11:26.126 3151-30632/? V/PlaylistFetcher: [fetcher-0] [audio] queueAccessUnit, timeUs=26980666
10-12 11:11:26.126 3151-30632/? V/PlaylistFetcher: [fetcher-0] [audio] queueAccessUnit, timeUs=27066000
10-12 11:11:26.126 3151-30632/? V/PlaylistFetcher: [fetcher-0] [audio] queueAccessUnit, timeUs=27151333
10-12 11:11:26.126 3151-30632/? V/PlaylistFetcher: [fetcher-0] [audio] queueAccessUnit, timeUs=27236666
10-12 11:11:26.126 3151-30632/? V/PlaylistFetcher: [fetcher-0] [audio] queueAccessUnit, timeUs=27322000
10-12 11:11:26.126 3151-30632/? V/PlaylistFetcher: [fetcher-0] [audio] queueAccessUnit, timeUs=27407333
10-12 11:11:26.126 3151-30632/? V/PlaylistFetcher: [fetcher-0] [audio] queueAccessUnit, timeUs=27492666
10-12 11:11:26.126 3151-30632/? V/PlaylistFetcher: [fetcher-0] [audio] queueAccessUnit, timeUs=27620666
10-12 11:11:26.126 3151-30632/? V/PlaylistFetcher: [fetcher-0] [audio] queueAccessUnit, timeUs=27706000
10-12 11:11:26.126 3151-30632/? V/PlaylistFetcher: [fetcher-0] [audio] queueAccessUnit, timeUs=27791333
10-12 11:11:26.136 3151-30632/? V/PlaylistFetcher: [fetcher-0] [audio] queueAccessUnit, timeUs=27876666
10-12 11:11:26.136 3151-30632/? V/PlaylistFetcher: [fetcher-0] [audio] queueAccessUnit, timeUs=27962000
10-12 11:11:26.136 3151-30632/? V/PlaylistFetcher: [fetcher-0] [audio] queueAccessUnit, timeUs=28047333
10-12 11:11:26.136 3151-30632/? V/PlaylistFetcher: [fetcher-0] [audio] queueAccessUnit, timeUs=28132666
10-12 11:11:26.136 3151-30632/? V/PlaylistFetcher: [fetcher-0] [audio] queueAccessUnit, timeUs=28260666
10-12 11:11:26.136 3151-30632/? V/PlaylistFetcher: [fetcher-0] [audio] queueAccessUnit, timeUs=28346000
10-12 11:11:26.136 3151-30632/? V/PlaylistFetcher: [fetcher-0] [audio] queueAccessUnit, timeUs=28431333
10-12 11:11:26.136 3151-30632/? V/PlaylistFetcher: [fetcher-0] [audio] queueAccessUnit, timeUs=28516666
10-12 11:11:26.136 3151-30632/? V/PlaylistFetcher: [fetcher-0] [audio] queueAccessUnit, timeUs=28602000
10-12 11:11:26.136 3151-30632/? V/PlaylistFetcher: [fetcher-0] [audio] queueAccessUnit, timeUs=28687333
10-12 11:11:26.136 3151-30632/? V/PlaylistFetcher: [fetcher-0] [audio] queueAccessUnit, timeUs=28772666
10-12 11:11:26.136 3151-30632/? V/PlaylistFetcher: [fetcher-0] [audio] queueAccessUnit, timeUs=28900666
10-12 11:11:26.136 3151-30632/? V/PlaylistFetcher: [fetcher-0] [audio] queueAccessUnit, timeUs=28986000
10-12 11:11:26.136 3151-30632/? V/PlaylistFetcher: [fetcher-0] [audio] queueAccessUnit, timeUs=29071333
10-12 11:11:26.136 3151-30632/? V/PlaylistFetcher: [fetcher-0] [audio] queueAccessUnit, timeUs=29156666
10-12 11:11:26.136 3151-30632/? V/PlaylistFetcher: [fetcher-0] [audio] queueAccessUnit, timeUs=29242000
10-12 11:11:26.136 3151-30632/? V/PlaylistFetcher: [fetcher-0] [video] queueAccessUnit, timeUs=29301000
10-12 11:11:26.136 3151-30632/? V/PlaylistFetcher: [fetcher-0] [video] queueAccessUnit, timeUs=29341000
10-12 11:11:26.136 3151-30632/? V/PlaylistFetcher: [fetcher-0] [video] queueAccessUnit, timeUs=29381000
10-12 11:11:26.136 3151-30632/? V/PlaylistFetcher: [fetcher-0] [video] queueAccessUnit, timeUs=29421000
10-12 11:11:26.136 3151-30632/? V/PlaylistFetcher: [fetcher-0] [video] queueAccessUnit, timeUs=29461000
10-12 11:11:26.136 3151-30632/? V/PlaylistFetcher: [fetcher-0] [video] queueAccessUnit, timeUs=29501000
10-12 11:11:26.136 3151-30632/? V/PlaylistFetcher: [fetcher-0] [video] queueAccessUnit, timeUs=29541000
10-12 11:11:26.136 3151-30632/? V/PlaylistFetcher: [fetcher-0] [video] queueAccessUnit, timeUs=29581000
10-12 11:11:26.136 3151-30632/? V/PlaylistFetcher: [fetcher-0] [video] queueAccessUnit, timeUs=29621000
10-12 11:11:26.136 3151-30632/? V/PlaylistFetcher: [fetcher-0] [video] queueAccessUnit, timeUs=29661000
10-12 11:11:26.136 3151-30632/? V/PlaylistFetcher: [fetcher-0] [video] queueAccessUnit, timeUs=29701000
10-12 11:11:26.136 3151-30632/? V/PlaylistFetcher: [fetcher-0] [video] queueAccessUnit, timeUs=29741000
10-12 11:11:26.136 3151-30632/? V/PlaylistFetcher: [fetcher-0] [video] queueAccessUnit, timeUs=29781000
10-12 11:11:26.136 3151-30632/? V/PlaylistFetcher: [fetcher-0] [video] queueAccessUnit, timeUs=29821000
10-12 11:11:26.136 3151-30632/? V/PlaylistFetcher: [fetcher-0] [video] queueAccessUnit, timeUs=29861000
10-12 11:11:26.136 3151-30632/? V/PlaylistFetcher: [fetcher-0] [video] queueAccessUnit, timeUs=29901000
10-12 11:11:26.136 3151-30632/? V/PlaylistFetcher: [fetcher-0] [video] queueAccessUnit, timeUs=29941000
10-12 11:11:26.136 3151-30632/? V/PlaylistFetcher: [fetcher-0] [video] queueAccessUnit, timeUs=29981000
10-12 11:11:26.136 3151-30632/? V/PlaylistFetcher: [fetcher-0] [audio] queueAccessUnit, timeUs=29327333
10-12 11:11:26.136 3151-30632/? V/PlaylistFetcher: [fetcher-0] [audio] queueAccessUnit, timeUs=29412666
