10-12 11:11:32.636 3151-30631/? V/LiveSession: onPollBuffering: mSwitchInProgress 0, mReconfigurationInProgress 0, mInPreparationPhase 0, mCurBandwidthIndex 4, mStreamMask 0x3
10-12 11:11:32.636 3151-30631/? V/LiveSession: [audio] buffered 39850667 us
10-12 11:11:32.636 3151-30631/? V/LiveSession: [video] buffered 39960000 us
10-12 11:11:32.636 3151-30631/? V/LiveSession: notifyBufferingUpdate: percentage=16%
10-12 11:11:32.636 3151-30631/? V/LiveSession: stopBufferingIfNecessary: mInPreparationPhase=0, mBuffering=0
10-12 11:11:32.636 3151-30631/? V/LiveSession: bandwidth estimated at 15744.83 kbps, stable 1, shortTermBps 28797.49 kbps
10-12 11:11:32.636 3151-30630/? V/NuPlayer: kWhatSourceNotify with buffering-update for NuPlayer 16
10-12 11:11:32.636 3151-30630/? V/NuPlayer: msg : 3, ext1 : 16, ext2 : 0
10-12 11:11:32.636 3151-30630/? D/NuPlayerDriver: notifyListener_l(0xf130d2a0), (3, 16, 0)
10-12 11:11:32.636 3151-30630/? V/MediaPlayerService: [10] notify (0xeb6a67c0, 3, 16, 0)
10-12 11:11:32.636 29809-30085/? V/MediaPlayer: message received msg=3, ext1=16, ext2=0
10-12 11:11:32.636 29809-30085/? V/MediaPlayer: buffering 16
10-12 11:11:32.636 29809-30085/? V/MediaPlayer: callback application
10-12 11:11:32.636 29809-30085/? V/MediaPlayer: back from callback
10-12 11:11:32.646 3435-3821/? D/InputReader: Input event(5): value=0 when=9311390263000
10-12 11:11:32.646 3435-3821/? D/InputReader: !@notifyKey(172), action=1
10-12 11:11:32.646 3435-3821/? D/InputManager-JNI: !@interceptKeyBeforeQueueing(172), action=1, interactive=true
10-12 11:11:32.646 3435-3821/? D/InputManager-JNI: !@handleInterceptActions(172), action=1, wmActions=1
10-12 11:11:32.646 3435-3820/? D/VoIPInterfaceManager: isVoIPRinging()...
10-12 11:11:32.646 3435-3820/? D/VoIPInterfaceManager: isVoIPRunningAndDeregi()...
10-12 11:11:32.646 3435-3820/? D/VoIPInterfaceManager: Not exist call session
10-12 11:11:32.816 3435-3821/? D/InputReader: Input event(5): value=1 when=9311560294000
10-12 11:11:32.816 3435-3821/? D/InputReader: !@notifyKey(116), action=0
10-12 11:11:32.816 3435-3821/? D/InputManager-JNI: !@interceptKeyBeforeQueueing(116), action=0, interactive=true
10-12 11:11:32.816 3435-3821/? D/InputManager-JNI: !@handleInterceptActions(116), action=0, wmActions=0
10-12 11:11:32.826 3435-3541/? I/WindowManager: startDockOrHome
10-12 11:11:32.826 3435-3541/? D/PowerManagerService: [api] [s] userActivity : event: 0 flags: 0 (uid: 1000 pid: 3435) eventTime = 9311571
10-12 11:11:32.826 3931-4015/? D/vol.VolumeDialogControl: onReceive ACTION_CLOSE_SYSTEM_DIALOGS
10-12 11:11:32.826 3931-3931/? D/vol.SecVolumeDialog: dismissH reason: 2
10-12 11:11:32.826 3931-3931/? D/vol.SecVolumeDialog: dismissH : false
10-12 11:11:32.826 3931-3931/? D/LocationTile: onReceive : android.intent.action.CLOSE_SYSTEM_DIALOGS
10-12 11:11:32.826 3931-3931/? D/MobileDataTile: action:android.intent.action.CLOSE_SYSTEM_DIALOGS
10-12 11:11:32.826 3931-3931/? D/AirplaneModeTile: onReceive : android.intent.action.CLOSE_SYSTEM_DIALOGS
10-12 11:11:32.826 3931-3931/? D/HotspotTile: onReceive : android.intent.action.CLOSE_SYSTEM_DIALOGS
10-12 11:11:32.836 3931-3931/? D/AodTile: onReceive : android.intent.action.CLOSE_SYSTEM_DIALOGS
10-12 11:11:32.836 3931-3931/? D/PhoneStatusBar: animateCollapsePanels, state: 0, QSexpanded: false, QSdetailsShowing: false
10-12 11:11:32.836 3931-3931/? D/PhoneStatusBar: animateCollapse(): mExpandedVisible=false flags=0
10-12 11:11:32.836 3931-3931/? D/StatusBar-Window: fnf=true sanc=false, kni=false, sbf=false
10-12 11:11:32.836 3931-3931/? D/CoverUI: applyFocusableFlag() : Remove SAMSUNG_FLAG_SVIEW_COVER
10-12 11:11:32.836 3931-3931/? D/StatusBarWindowManager: forceCollapsed : false isKeyguardShowingAndNotOccluded() : false panelVisible : false keyguardFadingAway : false bouncerShowing : false headsUpShowing : false
10-12 11:11:32.836 3931-3931/? D/CoverUI: applyHeight h = 96, oc = false, fa = false, ac = false, sc = false
10-12 11:11:32.836 3931-3931/? D/PanelView: updateQsState
10-12 11:11:32.836 3931-3931/? D/KeyguardSwipeHelper: reset()
10-12 11:11:32.836 3931-3931/? D/KeyguardUnlockEventHandler: reset()
10-12 11:11:32.836 3931-3931/? D/KeyguardSwipeHelper: resetChildViewVI()
10-12 11:11:32.836 3435-3540/? W/BroadcastQueue: Permission Denial: receiving Intent { act=com.samsung.android.action.START_DOCK_OR_HOME flg=0x10 VirtualScreenParam=Params{mDisplayId=-1, null, mFlags=0x00000000)} } to ProcessRecord{9bca4cf 8339:com.sec.android.inputmethod/u0a138} (pid=8339, uid=10138) requires com.samsung.android.permisson.START_DOCK_OR_HOME due to sender android (uid 1000)
10-12 11:11:32.836 3931-3931/? D/Recents: handleProxyCall type=3
10-12 11:11:32.846 3435-3540/? V/BroadcastQueue: [background] Process cur broadcast BroadcastRecord{1d01702 u-1 com.samsung.settings.action.directaccess.CLOSE_DIALOG qIdx=4}, state= (APP_RECEIVE) DELIVERED for app ProcessRecord{c02f138 28514:com.samsung.android.SettingsReceiver/1000}
10-12 11:11:32.856 3435-3541/? D/VirtualScreenPolicy: applyVirtualScreenAttrs attrs=VirtualScreenAttrs{mDisplayId=0, mBaseDisplayId=0, mBaseActivity=false}
10-12 11:11:32.856 3435-3541/? D/GameManagerService: identifyGamePackage. com.sec.android.app.launcher
10-12 11:11:32.856 3435-3541/? D/MultiWindowPolicy: Gamemode - return 0, when calling identifyForegroundApp(com.sec.android.app.launcher)
10-12 11:11:32.856 3435-3541/? D/CustomFrequencyManagerService: acquireDVFSLockLocked : type : DVFS_MIN_LIMIT frequency : 1872000 uid : 1000 pid : 3435 pkgName : ACTIVITY_RESUME_BOOSTER@3
10-12 11:11:32.856 3435-3541/? D/ActivityManager: mDVFSHelper.acquire()
10-12 11:11:32.856 3435-3541/? D/FocusedStackFrame: Set to : 0
10-12 11:11:32.856 3435-3541/? W/VirtualScreenManagerService: failed to move task TaskRecord{a289813 #33 A=acr.browser.barebones U=0 sz=1}
10-12 11:11:32.856 3435-3541/? D/InputDispatcher: Focused application set to: xxxx
10-12 11:11:32.866 3435-3541/? D/InputDispatcher: Focus left window: 29809
10-12 11:11:32.866 3435-3565/? D/PointerIcon: setMouseIconStyle1 pointerType: 1001 iconType:101 flag:0 pid:3435 uid:1000
10-12 11:11:32.866 3435-3565/? D/PointerIcon: setMouseCustomIcon IconType is same.101
10-12 11:11:32.886 4006-4006/? D/Recents: handleProxyCall type=3
10-12 11:11:32.896 3435-3846/? D/NetworkPolicy: isUidForegroundLocked: 10068, mScreenOn: true, uidstate: 2, mProxSensorScreenOff: false
10-12 11:11:32.906 3004-4502/? I/SurfaceFlinger: Modify Choreographer's phase offset to 6666666
10-12 11:11:32.906 3435-4825/? V/WindowOrientationListener: setCurrentAppOrientation :1
10-12 11:11:32.906 3435-4825/? V/WindowOrientationListener: OrientationSensorJudge.getProposedRotation, Rotation: 0
10-12 11:11:32.906 3435-4825/? V/WindowManager: rotationForOrientationLw(orient=1, last=0); user=0 sensorRotation=0 mLidState=-1 mDockMode=0 mHdmiPlugged=false mMobileKeyboardEnabled=false displayId=0
10-12 11:11:32.906 3435-4825/? V/WindowOrientationListener: OrientationSensorJudge.getProposedRotation, Rotation: 0
10-12 11:11:32.906 3004-3015/? I/SurfaceFlinger: Modify SurfaceFlinger's phase offset to 6666666
10-12 11:11:32.906 4327-4327/? D/Launcher: onNewIntent()
10-12 11:11:32.906 4327-4327/? D/Launcher: onNewIntent mPendingIntent is null startingSetting is false!!
10-12 11:11:32.906 3435-3435/? D/GameManagerService: NotifyRunnable. pkg: com.sec.android.app.launcher, type: 4, isMinimized: false, isTunableApp: false
10-12 11:11:32.906 4327-4327/? D/Launcher.HomeView: performOnHomePressed
10-12 11:11:32.906 4327-4327/? D/HomeScreenOptionMenu: onHomePressed() : false
10-12 11:11:32.906 4327-4327/? D/Launcher.Workspace: exitWidgetResizeMode. isClearResizeFrame is false
10-12 11:11:32.906 4327-4327/? D/Launcher: onRestart, Launcher: 61231026
10-12 11:11:32.906 3435-6368/? D/GameManagerService: identifyGamePackage. com.sec.android.app.launcher
10-12 11:11:32.916 3435-3960/? I/MediaFocusControl: AudioFocus abandonAudioFocus() from android.media.AudioManager$dd04f48org.chromium.content.browser.MediaSessionDelegate$87d388
10-12 11:11:32.916 29809-29809/? V/MediaPlayer-JNI: isPlaying: 0
10-12 11:11:32.916 29809-29809/? V/MediaPlayer-JNI: getCurrentPosition: 0 (msec)
10-12 11:11:32.916 29809-29809/? V/MediaPlayer: setVideoSurfaceTexture
10-12 11:11:32.916 3151-3599/? V/MediaPlayerService: [10] setVideoSurfaceTexture(0x0)
10-12 11:11:32.916 3151-3599/? V/NuPlayerDriver: setVideoSurfaceTexture(0xf130d2a0)
10-12 11:11:32.916 3151-30630/? D/NuPlayer: onSetVideoSurface(0x0, no video decoder)
10-12 11:11:32.916 3151-30630/? V/NuPlayer: performDecoderFlush audio=0, video=2
10-12 11:11:32.916 3151-30630/? V/NuPlayer: performSetSurface
10-12 11:11:32.916 3151-30630/? V/NuPlayerDriver: notifySetSurfaceComplete(0xf130d2a0)
10-12 11:11:32.916 3151-30630/? V/NuPlayer: performResumeDecoders video : 1, audio : 1, needNotify : 0
10-12 11:11:32.916 29809-29809/? V/MediaPlayer-JNI: release
10-12 11:11:32.916 29809-29809/? V/MediaPlayer: setListener
10-12 11:11:32.916 29809-29809/? V/MediaPlayer: disconnect
10-12 11:11:32.916 3151-4151/? V/MediaPlayerService: disconnect(10) from pid 29809
10-12 11:11:32.916 3151-4151/? D/NuPlayerDriver: reset(0xf130d2a0)
10-12 11:11:32.916 3151-4151/? D/NuPlayerDriver: notifyListener_l(0xf130d2a0), (8, 0, 0)
10-12 11:11:32.916 3151-30630/? V/NuPlayer: kWhatReset
10-12 11:11:32.916 3151-30630/? V/NuPlayer: performReset
10-12 11:11:32.916 3151-30631/? V/LiveSession: finishDisconnect
10-12 11:11:32.916 3151-30631/? V/LiveSession: cancelBandwidthSwitch: mSwitchGen(0)++, orig 4, cur 4
10-12 11:11:32.916 3151-30631/? V/MediaHTTP: disconnect called
10-12 11:11:32.916 3151-30632/? W/AMessage: failed to deliver message as target handler 78 is gone.
10-12 11:11:32.916 4327-4327/? D/Launcher: onStart, Launcher: 61231026
10-12 11:11:32.916 3435-3540/? V/MARsPolicyManager: updatePackagesScore PackageInfo name -- com.sec.android.app.launcher
10-12 11:11:32.916 4327-4327/? D/Launcher.HomeView: onStart
10-12 11:11:32.916 4327-4327/? D/Launcher: onResume, Launcher: 61231026
10-12 11:11:32.916 3435-4133/? D/SettingsProvider: isChangeAllowed() : name = kids_home_mode
10-12 11:11:32.916 3435-4133/? D/SecContentProvider: query(), uri = 17 selection = isSettingsChangesAllowed
10-12 11:11:32.916 3435-4133/? D/SettingsProvider: edmUri: content://com.sec.knox.provider/RestrictionPolicy3
10-12 11:11:32.916 3435-4133/? D/SettingsProvider: projectionArgs: isSettingsChangesAllowed
10-12 11:11:32.916 3435-4133/? D/SettingsProvider: selectionArgs: false
10-12 11:11:32.916 3435-4133/? D/SettingsProvider: selectionArgs: 10065
10-12 11:11:32.926 3435-4133/? D/SettingsProvider: ret = -1
10-12 11:11:32.926 4327-4327/? D/Launcher.HomeView: onResume
10-12 11:11:32.926 4327-4327/? D/capture: ---------checkFileExist land
10-12 11:11:32.926 4327-4327/? D/capture: currentOrientation: 1 mMainHomeScreenshot: false mMainHomeScreenshotLand: true
10-12 11:11:32.926 29809-30648/? I/ACodec: [OMX.Exynos.avc.dec] signalFlush
10-12 11:11:32.926 3435-3540/? V/BroadcastQueue: [background] Process cur broadcast BroadcastRecord{c03e449 u0 com.android.launcher.action.HOME_MODE_CHANGE qIdx=4}, state= (APP_RECEIVE) DELIVERED for app ProcessRecord{581c2e1 28597:com.sec.android.app.clockpackage/u0a86}
10-12 11:11:32.926 29809-30649/? I/ACodec: [OMX.Exynos.avc.dec] ExecutingState flushing now (codec owns 2/5 input, 1/14 output).
10-12 11:11:32.926 29809-30649/? I/ACodec: [OMX.Exynos.avc.dec] Now Flushing
10-12 11:11:32.926 3151-30655/? W/libexynosv4l2: failed to ioctl: VIDIOC_DQBUF (22 - Invalid argument)
10-12 11:11:32.926 3435-6368/? D/ConnectivityService: returning getNetworkInfo for network type 1 : [type: WIFI[] - WIFI, state: CONNECTED/CONNECTED, reason: (unspecified), extra: "WLAN-198160", roaming: false, failover: false, isAvailable: true]
10-12 11:11:32.936 3151-30654/? W/libexynosv4l2: failed to ioctl: VIDIOC_DQBUF (22 - Invalid argument)
10-12 11:11:32.936 29809-30649/? I/ACodec: [OMX.Exynos.avc.dec] FlushingState onOMXEvent(0,1,0)
10-12 11:11:32.936 29809-30649/? I/ACodec: [OMX.Exynos.avc.dec] FlushingState onOMXEvent(0,1,1)
10-12 11:11:32.936 29809-30649/? I/ACodec: [OMX.Exynos.avc.dec] Now Executing
10-12 11:11:32.936 4327-4327/? D/MenuAppsGridFragment: onResume
10-12 11:11:32.936 4327-4327/? D/MenuAppsGridFragment: changeState: (new)NORMAL(old)NORMAL(force)false
10-12 11:11:32.936 4327-4327/? D/Launcher.MenuAppsGrid: updateGridSize:GRID_4x4 cellWidth:348 cellHeight:432
10-12 11:11:32.946 29809-29886/? D/libEGL: eglTerminate EGLDisplay = 0xd83ff0d4
10-12 11:11:32.946 29809-29886/? D/libEGL: eglTerminate EGLDisplay = 0xd83ff0d4
10-12 11:11:32.946 29809-29886/? D/libEGL: eglTerminate EGLDisplay = 0xd83ff0d4
10-12 11:11:32.946 29809-29886/? D/libEGL: eglTerminate EGLDisplay = 0xd83ff0d4
10-12 11:11:32.946 29809-29886/? D/libEGL: eglTerminate EGLDisplay = 0xd83ff0d4
10-12 11:11:32.946 29809-29886/? D/libEGL: eglTerminate EGLDisplay = 0xd83ff0d4
10-12 11:11:32.946 29809-29886/? D/libEGL: eglTerminate EGLDisplay = 0xd83ff0d4
10-12 11:11:32.946 29809-29886/? D/libEGL: eglTerminate EGLDisplay = 0xd83ff0d4
10-12 11:11:32.946 29809-29886/? D/libEGL: eglTerminate EGLDisplay = 0xd83ff0d4
10-12 11:11:32.946 3151-30630/? D/NuPlayerDriver: notifyResetComplete(0xf130d2a0)
10-12 11:11:32.946 29809-29886/? D/libEGL: eglTerminate EGLDisplay = 0xd83ff0d4
10-12 11:11:32.946 29809-29886/? D/libEGL: eglTerminate EGLDisplay = 0xd83ff0d4
10-12 11:11:32.946 29809-29988/? W/cr_media: calling MediaCodec.release() on OMX.Exynos.avc.dec
10-12 11:11:32.946 3151-4151/? V/NuPlayerDriver: ~NuPlayerDriver(0xf130d2a0)
10-12 11:11:32.946 3151-30652/? I/EXYNOS_BASE_COMP: [0xeb89e300][Exynos_OMX_ComponentStateSet] current:(OMX_StateExecuting) dest:(OMX_StateIdle)
10-12 11:11:32.946 29809-30649/? I/ACodec: [OMX.Exynos.avc.dec] Now Executing->Idle
10-12 11:11:32.946 3151-30654/? W/libexynosv4l2: failed to ioctl: VIDIOC_DQBUF (22 - Invalid argument)
10-12 11:11:32.946 3151-30652/? I/EXYNOS_BASE_COMP: [0xeb89e300][Exynos_OMX_ComponentStateSet]:567 OMX_EventCmdComplete
10-12 11:11:32.956 3435-3821/? D/InputReader: Input event(5): value=0 when=9311700152000
10-12 11:11:32.956 3435-3821/? D/InputReader: !@notifyKey(116), action=1
10-12 11:11:32.956 3435-3821/? D/InputManager-JNI: !@interceptKeyBeforeQueueing(116), action=1, interactive=true
10-12 11:11:32.956 29809-29809/? V/MediaPlayer: destructor
10-12 11:11:32.956 3151-30652/? I/EXYNOS_BASE_COMP: [0xeb89e300][Exynos_OMX_ComponentStateSet] current:(OMX_StateIdle) dest:(OMX_StateLoaded)
10-12 11:11:32.956 3151-4151/? V/MediaPlayerService: Client(10) destructor pid = 29809
10-12 11:11:32.956 29809-29809/? V/MediaPlayer: disconnect
10-12 11:11:32.956 3435-3821/? D/PowerManagerService: [api] [s] goToSleep: 4 (uid: 1000 pid: 3435) eventTime = 9311560
10-12 11:11:32.956 3435-3821/? D/InputManager-JNI: setInteractive(false)
10-12 11:11:32.956 3435-3821/? I/PowerManagerService: !@[ps] Screen__Off - 37 : goToSleep: (uid: 1000 pid: 3435) (4)
10-12 11:11:32.956 3151-4151/? V/AudioSink: +++ close
10-12 11:11:32.956 3435-3821/? I/PowerManagerService: Going to sleep due to power button (uid 1000)...
10-12 11:11:32.956 3151-4151/? V/AudioSink: --- close
10-12 11:11:32.956 3435-3894/? D/NetworkPolicy: onScreenStateChanged, state: false, reason: 2
10-12 11:11:32.956 3151-4151/? V/MediaPlayerService: disconnect(10) from pid 29809
10-12 11:11:32.956 3435-3821/? D/PowerManagerService: mDisplayReady: false
10-12 11:11:32.956 3435-3821/? D/InputManager-JNI: !@handleInterceptActions(116), action=1, wmActions=0
10-12 11:11:32.956 3435-3569/? D/DisplayPowerController: animateScreenStateChange[0]: target=1
10-12 11:11:32.956 3004-3004/? I/SurfaceFlinger: id=434 createSurf (1440x2560),2 flag=404, DolorFade
10-12 11:11:32.956 3435-3569/? D/ColorFade: prepare: mode=4
10-12 11:11:32.956 3931-3941/? D/KeyguardViewMediator: onStartedGoingToSleep(2)
10-12 11:11:32.956 29809-30649/? E/BufferQueueProducer: [SurfaceTexture-185-29809-7] cancelBuffer: BufferQueue has been abandoned
10-12 11:11:32.956 29809-30649/? E/BufferQueueProducer: [SurfaceTexture-185-29809-7] cancelBuffer: BufferQueue has been abandoned
10-12 11:11:32.956 29809-30649/? E/BufferQueueProducer: [SurfaceTexture-185-29809-7] cancelBuffer: BufferQueue has been abandoned
10-12 11:11:32.956 29809-30649/? E/BufferQueueProducer: [SurfaceTexture-185-29809-7] cancelBuffer: BufferQueue has been abandoned
10-12 11:11:32.956 29809-30649/? E/BufferQueueProducer: [SurfaceTexture-185-29809-7] cancelBuffer: BufferQueue has been abandoned
10-12 11:11:32.956 29809-30649/? E/BufferQueueProducer: [SurfaceTexture-185-29809-7] cancelBuffer: BufferQueue has been abandoned
10-12 11:11:32.956 29809-30649/? E/BufferQueueProducer: [SurfaceTexture-185-29809-7] cancelBuffer: BufferQueue has been abandoned
10-12 11:11:32.966 29809-30649/? E/BufferQueueProducer: [SurfaceTexture-185-29809-7] cancelBuffer: BufferQueue has been abandoned
10-12 11:11:32.966 29809-30649/? E/BufferQueueProducer: [SurfaceTexture-185-29809-7] cancelBuffer: BufferQueue has been abandoned
10-12 11:11:32.966 3151-30652/? I/EXYNOS_BASE_COMP: [0xeb89e300][Exynos_OMX_ComponentStateSet]:567 OMX_EventCmdComplete
10-12 11:11:32.966 29809-30649/? I/ACodec: [OMX.Exynos.avc.dec] Now Idle->Loaded
10-12 11:11:32.966 29809-30649/? I/ACodec: [OMX.Exynos.avc.dec] Now Loaded
10-12 11:11:32.966 4327-4327/? W/ResourcesManager: getTopLevelResources: /system/app/ClockPackage_M/ClockPackage_M.apk / 1.0 running in com.sec.android.app.launcher rsrc of package com.sec.android.app.clockpackage
10-12 11:11:32.966 29809-30649/? I/ACodec: [OMX.Exynos.avc.dec] Now uninitialized
10-12 11:11:32.966 29809-30649/? I/ACodec: [] Now kWhatShutdownCompleted event : 6991
10-12 11:11:32.966 29809-30648/? I/MediaCodec: Codec shutdown complete
10-12 11:11:32.966 4327-4327/? D/ResourcesManager: For user 0 new overlays fetched Null
10-12 11:11:32.966 3931-3941/? E/KeyguardViewMediator: lockAfterTimeout = 5000 policyTimeout = 0
10-12 11:11:32.966 3931-3941/? D/KeyguardViewMediator: timeout : 5000
10-12 11:11:32.966 3931-3941/? D/KeyguardViewMediator: doKeyguardLocked(null, true) - start
10-12 11:11:32.976 3931-3941/? D/FactoryTest: checkAutomationTestOption() : option=0
10-12 11:11:32.976 3931-3941/? D/FactoryTest: checkAutomationTestOption() : mode_screenlock=0
10-12 11:11:32.976 3931-3941/? D/KeyguardViewMediator: doKeyguardLocked(null, true) - end
10-12 11:11:32.976 4327-4327/? D/ApplicationPackageManager: we has com.sec.android.app.clockpackage class. reuse it
10-12 11:11:32.976 3931-3941/? D/KeyguardViewMediator: notifyStartedGoingToSleep
10-12 11:11:32.976 3931-3931/? V/KeyguardFingerPrint: updateFingerprintListeningState(false)
10-12 11:11:32.976 3931-3931/? D/KeyguardFingerPrint: shouldListenForFingerprint ( FingerPrint is not enabled. )
10-12 11:11:32.976 3931-3931/? V/KeyguardUpdateMonitor: stopListeningForFingerprint()
10-12 11:11:32.976 3931-3931/? D/KeyguardViewMediator: handleNotifyStartedGoingToSleep
10-12 11:11:32.976 4327-4327/? W/ResourcesManager: getTopLevelResources: /system/app/ClockPackage_M/ClockPackage_M.apk / 1.0 running in com.sec.android.app.launcher rsrc of package com.sec.android.app.clockpackage
10-12 11:11:32.976 3435-3569/? D/PowerManagerUtil: Excessive delay in ColorFade : createSurface: 18ms
10-12 11:11:32.976 3435-3569/? D/mali_winsys: EGLint new_window_surface(egl_winsys_display*, void*, EGLSurface, EGLConfig, egl_winsys_surface**, egl_color_buffer_format*, EGLBoolean) returns 0x3000, [1440x2560]-format:1
10-12 11:11:32.976 3435-4341/? V/BroadcastQueue: [background] Process cur broadcast BroadcastRecord{c03e449 u0 com.android.launcher.action.HOME_MODE_CHANGE qIdx=4}, state= (APP_RECEIVE) DELIVERED for app ProcessRecord{581c2e1 28597:com.sec.android.app.clockpackage/u0a86}
10-12 11:11:32.986 3151-3418/? I/APM::AudioPolicyManager: stopOutput() output 4, stream 3, session 36
10-12 11:11:32.986 3435-6368/? D/ConnectivityService: returning getNetworkInfo for network type 1 : [type: WIFI[] - WIFI, state: CONNECTED/CONNECTED, reason: (unspecified), extra: "WLAN-198160", roaming: false, failover: false, isAvailable: true]
10-12 11:11:32.986 3435-4341/? V/BroadcastQueue: [background] Process cur broadcast BroadcastRecord{c03e449 u0 com.android.launcher.action.HOME_MODE_CHANGE qIdx=4}, state= (APP_RECEIVE) DELIVERED for app ProcessRecord{581c2e1 28597:com.sec.android.app.clockpackage/u0a86}
10-12 11:11:32.986 4327-4327/? W/ResourcesManager: getTopLevelResources: /system/app/SPlanner_M/SPlanner_M.apk / 1.0 running in com.sec.android.app.launcher rsrc of package com.android.calendar
10-12 11:11:32.986 3435-3569/? D/libEGL: eglInitialize EGLDisplay = 0x7f580d3778
10-12 11:11:32.996 3435-3569/? D/libEGL: eglTerminate EGLDisplay = 0x7f580d38e8
10-12 11:11:32.996 4327-4327/? D/ResourcesManager: For user 0 new overlays fetched Null
10-12 11:11:32.996 3435-3569/? D/ColorFade: ColorFade is ready
10-12 11:11:32.996 3435-3569/? D/DisplayPowerController: ColorFade: onAnimationStart
10-12 11:11:32.996 3435-3569/? D/DisplayPowerController: [Dual Screen Compatible] state[0] :2
10-12 11:11:32.996 3435-3569/? D/DisplayPowerController: getFinalBrightness : Summary is 65 -> 65
10-12 11:11:32.996 4327-4327/? D/ApplicationPackageManager: we has com.android.calendar class. reuse it
10-12 11:11:32.996 3435-4341/? V/BroadcastQueue: [background] Process cur broadcast BroadcastRecord{c03e449 u0 com.android.launcher.action.HOME_MODE_CHANGE qIdx=4}, state= (APP_RECEIVE) DELIVERED for app ProcessRecord{581c2e1 28597:com.sec.android.app.clockpackage/u0a86}
10-12 11:11:32.996 3435-6368/? D/GameManagerService: identifyGamePackage. com.sec.android.app.launcher
10-12 11:11:32.996 4327-4327/? W/ResourcesManager: getTopLevelResources: /system/app/SPlanner_M/SPlanner_M.apk / 1.0 running in com.sec.android.app.launcher rsrc of package com.android.calendar
10-12 11:11:32.996 4327-4327/? D/Minikin: FontFamily bestFont == NULL, so return vacant FakedFont
10-12 11:11:32.996 4327-4327/? D/Minikin: FontFamily bestFont == NULL, so return vacant FakedFont
10-12 11:11:32.996 4327-4327/? D/Minikin: FontFamily bestFont == NULL, so return vacant FakedFont
10-12 11:11:33.006 3435-6368/? D/ConnectivityService: returning getNetworkInfo for network type 1 : [type: WIFI[] - WIFI, state: CONNECTED/CONNECTED, reason: (unspecified), extra: "WLAN-198160", roaming: false, failover: false, isAvailable: true]
10-12 11:11:33.006 3435-4200/? D/ActivityManager: post active user change for 0 fullscreen true isFloatingActivity() false isHomeActivity() true
10-12 11:11:33.006 3435-4200/? I/WallpaperManagerService: switchPersonaWallpaper is called for personaId-0
10-12 11:11:33.006 3435-4200/? D/KnoxTimeoutHandler: post home show event for user 0
10-12 11:11:33.006 3435-4200/? D/KnoxTimeoutHandler: postActiveUserChange [MsgParam] userId: 0 fullscreen is true showWhenlocked is false
10-12 11:11:33.006 3435-3435/? D/WallpaperManagerService: force update = false; persona id = 0; current user =0; current persona = 0
10-12 11:11:33.006 3435-3435/? D/KnoxTimeoutHandler: handleHomeShow for 0 and current 0
10-12 11:11:33.006 3435-3435/? D/KnoxTimeoutHandler: handleActiveUserChange [MsgParam] userId: 0 fullscreen is true showWhenlocked is false
10-12 11:11:33.006 3435-6368/? D/GameManagerService: identifyGamePackage. com.sec.android.app.launcher
10-12 11:11:33.006 3435-6368/? D/GameManagerService: identifyGamePackage. com.sec.android.app.launcher
10-12 11:11:33.006 3435-3435/? I/KnoxTimeoutHandler: Shared devices show user statefalse
10-12 11:11:33.006 3004-3004/? I/SurfaceFlinger: id=435 createSurf (1440x2560),1 flag=4, MauncherAct
10-12 11:11:33.016 3435-3446/? I/art: Background partial concurrent mark sweep GC freed 91390(5MB) AllocSpace objects, 28(560KB) LOS objects, 26% free, 45MB/61MB, paused 1.641ms total 125.904ms
10-12 11:11:33.016 3435-3541/? D/StatusBarManagerService: manageDisableList userId=0 what=0x0 pkg=Window{c31806e u0 d0 com.sec.android.app.launcher/com.sec.android.app.launcher.activities.LauncherActivity}
10-12 11:11:33.016 3931-3931/? D/PhoneStatusBar: setSystemUiVisibility vis=8600 mask=ffffffff oldVal=8700 newVal=8600 diff=100
10-12 11:11:33.016 3435-4343/? D/InputDispatcher: Focus entered window: 4327
10-12 11:11:33.016 3435-3565/? D/PointerIcon: setMouseIconStyle1 pointerType: 1001 iconType:101 flag:0 pid:3435 uid:1000
10-12 11:11:33.016 3435-3565/? D/PointerIcon: setMouseCustomIcon IconType is same.101
10-12 11:11:33.016 4327-4638/? D/mali_winsys: EGLint new_window_surface(egl_winsys_display*, void*, EGLSurface, EGLConfig, egl_winsys_surface**, egl_color_buffer_format*, EGLBoolean) returns 0x3000, [1440x2560]-format:1
10-12 11:11:33.026 3435-4643/? D/InputMethodManagerService: windowGainedFocus mCurrentFocusedUserId - 0 and mSecureKeypadEnabled-false
10-12 11:11:33.026 3004-3004/? D/libEGL: eglInitialize EGLDisplay = 0x7ff090b628
10-12 11:11:33.026 8339-8339/? D/SamsungIME: IMPL finishInput
10-12 11:11:33.026 8339-8339/? D/SamsungIME: SwiftKeyWrapper writeDBdataToFileOnFinishInput
10-12 11:11:33.026 8339-8339/? D/SamsungIME: saveAndClear +
10-12 11:11:33.026 8339-8339/? D/SamsungIME: saveAndClear -
10-12 11:11:33.026 8339-8339/? D/SamsungIME: onStartInput: No inputType, No imeOption, isInputViewShown = false, isExtractViewShown = false, isShowInputRequested = false, isConfigChanged = false
10-12 11:11:33.036 3004-3004/? D/libEGL: eglInitialize EGLDisplay = 0x7ff090b628
10-12 11:11:33.046 3435-3960/? V/WindowStateAnimator: Finishing drawing window Window{c31806e u0 d0 com.sec.android.app.launcher/com.sec.android.app.launcher.activities.LauncherActivity}: mDrawState=DRAW_PENDING
10-12 11:11:33.046 4327-4327/? I/Timeline: Timeline: Activity_idle id: android.os.BinderProxy@18bec95 time:9311794
10-12 11:11:33.046 3931-3931/? D/WallpaperService: updateSurface:[forceRelayout]false[redrawNeeded]false
10-12 11:11:33.046 3931-3931/? D/ImageWallpaper: onVisibilityChanged:true
10-12 11:11:33.046 3931-3931/? D/ImageWallpaper: drawFrame:false rotation:0 mLastRotation:0
10-12 11:11:33.046 3931-3931/? D/ImageWallpaper: drawFrame:[frame.width()]2240[frame.height()]2560
10-12 11:11:33.046 3931-3931/? D/ImageWallpaper: Suppressed drawFrame since redraw is not needed and offsets have not changed.
10-12 11:11:33.046 3435-3565/? D/KnoxTimeoutHandler: notifyActivityDrawn [MsgParam] userId: 0 fullscreen is true showWhenlocked is false
10-12 11:11:33.046 3435-3435/? D/KnoxTimeoutHandler: activityDrawn [MsgParam] userId: 0 fullscreen is true showWhenlocked is false
10-12 11:11:33.046 3435-3435/? I/KnoxTimeoutHandler: SD activityfalse
10-12 11:11:33.056 3004-3004/? D/libEGL: eglInitialize EGLDisplay = 0x7ff090b628
10-12 11:11:33.066 3004-4502/? D/libEGL: eglTerminate EGLDisplay = 0x7faa2ffe78
10-12 11:11:33.066 3004-4502/? D/libEGL: eglTerminate EGLDisplay = 0x7faa2ffe78
10-12 11:11:33.076 3004-3004/? D/libEGL: eglInitialize EGLDisplay = 0x7ff090b628
10-12 11:11:33.146 3435-3870/? D/MdnieScenarioControlService: packageName : com.sec.android.app.launcher className : com.sec.android.app.launcher.activities.LauncherActivity
10-12 11:11:33.146 3435-3870/? I/MdnieScenarioControlService: mGameModeLauncher : false
10-12 11:11:33.146 3435-3870/? I/MdnieScenarioControlService: setUIMode
10-12 11:11:33.296 3435-3569/? D/DisplayPowerState: !@ [0] ColorFade entry
10-12 11:11:33.296 3435-3569/? D/PowerManagerService: [input device light] onColorFadeExit(false)
10-12 11:11:33.296 3435-3569/? D/DisplayPowerController: ColorFade: onAnimationEnd
10-12 11:11:33.296 3435-3569/? D/DisplayPowerController: animateScreenStateChange[0]: target=1
10-12 11:11:33.296 3435-3569/? D/DisplayPowerController: [M OS] 0 REPORTED_TO_POLICY_SCREEN_* -> REPORTED_TO_POLICY_SCREEN_OFF.
10-12 11:11:33.296 3435-3897/? D/lights: lcd : 0 +
10-12 11:11:33.296 4327-4327/? D/Launcher: onPause, Launcher: 61231026
10-12 11:11:33.296 4327-4327/? D/Launcher.HomeView: onPause
10-12 11:11:33.296 4327-4327/? D/Launcher.Workspace: exitWidgetResizeMode. isClearResizeFrame is false
10-12 11:11:33.296 3435-3897/? D/lights: lcd : 0 -
10-12 11:11:33.326 3435-3569/? D/SContextService: unregisterCallback() : Listener = android.hardware.scontext.SContextService$Listener@307a025, Service = Auto Rotation, used = 0
10-12 11:11:33.326 3435-3569/? W/CAE: unregisterCallback(ContextAwareService.java:206) - [unregi 01] Mutex is locked for AUTO_ROTATION
10-12 11:11:33.326 3435-3569/? V/CAE: stop(ContextProvider.java:155)
10-12 11:11:33.326 3435-3569/? V/CAE: clear(AutoRotationRunner.java:182)
10-12 11:11:33.326 3435-3569/? V/CAE: disable(AutoRotationRunner.java:171)
10-12 11:11:33.326 3435-3569/? I/CAE: sendCmdToSensorHub(SensorHubCommManager.java:162) - -78, 7, 0, 0,
10-12 11:11:33.326 3435-3569/? D/SensorHubManager: SendSensorHubData: send data = -78, 7, 0, 0
10-12 11:11:33.336 3158-8639/? D/Sensorhubs: sendContextData: -78, 7, 0, 0
10-12 11:11:33.336 29809-29809/? V/ActivityThread: updateVisibility : ActivityRecord{f78b121 token=android.os.BinderProxy@6ce0983 {acr.browser.barebones/acr.browser.lightning.activity.MainActivity}} show : false
10-12 11:11:33.336 4327-4327/? V/ActivityThread: updateVisibility : ActivityRecord{559c4a4 token=android.os.BinderProxy@18bec95 {com.sec.android.app.launcher/com.sec.android.app.launcher.activities.LauncherActivity}} show : true
10-12 11:11:33.336 4327-4327/? D/Launcher.HomeView: onStop
10-12 11:11:33.336 4327-4327/? D/capture: ----destroy
10-12 11:11:33.336 3435-3569/? D/CAE: getFaultDetectionResult(AutoRotationRunner.java:195) - true
10-12 11:11:33.336 3435-3569/? I/CAE: notifyCmdProcessResultObserver(ContextProvider.java:627) - CheckResult = 0, Cause = Success
10-12 11:11:33.346 3435-3565/? D/CustomFrequencyManagerService: releaseDVFSLockLocked : Getting Lock type frm List : DVFS_MIN_LIMIT frequency : 1872000 uid : 1000 pid : 3435 tag : ACTIVITY_RESUME_BOOSTER@3
10-12 11:11:33.346 3435-3569/? D/CAE: doCommendProcess(ContextAwareService.java:433) - complete notify the operation result.
10-12 11:11:33.346 3435-3565/? D/ActivityManager: mDVFSHelper.release()
10-12 11:11:33.346 3435-3565/? I/Timeline: Timeline: Activity_windows_visible id: ActivityRecord{b4378ba u0 com.sec.android.app.launcher/.activities.LauncherActivity t1} time:9312096
10-12 11:11:33.346 3435-3846/? D/NetworkPolicy: isUidForegroundLocked: 10207, mScreenOn: true, uidstate: 13, mProxSensorScreenOff: false
10-12 11:11:33.346 3004-3013/? I/SurfaceFlinger: id=427 Removed NainActivit (6/11)
10-12 11:11:33.346 3435-3846/? D/NetworkPolicy: isUidForegroundLocked: 10068, mScreenOn: true, uidstate: 3, mProxSensorScreenOff: false
10-12 11:11:33.346 3435-3569/? I/CAE: displayUsedCountForService(ContextAwareService.java:525) - totalCnt = 0, serviceCount = 0, subCollectionCount = 0
10-12 11:11:33.346 3435-3569/? D/CAE: showListenerList(ContextAwareService.java:366) - ===== Context Aware Service List =====
10-12 11:11:33.346 3004-4502/? I/SurfaceFlinger: id=427 Removed NainActivit (-2/11)
10-12 11:11:33.346 3435-3569/? I/CAE: showListenerList(ContextAwareService.java:375) - Listener : com.samsung.android.contextaware.manager.ContextAwareService$Listener@665895c, Service : ACTIVITY_TRACKER_CURRENT_INFO(1)
10-12 11:11:33.346 3435-3569/? I/CAE: showListenerList(ContextAwareService.java:375) - Listener : com.samsung.android.contextaware.manager.ContextAwareService$Listener@665895c, Service : ACTIVITY_TRACKER(1)
10-12 11:11:33.346 3435-3569/? I/CAE: showListenerList(ContextAwareService.java:375) - Listener : com.samsung.android.contextaware.manager.ContextAwareService$Listener@8ac2533, Service : AUTO_BRIGHTNESS(1)
10-12 11:11:33.346 3435-3569/? W/CAE: unregisterCallback(ContextAwareService.java:241) - [unregi 02] Mutex is unlocked for AUTO_ROTATION
10-12 11:11:33.356 3435-3569/? D/SContextService: .unregisterCallback : 3, client=
10-12 11:11:33.356 3435-3569/? D/SContextService: ===== SContext Service List =====
10-12 11:11:33.356 3435-3569/? D/SContextService: Listener : android.hardware.scontext.SContextService$Listener@d1390f0, Service : Auto Brightness
10-12 11:11:33.356 3435-3569/? D/SContextService: Listener : android.hardware.scontext.SContextService$Listener@9bd07ab, Service : Activity Tracker
10-12 11:11:33.356 3435-3569/? D/SContextManager: .unregisterListener : listener = com.android.server.policy.WindowOrientationListener$OrientationSensorJudge@f322a22, service=Auto Rotation
10-12 11:11:33.356 3435-3569/? V/KeyguardServiceDelegate: onScreenTurnedOff()
10-12 11:11:33.356 3931-4980/? D/KeyguardViewMediator: notifyScreenTurnedOff
10-12 11:11:33.356 3931-3931/? D/KeyguardViewMediator: handleNotifyScreenTurnedOff
10-12 11:11:33.356 3931-3931/? D/vol.SecVolumeDialog: onScreenTurnedOff()
10-12 11:11:33.356 3931-3931/? D/vol.SecVolumeDialog: dismissH reason: 4
10-12 11:11:33.356 3435-3569/? D/DisplayPowerController: mWindowManagerPolicy.screenTurnedOff(0)
10-12 11:11:33.356 3931-3931/? D/vol.SecVolumeDialog: dismissH : false
10-12 11:11:33.356 3435-3569/? D/DisplayPowerController: [Dual Screen Compatible] state[0] :1
10-12 11:11:33.356 3435-3896/? D/SContextService: unregisterCallback() : Listener = android.hardware.scontext.SContextService$Listener@d1390f0, Service = Auto Brightness, used = 0
10-12 11:11:33.356 3435-3569/? D/PowerManagerUtil: fileWriteInt to /sys/class/tcon/tcon/auto_br, 0
10-12 11:11:33.356 3435-3896/? D/AutomaticBrightnessController: [DAB] setLightSensorEnabled : unregisterListenerRunnable
10-12 11:11:33.356 3435-3896/? W/CAE: unregisterCallback(ContextAwareService.java:206) - [unregi 01] Mutex is locked for AUTO_BRIGHTNESS
10-12 11:11:33.356 3435-3569/? D/PowerManagerUtil: fileWriteInt to /sys/class/backlight/panel/auto_brightness, 0
10-12 11:11:33.356 3435-3896/? V/CAE: stop(ContextProvider.java:155)
10-12 11:11:33.356 3435-3896/? V/CAE: clear(AutoBrightnessRunner.java:297)
10-12 11:11:33.356 3435-3896/? V/CAE: disable(AutoBrightnessRunner.java:286)
10-12 11:11:33.356 3435-3569/? D/PowerManagerUtil: fileWriteInt to /sys/class/mdnie/mdnie/auto_brightness, 0
10-12 11:11:33.356 3435-3896/? I/CAE: sendCmdToSensorHub(SensorHubCommManager.java:162) - -78, 48, 0, 0,
10-12 11:11:33.356 3435-3540/? D/CustomFrequencyManagerService: acquireDVFSLockLocked : type : DVFS_MIN_LIMIT frequency : 1872000 uid : 1000 pid : 3435 pkgName : ACTIVITY_RESUME_BOOSTER@9
10-12 11:11:33.356 3435-3896/? D/SensorHubManager: SendSensorHubData: send data = -78, 48, 0, 0
10-12 11:11:33.356 3435-3541/? W/ContextImpl: Calling a method in the system process without a qualified user: android.app.ContextImpl.startService:1305 com.android.server.policy.sec.SamsungPhoneWindowManager$22.run:4514 android.os.Handler.handleCallback:739 android.os.Handler.dispatchMessage:95 android.os.Looper.loop:158
10-12 11:11:33.356 3435-3569/? D/AutomaticBrightnessController: [DAB] no lux value from sensor manager
10-12 11:11:33.356 3435-3569/? D/DisplayPowerController: getFinalBrightness : Summary is 0 -> 0
10-12 11:11:33.356 3435-3569/? D/DisplayPowerController: Animating brightness: target=0, rate=0 (PSM:false, AB limit:(-1 ~ -1) MB Limit:(-1 ~ -1))
10-12 11:11:33.356 3435-3569/? D/DisplayPowerController: animateScreenStateChange[0]: target=1
10-12 11:11:33.356 3435-3569/? D/DisplayPowerController: [Dual Screen Compatible] state[0] :1
10-12 11:11:33.356 3435-3569/? D/DisplayPowerController: getFinalBrightness : Summary is 0 -> 0
10-12 11:11:33.356 3158-3199/? D/Sensorhubs: sendContextData: -78, 48, 0, 0
10-12 11:11:33.356 3435-3569/? D/DisplayPowerController: Animating brightness: target=0, rate=0 (PSM:false, AB limit:(-1 ~ -1) MB Limit:(-1 ~ -1))
10-12 11:11:33.356 3435-30672/? D/MISC PowerHAL: sysfs_write +: /sys/class/input/event1/device/enabled: 0
10-12 11:11:33.356 3435-30671/? D/MISC PowerHAL: sysfs_write +: /sys/class/input/event0/device/enabled: 0
10-12 11:11:33.356 3435-30671/? D/MISC PowerHAL: sysfs_write -: /sys/class/input/event0/device/enabled: 0
10-12 11:11:33.356 3435-30672/? D/MISC PowerHAL: sysfs_write -: /sys/class/input/event1/device/enabled: 0
10-12 11:11:33.356 3435-3579/? D/MISC PowerHAL: sysfs_write +: /sys/class/power_supply/battery/lcd: 0
10-12 11:11:33.356 3435-3579/? D/MISC PowerHAL: sysfs_write -: /sys/class/power_supply/battery/lcd: 0
10-12 11:11:33.356 3435-3579/? D/DisplayManagerService: !@display_state: ON -> OFF brightness: 0 -> 0
10-12 11:11:33.356 3004-3004/? D/SurfaceFlinger: Set power mode=0, type=0 flinger=0x7fb2403c00
10-12 11:11:33.356 3004-3004/? I/hwcomposer: int exynos_setPowerMode(hwc_composer_device_1*, int, int):: disp(0), mode(0)
10-12 11:11:33.356 3435-3896/? D/CAE: getFaultDetectionResult(AutoBrightnessRunner.java:311) - true
10-12 11:11:33.356 3435-3896/? I/CAE: notifyCmdProcessResultObserver(ContextProvider.java:627) - CheckResult = 0, Cause = Success
10-12 11:11:33.366 3435-3565/? D/KnoxTimeoutHandler: notifyActivityDrawn [MsgParam] userId: 0 fullscreen is true showWhenlocked is false
10-12 11:11:33.366 3435-3435/? D/KnoxTimeoutHandler: activityDrawn [MsgParam] userId: 0 fullscreen is true showWhenlocked is false
10-12 11:11:33.366 4758-4758/? I/AODService: onStartCommand : action : com.samsung.android.app.aodservice.intent.action.AOD_SCREEN_OFF
10-12 11:11:33.366 3435-3565/? I/DisplayManagerService: Display device changed state: "Built-in Screen", OFF
10-12 11:11:33.366 4758-4758/? I/AODService: onCreate cause: [10-12 08:36:37.839][AOD:true, NightClock:false] (when Screen on ...)
10-12 11:11:33.366 3435-3565/? I/DisplayManagerService: Display device changed state: "ActivityViewVirtualDisplay", OFF
10-12 11:11:33.366 3435-3435/? I/KnoxTimeoutHandler: SD activityfalse
10-12 11:11:33.366 3435-3896/? D/CAE: doCommendProcess(ContextAwareService.java:433) - complete notify the operation result.
10-12 11:11:33.366 3435-3896/? I/CAE: displayUsedCountForService(ContextAwareService.java:525) - totalCnt = 0, serviceCount = 0, subCollectionCount = 0
10-12 11:11:33.366 3435-3896/? D/CAE: showListenerList(ContextAwareService.java:366) - ===== Context Aware Service List =====
10-12 11:11:33.366 3435-3896/? I/CAE: showListenerList(ContextAwareService.java:375) - Listener : com.samsung.android.contextaware.manager.ContextAwareService$Listener@665895c, Service : ACTIVITY_TRACKER_CURRENT_INFO(1)
10-12 11:11:33.366 3435-3896/? I/CAE: showListenerList(ContextAwareService.java:375) - Listener : com.samsung.android.contextaware.manager.ContextAwareService$Listener@665895c, Service : ACTIVITY_TRACKER(1)
10-12 11:11:33.366 3435-3896/? W/CAE: unregisterCallback(ContextAwareService.java:241) - [unregi 02] Mutex is unlocked for AUTO_BRIGHTNESS
10-12 11:11:33.366 3435-3896/? D/SContextService: .unregisterCallback : 2, client=
10-12 11:11:33.366 3435-3896/? D/SContextService: ===== SContext Service List =====
10-12 11:11:33.366 3435-3896/? D/SContextService: Listener : android.hardware.scontext.SContextService$Listener@9bd07ab, Service : Activity Tracker
10-12 11:11:33.366 3435-3896/? D/SContextManager: .unregisterListener : listener = com.android.server.display.AutomaticBrightnessController$6@a8f2763, service=Auto Brightness
10-12 11:11:33.366 3435-3896/? D/PowerManagerUtil: Excessive delay in SensorHubAutoBrightnessEnabled::unregisterListener done: 17ms
10-12 11:11:33.376 3435-4337/? D/WifiDisplayAdapter: getWifiDisplayStatusLocked: result=WifiDisplayStatus{featureState=2, scanState=0, activeDisplayState=0, activeDisplay=null, displays=[], sessionInfo=WifiDisplaySessionInfo: Client/Owner: Client GroupId: Passphrase: SessionId: 0 IP Address: , connectedState=-1, networkQoS=0}
10-12 11:11:33.376 3435-3474/? D/CoverManagerWhiteLists: isAllowedToUse : SIGNATURE_MATCH
10-12 11:11:33.376 4758-4758/? D/ScoverManager: registerListener
10-12 11:11:33.376 3435-4802/? D/CoverManagerWhiteLists: isAllowedToUse : SIGNATURE_MATCH
10-12 11:11:33.376 3435-4803/? D/CoverManagerWhiteLists: isAllowedToUse : SIGNATURE_MATCH
10-12 11:11:33.376 3435-4803/? D/CoverManager.StateNotifier: registerListenerCallback : binder = android.os.BinderProxy@bbe7067, pid : 4758, uid : 10000, type : 1
10-12 11:11:33.376 4758-16666/? D/AODService: onCreate register mSContextListener : com.samsung.android.app.aodservice.AODService$7@364f7c6
10-12 11:11:33.376 3435-3974/? D/SensorService: SensorEventConnection::SocketBufferSize, SystemSocketBufferSize - 102400, 2097152
10-12 11:11:33.376 3435-4825/? I/Sensors: Light old sensor_state 0, new sensor_state : 512 en : 1
10-12 11:11:33.376 3435-4200/? W/CAE: setCAProperty(ContextAwareService.java:578) - [setProperty 01] Mutex is locked for DEVICE_PHYSICAL_CONTEXT_MONITOR
10-12 11:11:33.376 3435-4200/? I/CAE: sendCmdToSensorHub(SensorHubCommManager.java:162) - -63, 23, 56, 4, 0, 0, 0, 1, 2,
10-12 11:11:33.376 3435-4200/? D/SensorHubManager: SendSensorHubData: send data = -63, 23, 56, 4, 0, 0, 0, 1, 2
10-12 11:11:33.376 3158-3158/? D/Sensorhubs: sendContextData: -63, 23, 56, 4, 0, 0, 0, 1, 2
10-12 11:11:33.376 4758-4758/? D/SensorManager: registerListener :: 6, TMD4093 RGB Sensor, 200000, 0,
10-12 11:11:33.376 4758-4758/? D/AODService: registerBatteryReceiver
10-12 11:11:33.376 4758-4758/? D/BatteryController: saveBatteryData : level[82], status[2]
10-12 11:11:33.376 4758-4758/? D/AODService: Cover coverOpen[true], isBlackListCover(type)[false]
10-12 11:11:33.376 4758-4758/? D/AODService.ClockTimer: ClockTimer:start : true
10-12 11:11:33.376 4758-4758/? D/AODService.ClockTimer: observe start aod
10-12 11:11:33.376 4758-4758/? D/AODService.ClockTimer: notifyWakeUp
10-12 11:11:33.386 4758-4758/? V/BatteryController: getBatteryLevel[82.0], batteryStatus[2]
10-12 11:11:33.386 3435-4643/? D/SettingsProvider: isChangeAllowed() : name = aod_show_state
10-12 11:11:33.386 3435-4200/? I/CAE: setCAProperty(ContextAwareService.java:583) - result : true
10-12 11:11:33.386 3435-4643/? D/SettingsProvider: edmUri: content://com.sec.knox.provider/RestrictionPolicy3
10-12 11:11:33.386 3435-4643/? D/SecContentProvider: query(), uri = 17 selection = isSettingsChangesAllowed
10-12 11:11:33.386 3435-4643/? D/SettingsProvider: projectionArgs: isSettingsChangesAllowed
10-12 11:11:33.386 3435-4200/? W/CAE: setCAProperty(ContextAwareService.java:584) - [setProperty 02] Mutex is unlocked for DEVICE_PHYSICAL_CONTEXT_MONITOR
10-12 11:11:33.386 3435-4643/? D/SettingsProvider: selectionArgs: false
10-12 11:11:33.386 3435-4200/? W/CAE: registerCallback(ContextAwareService.java:144) - [regi 01] Mutex is locked for DEVICE_PHYSICAL_CONTEXT_MONITOR
10-12 11:11:33.386 3435-4643/? D/SettingsProvider: selectionArgs: 10000
10-12 11:11:33.386 3435-4200/? V/CAE: start(ContextProvider.java:128)
10-12 11:11:33.386 3435-4200/? V/CAE: clear(DevicePhysicalContextMonitorRunner.java:497)
10-12 11:11:33.386 3435-4643/? D/SettingsProvider: ret = -1
10-12 11:11:33.386 3435-4200/? V/CAE: enable(DevicePhysicalContextMonitorRunner.java:471)
10-12 11:11:33.386 3435-4200/? I/CAE: sendCmdToSensorHub(SensorHubCommManager.java:162) - -79, 56, 0, 9, 11, 33,
10-12 11:11:33.386 3435-4200/? D/SensorHubManager: SendSensorHubData: send data = -79, 56, 0, 9, 11, 33
10-12 11:11:33.386 3158-8639/? D/Sensorhubs: sendContextData: -79, 56, 0, 9, 11, 33
10-12 11:11:33.386 4758-4758/? E/SettingsUtils: setAODShowState config = 1
10-12 11:11:33.386 4758-4758/? D/AlpmModeManager: setFirstStartALPM() initialize value
10-12 11:11:33.386 4758-4758/? D/AODService: createWindow
10-12 11:11:33.386 4758-4758/? I/AODUpdatePositionController: initPosition : X[-29], Y[147] Rect(-50, 0 - 50, 920)
10-12 11:11:33.386 3435-4200/? D/CAE: getFaultDetectionResult(DevicePhysicalContextMonitorRunner.java:521) - true
10-12 11:11:33.386 4758-4758/? D/Minikin: FontFamily bestFont == NULL, so return vacant FakedFont
10-12 11:11:33.386 4758-4758/? D/Minikin: FontFamily bestFont == NULL, so return vacant FakedFont
10-12 11:11:33.386 4758-4758/? D/Minikin: FontFamily bestFont == NULL, so return vacant FakedFont
10-12 11:11:33.386 3435-4200/? I/CAE: notifyCmdProcessResultObserver(ContextProvider.java:627) - CheckResult = 0, Cause = Success
10-12 11:11:33.386 4758-4758/? D/Minikin: FontFamily bestFont == NULL, so return vacant FakedFont
10-12 11:11:33.386 4758-4758/? D/Minikin: FontFamily bestFont == NULL, so return vacant FakedFont
10-12 11:11:33.386 4758-4758/? D/Minikin: FontFamily bestFont == NULL, so return vacant FakedFont
10-12 11:11:33.386 4758-4758/? D/Minikin: FontFamily bestFont == NULL, so return vacant FakedFont
10-12 11:11:33.386 4758-4758/? D/Minikin: FontFamily bestFont == NULL, so return vacant FakedFont
10-12 11:11:33.386 4758-4758/? D/Minikin: FontFamily bestFont == NULL, so return vacant FakedFont
10-12 11:11:33.396 4758-4758/? I/DefaultClockView: composeDefaultClockView: Selected clock = 0
10-12 11:11:33.396 4758-4758/? D/BatteryMeterView: BatteryMeterView
10-12 11:11:33.396 4758-4758/? D/Minikin: FontFamily bestFont == NULL, so return vacant FakedFont
10-12 11:11:33.396 4758-4758/? D/Minikin: FontFamily bestFont == NULL, so return vacant FakedFont
10-12 11:11:33.396 4758-4758/? D/Minikin: FontFamily bestFont == NULL, so return vacant FakedFont
10-12 11:11:33.396 3435-4200/? D/CAE: doCommendProcess(ContextAwareService.java:433) - complete notify the operation result.
10-12 11:11:33.396 3435-4200/? I/CAE: displayUsedCountForService(ContextAwareService.java:525) - totalCnt = 1, serviceCount = 1, subCollectionCount = 0
10-12 11:11:33.396 3435-4200/? D/CAE: showListenerList(ContextAwareService.java:366) - ===== Context Aware Service List =====
10-12 11:11:33.396 3435-4200/? I/CAE: showListenerList(ContextAwareService.java:375) - Listener : com.samsung.android.contextaware.manager.ContextAwareService$Listener@665895c, Service : ACTIVITY_TRACKER_CURRENT_INFO(1)
10-12 11:11:33.396 3435-4200/? I/CAE: showListenerList(ContextAwareService.java:375) - Listener : com.samsung.android.contextaware.manager.ContextAwareService$Listener@665895c, Service : ACTIVITY_TRACKER(1)
10-12 11:11:33.396 3435-4200/? I/CAE: showListenerList(ContextAwareService.java:375) - Listener : com.samsung.android.contextaware.manager.ContextAwareService$Listener@a29f9fe, Service : DEVICE_PHYSICAL_CONTEXT_MONITOR(1)
10-12 11:11:33.396 3435-4200/? W/CAE: registerCallback(ContextAwareService.java:180) - [regi 02] Mutex is unlocked for DEVICE_PHYSICAL_CONTEXT_MONITOR
10-12 11:11:33.396 3435-4200/? D/SContextService: .registerCallback : 2, client=
10-12 11:11:33.396 3435-4200/? D/SContextService: ===== SContext Service List =====
10-12 11:11:33.396 3435-4200/? D/SContextService: Listener : android.hardware.scontext.SContextService$Listener@9bd07ab, Service : Activity Tracker
10-12 11:11:33.396 3435-4200/? D/SContextService: Listener : android.hardware.scontext.SContextService$Listener@67f055f, Service : Device Physical Context Monitor
10-12 11:11:33.396 4758-16666/? D/SContextManager: .registerListener : listener = com.samsung.android.app.aodservice.AODService$7@364f7c6, service=Device Physical Context Monitor
10-12 11:11:33.396 4758-4758/? D/DefaultClockView: LocalTime Pattern : HH:mm
10-12 11:11:33.396 3435-4802/? W/CAE: setCAProperty(ContextAwareService.java:578) - [setProperty 01] Mutex is locked for DEVICE_PHYSICAL_CONTEXT_MONITOR
10-12 11:11:33.396 4758-4758/? I/AODUpdatePositionController: updatePosition: start current clock, Current X[-29] Current Y[147] NewPositionTimer[60]
10-12 11:11:33.396 3435-4802/? I/CAE: sendCmdToSensorHub(SensorHubCommManager.java:162) - -63, 23, 56, 3, 1, 2, 88,
10-12 11:11:33.396 3435-4802/? D/SensorHubManager: SendSensorHubData: send data = -63, 23, 56, 3, 1, 2, 88
10-12 11:11:33.396 3158-3199/? D/Sensorhubs: sendContextData: -63, 23, 56, 3, 1, 2, 88
10-12 11:11:33.396 4758-4758/? D/TimeViewHolder: onTimeUpdate: timeZone:libcore.util.ZoneInfo[id="Europe/Berlin",mRawOffset=3600000,mEarliestRawOffset=3600000,mUseDst=true,mDstSavings=3600000,transitions=144] isSplitHour:false isSingleView:false isAMPMonLeft:null time01: 11:11 time02: null ampm: null
10-12 11:11:33.406 4758-4758/? D/RoamingTimeViewHolder: isDualClockSetting :: true isHomeTimeZoneExist :: false isEasyUxON :: false Utils.isRoaming(mContext) :: false
10-12 11:11:33.406 3435-4802/? I/CAE: setCAProperty(ContextAwareService.java:583) - result : true
10-12 11:11:33.406 4758-4758/? D/RoamingTimeViewHolder: getHomeCalendar : No homecity_timezone, set as default : (libcore.util.ZoneInfo[id="Europe/Berlin",mRawOffset=3600000,mEarliestRawOffset=3600000,mUseDst=true,mDstSavings=3600000,transitions=144])
10-12 11:11:33.406 3435-4802/? W/CAE: setCAProperty(ContextAwareService.java:584) - [setProperty 02] Mutex is unlocked for DEVICE_PHYSICAL_CONTEXT_MONITOR
10-12 11:11:33.406 4758-4758/? D/RoamingTimeViewHolder: onTimeUpdate: isVisible:false timeZone:libcore.util.ZoneInfo[id="Europe/Berlin",mRawOffset=3600000,mEarliestRawOffset=3600000,mUseDst=true,mDstSavings=3600000,transitions=144] text:Wed, 12 Oct 11:11
10-12 11:11:33.406 4758-4758/? D/DefaultClockView: show
10-12 11:11:33.406 3435-4343/? W/CAE: setCAProperty(ContextAwareService.java:578) - [setProperty 01] Mutex is locked for DEVICE_PHYSICAL_CONTEXT_MONITOR
10-12 11:11:33.406 3435-4343/? I/CAE: sendCmdToSensorHub(SensorHubCommManager.java:162) - -63, 23, 56, 3, 2, 0, 3,
10-12 11:11:33.406 3435-4343/? D/SensorHubManager: SendSensorHubData: send data = -63, 23, 56, 3, 2, 0, 3
10-12 11:11:33.406 3158-3158/? D/Sensorhubs: sendContextData: -63, 23, 56, 3, 2, 0, 3
10-12 11:11:33.406 4758-4758/? D/ViewRootImpl: #1 mView = com.samsung.android.app.aodservice.nightclock.DefaultClockView{29da775 V.E...... ......ID 0,0-0,0}
10-12 11:11:33.406 3435-4343/? I/CAE: setCAProperty(ContextAwareService.java:583) - result : true
10-12 11:11:33.406 3435-4343/? W/CAE: setCAProperty(ContextAwareService.java:584) - [setProperty 02] Mutex is unlocked for DEVICE_PHYSICAL_CONTEXT_MONITOR
10-12 11:11:33.406 3435-3474/? W/CAE: setCAProperty(ContextAwareService.java:578) - [setProperty 01] Mutex is locked for DEVICE_PHYSICAL_CONTEXT_MONITOR
10-12 11:11:33.406 3435-3474/? I/CAE: sendCmdToSensorHub(SensorHubCommManager.java:162) - -63, 23, 56, 3, 3, 0, 60,
