10-12 11:11:14.326 8339-8339/? W/System.err: mkdir failed: EEXIST (File exists) : /data/user/0/com.sec.android.inputmethod/app_SwiftKey/user
10-12 11:11:14.336 8339-8339/? D/SamsungIME: [loadLanguageModels] isChangePersonalizedData = false
10-12 11:11:14.336 8339-8339/? D/SamsungIME: [loadLanguageModels] loadLanguageforcely = false
10-12 11:11:14.336 8339-8339/? I/SamsungIME: getCurrentKeyboard
10-12 11:11:14.336 8339-8339/? I/SamsungIME: getTextKeyboard
10-12 11:11:14.336 8339-8339/? I/SamsungIME: CarMode is off
10-12 11:11:14.336 8339-8339/? D/SamsungIME: mDisplayWidth is 1440
10-12 11:11:14.336 8339-8339/? D/SamsungIME: mDisplayHeight is 2560
10-12 11:11:14.336 8339-8339/? D/SamsungIME: isOrientationLandscape false
10-12 11:11:14.336 8339-8339/? D/SamsungIME: mDisplayWidth is 1440
10-12 11:11:14.336 8339-8339/? D/SamsungIME: mDisplayHeight is 2560
10-12 11:11:14.336 8339-8339/? D/SamsungIME: isOrientationLandscape false
10-12 11:11:14.336 8339-8339/? D/SamsungIME: mIsUseStaticTouchRecognizedArea = false
10-12 11:11:14.336 8339-8339/? D/SamsungIME: [SwiftkeyWrapper] currentLangauge : 1701726018
10-12 11:11:14.336 8339-8339/? D/SamsungIME: Skip dismiss ExpandCandidate. it will be post-invalidated later
10-12 11:11:14.336 8339-8339/? D/SamsungIME: startInputViewContinue : true true
10-12 11:11:14.346 8339-8339/? D/SamsungIME: [showDiscoverability] this is auto replacement discoverity popup
10-12 11:11:14.346 8339-8339/? D/SamsungIME: conditions for show dialog : true true true false
10-12 11:11:14.346 8339-8339/? D/SamsungIME: showDlgMsgBox : true true true
10-12 11:11:14.346 8339-8339/? D/SamsungIME: showDlgMsgBox inner condition : true true
10-12 11:11:14.346 8339-8339/? I/SamsungIME: [IMI] startInputView - caller pid : 29809, caller uid : 10207
10-12 11:11:14.346 8339-30588/? D/InputMethodFrameWorkUtils: InputMethodSubtype is found as local:en_GB
10-12 11:11:14.346 8339-30588/? D/InputMethodFrameWorkUtils: InputMethodSubtype is set as local:en_GB
10-12 11:11:14.346 3435-4802/? D/ApplicationPolicy: isStatusBarNotificationAllowedAsUser: packageName = android,userId = -1
10-12 11:11:14.346 8339-8339/? D/SamsungIME: onWindowShown
10-12 11:11:14.346 3435-3435/? W/ResourcesManager: getTopLevelResources: /system/framework/framework-res.apk / 1.0 running in null rsrc of package android
10-12 11:11:14.346 3435-3435/? D/MARsPolicyManager: NotificationListenerService OngoingNotificationPosted : android
10-12 11:11:14.346 3435-3435/? D/InputMethodManagerService: [HARDWARE_KEYBOARD] (refreshImeWindowVis) mImeWindowVis= 3 inputVisible = truehaveHardKeyboard = false hardKeyShown = false
10-12 11:11:14.346 3435-4341/? D/ApplicationPolicy: isStatusBarNotificationAllowedAsUser: packageName = android,userId = -1
10-12 11:11:14.346 3435-3435/? D/MARsPolicyManager: NotificationListenerService OngoingNotificationPosted : android
10-12 11:11:14.346 3004-3004/? I/SurfaceFlinger: id=432 createSurf (1440x1384),1 flag=4, JnputMethod
10-12 11:11:14.356 8339-21199/? D/mali_winsys: EGLint new_window_surface(egl_winsys_display*, void*, EGLSurface, EGLConfig, egl_winsys_surface**, egl_color_buffer_format*, EGLBoolean) returns 0x3000, [1440x1384]-format:1
10-12 11:11:14.356 3931-3931/? D/KnoxNotification: ----- inflateViews : modified publicViewLocal -----
10-12 11:11:14.366 3931-3931/? D/KnoxNotification: ----- inflateViews : modified KnoxViewLocal -----
10-12 11:11:14.366 3931-3931/? D/NotificationStackScrollLayout: scroll range should be extended : 1600
10-12 11:11:14.366 3931-3931/? D/NotificationStackScrollLayout: scroll range should be extended : 1600
10-12 11:11:14.366 3931-3931/? D/PhoneStatusBar: setAreThereNotifications: N=3 any=true clearable=false
10-12 11:11:14.366 8339-8339/? D/SamsungIME: Skip dismiss ExpandCandidate. it will be post-invalidated later
10-12 11:11:14.366 3931-3931/? D/PhoneStatusBar: setAreThereNotifications: N=3 any=true clearable=false
10-12 11:11:14.366 8339-8339/? D/SamsungIME_UnifiedIME: AbstractCandidateLayout, getView position value is get view 0
10-12 11:11:14.366 8339-8339/? D/SamsungIME: < REMOVE TEST > isNextWordPredictionSymbol 1: true
10-12 11:11:14.366 8339-8339/? D/SamsungIME_UnifiedIME: AbstractCandidateLayout, getView position value is get view 1
10-12 11:11:14.366 8339-8339/? D/SamsungIME: < REMOVE TEST > isNextWordPredictionSymbol 1: true
10-12 11:11:14.366 8339-8339/? D/SamsungIME_UnifiedIME: AbstractCandidateLayout, getView position value is get view 2
10-12 11:11:14.366 8339-8339/? D/SamsungIME: < REMOVE TEST > isNextWordPredictionSymbol 1: true
10-12 11:11:14.366 3931-3931/? D/NotificationStackScrollLayout: scroll range should be extended : 1600
10-12 11:11:14.366 3931-3931/? D/NotificationStackScrollLayout: scroll range should be extended : 1600
10-12 11:11:14.366 3931-3931/? D/NotificationStackScrollLayout: scroll range should be extended : 1600
10-12 11:11:14.376 8339-8339/? E/SamsungIME: - onDraw() called
10-12 11:11:14.376 8339-8339/? I/SamsungIME: drawAllKey
10-12 11:11:14.396 8339-8339/? D/SamsungIME: disable handwriting input icon : handwriting is not enabled or improper edit field
10-12 11:11:14.396 8339-8339/? D/SamsungIME: disable handwriting input icon : handwriting is not enabled or improper edit field
10-12 11:11:14.396 8339-8339/? D/SamsungIME: disable handwriting input icon : handwriting is not enabled or improper edit field
10-12 11:11:14.396 8339-8339/? D/SamsungIME: disable handwriting input icon : handwriting is not enabled or improper edit field
10-12 11:11:14.406 3435-3992/? V/WindowStateAnimator: Finishing drawing window Window{c4bef86 u0 d0 InputMethod}: mDrawState=DRAW_PENDING
10-12 11:11:14.406 8339-8339/? E/SamsungIME: - onDraw() called
10-12 11:11:14.406 8339-8339/? D/SamsungIME: SwiftkeyWrapper-checkCurrentSequence : use IC
10-12 11:11:14.406 29809-29809/? D/ViewRootImpl: MSG_RESIZED: ci=Rect(0, 96 - 0, 1128) vi=Rect(0, 96 - 0, 1128) or=1
10-12 11:11:14.416 3004-3004/? D/libEGL: eglInitialize EGLDisplay = 0x7ff090b628
10-12 11:11:14.436 3004-3004/? D/libEGL: eglInitialize EGLDisplay = 0x7ff090b628
10-12 11:11:14.446 8339-8339/? D/SamsungIME: Skip dismiss ExpandCandidate. it will be post-invalidated later
10-12 11:11:14.456 8339-8339/? D/SamsungIME_UnifiedIME: AbstractCandidateLayout, getView position value is get view 0
10-12 11:11:14.456 8339-8339/? D/SamsungIME: < REMOVE TEST > isNextWordPredictionSymbol 1: true
10-12 11:11:14.456 8339-8339/? D/SamsungIME_UnifiedIME: AbstractCandidateLayout, getView position value is get view 1
10-12 11:11:14.456 8339-8339/? D/SamsungIME: < REMOVE TEST > isNextWordPredictionSymbol 1: true
10-12 11:11:14.456 8339-8339/? D/SamsungIME_UnifiedIME: AbstractCandidateLayout, getView position value is get view 2
10-12 11:11:14.456 8339-8339/? D/SamsungIME: < REMOVE TEST > isNextWordPredictionSymbol 1: true
10-12 11:11:14.546 8339-8339/? D/SamsungIME: SwiftkeyWrapper-checkCurrentSequence : use IC
10-12 11:11:14.546 8339-8339/? D/SamsungIME: Skip dismiss ExpandCandidate. it will be post-invalidated later
10-12 11:11:14.556 8339-8339/? D/SamsungIME_UnifiedIME: AbstractCandidateLayout, getView position value is get view 0
10-12 11:11:14.556 8339-8339/? D/SamsungIME: < REMOVE TEST > isNextWordPredictionSymbol 1: true
10-12 11:11:14.556 8339-8339/? D/SamsungIME_UnifiedIME: AbstractCandidateLayout, getView position value is get view 1
10-12 11:11:14.556 8339-8339/? D/SamsungIME: < REMOVE TEST > isNextWordPredictionSymbol 1: true
10-12 11:11:14.556 8339-8339/? D/SamsungIME_UnifiedIME: AbstractCandidateLayout, getView position value is get view 2
10-12 11:11:14.556 8339-8339/? D/SamsungIME: < REMOVE TEST > isNextWordPredictionSymbol 1: true
10-12 11:11:14.716 3435-4825/? D/CustomFrequencyManagerService: releaseDVFSLockLocked : Getting Lock type frm List : DVFS_MIN_LIMIT frequency : 1976000 uid : 1000 pid : 3435 tag : com.sec.android.inputmethod@1
10-12 11:11:14.776 3004-3004/? D/libEGL: eglInitialize EGLDisplay = 0x7ff090b628
10-12 11:11:14.836 3435-3821/? D/InputReader: Input event(4): value=1 when=9293587010000
10-12 11:11:14.836 3435-3821/? D/InputReader: Input event(4): value=1 when=9293587010000
10-12 11:11:14.836 3435-3821/? I/InputReader: Touch event's action is 0x0 (deviceType=0) [pCnt=1, s=0.686 ] when=9293587010000
10-12 11:11:14.836 3435-3821/? D/InputReader: lastThreadEndTime = 9293053962544, currentThreadStartTime = 9293053967352, diff = 0
10-12 11:11:14.836 3435-3820/? I/InputDispatcher: Delivering touch to (3931): action: 0x4, toolType: 1
10-12 11:11:14.836 3435-3820/? I/InputDispatcher: Delivering touch to (29809): action: 0x0, toolType: 1
10-12 11:11:14.836 3435-3820/? D/PowerManagerService: [api] userActivityFromNative : 60 (event: 2 flags: 0) eventTime = 9293587
10-12 11:11:14.836 29809-29809/? D/ViewRootImpl: ViewPostImeInputStage processPointer 0
10-12 11:11:14.906 3435-3821/? D/InputReader: Input event(4): value=0 when=9293651646000
10-12 11:11:14.906 3435-3821/? D/InputReader: Input event(4): value=0 when=9293651646000
10-12 11:11:14.906 3435-3821/? I/InputReader: Touch event's action is 0x1 (deviceType=0) [pCnt=1, s=] when=9293651646000
10-12 11:11:14.906 3435-3820/? I/InputDispatcher: Delivering touch to (29809): action: 0x1, toolType: 1
10-12 11:11:14.906 29809-29809/? D/ViewRootImpl: ViewPostImeInputStage processPointer 1
10-12 11:11:14.906 29809-29809/? W/ClipboardExManager: getData : 2, -1, null
10-12 11:11:14.906 3435-3960/? D/SecContentProvider: query(), uri = 15 selection = isClipboardAllowedAsUser
10-12 11:11:14.906 3435-3960/? D/SecContentProvider: query(), uri = 15 selection = isClipboardShareAllowedAsUser
10-12 11:11:14.906 3435-3960/? D/ClipboardExService: getLatestItem : false
10-12 11:11:14.906 3435-3960/? E/ClipboardDataMgr: in own condtnthis Text class. Value is http://www.bbc.com/c 1476263457453
10-12 11:11:14.906 3435-3960/? E/ClipboardDataMgr: before return latestdatalthis Text class. Value is http://www.bbc.com/c
10-12 11:11:14.906 3435-3960/? I/ClipboardExService: owner copy and paste cdData
10-12 11:11:14.916 29809-29809/? D/ViewRootImpl: #3 mView = null
10-12 11:11:14.926 3004-3013/? D/libEGL: eglTerminate EGLDisplay = 0x7fb2180e78
10-12 11:11:14.926 3004-3013/? D/libEGL: eglTerminate EGLDisplay = 0x7fb2180e78
10-12 11:11:14.926 29809-29809/? D/ViewRootImpl: #3 mView = null
10-12 11:11:14.926 3004-3015/? I/SurfaceFlinger: id=431 Removed QopupWindow (7/12)
10-12 11:11:14.926 3004-4000/? I/SurfaceFlinger: id=431 Removed QopupWindow (-2/12)
10-12 11:11:14.936 29809-29809/? W/DisplayListCanvas: DisplayListCanvas is started on unbinded RenderNode (without mOwningView)
10-12 11:11:14.936 3004-3004/? D/libEGL: eglTerminate EGLDisplay = 0x7ff090b748
10-12 11:11:14.946 29809-29809/? D/AbsListView: Get MotionRecognitionManager
10-12 11:11:14.956 29809-29809/? D/ViewRootImpl: #1 mView = android.widget.PopupWindow$PopupDecorView{78bdc3f V.E...... ......I. 0,0-0,0}
10-12 11:11:14.956 3435-4341/? D/ISSUE_DEBUG: InputChannelName : b538395 PopupWindow:55a605e
10-12 11:11:14.966 8339-8339/? E/SamsungIME: - onDraw() called
10-12 11:11:15.026 3004-3004/? I/SurfaceFlinger: id=433 createSurf (257x257),1 flag=4, QopupWindow
10-12 11:11:15.046 29809-29828/? D/mali_winsys: EGLint new_window_surface(egl_winsys_display*, void*, EGLSurface, EGLConfig, egl_winsys_surface**, egl_color_buffer_format*, EGLBoolean) returns 0x3000, [1696x449]-format:1
10-12 11:11:15.056 3004-3013/? I/SurfaceFlinger: id=430 Removed QopupWindow (4/12)
10-12 11:11:15.056 3004-3015/? I/SurfaceFlinger: id=430 Removed QopupWindow (-2/12)
10-12 11:11:15.076 3004-3004/? D/libEGL: eglTerminate EGLDisplay = 0x7ff090b748
10-12 11:11:15.106 29809-29809/? W/DisplayListCanvas: DisplayListCanvas is started on unbinded RenderNode (without mOwningView)
10-12 11:11:15.126 3435-4200/? V/WindowStateAnimator: Finishing drawing window Window{b538395 u0 d0 PopupWindow:55a605e}: mDrawState=DRAW_PENDING
10-12 11:11:15.126 29809-29809/? D/ViewRootImpl: MSG_RESIZED_REPORT: ci=Rect(0, 0 - 0, 0) vi=Rect(0, 0 - 0, 0) or=1
10-12 11:11:15.126 8339-8339/? D/SamsungIME: SwiftkeyWrapper-checkCurrentSequence : use IC
10-12 11:11:15.126 3004-3004/? D/libEGL: eglInitialize EGLDisplay = 0x7ff090b628
10-12 11:11:15.136 3435-3565/? D/KnoxTimeoutHandler: notifyActivityDrawn [MsgParam] userId: 0 fullscreen is true showWhenlocked is false
10-12 11:11:15.136 3435-3435/? D/KnoxTimeoutHandler: activityDrawn [MsgParam] userId: 0 fullscreen is true showWhenlocked is false
10-12 11:11:15.136 3435-3435/? I/KnoxTimeoutHandler: SD activityfalse
10-12 11:11:15.136 3435-4802/? V/WindowStateAnimator: Finishing drawing window Window{b538395 u0 d0 PopupWindow:55a605e}: mDrawState=HAS_DRAWN
10-12 11:11:15.136 3004-3004/? D/libEGL: eglInitialize EGLDisplay = 0x7ff090b628
10-12 11:11:15.166 8339-8339/? D/SamsungIME: Skip dismiss ExpandCandidate. it will be post-invalidated later
10-12 11:11:15.176 8339-8339/? D/SamsungIME_UnifiedIME: AbstractCandidateLayout, getView position value is get view 0
10-12 11:11:16.096 3435-6368/? D/SSRM:n: SIOP:: AP = 290, PST = 286 (W:14), CP = 227, CUR = 75, LCD = 65
10-12 11:11:16.206 3435-3821/? D/InputReader: Input event(4): value=1 when=9294951297000
10-12 11:11:16.206 3435-3821/? D/InputReader: Input event(4): value=1 when=9294951297000
10-12 11:11:16.206 3435-3821/? I/InputReader: Touch event's action is 0x0 (deviceType=0) [pCnt=1, s=0.687 ] when=9294951297000
10-12 11:11:16.206 3435-3821/? D/InputReader: lastThreadEndTime = 9293651931851, currentThreadStartTime = 9293651935390, diff = 0
10-12 11:11:16.206 3435-3820/? I/InputDispatcher: Delivering touch to (3931): action: 0x4, toolType: 1
10-12 11:11:16.206 3435-3820/? I/InputDispatcher: Delivering touch to (8339): action: 0x0, toolType: 1
10-12 11:11:16.206 8339-8339/? D/ViewRootImpl: ViewPostImeInputStage processPointer 0
10-12 11:11:16.206 8339-8339/? D/jisu: mMiniKeyboardOnScreen=false, pointerCount=1, action=0, eventTime9294951, index=0, id=0
10-12 11:11:16.206 8339-8572/? D/SamsungIME: vib call
10-12 11:11:16.206 8339-8572/? V/Vibrator: Called vibrate(int, int, AudioAttributes, MagnitudeTypes) API - PUID: 10138, repeat: -1, PackageName: com.sec.android.inputmethod, MagnitudeType: TouchMagnitude
10-12 11:11:16.206 8339-8572/? V/Vibrator: vibrate - PUID: 10138, PackageName: com.sec.android.inputmethod, type: 50025, repeat: -1, mag: 6000, AudioAttr : null
10-12 11:11:16.206 3435-3960/? V/VibratorService: vibratePatternMagnitude - package: com.sec.android.inputmethod, repeat: -1, token: android.os.BinderProxy@b5c411, mag: 6000
10-12 11:11:16.206 3435-3960/? D/VibratorService: Turning vibrator off
10-12 11:11:16.216 3435-30590/? D/VibratorService: vibratorOn() : 7ms, magnitude :6000
10-12 11:11:16.216 8339-8339/? D/jisu: mMiniKeyboardOnScreen=false, pointerCount=1, action=2, eventTime9294958, index=0, id=0
10-12 11:11:16.216 8339-8339/? E/SamsungIME: - onDraw() called
10-12 11:11:16.236 8339-8339/? D/jisu: mMiniKeyboardOnScreen=false, pointerCount=1, action=2, eventTime9294975, index=0, id=0
10-12 11:11:16.246 8339-8339/? D/jisu: mMiniKeyboardOnScreen=false, pointerCount=1, action=2, eventTime9294992, index=0, id=0
10-12 11:11:16.266 8339-8339/? D/jisu: mMiniKeyboardOnScreen=false, pointerCount=1, action=2, eventTime9295004, index=0, id=0
10-12 11:11:16.266 3435-3821/? D/InputReader: Input event(4): value=0 when=9295016593000
10-12 11:11:16.266 3435-3821/? D/InputReader: Input event(4): value=0 when=9295016593000
10-12 11:11:16.266 3435-3821/? I/InputReader: Touch event's action is 0x1 (deviceType=0) [pCnt=1, s=] when=9295016593000
10-12 11:11:16.266 3435-3820/? I/InputDispatcher: Delivering touch to (8339): action: 0x1, toolType: 1
10-12 11:11:16.266 8339-8339/? D/ViewRootImpl: ViewPostImeInputStage processPointer 1
10-12 11:11:16.266 8339-8339/? D/jisu: mMiniKeyboardOnScreen=false, pointerCount=1, action=1, eventTime9295016, index=0, id=0
10-12 11:11:16.266 8339-8339/? I/SamsungIME: [AKV] detectAndSendKey - index : 44, mCurrentInputMethod : 0, mInputLanguage : 1701726018
10-12 11:11:16.276 3435-3474/? E/BoostFramework: Exception java.lang.NullPointerException: Attempt to invoke virtual method 'java.lang.Object java.lang.reflect.Method.invoke(java.lang.Object, java.lang.Object[])' on a null object reference
10-12 11:11:16.276 8339-8339/? D/SamsungIME: disable handwriting input icon : handwriting is not enabled or improper edit field
10-12 11:11:16.276 8339-8339/? D/SamsungIME: disable handwriting input icon : handwriting is not enabled or improper edit field
10-12 11:11:16.276 8339-8339/? E/KeyboardInfoUtils: getInstance start
10-12 11:11:16.276 8339-8339/? E/KeyboardInfoUtils: sendSIPInformation state:6 isAbstractKeyboardView : true
10-12 11:11:16.276 8339-8339/? E/KeyboardInfoUtils: sending null keyboardInfo as SIP is closed
10-12 11:11:16.276 3435-3435/? D/LightsService: [api] [SvcLED] turnOff:: id = 6 (uid: 1000 pid: 3435)
10-12 11:11:16.276 3435-3435/? D/LightsService: [SvcLED] setSvcLedStateLocked:: SvcLEDState : 0x0 -> 0x0 | SvcLED(id=6) set Off
10-12 11:11:16.276 3435-3435/? D/EdgeLight: Turning off
10-12 11:11:16.286 3435-3576/? D/LightsService: [SvcLED] handleForcedSvcLEDTask()
10-12 11:11:16.286 3435-3576/? D/LightsService: [SvcLED] setSvcLedLightLocked :: Current SvcLED(id=5) maintains its priority right
10-12 11:11:16.286 3435-3435/? D/MARsPolicyManager: NotificationListenerService OngoingNotificationRemoved : android
10-12 11:11:16.286 8339-8339/? D/SamsungIME: onWindowHidden
10-12 11:11:16.286 8339-8339/? D/SamsungIME: notifyWindowStateChanged Window Hidden. AutoText consider to shutdown
10-12 11:11:16.286 3435-3435/? D/InputMethodManagerService: [HARDWARE_KEYBOARD] (refreshImeWindowVis) mImeWindowVis= 0 inputVisible = falsehaveHardKeyboard = false hardKeyShown = false
10-12 11:11:16.286 3004-3013/? D/libEGL: eglTerminate EGLDisplay = 0x7fb2180e78
10-12 11:11:16.296 3931-3931/? D/NotificationStackScrollLayout: scroll range should be extended : 1600
10-12 11:11:16.296 29809-29809/? D/ViewRootImpl: #3 mView = null
10-12 11:11:16.296 3004-4135/? D/libEGL: eglTerminate EGLDisplay = 0x7faa3fee78
10-12 11:11:16.296 3004-4135/? D/libEGL: eglTerminate EGLDisplay = 0x7faa3fee78
10-12 11:11:16.296 3931-3931/? D/PhoneStatusBar: removeNotification key=-1|android|17040375|InputMethodManagerService_Noti|1000 old=StatusBarNotification(pkg=android user=UserHandle{-1} id=17040375 tag=InputMethodManagerService_Noti score=-20 key=-1|android|17040375|InputMethodManagerService_Noti|1000: Notification(pri=-2 contentView=android/0x10900a3 vibrate=null sound=null defaults=0x0 flags=0x1002 color=0x00000000 category=sys vis=PRIVATE secFlags=0x0 secPriority=0))
10-12 11:11:16.296 3931-3931/? D/PhoneStatusBar: setAreThereNotifications: N=2 any=true clearable=false
10-12 11:11:16.306 3931-3931/? D/NotificationStackScrollLayout: scroll range should be extended : 1600
10-12 11:11:16.316 29809-29809/? W/DisplayListCanvas: DisplayListCanvas is started on unbinded RenderNode (without mOwningView)
10-12 11:11:16.316 29809-29809/? D/ViewRootImpl: MSG_RESIZED: ci=Rect(0, 96 - 0, 0) vi=Rect(0, 96 - 0, 0) or=1
10-12 11:11:16.316 29809-29809/? W/IInputConnectionWrapper: getTextBeforeCursor on inactive InputConnection
10-12 11:11:16.316 8339-8339/? D/SamsungIME: SwiftkeyWrapper-checkCurrentSequence : use IC
10-12 11:11:16.336 29809-29809/? W/DisplayListCanvas: DisplayListCanvas is started on unbinded RenderNode (without mOwningView)
10-12 11:11:16.346 29809-29809/? W/IInputConnectionWrapper: getSelectedText on inactive InputConnection
10-12 11:11:16.356 29809-29809/? W/DisplayListCanvas: DisplayListCanvas is started on unbinded RenderNode (without mOwningView)
10-12 11:11:16.366 29809-29809/? W/IInputConnectionWrapper: getTextAfterCursor on inactive InputConnection
10-12 11:11:16.386 29809-29809/? W/cr_BindingManager: Cannot call determinedVisibility() - never saw a connection for the pid: 29809
10-12 11:11:16.426 29809-29809/? W/DisplayListCanvas: DisplayListCanvas is started on unbinded RenderNode (without mOwningView)
10-12 11:11:16.436 29809-29809/? W/IInputConnectionWrapper: getExtractedText on inactive InputConnection
10-12 11:11:16.456 29809-29809/? W/IInputConnectionWrapper: beginBatchEdit on inactive InputConnection
10-12 11:11:16.456 29809-29809/? W/IInputConnectionWrapper: endBatchEdit on inactive InputConnection
10-12 11:11:16.456 29809-29809/? W/IInputConnectionWrapper: getExtractedText on inactive InputConnection
10-12 11:11:16.456 8339-8339/? E/SamsungIME: resetNeedToLoadHwrLibrary : 0
10-12 11:11:16.456 8339-8339/? D/SamsungIME: IMPL finishInput
10-12 11:11:16.456 8339-8339/? D/SamsungIME: SwiftKeyWrapper writeDBdataToFileOnFinishInput
10-12 11:11:16.456 8339-8339/? D/SamsungIME: saveAndClear +
10-12 11:11:16.456 8339-8339/? D/SamsungIME: saveAndClear -
10-12 11:11:16.466 8339-8339/? E/SamsungIME: resetNeedToLoadHwrLibrary : 0
10-12 11:11:16.476 3435-6368/? D/ConnectivityService: returning getNetworkInfo for network type 1 : [type: WIFI[] - WIFI, state: CONNECTED/CONNECTED, reason: (unspecified), extra: "WLAN-198160", roaming: false, failover: false, isAvailable: true]
10-12 11:11:16.486 8339-8339/? D/SamsungIME: SwiftkeyWrapper-checkCurrentSequence : use IC
10-12 11:11:16.506 29809-29876/? W/WebKit: A Parser-blocking, cross-origin script, https://fig.bbc.co.uk/frameworks/fig/1/fig.js, is invoked via document.write. This may be blocked by the browser if the device has poor network connectivity.
10-12 11:11:16.506 29809-29876/? W/WebKit: A Parser-blocking, cross-origin script, https://fig.bbc.co.uk/frameworks/fig/1/fig.js, is invoked via document.write. This may be blocked by the browser if the device has poor network connectivity.
10-12 11:11:16.506 29809-29809/? I/chromium: [INFO:CONSOLE(64)] "A Parser-blocking, cross-origin script, https://fig.bbc.co.uk/frameworks/fig/1/fig.js, is invoked via document.write. This may be blocked by the browser if the device has poor network connectivity.", source: http://www.bbc.com/culture/story/20160930-how-indonesias-cinema-opened-up (64)
10-12 11:11:16.506 29809-29809/? I/chromium: [INFO:CONSOLE(64)] "A Parser-blocking, cross-origin script, https://fig.bbc.co.uk/frameworks/fig/1/fig.js, is invoked via document.write. This may be blocked by the browser if the device has poor network connectivity.", source: http://www.bbc.com/culture/story/20160930-how-indonesias-cinema-opened-up (64)
10-12 11:11:16.526 29809-29809/? W/DisplayListCanvas: DisplayListCanvas is started on unbinded RenderNode (without mOwningView)
10-12 11:11:16.546 29809-29876/? W/WebKit: A Parser-blocking, cross-origin script, http://www.bbc.co.uk/wwscripts/flag, is invoked via document.write. This may be blocked by the browser if the device has poor network connectivity.
10-12 11:11:16.546 29809-29876/? W/WebKit: A Parser-blocking, cross-origin script, http://www.bbc.co.uk/wwscripts/flag, is invoked via document.write. This may be blocked by the browser if the device has poor network connectivity.
10-12 11:11:16.546 29809-29809/? I/chromium: [INFO:CONSOLE(92)] "A Parser-blocking, cross-origin script, http://www.bbc.co.uk/wwscripts/flag, is invoked via document.write. This may be blocked by the browser if the device has poor network connectivity.", source: http://www.bbc.com/culture/story/20160930-how-indonesias-cinema-opened-up (92)
10-12 11:11:16.546 29809-29809/? I/chromium: [INFO:CONSOLE(92)] "A Parser-blocking, cross-origin script, http://www.bbc.co.uk/wwscripts/flag, is invoked via document.write. This may be blocked by the browser if the device has poor network connectivity.", source: http://www.bbc.com/culture/story/20160930-how-indonesias-cinema-opened-up (92)
10-12 11:11:16.566 29809-29876/? W/WebKit: A Parser-blocking, cross-origin script, http://www.googletagservices.com/tag/js/gpt.js, is invoked via document.write. This may be blocked by the browser if the device has poor network connectivity.
10-12 11:11:16.566 29809-29876/? W/WebKit: A Parser-blocking, cross-origin script, http://www.googletagservices.com/tag/js/gpt.js, is invoked via document.write. This may be blocked by the browser if the device has poor network connectivity.
10-12 11:11:16.566 29809-29809/? I/chromium: [INFO:CONSOLE(92)] "A Parser-blocking, cross-origin script, http://www.googletagservices.com/tag/js/gpt.js, is invoked via document.write. This may be blocked by the browser if the device has poor network connectivity.", source: http://www.bbc.com/culture/story/20160930-how-indonesias-cinema-opened-up (92)
10-12 11:11:16.566 29809-29809/? I/chromium: [INFO:CONSOLE(92)] "A Parser-blocking, cross-origin script, http://www.googletagservices.com/tag/js/gpt.js, is invoked via document.write. This may be blocked by the browser if the device has poor network connectivity.", source: http://www.bbc.com/culture/story/20160930-how-indonesias-cinema-opened-up (92)
10-12 11:11:16.566 29809-29876/? W/WebKit: A Parser-blocking, cross-origin script, http://static.bbci.co.uk/bbcdotcom/1.31.0/script/dist/bbcdotcom.js, is invoked via document.write. This may be blocked by the browser if the device has poor network connectivity.
10-12 11:11:16.566 3004-3015/? I/SurfaceFlinger: id=433 Removed QopupWindow (4/11)
10-12 11:11:16.576 3004-4000/? I/SurfaceFlinger: id=433 Removed QopupWindow (-2/11)
10-12 11:11:16.576 29809-29809/? I/chromium: [INFO:CONSOLE(92)] "A Parser-blocking, cross-origin script, http://static.bbci.co.uk/bbcdotcom/1.31.0/script/dist/bbcdotcom.js, is invoked via document.write. This may be blocked by the browser if the device has poor network connectivity.", source: http://www.bbc.com/culture/story/20160930-how-indonesias-cinema-opened-up (92)
10-12 11:11:16.586 3004-3004/? D/libEGL: eglTerminate EGLDisplay = 0x7ff090b748
10-12 11:11:16.596 29809-29876/? W/WebKit: A Parser-blocking, cross-origin script, http://partner.googleadservices.com/gpt/pubads_impl_95.js?v=100, is invoked via document.write. This may be blocked by the browser if the device has poor network connectivity.
10-12 11:11:16.596 29809-29876/? W/WebKit: A Parser-blocking, cross-origin script, http://partner.googleadservices.com/gpt/pubads_impl_95.js?v=100, is invoked via document.write. This may be blocked by the browser if the device has poor network connectivity.
10-12 11:11:16.596 29809-29809/? I/chromium: [INFO:CONSOLE(10)] "A Parser-blocking, cross-origin script, http://partner.googleadservices.com/gpt/pubads_impl_95.js?v=100, is invoked via document.write. This may be blocked by the browser if the device has poor network connectivity.", source: http://www.googletagservices.com/tag/js/gpt.js (10)
10-12 11:11:16.596 29809-29809/? I/chromium: [INFO:CONSOLE(10)] "A Parser-blocking, cross-origin script, http://partner.googleadservices.com/gpt/pubads_impl_95.js?v=100, is invoked via document.write. This may be blocked by the browser if the device has poor network connectivity.", source: http://www.googletagservices.com/tag/js/gpt.js (10)
10-12 11:11:16.606 3143-3708/? D/EnterpriseController: netId is 0
10-12 11:11:16.606 3143-3708/? D/Netd: getNetworkForDns: using netid 502 for uid 10207
10-12 11:11:16.636 3004-3015/? I/SurfaceFlinger: id=432 Removed JnputMethod (4/10)
10-12 11:11:16.636 3004-4000/? I/SurfaceFlinger: id=432 Removed JnputMethod (-2/10)
10-12 11:11:16.646 3004-3004/? D/libEGL: eglTerminate EGLDisplay = 0x7ff090b748
10-12 11:11:17.106 29809-29809/? W/DisplayListCanvas: DisplayListCanvas is started on unbinded RenderNode (without mOwningView)
10-12 11:11:17.226 29809-29809/? W/DisplayListCanvas: DisplayListCanvas is started on unbinded RenderNode (without mOwningView)
10-12 11:11:17.366 29809-29809/? W/DisplayListCanvas: DisplayListCanvas is started on unbinded RenderNode (without mOwningView)
10-12 11:11:18.296 3435-3858/? D/ConnectivityService: updateCapabilities: oldCap = [ Transports: WIFI Capabilities: INTERNET&NOT_RESTRICTED&TRUSTED&NOT_VPN&VALIDATED LinkUpBandwidth>=1048576Kbps LinkDnBandwidth>=1048576Kbps SignalStrength: -65], newCap = [ Transports: WIFI Capabilities: INTERNET&NOT_RESTRICTED&TRUSTED&NOT_VPN LinkUpBandwidth>=1048576Kbps LinkDnBandwidth>=1048576Kbps SignalStrength: -61]
10-12 11:11:18.296 3435-3858/? D/ConnectivityService: rematching NetworkAgentInfo [WIFI () - 502]
10-12 11:11:18.296 3435-3858/? D/ConnectivityService: network has: NetworkAgentInfo{ ni{[type: WIFI[] - WIFI, state: CONNECTED/CONNECTED, reason: (unspecified), extra: "WLAN-198160", roaming: false, failover: false, isAvailable: true]} network{502} lp{{InterfaceName: wlan0 LinkAddresses: [fe80::ae5f:3eff:fe5a:4d38/64,192.168.2.117/24,2003:7a:4d12:82ae:ae5f:3eff:fe5a:4d38/64,2003:7a:4d12:82ae:bc25:b0a4:9c17:85bc/64,] Routes: [fe80::/64 -> :: wlan0,::/0 -> fe80::1 wlan0,2003:7a:4d12:82ae::/64 -> :: wlan0,192.168.2.0/24 -> 0.0.0.0 wlan0,0.0.0.0/0 -> 192.168.2.1 wlan0,] DnsAddresses: [192.168.2.1,] Domains: Speedport_W_921V_1_39_000 MTU: 0 TcpBufferSizes: 524288,1048576,2097120,524288,1048576,4194240}} nc{[ Transports: WIFI Capabilities: INTERNET&NOT_RESTRICTED&TRUSTED&NOT_VPN&VALIDATED LinkUpBandwidth>=1048576Kbps LinkDnBandwidth>=1048576Kbps SignalStrength: -61]} Score{60} everValidated{true} lastValidated{true} created{true} lingering{false} explicitlySelected{false} acceptUnvalidated{false} everCaptivePortalDetected{false} lastCaptivePortalDetected{false} }
10-12 11:11:18.306 3931-4137/? D/NetworkController: onReceive: intent=Intent { act=android.net.wifi.RSSI_CHANGED flg=0x4000010 bqHint=4 VirtualScreenParam=Params{mDisplayId=-1, null, mFlags=0x00000000)} (has extras) }
10-12 11:11:18.316 3435-3858/? D/ConnectivityService: Network NetworkAgentInfo [WIFI () - 502] was already satisfying request 1. No change.
10-12 11:11:18.316 3931-3931/? D/QSTileView: handleLabelStateChanged() label = Wi-Fi cellWidth 272
10-12 11:11:18.326 3435-3858/? D/ConnectivityService: checking if request is: NetworkRequest [ id=10, legacyType=-1, [ Capabilities: INTERNET&NOT_RESTRICTED&TRUSTED&NOT_VPN] ] satisfies: true nri.isRequest: false
10-12 11:11:18.336 3435-3858/? D/ConnectivityService: checking if request is: NetworkRequest [ id=3, legacyType=-1, [] ] satisfies: true nri.isRequest: false
10-12 11:11:18.336 3435-3858/? D/ConnectivityService: checking if request is: NetworkRequest [ id=4, legacyType=-1, [ Transports: CELLULAR Capabilities: INTERNET&NOT_RESTRICTED&TRUSTED&NOT_VPN] ] satisfies: false nri.isRequest: false
10-12 11:11:18.336 3435-3858/? D/ConnectivityService: checking if request is: NetworkRequest [ id=32, legacyType=-1, [ Capabilities: INTERNET&NOT_RESTRICTED&TRUSTED] ] satisfies: true nri.isRequest: false
10-12 11:11:18.346 3435-3858/? D/ConnectivityService: checking if request is: NetworkRequest [ id=5, legacyType=-1, [ Transports: WIFI Capabilities: INTERNET&NOT_RESTRICTED&TRUSTED&NOT_VPN] ] satisfies: true nri.isRequest: false
10-12 11:11:18.346 3435-3858/? D/ConnectivityService: checking if request is: NetworkRequest [ id=34, legacyType=-1, [ Capabilities: INTERNET&NOT_RESTRICTED&TRUSTED] ] satisfies: true nri.isRequest: false
10-12 11:11:18.346 3435-3858/? D/ConnectivityService: notifyType CAP_CHANGED for NetworkAgentInfo [WIFI () - 502]
10-12 11:11:18.346 3435-3858/? D/ConnectivityService: sending notification for NetworkRequest [ id=1, legacyType=-1, [ Capabilities: INTERNET&NOT_RESTRICTED&TRUSTED&NOT_VPN] ]
10-12 11:11:18.346 3435-3858/? D/ConnectivityService: sending notification for NetworkRequest [ id=3, legacyType=-1, [] ]
10-12 11:11:18.346 3435-3858/? D/ConnectivityService: sending notification CAP_CHANGED for NetworkRequest [ id=3, legacyType=-1, [] ]
10-12 11:11:18.346 3435-3858/? D/ConnectivityService: sending notification for NetworkRequest [ id=5, legacyType=-1, [ Transports: WIFI Capabilities: INTERNET&NOT_RESTRICTED&TRUSTED&NOT_VPN] ]
10-12 11:11:18.346 3435-3858/? D/ConnectivityService: sending notification CAP_CHANGED for NetworkRequest [ id=5, legacyType=-1, [ Transports: WIFI Capabilities: INTERNET&NOT_RESTRICTED&TRUSTED&NOT_VPN] ]
10-12 11:11:18.346 3435-3858/? D/ConnectivityService: sending notification for NetworkRequest [ id=10, legacyType=-1, [ Capabilities: INTERNET&NOT_RESTRICTED&TRUSTED&NOT_VPN] ]
10-12 11:11:18.346 3435-3858/? D/ConnectivityService: sending notification CAP_CHANGED for NetworkRequest [ id=10, legacyType=-1, [ Capabilities: INTERNET&NOT_RESTRICTED&TRUSTED&NOT_VPN] ]
10-12 11:11:18.346 3435-3858/? D/ConnectivityService: sending notification for NetworkRequest [ id=32, legacyType=-1, [ Capabilities: INTERNET&NOT_RESTRICTED&TRUSTED] ]
10-12 11:11:18.346 3435-3858/? D/ConnectivityService: sending notification CAP_CHANGED for NetworkRequest [ id=32, legacyType=-1, [ Capabilities: INTERNET&NOT_RESTRICTED&TRUSTED] ]
10-12 11:11:18.356 3435-3858/? D/ConnectivityService: sending notification for NetworkRequest [ id=34, legacyType=-1, [ Capabilities: INTERNET&NOT_RESTRICTED&TRUSTED] ]
10-12 11:11:18.356 3435-3858/? D/ConnectivityService: sending notification CAP_CHANGED for NetworkRequest [ id=34, legacyType=-1, [ Capabilities: INTERNET&NOT_RESTRICTED&TRUSTED] ]
10-12 11:11:18.826 3435-4803/? D/BatteryService: !@BatteryListener : batteryPropertiesChanged!
10-12 11:11:18.826 3435-4803/? D/BatteryService: level:82, scale:100, status:2, health:2, present:true, voltage: 4093, temperature: 244, technology: Li-ion, AC powered:false, USB powered:true, POGO powered:false, Wireless powered:false, icon:17303413, invalid charger:0, maxChargingCurrent:0
10-12 11:11:18.826 3435-4803/? D/BatteryService: online:4, current avg:59, charge type:1, power sharing:false, high voltage charger:false, capacity:280000, batterySWSelfDischarging:false, current_now:-384
10-12 11:11:18.826 3435-3435/? D/BatteryService: Sending ACTION_BATTERY_CHANGED.
10-12 11:11:18.836 3435-3435/? I/MotionRecognitionService: Plugged
10-12 11:11:18.836 3435-3435/? D/MotionRecognitionService: cableConnection= 1
10-12 11:11:18.836 3435-3435/? D/MotionRecognitionService: setPowerConnected | current backoffstate = 1024 , state =1024
10-12 11:11:18.836 3435-3435/? D/MotionRecognitionService: skip setTransmitPower.
10-12 11:11:18.836 3435-3852/? D/WifiController: ApOrStaEnabledState msg.what= 155652
10-12 11:11:18.836 3931-3931/? D/KeyguardUpdateMonitor: received broadcast android.intent.action.BATTERY_CHANGED
10-12 11:11:18.836 3931-3931/? D/KeyguardUpdateMonitor: handleBatteryUpdate
10-12 11:11:18.846 3931-3931/? D/PowerUI: priorPlugType = 2 mPlugType = 2
10-12 11:11:18.846 3931-3931/? D/PowerUI.Notification: showChargingNotice oldChargingType : 1 currentChargingType : 1 oldChargingTime : 3772000 mChargingTime : 3772000
10-12 11:11:18.846 3931-3931/? D/PowerUI.Notification: There is no change about charging status, so return!
10-12 11:11:18.856 4449-4449/? D/CommonServiceConfiguration: getStringValueSetting
10-12 11:11:18.856 4449-4449/? D/BatteryMonitor: new battery level: 82
10-12 11:11:18.876 3931-3931/? D/BatteryMeterView: ACTION_BATTERY_CHANGED : level:82 status:2 health:2
10-12 11:11:18.876 3931-3931/? D/BatteryMeterView: ACTION_BATTERY_CHANGED : level:82 status:2 health:2
10-12 11:11:18.906 29809-29809/? I/chromium: [INFO:CONSOLE(0)] "XMLHttpRequest cannot load http://bs.serving-sys.com/BurstingPipe/adServer.bs?cn=display&code=10&PluID=0&EyeblasterID=39554298&Page=&WebPageSource=0&ForceDisplay=0&Resolution=0&sessionid=6232043488177365369&Optout=0&usercookie=u2=a8f79a34-d60e-4af1-923e-3b7476306d45&implog=$$a8f79a34-d60e-4af1-923e-3b7476306d45%7f%5bMM_LOGTIME%5d%7f0%7f39554298%7f%07DiOrigin%3d0%07CKDATE%3d4a%2b%07TASegments%3d%07MB%3d1%07TA%3d-1%07DG%3d5701945%07SDG%3d11488549%07SID%3d6232043488177365369%07DCID%3d8%07Privacy%3d9%07IsNewUser%3d%5bIS_NEW_USER%5d%07IsAdRequest%3d0%7f0%7fwww.bbc.com%7c%7csamsung_sm_g930f_ver1_subuachrome%7c1%7c1%7f13%7f32%7fUserIP%3d1527446366%07DBID%3d135377261%07UserAgent%3dMozilla%2f5.0%20(Linux%3b%20Android%206.0.1%3b%20SM-G930F%20Build%2fMMB29K%3b%20wv)%20AppleWebKit%2f537.36%20(KHTML%2c%20like%20Gecko)%20Version%2f4.0%20Chrome%2f53.0.2785.124%20Mobile%20Safari%2f537.36%07ShouldAddUserAgent%3d1%07Referrer%3dhttp%3a%2f%2fwww.bbc.com%2fculture%2fstory%2f20160930-how-indonesias-cinema-opened-up%07DF%3d1%07MBDVC%3dSamsung%20SM-G930F%07VUrl%3dhttp%253A%252F%252Fwww.bbc.com%252Fculture%252Fstory%252F20160930-how-indonesias-cinema-opened-up%07VUrlEM%3d2%07SiteID%3d7650%07CampaingID%3d667166%07AdvertiserID%3d21620%07FlightID%3d17712169%07AgencyID%3d2611%07BrandID%3d12870%07MasterAdID%3d38171414%07Country%3d276%07State%3d10508%07City%3d258839%07DMA%3d276001%07ZIP%3d31028%7f%7f0$$&FlashVersion=-1&dg=5701945&sdg=11488549&ord=0.8273930012757553. A wildcard '*' cannot be used in the 'Access-Control-Allow-Origin' header when the credentials flag is true. Origin 'http://www.bbc.com' is therefore not allowed access. The credentials mode of an XMLHttpRequest is controlled by the withCredentials attribute.", source: http://www.bbc.com/culture/story/20160930-how-indonesias-cinema-opened-up (0)
10-12 11:11:18.906 29809-29809/? I/chromium: [INFO:CONSOLE(0)] "XMLHttpRequest cannot load http://bs.serving-sys.com/BurstingPipe/adServer.bs?cn=display&code=10&PluID=0&EyeblasterID=39554014&Page=&WebPageSource=0&ForceDisplay=0&Resolution=0&sessionid=4696154284599597006&Optout=0&usercookie=u2=a8f79a34-d60e-4af1-923e-3b7476306d45&implog=$$a8f79a34-d60e-4af1-923e-3b7476306d45%7f%5bMM_LOGTIME%5d%7f0%7f39554014%7f%07DiOrigin%3d0%07CKDATE%3d4a%2b%07TASegments%3d%07MB%3d1%07TA%3d-1%07DG%3d5701465%07SDG%3d11488490%07SID%3d4696154284599597006%07DCID%3d8%07Privacy%3d9%07IsNewUser%3d%5bIS_NEW_USER%5d%07IsAdRequest%3d0%7f0%7fwww.bbc.com%7c%7csamsung_sm_g930f_ver1_subuachrome%7c1%7c1%7f13%7f32%7fUserIP%3d1527446366%07DBID%3d135377261%07UserAgent%3dMozilla%2f5.0%20(Linux%3b%20Android%206.0.1%3b%20SM-G930F%20Build%2fMMB29K%3b%20wv)%20AppleWebKit%2f537.36%20(KHTML%2c%20like%20Gecko)%20Version%2f4.0%20Chrome%2f53.0.2785.124%20Mobile%20Safari%2f537.36%07ShouldAddUserAgent%3d1%07Referrer%3dhttp%3a%2f%2fwww.bbc.com%2fculture%2fstory%2f20160930-how-indonesias-cinema-opened-up%07DF%3d1%07MBDVC%3dSamsung%20SM-G930F%07VUrl%3dhttp%253A%252F%252Fwww.bbc.com%252Fculture%252Fstory%252F20160930-how-indonesias-cinema-opened-up%07VUrlEM%3d2%07SiteID%3d7650%07CampaingID%3d667166%07AdvertiserID%3d21620%07FlightID%3d17712165%07AgencyID%3d2611%07BrandID%3d12870%07MasterAdID%3d38171575%07Country%3d276%07State%3d10508%07City%3d258839%07DMA%3d276001%07ZIP%3d31028%7f%7f0$$&FlashVersion=-1&dg=5701465&sdg=11488490&ord=0.9729556377037276. A wildcard '*' cannot be used in the 'Access-Control-Allow-Origin' header when the credentials flag is true. Origin 'http://www.bbc.com' is therefore not allowed access. The credentials mode of an XMLHttpRequest is controlled by the withCredentials attribute.", source: http://www.bbc.com/culture/story/20160930-how-indonesias-cinema-opened-up (0)
10-12 11:11:19.106 29809-29809/? W/DisplayListCanvas: DisplayListCanvas is started on unbinded RenderNode (without mOwningView)
10-12 11:11:19.116 8339-8339/? V/SamsungIME: onTrimMemory Level = 20
10-12 11:11:19.246 29809-29809/? W/DisplayListCanvas: DisplayListCanvas is started on unbinded RenderNode (without mOwningView)
10-12 11:11:21.016 29809-29809/? D/skia: --- SkImageDecoder::Factory returned null
10-12 11:11:21.176 29809-29809/? I/chromium: [INFO:CONSOLE(1)] "HTML5VideoMediator:playlistLoading:event", source: http://www.bbc.com/culture/static/76d5554b7079/scripts/requirejs/util/logger.js (1)
10-12 11:11:21.236 29809-29809/? W/DisplayListCanvas: DisplayListCanvas is started on unbinded RenderNode (without mOwningView)
10-12 11:11:21.286 29809-29809/? I/chromium: [INFO:CONSOLE(1)] "HTML5VideoMediator:playlistLoaded:event", source: http://www.bbc.com/culture/static/76d5554b7079/scripts/requirejs/util/logger.js (1)
10-12 11:11:21.326 29809-29809/? W/DisplayListCanvas: DisplayListCanvas is started on unbinded RenderNode (without mOwningView)
10-12 11:11:21.906 29809-29809/? I/chromium: [INFO:CONSOLE(1)] "AdsPluginHTML.3.13.0", source: http://static.bbci.co.uk/bbcdotcom/1.31.0/vendor/smp/adsPlugin/js/AdsPlugin.min.js (1)
10-12 11:11:22.476 29809-29809/? W/DisplayListCanvas: DisplayListCanvas is started on unbinded RenderNode (without mOwningView)
10-12 11:11:23.366 3435-3821/? D/InputReader: Input event(4): value=1 when=9302111562000
10-12 11:11:23.366 3435-3821/? D/InputReader: Input event(4): value=1 when=9302111562000
10-12 11:11:23.366 3435-3821/? I/InputReader: Touch event's action is 0x0 (deviceType=0) [pCnt=1, s=0.688 ] when=9302111562000
10-12 11:11:23.366 3435-3821/? D/InputReader: lastThreadEndTime = 9295016813735, currentThreadStartTime = 9295016815735, diff = 0
10-12 11:11:23.366 3435-3820/? I/InputDispatcher: Delivering touch to (3931): action: 0x4, toolType: 1
10-12 11:11:23.366 3435-3820/? I/InputDispatcher: Delivering touch to (29809): action: 0x0, toolType: 1
10-12 11:11:23.366 29809-29809/? D/ViewRootImpl: ViewPostImeInputStage processPointer 0
10-12 11:11:23.416 3435-3821/? D/InputReader: Input event(4): value=0 when=9302169394000
10-12 11:11:23.416 3435-3821/? D/InputReader: Input event(4): value=0 when=9302169394000
10-12 11:11:23.416 3435-3821/? I/InputReader: Touch event's action is 0x1 (deviceType=0) [pCnt=1, s=] when=9302169394000
10-12 11:11:23.426 3435-3820/? I/InputDispatcher: Delivering touch to (29809): action: 0x1, toolType: 1
10-12 11:11:23.426 29809-29809/? D/ViewRootImpl: ViewPostImeInputStage processPointer 1
10-12 11:11:23.436 29809-29809/? I/chromium: [INFO:CONSOLE(1)] "HTML5VideoMediator:userPlay:event", source: http://www.bbc.com/culture/static/76d5554b7079/scripts/requirejs/util/logger.js (1)
10-12 11:11:23.546 29809-29876/? W/chromium: [WARNING:webmediaplayer_impl.cc(341)] Using MultibufferDataSource
10-12 11:11:23.656 29809-29988/? I/ACodec: [] Now uninitialized
10-12 11:11:23.666 29809-30610/? I/OMXClient: Using client-side OMX mux.
10-12 11:11:23.696 3151-4880/? D/libexynosv4l2: try node: /dev/video6
10-12 11:11:23.696 3151-4880/? I/libexynosv4l2: node found for device s5p-mfc-dec: /dev/video6
10-12 11:11:23.706 3151-4875/? W/AudioPolicyIntefaceImpl: Skipped to add effects on session 32
10-12 11:11:23.706 3151-4875/? I/APM::AudioPolicyManager: startOutput() output 4, stream 3, session 32
10-12 11:11:23.706 3151-4880/? I/libexynosv4l2: open video device /dev/video6
10-12 11:11:23.706 29809-30610/? I/ACodec: [OMX.Exynos.avc.dec] Now Loaded
10-12 11:11:23.706 29809-29988/? W/VideoCapabilities: Unrecognized profile 2130706433 for video/avc
10-12 11:11:23.706 29809-29988/? W/VideoCapabilities: Unrecognized profile 2130706433 for video/avc
10-12 11:11:23.706 29809-29988/? W/VideoCapabilities: Unrecognized profile 2130706433 for video/avc
10-12 11:11:23.706 29809-29988/? W/VideoCapabilities: Unrecognized profile 2130706433 for video/avc
10-12 11:11:23.706 29809-29988/? W/VideoCapabilities: Unrecognized profile 2130706433 for video/avc
10-12 11:11:23.706 29809-29988/? W/VideoCapabilities: Unrecognized profile 2130706433 for video/avc
10-12 11:11:23.706 29809-29988/? W/VideoCapabilities: Unrecognized profile 2130706433 for video/avc
10-12 11:11:23.706 29809-29988/? W/VideoCapabilities: Unrecognized profile 2130706433 for video/avc
10-12 11:11:23.706 3151-3585/? D/audio_hw_primary: out_set_parameters: enter: kvpairs: routing=2
10-12 11:11:23.706 29809-29988/? W/VideoCapabilities: Unrecognized profile 2130706433 for video/avc
10-12 11:11:23.706 29809-29988/? W/VideoCapabilities: Unrecognized profile 2130706433 for video/avc
10-12 11:11:23.706 29809-29988/? W/VideoCapabilities: Unrecognized profile 2130706433 for video/avc
10-12 11:11:23.706 3151-3585/? D/AudioFlinger: setCurDevice() 0x2
10-12 11:11:23.706 29809-29988/? W/VideoCapabilities: Unrecognized profile 2130706433 for video/avc
10-12 11:11:23.706 29809-29988/? W/VideoCapabilities: Unrecognized profile 2130706433 for video/avc
10-12 11:11:23.706 29809-29988/? W/VideoCapabilities: Unrecognized profile 2130706433 for video/avc
10-12 11:11:23.706 29809-29988/? W/VideoCapabilities: Unrecognized profile 2130706433 for video/avc
10-12 11:11:23.706 29809-29988/? W/VideoCapabilities: Unrecognized profile 2130706433 for video/avc
10-12 11:11:23.706 29809-29988/? W/VideoCapabilities: Unrecognized profile 2130706433 for video/avc
10-12 11:11:23.706 29809-29988/? W/VideoCapabilities: Unrecognized profile 2130706434 for video/avc
10-12 11:11:23.706 29809-29988/? W/VideoCapabilities: Unrecognized profile 2130706434 for video/avc
10-12 11:11:23.706 29809-29988/? W/VideoCapabilities: Unrecognized profile 2130706434 for video/avc
10-12 11:11:23.706 29809-29988/? W/VideoCapabilities: Unrecognized profile 2130706434 for video/avc
10-12 11:11:23.706 29809-29988/? W/VideoCapabilities: Unrecognized profile 2130706434 for video/avc
10-12 11:11:23.706 29809-29988/? W/VideoCapabilities: Unrecognized profile 2130706434 for video/avc
10-12 11:11:23.706 29809-29988/? W/VideoCapabilities: Unrecognized profile 2130706434 for video/avc
10-12 11:11:23.706 29809-29988/? W/VideoCapabilities: Unrecognized profile 2130706434 for video/avc
10-12 11:11:23.706 29809-29988/? W/VideoCapabilities: Unrecognized profile 2130706434 for video/avc
10-12 11:11:23.706 29809-29988/? W/VideoCapabilities: Unrecognized profile 2130706434 for video/avc
10-12 11:11:23.706 29809-29988/? W/VideoCapabilities: Unrecognized profile 2130706434 for video/avc
10-12 11:11:23.706 29809-29988/? W/VideoCapabilities: Unrecognized profile 2130706434 for video/avc
10-12 11:11:23.706 29809-29988/? W/VideoCapabilities: Unrecognized profile 2130706434 for video/avc
10-12 11:11:23.706 29809-29988/? W/VideoCapabilities: Unrecognized profile 2130706434 for video/avc
10-12 11:11:23.706 29809-29988/? W/VideoCapabilities: Unrecognized profile 2130706434 for video/avc
10-12 11:11:23.706 29809-29988/? W/VideoCapabilities: Unrecognized profile 2130706434 for video/avc
10-12 11:11:23.706 29809-29988/? W/VideoCapabilities: Unrecognized profile 2130706434 for video/avc
10-12 11:11:23.706 29809-30609/? I/MediaCodec: [OMX.Exynos.avc.dec] setting surface generation to 30524422
10-12 11:11:23.716 3151-3599/? I/Exynos_OSAL_Android: output buffer sharing mode is on (15)
10-12 11:11:23.716 29809-30610/? I/ACodec: can't find wfdsink-exynos-enable
10-12 11:11:23.716 3151-3585/? V/audio_hw_primary: start_output_stream+, out->device : 00000002 , out->type = 1
10-12 11:11:23.726 3151-4151/? I/OMX: width (832),height (468),fps (15)
10-12 11:11:23.726 3151-4880/? I/OMX: getparameter OMX_IndexParamVideoController remained resource:17305344, sum = 389376
10-12 11:11:23.736 3151-30055/? E/OMXNodeInstance: getConfig(62:Exynos.avc.dec, ConfigCommonOutputCrop(0x700000f)) ERROR: NotReady(0x80001010)
10-12 11:11:23.736 3151-30611/? I/EXYNOS_BASE_COMP: [0xeb89e300][Exynos_OMX_ComponentStateSet] current:(OMX_StateLoaded) dest:(OMX_StateIdle)
10-12 11:11:23.736 29809-30610/? I/ACodec: [OMX.Exynos.avc.dec] Now Loaded->Idle
10-12 11:11:23.736 29809-30610/? D/SurfaceUtils: set up nativeWindow 0xd3754008 for 832x468, color 0x105, rotation 0, usage 0x2900
10-12 11:11:23.736 29809-30610/? I/ACodec: [OMX.Exynos.avc.dec] configureOutputBuffersFromNativeWindow setBufferCount : 7, minUndequeuedBuffers : 5
10-12 11:11:23.746 3151-30611/? D/libexynosv4l2: try node: /dev/video6
10-12 11:11:23.746 3151-30611/? I/libexynosv4l2: node found for device s5p-mfc-dec: /dev/video6
10-12 11:11:23.756 3151-30611/? I/libexynosv4l2: open video device /dev/video6
10-12 11:11:23.756 3151-30611/? I/EXYNOS_BASE_COMP: [0xeb89e300][Exynos_OMX_ComponentStateSet]:567 OMX_EventCmdComplete
10-12 11:11:23.756 29809-30610/? I/ACodec: [OMX.Exynos.avc.dec] Now Idle->Executing
10-12 11:11:23.756 3151-30611/? I/EXYNOS_BASE_COMP: [0xeb89e300][Exynos_OMX_ComponentStateSet] current:(OMX_StateIdle) dest:(OMX_StateExecuting)
10-12 11:11:23.756 3151-30611/? I/EXYNOS_BASE_COMP: [0xeb89e300][Exynos_OMX_ComponentStateSet]:567 OMX_EventCmdComplete
10-12 11:11:23.756 29809-30610/? I/ACodec: [OMX.Exynos.avc.dec] Now Executing
10-12 11:11:23.766 29809-30610/? I/ACodec: [OMX.Exynos.avc.dec] Now handling output port settings change
10-12 11:11:23.766 29809-30610/? W/AHierarchicalStateMachine: Warning message AMessage(what = 'omxI') = { int32_t type = 0 int32_t event = 3 int32_t data1 = 1 int32_t data2 = 117440527 } unhandled in root state.
10-12 11:11:23.776 29809-30610/? D/SurfaceUtils: set up nativeWindow 0xd3754008 for 832x480, color 0x105, rotation 0, usage 0x2900
10-12 11:11:23.776 29809-30610/? I/ACodec: [OMX.Exynos.avc.dec] configureOutputBuffersFromNativeWindow setBufferCount : 23, minUndequeuedBuffers : 5
10-12 11:11:23.786 3151-3585/? D/audio_hw_primary: start_output_stream (0xf136c7e0) out->pcm_device:6 out->config.rate:48000 out->config.format:0 out->period_size:240
10-12 11:11:23.786 3151-3585/? D/audio_hw_primary: start_output_stream (0xf136c7e0) out->config.rate:48000 out->config.format:0 out->period_size:240
10-12 11:11:23.786 3151-3585/? V/audio_hw_primary: select_devices output_scenario:0 input_scenario:-1 out_snd_device 0x2 in_snd_device:0x0
10-12 11:11:23.786 3151-3585/? I/audio_route: > audio_route_reset :
10-12 11:11:23.786 3151-3585/? I/audio_route: > audio_route_apply_path : "media-speaker"
10-12 11:11:23.796 29809-30610/? I/ACodec: [OMX.Exynos.avc.dec] Now Executing
10-12 11:11:23.806 29809-29886/? D/libEGL: eglInitialize EGLDisplay = 0xd83febd4
10-12 11:11:23.886 3151-3585/? V/audio_hw_primary: select_devices() output_route "media-speaker"
10-12 11:11:23.886 3151-3585/? I/audio_route: > audio_route_apply_path : "gain-media-speaker"
10-12 11:11:23.886 3151-3585/? V/audio_hw_primary: select_devices() output_gain "gain-media-speaker"
10-12 11:11:23.886 3151-3585/? I/audio_route: > audio_route_update_mixer : +
10-12 11:11:23.886 3151-3585/? I/audio_route: > audio_route_update_mixer : changed(0) -
10-12 11:11:23.886 3151-3585/? I/audio_hw_primary: select_devices -
10-12 11:11:23.886 3151-3585/? V/audio_hw_primary: start_output_stream-
10-12 11:11:24.856 29809-29886/? D/libEGL: eglTerminate EGLDisplay = 0xd83ff0d4
10-12 11:11:24.856 29809-29988/? W/cr_media: calling MediaCodec.release() on OMX.Exynos.avc.dec
