10-12 11:11:08.236 3435-6368/? D/ConnectivityService: returning getNetworkInfo for network type 1 : [type: WIFI[] - WIFI, state: CONNECTED/CONNECTED, reason: (unspecified), extra: "WLAN-198160", roaming: false, failover: false, isAvailable: true]
10-12 11:11:08.776 3435-4133/? D/BatteryService: !@BatteryListener : batteryPropertiesChanged!
10-12 11:11:08.776 3435-4133/? D/BatteryService: level:82, scale:100, status:2, health:2, present:true, voltage: 4170, temperature: 243, technology: Li-ion, AC powered:false, USB powered:true, POGO powered:false, Wireless powered:false, icon:17303413, invalid charger:0, maxChargingCurrent:0
10-12 11:11:08.776 3435-4133/? D/BatteryService: online:4, current avg:75, charge type:1, power sharing:false, high voltage charger:false, capacity:280000, batterySWSelfDischarging:false, current_now:431
10-12 11:11:08.776 3435-3435/? D/BatteryService: Sending ACTION_BATTERY_CHANGED.
10-12 11:11:08.786 3435-3435/? I/MotionRecognitionService: Plugged
10-12 11:11:08.786 3435-3435/? D/MotionRecognitionService: cableConnection= 1
10-12 11:11:08.786 3435-3435/? D/MotionRecognitionService: setPowerConnected | current backoffstate = 1024 , state =1024
10-12 11:11:08.786 3435-3435/? D/MotionRecognitionService: skip setTransmitPower.
10-12 11:11:08.796 3435-3852/? D/WifiController: ApOrStaEnabledState msg.what= 155652
10-12 11:11:08.796 3931-3931/? D/KeyguardUpdateMonitor: received broadcast android.intent.action.BATTERY_CHANGED
10-12 11:11:08.796 3931-3931/? D/KeyguardUpdateMonitor: handleBatteryUpdate
10-12 11:11:08.796 3931-3931/? D/PowerUI: priorPlugType = 2 mPlugType = 2
10-12 11:11:08.806 3931-3931/? D/PowerUI.Notification: showChargingNotice oldChargingType : 1 currentChargingType : 1 oldChargingTime : 3772000 mChargingTime : 3772000
10-12 11:11:08.806 3931-3931/? D/PowerUI.Notification: There is no change about charging status, so return!
10-12 11:11:08.816 3931-3931/? D/BatteryMeterView: ACTION_BATTERY_CHANGED : level:82 status:2 health:2
10-12 11:11:08.816 3931-3931/? D/BatteryMeterView: ACTION_BATTERY_CHANGED : level:82 status:2 health:2
10-12 11:11:08.816 4449-4449/? D/CommonServiceConfiguration: getStringValueSetting
10-12 11:11:08.836 4449-4449/? D/BatteryMonitor: new battery level: 82
10-12 11:11:10.366 3435-3821/? D/InputReader: Input event(4): value=1 when=9289112573000
10-12 11:11:10.366 3435-3821/? D/InputReader: Input event(4): value=1 when=9289112573000
10-12 11:11:10.366 3435-3821/? I/InputReader: Touch event's action is 0x0 (deviceType=0) [pCnt=1, s=0.683 ] when=9289112573000
10-12 11:11:10.366 3435-3821/? D/InputReader: lastThreadEndTime = 9284929770127, currentThreadStartTime = 9284929781473, diff = 0
10-12 11:11:10.366 3435-3820/? I/InputDispatcher: Delivering touch to (3931): action: 0x4, toolType: 1
10-12 11:11:10.366 3435-3820/? I/InputDispatcher: Delivering touch to (4327): action: 0x0, toolType: 1
10-12 11:11:10.366 3435-3820/? I/InputDispatcher: Delivering touch to (3931): action: 0x0, toolType: 1
10-12 11:11:10.366 4327-4327/? D/ViewRootImpl: ViewPostImeInputStage processPointer 0
10-12 11:11:10.366 3435-4343/? D/CustomFrequencyManagerService: acquireDVFSLockLocked : type : DVFS_MIN_LIMIT frequency : 1248000 uid : 1000 pid : 3435 pkgName : com.sec.android.app.launcher@1
10-12 11:11:10.376 4327-4327/? D/capture: ----destroy
10-12 11:11:10.376 4327-4327/? I/Launcher.HomeView: stopCaptureByItemClick
10-12 11:11:10.386 4327-4327/? I/Launcher.PagedView: determineScrollingStart : mTouchState=0, mIsPageMoving=false
10-12 11:11:10.396 3435-3821/? D/InputReader: Input event(4): value=0 when=9289144676000
10-12 11:11:10.396 3435-3821/? D/InputReader: Input event(4): value=0 when=9289144676000
10-12 11:11:10.396 3435-3821/? I/InputReader: Touch event's action is 0x1 (deviceType=0) [pCnt=1, s=] when=9289144676000
10-12 11:11:10.396 3435-3820/? I/InputDispatcher: Delivering touch to (4327): action: 0x1, toolType: 1
10-12 11:11:10.396 3435-3820/? I/InputDispatcher: Delivering touch to (3931): action: 0x1, toolType: 1
10-12 11:11:10.396 4327-4327/? I/Launcher.PagedView: determineScrollingStart : mTouchState=0, mIsPageMoving=false
10-12 11:11:10.396 4327-4327/? D/ViewRootImpl: ViewPostImeInputStage processPointer 1
10-12 11:11:10.396 3435-3974/? D/CustomFrequencyManagerService: releaseDVFSLockLocked : Getting Lock type frm List : DVFS_MIN_LIMIT frequency : 1248000 uid : 1000 pid : 3435 tag : com.sec.android.app.launcher@1
10-12 11:11:10.406 3435-4200/? D/CustomFrequencyManagerService: acquireDVFSLockLocked : type : DVFS_MIN_LIMIT frequency : 2600000 uid : 1000 pid : 3435 pkgName : LAUNCHER_APP_BOOSTER_CPU@14
10-12 11:11:10.406 3004-3004/? D/libEGL: eglInitialize EGLDisplay = 0x7ff090b628
10-12 11:11:10.406 4327-4327/? I/Timeline: Timeline: Activity_launch_request id:acr.browser.barebones time:9289157
10-12 11:11:10.406 3435-4803/? D/VirtualScreenPolicy: applyVirtualScreenAttrs attrs=VirtualScreenAttrs{mDisplayId=0, mBaseDisplayId=0, mBaseActivity=false}
10-12 11:11:10.406 3435-4803/? D/GameManagerService: identifyGamePackage. acr.browser.barebones
10-12 11:11:10.406 3435-4803/? D/MultiWindowPolicy: Gamemode - return 0, when calling identifyForegroundApp(acr.browser.barebones)
10-12 11:11:10.406 3435-4803/? D/CustomFrequencyManagerService: acquireDVFSLockLocked : type : DVFS_MIN_LIMIT frequency : 1872000 uid : 1000 pid : 3435 pkgName : ACTIVITY_RESUME_BOOSTER@3
10-12 11:11:10.406 3435-4803/? D/ActivityManager: mDVFSHelper.acquire()
10-12 11:11:10.416 3435-4803/? D/FocusedStackFrame: Set to : 0
10-12 11:11:10.416 3435-4803/? V/WindowManager: addAppToken: AppWindowToken{d0e7f219f token=Token{663df3e ActivityRecord{79aa3f9 u0 acr.browser.barebones/acr.browser.lightning.activity.MainActivity t33}}} to stack=2 task=33 at 0
10-12 11:11:10.416 3435-4803/? D/InputDispatcher: Focused application set to: xxxx
10-12 11:11:10.416 3435-4803/? D/InputDispatcher: Focus left window: 4327
10-12 11:11:10.416 4327-4327/? D/Launcher: onPause, Launcher: 61231026
10-12 11:11:10.416 4327-4327/? D/Launcher.HomeView: onPause
10-12 11:11:10.416 3435-3565/? D/SecWifiDisplayUtil: Metadata value : SecSettings2
10-12 11:11:10.416 4327-4327/? D/Launcher.Workspace: exitWidgetResizeMode. isClearResizeFrame is false
10-12 11:11:10.416 3435-3565/? D/ViewRootImpl: #1 mView = com.android.internal.policy.PhoneWindow$DecorView{1d7d931 V.E...... R.....ID 0,0-0,0}
10-12 11:11:10.416 3435-3565/? D/ISSUE_DEBUG: InputChannelName : 10da597 Starting acr.browser.barebones
10-12 11:11:10.416 3435-3565/? D/PointerIcon: setMouseIconStyle1 pointerType: 1001 iconType:101 flag:0 pid:3435 uid:1000
10-12 11:11:10.416 3435-3565/? D/PointerIcon: setMouseCustomIcon IconType is same.101
10-12 11:11:10.416 3435-3540/? V/BroadcastQueue: [background] Process cur broadcast BroadcastRecord{50db384 u0 com.samsung.android.providers.context.log.action.USE_APP_FEATURE_SURVEY qIdx=4}, state= (APP_RECEIVE) DELIVERED for app ProcessRecord{66cefe7 5380:com.samsung.android.providers.context/u0a7}
10-12 11:11:10.416 3435-3974/? V/WindowOrientationListener: setCurrentAppOrientation :-1
10-12 11:11:10.416 3435-3974/? V/WindowOrientationListener: OrientationSensorJudge.getProposedRotation, Rotation: 0
10-12 11:11:10.416 3435-3974/? V/WindowManager: rotationForOrientationLw(orient=-1, last=0); user=0 sensorRotation=0 mLidState=-1 mDockMode=0 mHdmiPlugged=false mMobileKeyboardEnabled=false displayId=0
10-12 11:11:10.416 3435-3974/? V/WindowOrientationListener: OrientationSensorJudge.getProposedRotation, Rotation: 0
10-12 11:11:10.416 3435-3974/? D/ActivityManager: Launching acr.browser.barebones, updated priority
10-12 11:11:10.416 3004-3004/? D/libEGL: eglInitialize EGLDisplay = 0x7ff090b628
10-12 11:11:10.426 3435-3435/? D/GameManagerService: NotifyRunnable. pkg: acr.browser.barebones, type: 4, isMinimized: false, isTunableApp: false
10-12 11:11:10.426 29809-29809/? W/ResourcesManager: getTopLevelResources: /data/app/acr.browser.barebones-1/base.apk / 1.0 running in acr.browser.barebones rsrc of package acr.browser.barebones
10-12 11:11:10.426 29809-29809/? D/RelationGraph: garbageCollect()
10-12 11:11:10.426 3004-3004/? I/SurfaceFlinger: id=426 createSurf (1440x2560),1 flag=404, carebones
10-12 11:11:10.426 3435-3565/? D/ViewRootImpl: MSG_RESIZED_REPORT: ci=Rect(0, 96 - 0, 0) vi=Rect(0, 96 - 0, 0) or=1
10-12 11:11:10.436 3435-3540/? V/MARsPolicyManager: updatePackagesScore PackageInfo name -- acr.browser.barebones
10-12 11:11:10.436 3435-3846/? D/NetworkPolicy: isUidForegroundLocked: 10207, mScreenOn: true, uidstate: 2, mProxSensorScreenOff: false
10-12 11:11:10.436 3004-4000/? I/SurfaceFlinger: Modify Choreographer's phase offset to 0
10-12 11:11:10.436 3004-4135/? I/SurfaceFlinger: Modify SurfaceFlinger's phase offset to 0
10-12 11:11:10.436 3435-6368/? D/GameManagerService: identifyGamePackage. acr.browser.barebones
10-12 11:11:10.436 3435-6368/? D/GameManagerService: identifyGamePackage. acr.browser.barebones
10-12 11:11:10.446 3435-3565/? V/WindowStateAnimator: Finishing drawing window Window{10da597 u0 d0 Starting acr.browser.barebones}: mDrawState=DRAW_PENDING
10-12 11:11:10.446 3435-6368/? D/ConnectivityService: returning getNetworkInfo for network type 1 : [type: WIFI[] - WIFI, state: CONNECTED/CONNECTED, reason: (unspecified), extra: "WLAN-198160", roaming: false, failover: false, isAvailable: true]
10-12 11:11:10.446 3004-3004/? D/libEGL: eglInitialize EGLDisplay = 0x7ff090b628
10-12 11:11:10.446 3435-3541/? D/StatusBarManagerService: manageDisableList userId=0 what=0x0 pkg=Window{10da597 u0 d0 Starting acr.browser.barebones}
10-12 11:11:10.446 3004-3015/? D/libEGL: eglTerminate EGLDisplay = 0x7fb1efee78
10-12 11:11:10.446 3004-3015/? D/libEGL: eglTerminate EGLDisplay = 0x7fb1efee78
10-12 11:11:10.456 29809-30579/? W/System.err: remove failed: ENOENT (No such file or directory) : /data/user/0/acr.browser.barebones/cache259000567.sgg
10-12 11:11:10.456 29809-30579/? W/System.err: remove failed: ENOENT (No such file or directory) : /data/user/0/acr.browser.barebones/cache-1831474618.sgg
10-12 11:11:10.456 29809-30579/? W/System.err: remove failed: ENOENT (No such file or directory) : /data/user/0/acr.browser.barebones/cache119.sgg
10-12 11:11:10.456 29809-30579/? W/System.err: remove failed: ENOENT (No such file or directory) : /data/user/0/acr.browser.barebones/cache3808.sgg
10-12 11:11:10.456 29809-30579/? W/System.err: remove failed: ENOENT (No such file or directory) : /data/user/0/acr.browser.barebones/cache118167.sgg
10-12 11:11:10.456 29809-30579/? W/System.err: remove failed: ENOENT (No such file or directory) : /data/user/0/acr.browser.barebones/cache3663223.sgg
10-12 11:11:10.456 29809-30579/? W/System.err: remove failed: ENOENT (No such file or directory) : /data/user/0/acr.browser.barebones/cache113560011.sgg
10-12 11:11:10.456 29809-30579/? W/System.err: remove failed: ENOENT (No such file or directory) : /data/user/0/acr.browser.barebones/cache-774606857.sgg
10-12 11:11:10.456 3435-6368/? D/ConnectivityService: returning getNetworkInfo for network type 1 : [type: WIFI[] - WIFI, state: CONNECTED/CONNECTED, reason: (unspecified), extra: "WLAN-198160", roaming: false, failover: false, isAvailable: true]
10-12 11:11:10.456 29809-30579/? W/System.err: remove failed: ENOENT (No such file or directory) : /data/user/0/acr.browser.barebones/cache1756991308.sgg
10-12 11:11:10.456 29809-30579/? W/System.err: remove failed: ENOENT (No such file or directory) : /data/user/0/acr.browser.barebones/cache1201632223.sgg
10-12 11:11:10.456 29809-30579/? W/System.err: remove failed: ENOENT (No such file or directory) : /data/user/0/acr.browser.barebones/cache635905858.sgg
10-12 11:11:10.456 29809-30579/? W/System.err: remove failed: ENOENT (No such file or directory) : /data/user/0/acr.browser.barebones/cache97.sgg
10-12 11:11:10.456 29809-30579/? W/System.err: remove failed: ENOENT (No such file or directory) : /data/user/0/acr.browser.barebones/cache3107.sgg
10-12 11:11:10.456 29809-30579/? W/System.err: remove failed: ENOENT (No such file or directory) : /data/user/0/acr.browser.barebones/cache96415.sgg
10-12 11:11:10.456 29809-30579/? W/System.err: remove failed: ENOENT (No such file or directory) : /data/user/0/acr.browser.barebones/cache2988973.sgg
10-12 11:11:10.456 29809-30579/? W/System.err: remove failed: ENOENT (No such file or directory) : /data/user/0/acr.browser.barebones/cache92658274.sgg
10-12 11:11:10.456 29809-30579/? W/System.err: remove failed: ENOENT (No such file or directory) : /data/user/0/acr.browser.barebones/cache-1422560703.sgg
10-12 11:11:10.456 29809-30579/? W/System.err: remove failed: ENOENT (No such file or directory) : /data/user/0/acr.browser.barebones/cache-1149708726.sgg
10-12 11:11:10.456 29809-30579/? W/System.err: remove failed: ENOENT (No such file or directory) : /data/user/0/acr.browser.barebones/cache-1281232026.sgg
10-12 11:11:10.456 29809-30579/? W/System.err: remove failed: ENOENT (No such file or directory) : /data/user/0/acr.browser.barebones/cache-1063487034.sgg
10-12 11:11:10.456 29809-30579/? W/System.err: remove failed: ENOENT (No such file or directory) : /data/user/0/acr.browser.barebones/cache1391640431.sgg
10-12 11:11:10.456 29809-30579/? W/System.err: remove failed: ENOENT (No such file or directory) : /data/user/0/acr.browser.barebones/cache191180516.sgg
10-12 11:11:10.456 29809-30579/? W/System.err: remove failed: ENOENT (No such file or directory) : /data/user/0/acr.browser.barebones/cache1631628743.sgg
10-12 11:11:10.456 29809-30579/? W/System.err: remove failed: ENOENT (No such file or directory) : /data/user/0/acr.browser.barebones/cache-959116414.sgg
10-12 11:11:10.456 29809-30579/? W/System.err: remove failed: ENOENT (No such file or directory) : /data/user/0/acr.browser.barebones/cache332162353.sgg
10-12 11:11:10.456 29809-30579/? W/System.err: remove failed: ENOENT (No such file or directory) : /data/user/0/acr.browser.barebones/cache1380445011.sgg
10-12 11:11:10.456 29809-30579/? W/System.err: remove failed: ENOENT (No such file or directory) : /data/user/0/acr.browser.barebones/cache-155877518.sgg
10-12 11:11:10.456 29809-30579/? W/System.err: remove failed: ENOENT (No such file or directory) : /data/user/0/acr.browser.barebones/cache-537235719.sgg
10-12 11:11:10.456 29809-30579/? W/System.err: remove failed: ENOENT (No such file or directory) : /data/user/0/acr.browser.barebones/cache525561947.sgg
10-12 11:11:10.456 29809-30579/? W/System.err: remove failed: ENOENT (No such file or directory) : /data/user/0/acr.browser.barebones/cache-887448774.sgg
10-12 11:11:10.456 29809-30579/? W/System.err: remove failed: ENOENT (No such file or directory) : /data/user/0/acr.browser.barebones/cache-1741108169.sgg
10-12 11:11:10.456 29809-30579/? W/System.err: remove failed: ENOENT (No such file or directory) : /data/user/0/acr.browser.barebones/cache1860221666.sgg
10-12 11:11:10.456 29809-30579/? W/System.err: remove failed: ENOENT (No such file or directory) : /data/user/0/acr.browser.barebones/cache-1632447086.sgg
10-12 11:11:10.456 29809-30579/? W/System.err: remove failed: ENOENT (No such file or directory) : /data/user/0/acr.browser.barebones/cache-928779570.sgg
10-12 11:11:10.456 29809-30579/? W/System.err: remove failed: ENOENT (No such file or directory) : /data/user/0/acr.browser.barebones/cache2025550416.sgg
10-12 11:11:10.456 29809-30579/? W/System.err: remove failed: ENOENT (No such file or directory) : /data/user/0/acr.browser.barebones/cache-1887995279.sgg
10-12 11:11:10.456 29809-30579/? W/System.err: remove failed: ENOENT (No such file or directory) : /data/user/0/acr.browser.barebones/cache1852765399.sgg
10-12 11:11:10.456 29809-30579/? W/System.err: remove failed: ENOENT (No such file or directory) : /data/user/0/acr.browser.barebones/cache-1329147796.sgg
10-12 11:11:10.456 29809-30579/? W/System.err: remove failed: ENOENT (No such file or directory) : /data/user/0/acr.browser.barebones/cache-177244963.sgg
10-12 11:11:10.456 29809-30579/? W/System.err: remove failed: ENOENT (No such file or directory) : /data/user/0/acr.browser.barebones/cache957906842.sgg
10-12 11:11:10.456 29809-30579/? W/System.err: remove failed: ENOENT (No such file or directory) : /data/user/0/acr.browser.barebones/cache1970562869.sgg
10-12 11:11:10.456 29809-30579/? W/System.err: remove failed: ENOENT (No such file or directory) : /data/user/0/acr.browser.barebones/cache-393685678.sgg
10-12 11:11:10.456 29809-30579/? W/System.err: remove failed: ENOENT (No such file or directory) : /data/user/0/acr.browser.barebones/cache2090531250.sgg
10-12 11:11:10.456 29809-30579/? W/System.err: remove failed: ENOENT (No such file or directory) : /data/user/0/acr.browser.barebones/cache19533021.sgg
10-12 11:11:10.456 29809-29809/? D/Activity: performCreate Call Injection manager
10-12 11:11:10.456 3435-6368/? D/GameManagerService: identifyGamePackage. acr.browser.barebones
10-12 11:11:10.456 3435-6368/? D/ConnectivityService: returning getNetworkInfo for network type 1 : [type: WIFI[] - WIFI, state: CONNECTED/CONNECTED, reason: (unspecified), extra: "WLAN-198160", roaming: false, failover: false, isAvailable: true]
10-12 11:11:10.456 3435-6368/? D/GameManagerService: identifyGamePackage. acr.browser.barebones
10-12 11:11:10.456 3435-6368/? D/GameManagerService: identifyGamePackage. acr.browser.barebones
10-12 11:11:10.466 29809-29809/? D/AbsListView: Get MotionRecognitionManager
10-12 11:11:10.466 29809-29809/? E/MotionRecognitionManager: mSContextService = android.hardware.scontext.ISContextService$Stub$Proxy@8ccb7b6
10-12 11:11:10.466 29809-29809/? E/MotionRecognitionManager: motionService = com.samsung.android.motion.IMotionRecognitionService$Stub$Proxy@be7dcb7
10-12 11:11:10.466 29809-29809/? E/MotionRecognitionManager: motionService = com.samsung.android.motion.IMotionRecognitionService$Stub$Proxy@be7dcb7
10-12 11:11:10.466 3435-4200/? D/MotionRecognitionService: ssp status : true
10-12 11:11:10.466 29809-29809/? I/InjectionManager: dispatchOnViewCreated > Target : acr.browser.lightning.activity.MainActivity isFragment :false
10-12 11:11:10.476 29809-29809/? E/ProxyChangeListener: Using no proxy configuration due to exception:java.lang.NullPointerException: Attempt to invoke virtual method 'java.lang.Object android.os.Bundle.get(java.lang.String)' on a null object reference
10-12 11:11:10.476 29809-29809/? D/SecWifiDisplayUtil: Metadata value : SecSettings2
10-12 11:11:10.476 29809-29809/? D/ViewRootImpl: #1 mView = com.android.internal.policy.PhoneWindow$DecorView{23fabaf I.E...... R.....ID 0,0-0,0}
10-12 11:11:10.476 3435-3474/? D/ISSUE_DEBUG: InputChannelName : e6f7d69 acr.browser.barebones/acr.browser.lightning.activity.MainActivity
10-12 11:11:10.476 3435-4341/? D/ActivityManager: post active user change for 0 fullscreen true isFloatingActivity() false isHomeActivity() false
10-12 11:11:10.476 3435-4341/? D/KnoxTimeoutHandler: postActiveUserChange [MsgParam] userId: 0 fullscreen is true showWhenlocked is false
10-12 11:11:10.476 3435-3435/? D/KnoxTimeoutHandler: handleActiveUserChange [MsgParam] userId: 0 fullscreen is true showWhenlocked is false
10-12 11:11:10.476 3435-3435/? I/KnoxTimeoutHandler: Shared devices show user statefalse
10-12 11:11:10.496 3004-3004/? I/SurfaceFlinger: id=427 createSurf (1440x2560),1 flag=404, NainActivit
10-12 11:11:10.496 3435-3541/? D/StatusBarManagerService: manageDisableList userId=0 what=0x0 pkg=Window{e6f7d69 u0 d0 acr.browser.barebones/acr.browser.lightning.activity.MainActivity}
10-12 11:11:10.496 3931-3931/? D/PhoneStatusBar: setSystemUiVisibility vis=8700 mask=ffffffff oldVal=8600 newVal=8700 diff=100
10-12 11:11:10.496 3435-4803/? D/InputDispatcher: Focus entered window: 29809
10-12 11:11:10.496 3435-3565/? D/PointerIcon: setMouseIconStyle1 pointerType: 1001 iconType:101 flag:0 pid:3435 uid:1000
10-12 11:11:10.496 3435-3565/? D/PointerIcon: setMouseCustomIcon IconType is same.101
10-12 11:11:10.496 29809-29828/? D/mali_winsys: EGLint new_window_surface(egl_winsys_display*, void*, EGLSurface, EGLConfig, egl_winsys_surface**, egl_color_buffer_format*, EGLBoolean) returns 0x3000, [1440x2560]-format:1
10-12 11:11:10.506 29809-29809/? W/cr_AwContents: onDetachedFromWindow called when already detached. Ignoring
10-12 11:11:10.516 29809-29809/? I/InjectionManager: dispatchCreateOptionsMenu :acr.browser.lightning.activity.MainActivity
10-12 11:11:10.516 29809-29809/? I/InjectionManager: dispatchPrepareOptionsMenu :acr.browser.lightning.activity.MainActivity
10-12 11:11:10.516 29809-29809/? W/DisplayListCanvas: DisplayListCanvas is started on unbinded RenderNode (without mOwningView)
10-12 11:11:10.516 3435-4802/? V/WindowStateAnimator: Finishing drawing window Window{e6f7d69 u0 d0 acr.browser.barebones/acr.browser.lightning.activity.MainActivity}: mDrawState=DRAW_PENDING
10-12 11:11:10.516 29809-29809/? D/ViewRootImpl: MSG_RESIZED_REPORT: ci=Rect(0, 96 - 0, 0) vi=Rect(0, 96 - 0, 0) or=1
10-12 11:11:10.526 3435-3960/? D/InputMethodManagerService: windowGainedFocus mCurrentFocusedUserId - 0 and mSecureKeypadEnabled-false
10-12 11:11:10.526 3435-3565/? D/KnoxTimeoutHandler: notifyActivityDrawn [MsgParam] userId: 0 fullscreen is true showWhenlocked is false
10-12 11:11:10.526 3435-3435/? D/KnoxTimeoutHandler: activityDrawn [MsgParam] userId: 0 fullscreen is true showWhenlocked is false
10-12 11:11:10.526 3435-3565/? I/ActivityManager: Displayed acr.browser.barebones/acr.browser.lightning.activity.MainActivity: +105ms
10-12 11:11:10.526 3435-3565/? D/ViewRootImpl: #3 mView = null
10-12 11:11:10.526 29809-29809/? I/cr_Ime: ImeThread is not enabled.
10-12 11:11:10.526 3435-3435/? I/KnoxTimeoutHandler: SD activityfalse
10-12 11:11:10.526 8339-8339/? D/SamsungIME: IMPL finishInput
10-12 11:11:10.526 8339-8339/? D/SamsungIME: SwiftKeyWrapper writeDBdataToFileOnFinishInput
10-12 11:11:10.526 8339-8339/? D/SamsungIME: saveAndClear +
10-12 11:11:10.526 8339-8339/? D/SamsungIME: saveAndClear -
10-12 11:11:10.526 8339-8339/? D/SamsungIME: onStartInput: No inputType, No imeOption, isInputViewShown = false, isExtractViewShown = false, isShowInputRequested = false, isConfigChanged = false
10-12 11:11:10.526 3004-3004/? D/libEGL: eglInitialize EGLDisplay = 0x7ff090b628
10-12 11:11:10.536 8339-8339/? D/SamsungIME: IMPL finishInput
10-12 11:11:10.536 8339-8339/? D/SamsungIME: SwiftKeyWrapper writeDBdataToFileOnFinishInput
10-12 11:11:10.536 8339-8339/? D/SamsungIME: saveAndClear +
10-12 11:11:10.536 8339-8339/? D/SamsungIME: saveAndClear -
10-12 11:11:10.546 3435-3475/? V/WindowStateAnimator: Finishing drawing window Window{e6f7d69 u0 d0 acr.browser.barebones/acr.browser.lightning.activity.MainActivity}: mDrawState=HAS_DRAWN
10-12 11:11:10.546 3004-3004/? D/libEGL: eglInitialize EGLDisplay = 0x7ff090b628
10-12 11:11:10.556 29809-29809/? W/cr_BindingManager: Cannot call determinedVisibility() - never saw a connection for the pid: 29809
10-12 11:11:10.566 3004-3004/? D/libEGL: eglInitialize EGLDisplay = 0x7ff090b628
10-12 11:11:10.686 3435-3870/? D/MdnieScenarioControlService: packageName : acr.browser.barebones className : acr.browser.lightning.activity.MainActivity
10-12 11:11:10.716 3004-4502/? I/SurfaceFlinger: id=426 Removed carebones (5/11)
10-12 11:11:10.716 3004-4135/? I/SurfaceFlinger: id=426 Removed carebones (-2/11)
10-12 11:11:10.726 3004-3004/? D/libEGL: eglTerminate EGLDisplay = 0x7ff090b748
10-12 11:11:10.786 3435-3870/? I/MdnieScenarioControlService: mGameModeLauncher : false
10-12 11:11:10.796 3435-3870/? I/MdnieScenarioControlService: setUIMode
10-12 11:11:10.816 3435-3565/? D/CustomFrequencyManagerService: releaseDVFSLockLocked : Getting Lock type frm List : DVFS_MIN_LIMIT frequency : 1872000 uid : 1000 pid : 3435 tag : ACTIVITY_RESUME_BOOSTER@3
10-12 11:11:10.816 3435-3540/? D/CustomFrequencyManagerService: acquireDVFSLockLocked : type : DVFS_MIN_LIMIT frequency : 1872000 uid : 1000 pid : 3435 pkgName : ACTIVITY_RESUME_BOOSTER@9
10-12 11:11:10.816 3435-3565/? D/ActivityManager: mDVFSHelper.release()
10-12 11:11:10.816 3435-3565/? I/Timeline: Timeline: Activity_windows_visible id: ActivityRecord{79aa3f9 u0 acr.browser.barebones/acr.browser.lightning.activity.MainActivity t33} time:9289565
10-12 11:11:10.816 3004-4000/? I/SurfaceFlinger: id=425 Removed MauncherAct (2/10)
10-12 11:11:10.816 3004-3013/? I/SurfaceFlinger: id=425 Removed MauncherAct (-2/10)
10-12 11:11:10.816 3931-3931/? D/ImageWallpaper: onVisibilityChanged:false
10-12 11:11:10.816 3435-3565/? D/KnoxTimeoutHandler: notifyActivityDrawn [MsgParam] userId: 0 fullscreen is true showWhenlocked is false
10-12 11:11:10.816 3931-3931/? D/ImageWallpaper: drawFrame:false rotation:0 mLastRotation:0
10-12 11:11:10.816 3931-3931/? D/ImageWallpaper: drawFrame:[frame.width()]2240[frame.height()]2560
10-12 11:11:10.816 3931-3931/? D/ImageWallpaper: Suppressed drawFrame since redraw is not needed and offsets have not changed.
10-12 11:11:10.816 3435-3435/? D/KnoxTimeoutHandler: activityDrawn [MsgParam] userId: 0 fullscreen is true showWhenlocked is false
10-12 11:11:10.816 3435-3435/? I/KnoxTimeoutHandler: SD activityfalse
10-12 11:11:10.826 3004-3004/? D/libEGL: eglTerminate EGLDisplay = 0x7ff090b748
10-12 11:11:11.116 3435-3435/? D/CustomFrequencyManagerService: releaseDVFSLockLocked : Getting Lock type frm List : DVFS_MIN_LIMIT frequency : 1872000 uid : 1000 pid : 3435 tag : ACTIVITY_RESUME_BOOSTER@9
10-12 11:11:11.116 3435-3435/? D/CustomFrequencyManagerService: FrequencyrequestList.getNextCStateDisableRequest, index: 1
10-12 11:11:11.376 3435-3821/? D/InputReader: Input event(4): value=1 when=9290128450000
10-12 11:11:11.376 3435-3821/? D/InputReader: Input event(4): value=1 when=9290128450000
10-12 11:11:11.376 3435-3821/? I/InputReader: Touch event's action is 0x0 (deviceType=0) [pCnt=1, s=0.684 ] when=9290128450000
10-12 11:11:11.376 3435-3821/? D/InputReader: lastThreadEndTime = 9289144915932, currentThreadStartTime = 9289144919085, diff = 0
10-12 11:11:11.376 3435-3820/? I/InputDispatcher: Delivering touch to (3931): action: 0x4, toolType: 1
10-12 11:11:11.376 3435-3820/? I/InputDispatcher: Delivering touch to (29809): action: 0x0, toolType: 1
10-12 11:11:11.376 29809-29809/? D/ViewRootImpl: ViewPostImeInputStage processPointer 0
10-12 11:11:11.406 3435-4341/? D/CustomFrequencyManagerService: releaseDVFSLockLocked : Getting Lock type frm List : DVFS_MIN_LIMIT frequency : 2600000 uid : 1000 pid : 3435 tag : LAUNCHER_APP_BOOSTER_CPU@14
10-12 11:11:11.426 4006-4006/? D/Recents: onTaskStackChanged
10-12 11:11:11.906 3435-4808/? D/SecContentProvider: query(), uri = 15 selection = isClipboardAllowedAsUser
10-12 11:11:11.906 3435-4808/? D/SecContentProvider: query(), uri = 15 selection = isClipboardShareAllowedAsUser
10-12 11:11:11.916 29809-29809/? W/ClipboardExManager: hasData : 2, -1, null
10-12 11:11:11.916 3435-4803/? D/SecContentProvider: query(), uri = 15 selection = isClipboardAllowedAsUser
10-12 11:11:11.916 3435-4803/? D/SecContentProvider: query(), uri = 15 selection = isClipboardShareAllowedAsUser
10-12 11:11:11.916 3435-4803/? D/ClipboardExService: getLatestItem : false
10-12 11:11:11.916 3435-4803/? E/ClipboardDataMgr: in own condtnthis Text class. Value is http://www.bbc.com/c 1476263457453
10-12 11:11:11.916 3435-4803/? E/ClipboardDataMgr: before return latestdatalthis Text class. Value is http://www.bbc.com/c
10-12 11:11:11.916 3435-4803/? I/ClipboardExService: owner copy and paste cdData
10-12 11:11:11.916 3435-4643/? D/SecContentProvider: query(), uri = 15 selection = isClipboardAllowedAsUser
10-12 11:11:11.916 3435-4643/? D/SecContentProvider: query(), uri = 15 selection = isClipboardShareAllowedAsUser
10-12 11:11:11.926 29809-29809/? D/ViewRootImpl: #1 mView = android.widget.PopupWindow$PopupDecorView{3c093ab V.E...... ......I. 0,0-0,0}
10-12 11:11:11.926 3435-4802/? D/ISSUE_DEBUG: InputChannelName : 9798725 PopupWindow:f92e1fa
10-12 11:11:11.956 3004-3004/? I/SurfaceFlinger: id=428 createSurf (1x1),1 flag=4, QopupWindow
10-12 11:11:11.976 29809-29828/? D/mali_winsys: EGLint new_window_surface(egl_winsys_display*, void*, EGLSurface, EGLConfig, egl_winsys_surface**, egl_color_buffer_format*, EGLBoolean) returns 0x3000, [160x160]-format:1
10-12 11:11:11.986 29809-29809/? W/DisplayListCanvas: DisplayListCanvas is started on unbinded RenderNode (without mOwningView)
10-12 11:11:11.996 3435-4825/? V/WindowStateAnimator: Finishing drawing window Window{9798725 u0 d0 PopupWindow:f92e1fa}: mDrawState=DRAW_PENDING
10-12 11:11:11.996 29809-29809/? D/ViewRootImpl: MSG_RESIZED_REPORT: ci=Rect(0, 0 - 0, 0) vi=Rect(0, 0 - 0, 0) or=1
10-12 11:11:12.006 3004-3004/? D/libEGL: eglInitialize EGLDisplay = 0x7ff090b628
10-12 11:11:12.006 3435-3565/? D/KnoxTimeoutHandler: notifyActivityDrawn [MsgParam] userId: 0 fullscreen is true showWhenlocked is false
10-12 11:11:12.006 3435-3435/? D/KnoxTimeoutHandler: activityDrawn [MsgParam] userId: 0 fullscreen is true showWhenlocked is false
10-12 11:11:12.006 3435-3435/? I/KnoxTimeoutHandler: SD activityfalse
10-12 11:11:12.016 3435-4341/? V/WindowStateAnimator: Finishing drawing window Window{9798725 u0 d0 PopupWindow:f92e1fa}: mDrawState=HAS_DRAWN
10-12 11:11:12.046 29809-29809/? D/ViewRootImpl: #1 mView = android.widget.PopupWindow$PopupDecorView{2e01f6f V.E...... ......I. 0,0-0,0}
10-12 11:11:12.046 3435-4133/? D/ISSUE_DEBUG: InputChannelName : 640e108 PopupWindow:4f5f24e
10-12 11:11:12.066 3004-3004/? I/SurfaceFlinger: id=429 createSurf (1x1),1 flag=4, QopupWindow
10-12 11:11:12.096 29809-29828/? D/mali_winsys: EGLint new_window_surface(egl_winsys_display*, void*, EGLSurface, EGLConfig, egl_winsys_surface**, egl_color_buffer_format*, EGLBoolean) returns 0x3000, [917x256]-format:1
10-12 11:11:12.106 29809-29809/? W/DisplayListCanvas: DisplayListCanvas is started on unbinded RenderNode (without mOwningView)
10-12 11:11:12.116 3435-3960/? V/WindowStateAnimator: Finishing drawing window Window{640e108 u0 d0 PopupWindow:4f5f24e}: mDrawState=DRAW_PENDING
10-12 11:11:12.126 29809-29809/? D/ViewRootImpl: MSG_RESIZED_REPORT: ci=Rect(0, 0 - 0, 0) vi=Rect(0, 0 - 0, 0) or=1
10-12 11:11:12.126 3004-3004/? D/libEGL: eglInitialize EGLDisplay = 0x7ff090b628
10-12 11:11:12.126 3435-3565/? D/KnoxTimeoutHandler: notifyActivityDrawn [MsgParam] userId: 0 fullscreen is true showWhenlocked is false
10-12 11:11:12.126 3435-3435/? D/KnoxTimeoutHandler: activityDrawn [MsgParam] userId: 0 fullscreen is true showWhenlocked is false
10-12 11:11:12.136 3435-3435/? I/KnoxTimeoutHandler: SD activityfalse
10-12 11:11:12.146 3435-3474/? V/WindowStateAnimator: Finishing drawing window Window{640e108 u0 d0 PopupWindow:4f5f24e}: mDrawState=HAS_DRAWN
10-12 11:11:12.156 3004-3004/? D/libEGL: eglInitialize EGLDisplay = 0x7ff090b628
10-12 11:11:12.176 3004-3004/? D/libEGL: eglInitialize EGLDisplay = 0x7ff090b628
10-12 11:11:12.246 3435-3858/? D/ConnectivityService: updateCapabilities: oldCap = [ Transports: WIFI Capabilities: INTERNET&NOT_RESTRICTED&TRUSTED&NOT_VPN&VALIDATED LinkUpBandwidth>=1048576Kbps LinkDnBandwidth>=1048576Kbps SignalStrength: -61], newCap = [ Transports: WIFI Capabilities: INTERNET&NOT_RESTRICTED&TRUSTED&NOT_VPN LinkUpBandwidth>=1048576Kbps LinkDnBandwidth>=1048576Kbps SignalStrength: -65]
10-12 11:11:12.246 3435-3858/? D/ConnectivityService: rematching NetworkAgentInfo [WIFI () - 502]
10-12 11:11:12.246 3435-3858/? D/ConnectivityService: network has: NetworkAgentInfo{ ni{[type: WIFI[] - WIFI, state: CONNECTED/CONNECTED, reason: (unspecified), extra: "WLAN-198160", roaming: false, failover: false, isAvailable: true]} network{502} lp{{InterfaceName: wlan0 LinkAddresses: [fe80::ae5f:3eff:fe5a:4d38/64,192.168.2.117/24,2003:7a:4d12:82ae:ae5f:3eff:fe5a:4d38/64,2003:7a:4d12:82ae:bc25:b0a4:9c17:85bc/64,] Routes: [fe80::/64 -> :: wlan0,::/0 -> fe80::1 wlan0,2003:7a:4d12:82ae::/64 -> :: wlan0,192.168.2.0/24 -> 0.0.0.0 wlan0,0.0.0.0/0 -> 192.168.2.1 wlan0,] DnsAddresses: [192.168.2.1,] Domains: Speedport_W_921V_1_39_000 MTU: 0 TcpBufferSizes: 524288,1048576,2097120,524288,1048576,4194240}} nc{[ Transports: WIFI Capabilities: INTERNET&NOT_RESTRICTED&TRUSTED&NOT_VPN&VALIDATED LinkUpBandwidth>=1048576Kbps LinkDnBandwidth>=1048576Kbps SignalStrength: -65]} Score{60} everValidated{true} lastValidated{true} created{true} lingering{false} explicitlySelected{false} acceptUnvalidated{false} everCaptivePortalDetected{false} lastCaptivePortalDetected{false} }
10-12 11:11:12.256 3931-4137/? D/NetworkController: onReceive: intent=Intent { act=android.net.wifi.RSSI_CHANGED flg=0x4000010 bqHint=4 VirtualScreenParam=Params{mDisplayId=-1, null, mFlags=0x00000000)} (has extras) }
10-12 11:11:12.266 3435-3858/? D/ConnectivityService: Network NetworkAgentInfo [WIFI () - 502] was already satisfying request 1. No change.
10-12 11:11:12.266 3435-3858/? D/ConnectivityService: checking if request is: NetworkRequest [ id=10, legacyType=-1, [ Capabilities: INTERNET&NOT_RESTRICTED&TRUSTED&NOT_VPN] ] satisfies: true nri.isRequest: false
10-12 11:11:12.276 3435-3858/? D/ConnectivityService: checking if request is: NetworkRequest [ id=3, legacyType=-1, [] ] satisfies: true nri.isRequest: false
10-12 11:11:12.286 3931-3931/? D/QSTileView: handleLabelStateChanged() label = Wi-Fi cellWidth 272
10-12 11:11:12.286 3435-3858/? D/ConnectivityService: checking if request is: NetworkRequest [ id=4, legacyType=-1, [ Transports: CELLULAR Capabilities: INTERNET&NOT_RESTRICTED&TRUSTED&NOT_VPN] ] satisfies: false nri.isRequest: false
10-12 11:11:12.286 3435-3858/? D/ConnectivityService: checking if request is: NetworkRequest [ id=32, legacyType=-1, [ Capabilities: INTERNET&NOT_RESTRICTED&TRUSTED] ] satisfies: true nri.isRequest: false
10-12 11:11:12.296 3435-3858/? D/ConnectivityService: checking if request is: NetworkRequest [ id=5, legacyType=-1, [ Transports: WIFI Capabilities: INTERNET&NOT_RESTRICTED&TRUSTED&NOT_VPN] ] satisfies: true nri.isRequest: false
10-12 11:11:12.306 3435-3858/? D/ConnectivityService: checking if request is: NetworkRequest [ id=34, legacyType=-1, [ Capabilities: INTERNET&NOT_RESTRICTED&TRUSTED] ] satisfies: true nri.isRequest: false
10-12 11:11:12.306 3435-3858/? D/ConnectivityService: notifyType CAP_CHANGED for NetworkAgentInfo [WIFI () - 502]
10-12 11:11:12.306 3435-3858/? D/ConnectivityService: sending notification for NetworkRequest [ id=1, legacyType=-1, [ Capabilities: INTERNET&NOT_RESTRICTED&TRUSTED&NOT_VPN] ]
10-12 11:11:12.306 3435-3858/? D/ConnectivityService: sending notification for NetworkRequest [ id=3, legacyType=-1, [] ]
10-12 11:11:12.306 3435-3858/? D/ConnectivityService: sending notification CAP_CHANGED for NetworkRequest [ id=3, legacyType=-1, [] ]
10-12 11:11:12.306 3435-3858/? D/ConnectivityService: sending notification for NetworkRequest [ id=5, legacyType=-1, [ Transports: WIFI Capabilities: INTERNET&NOT_RESTRICTED&TRUSTED&NOT_VPN] ]
10-12 11:11:12.306 3435-3858/? D/ConnectivityService: sending notification CAP_CHANGED for NetworkRequest [ id=5, legacyType=-1, [ Transports: WIFI Capabilities: INTERNET&NOT_RESTRICTED&TRUSTED&NOT_VPN] ]
10-12 11:11:12.306 3435-3858/? D/ConnectivityService: sending notification for NetworkRequest [ id=10, legacyType=-1, [ Capabilities: INTERNET&NOT_RESTRICTED&TRUSTED&NOT_VPN] ]
10-12 11:11:12.306 3435-3858/? D/ConnectivityService: sending notification CAP_CHANGED for NetworkRequest [ id=10, legacyType=-1, [ Capabilities: INTERNET&NOT_RESTRICTED&TRUSTED&NOT_VPN] ]
10-12 11:11:12.306 3435-3858/? D/ConnectivityService: sending notification for NetworkRequest [ id=32, legacyType=-1, [ Capabilities: INTERNET&NOT_RESTRICTED&TRUSTED] ]
10-12 11:11:12.306 3435-3858/? D/ConnectivityService: sending notification CAP_CHANGED for NetworkRequest [ id=32, legacyType=-1, [ Capabilities: INTERNET&NOT_RESTRICTED&TRUSTED] ]
10-12 11:11:12.306 3435-3858/? D/ConnectivityService: sending notification for NetworkRequest [ id=34, legacyType=-1, [ Capabilities: INTERNET&NOT_RESTRICTED&TRUSTED] ]
10-12 11:11:12.306 3435-3858/? D/ConnectivityService: sending notification CAP_CHANGED for NetworkRequest [ id=34, legacyType=-1, [ Capabilities: INTERNET&NOT_RESTRICTED&TRUSTED] ]
10-12 11:11:12.376 3435-3821/? D/InputReader: Input event(4): value=0 when=9291126769000
10-12 11:11:12.376 3435-3821/? D/InputReader: Input event(4): value=0 when=9291126769000
10-12 11:11:12.376 3435-3821/? I/InputReader: Touch event's action is 0x1 (deviceType=0) [pCnt=1, s=] when=9291126769000
10-12 11:11:12.376 3435-3820/? I/InputDispatcher: Delivering touch to (29809): action: 0x1, toolType: 1
10-12 11:11:12.376 29809-29809/? D/ViewRootImpl: ViewPostImeInputStage processPointer 1
10-12 11:11:12.386 29809-29809/? D/ViewRootImpl: #3 mView = null
10-12 11:11:12.396 8339-8339/? D/SamsungIME: IMPL finishInput
10-12 11:11:12.396 8339-8339/? D/SamsungIME: SwiftKeyWrapper writeDBdataToFileOnFinishInput
10-12 11:11:12.396 8339-8339/? D/SamsungIME: saveAndClear +
10-12 11:11:12.396 8339-8339/? D/SamsungIME: saveAndClear -
10-12 11:11:12.396 3004-3013/? D/libEGL: eglTerminate EGLDisplay = 0x7fb2180e78
10-12 11:11:12.396 3004-3013/? D/libEGL: eglTerminate EGLDisplay = 0x7fb2180e78
10-12 11:11:12.406 29809-29809/? D/ViewRootImpl: #3 mView = null
10-12 11:11:12.406 3004-4135/? I/SurfaceFlinger: id=429 Removed QopupWindow (6/11)
10-12 11:11:12.406 3004-4502/? I/SurfaceFlinger: id=429 Removed QopupWindow (-2/11)
10-12 11:11:12.406 3004-3004/? D/libEGL: eglTerminate EGLDisplay = 0x7ff090b748
10-12 11:11:12.426 29809-29809/? I/Timeline: Timeline: Activity_idle id: android.os.BinderProxy@6ce0983 time:9291177
10-12 11:11:12.436 4327-4327/? D/Launcher.HomeView: onStop
10-12 11:11:12.436 4327-4327/? D/capture: ----destroy
10-12 11:11:12.436 4327-4327/? V/ActivityThread: updateVisibility : ActivityRecord{559c4a4 token=android.os.BinderProxy@18bec95 {com.sec.android.app.launcher/com.sec.android.app.launcher.activities.LauncherActivity}} show : false
10-12 11:11:12.436 3435-3846/? D/NetworkPolicy: isUidForegroundLocked: 10068, mScreenOn: true, uidstate: 3, mProxSensorScreenOff: false
10-12 11:11:12.446 4327-4327/? D/Launcher: onTrimMemory. Level: 20
10-12 11:11:12.526 3004-3015/? I/SurfaceFlinger: id=428 Removed QopupWindow (4/10)
10-12 11:11:12.526 3004-3013/? I/SurfaceFlinger: id=428 Removed QopupWindow (-2/10)
10-12 11:11:12.546 3004-3004/? D/libEGL: eglTerminate EGLDisplay = 0x7ff090b748
10-12 11:11:12.706 3435-3870/? D/MdnieScenarioControlService: packageName : acr.browser.barebones className : acr.browser.lightning.activity.MainActivity
10-12 11:11:12.806 3435-3870/? I/MdnieScenarioControlService: mGameModeLauncher : false
10-12 11:11:12.806 3435-3870/? I/MdnieScenarioControlService: setUIMode
10-12 11:11:13.276 3435-3821/? D/InputReader: Input event(4): value=1 when=9292021849000
10-12 11:11:13.276 3435-3821/? D/InputReader: Input event(4): value=1 when=9292021849000
10-12 11:11:13.276 3435-3821/? I/InputReader: Touch event's action is 0x0 (deviceType=0) [pCnt=1, s=0.685 ] when=9292021849000
10-12 11:11:13.276 3435-3821/? D/InputReader: lastThreadEndTime = 9291127115238, currentThreadStartTime = 9291127120584, diff = 0
10-12 11:11:13.276 3435-3820/? I/InputDispatcher: Delivering touch to (3931): action: 0x4, toolType: 1
10-12 11:11:13.276 3435-3820/? I/InputDispatcher: Delivering touch to (29809): action: 0x0, toolType: 1
10-12 11:11:13.276 29809-29809/? D/ViewRootImpl: ViewPostImeInputStage processPointer 0
10-12 11:11:13.426 3435-3900/? W/System.err: remove failed: ENOENT (No such file or directory) : /data/system/recent_tasks/33_task.xml.bak
10-12 11:11:13.436 3435-6368/? D/GameManagerService: identifyGamePackage. acr.browser.barebones
10-12 11:11:13.786 3435-4803/? D/SecContentProvider: query(), uri = 15 selection = isClipboardAllowedAsUser
10-12 11:11:13.786 3435-4803/? D/SecContentProvider: query(), uri = 15 selection = isClipboardShareAllowedAsUser
10-12 11:11:13.786 29809-29809/? W/ClipboardExManager: hasData : 2, -1, null
10-12 11:11:13.786 3435-3974/? D/SecContentProvider: query(), uri = 15 selection = isClipboardAllowedAsUser
10-12 11:11:13.786 3435-3974/? D/SecContentProvider: query(), uri = 15 selection = isClipboardShareAllowedAsUser
10-12 11:11:13.786 3435-3974/? D/ClipboardExService: getLatestItem : false
10-12 11:11:13.786 3435-3974/? E/ClipboardDataMgr: in own condtnthis Text class. Value is http://www.bbc.com/c 1476263457453
10-12 11:11:13.786 3435-3974/? E/ClipboardDataMgr: before return latestdatalthis Text class. Value is http://www.bbc.com/c
10-12 11:11:13.786 3435-3974/? I/ClipboardExService: owner copy and paste cdData
10-12 11:11:13.786 3435-4200/? D/SecContentProvider: query(), uri = 15 selection = isClipboardAllowedAsUser
10-12 11:11:13.786 3435-4200/? D/SecContentProvider: query(), uri = 15 selection = isClipboardShareAllowedAsUser
10-12 11:11:13.806 29809-29809/? D/ViewRootImpl: #1 mView = android.widget.PopupWindow$PopupDecorView{7949903 V.E...... ......I. 0,0-0,0}
10-12 11:11:13.806 3435-3960/? D/ISSUE_DEBUG: InputChannelName : 68705b4 PopupWindow:f92e1fa
10-12 11:11:13.816 3004-3004/? I/SurfaceFlinger: id=430 createSurf (1x1),1 flag=4, QopupWindow
10-12 11:11:13.836 29809-29828/? D/mali_winsys: EGLint new_window_surface(egl_winsys_display*, void*, EGLSurface, EGLConfig, egl_winsys_surface**, egl_color_buffer_format*, EGLBoolean) returns 0x3000, [160x160]-format:1
10-12 11:11:13.846 29809-29809/? W/DisplayListCanvas: DisplayListCanvas is started on unbinded RenderNode (without mOwningView)
10-12 11:11:13.846 3004-3004/? D/libEGL: eglInitialize EGLDisplay = 0x7ff090b628
10-12 11:11:13.846 3435-4803/? V/WindowStateAnimator: Finishing drawing window Window{68705b4 u0 d0 PopupWindow:f92e1fa}: mDrawState=DRAW_PENDING
10-12 11:11:13.846 29809-29809/? D/ViewRootImpl: MSG_RESIZED_REPORT: ci=Rect(0, 0 - 0, 0) vi=Rect(0, 0 - 0, 0) or=1
10-12 11:11:13.856 3435-3565/? D/KnoxTimeoutHandler: notifyActivityDrawn [MsgParam] userId: 0 fullscreen is true showWhenlocked is false
10-12 11:11:13.856 3435-3435/? D/KnoxTimeoutHandler: activityDrawn [MsgParam] userId: 0 fullscreen is true showWhenlocked is false
10-12 11:11:13.856 3435-3435/? I/KnoxTimeoutHandler: SD activityfalse
10-12 11:11:13.866 3435-3974/? V/WindowStateAnimator: Finishing drawing window Window{68705b4 u0 d0 PopupWindow:f92e1fa}: mDrawState=HAS_DRAWN
10-12 11:11:13.906 29809-29809/? D/ViewRootImpl: #1 mView = android.widget.PopupWindow$PopupDecorView{3f625e5 V.E...... ......I. 0,0-0,0}
10-12 11:11:13.916 3435-4325/? D/ISSUE_DEBUG: InputChannelName : e93b552 PopupWindow:9dad0dc
10-12 11:11:13.936 3004-3004/? I/SurfaceFlinger: id=431 createSurf (1x1),1 flag=4, QopupWindow
10-12 11:11:13.956 29809-29828/? D/mali_winsys: EGLint new_window_surface(egl_winsys_display*, void*, EGLSurface, EGLConfig, egl_winsys_surface**, egl_color_buffer_format*, EGLBoolean) returns 0x3000, [917x256]-format:1
10-12 11:11:13.966 29809-29809/? W/DisplayListCanvas: DisplayListCanvas is started on unbinded RenderNode (without mOwningView)
10-12 11:11:13.976 3435-4337/? V/WindowStateAnimator: Finishing drawing window Window{e93b552 u0 d0 PopupWindow:9dad0dc}: mDrawState=DRAW_PENDING
10-12 11:11:13.976 29809-29809/? D/ViewRootImpl: MSG_RESIZED_REPORT: ci=Rect(0, 0 - 0, 0) vi=Rect(0, 0 - 0, 0) or=1
10-12 11:11:13.986 3004-3004/? D/libEGL: eglInitialize EGLDisplay = 0x7ff090b628
10-12 11:11:13.986 3435-3565/? D/KnoxTimeoutHandler: notifyActivityDrawn [MsgParam] userId: 0 fullscreen is true showWhenlocked is false
10-12 11:11:13.986 3435-3435/? D/KnoxTimeoutHandler: activityDrawn [MsgParam] userId: 0 fullscreen is true showWhenlocked is false
10-12 11:11:13.986 3435-3435/? I/KnoxTimeoutHandler: SD activityfalse
10-12 11:11:13.996 3435-4825/? V/WindowStateAnimator: Finishing drawing window Window{e93b552 u0 d0 PopupWindow:9dad0dc}: mDrawState=HAS_DRAWN
10-12 11:11:13.996 3004-3004/? D/libEGL: eglInitialize EGLDisplay = 0x7ff090b628
10-12 11:11:14.016 3004-3004/? D/libEGL: eglInitialize EGLDisplay = 0x7ff090b628
10-12 11:11:14.306 3435-3821/? D/InputReader: Input event(4): value=0 when=9293053535000
10-12 11:11:14.306 3435-3821/? D/InputReader: Input event(4): value=0 when=9293053535000
10-12 11:11:14.306 3435-3821/? I/InputReader: Touch event's action is 0x1 (deviceType=0) [pCnt=1, s=] when=9293053535000
10-12 11:11:14.306 3435-3820/? I/InputDispatcher: Delivering touch to (29809): action: 0x1, toolType: 1
10-12 11:11:14.306 29809-29809/? D/ViewRootImpl: ViewPostImeInputStage processPointer 1
10-12 11:11:14.306 8339-8339/? E/SamsungIME: resetNeedToLoadHwrLibrary : 0
10-12 11:11:14.316 3435-4325/? D/CustomFrequencyManagerService: acquireDVFSLockLocked : type : DVFS_MIN_LIMIT frequency : 1976000 uid : 1000 pid : 3435 pkgName : com.sec.android.inputmethod@1
10-12 11:11:14.316 8339-8339/? D/SamsungIME: onStartInputView requsted restarting value = false
10-12 11:11:14.316 8339-8339/? D/SamsungIME: onStartInputView After call super - restarting value = false
10-12 11:11:14.316 8339-8339/? D/SamsungIME: disable handwriting input icon : handwriting is not enabled or improper edit field
10-12 11:11:14.316 8339-8339/? D/SamsungIME: [startInputView] info.inputType = 65553 info.imeOptions = 134217730
10-12 11:11:14.316 8339-8339/? I/SamsungIME: Update SetupWizard State usc : 1 pss : false
10-12 11:11:14.326 3435-4133/? D/SettingsProvider: isChangeAllowed() : name = onehand_direction
10-12 11:11:14.326 3435-4133/? D/SettingsProvider: edmUri: content://com.sec.knox.provider/RestrictionPolicy3
10-12 11:11:14.326 3435-4133/? D/SecContentProvider: query(), uri = 17 selection = isSettingsChangesAllowed
10-12 11:11:14.326 3435-4133/? D/SettingsProvider: projectionArgs: isSettingsChangesAllowed
10-12 11:11:14.326 3435-4133/? D/SettingsProvider: selectionArgs: false
10-12 11:11:14.326 3435-4133/? D/SettingsProvider: selectionArgs: 10138
10-12 11:11:14.326 3435-4133/? D/SettingsProvider: ret = -1
10-12 11:11:14.326 8339-8339/? D/SamsungIME: checkDynamicTouchRecognizedPrefValue mIsStaticTouchAreaPrefValue = false
10-12 11:11:14.326 8339-8339/? I/SamsungIME: Update SetupWizard State usc : 1 pss : false
10-12 11:11:14.326 8339-8339/? E/SamsungIME: lang.getLanguageCode():en, lang.getCountryCode():GB
10-12 11:11:14.326 8339-8339/? W/SamsungIME: makeSelectedLanguageList:en_GB;
10-12 11:11:14.326 8339-8339/? I/SamsungIME: [IMI] isChangedMainValues - bRetVal : true
10-12 11:11:14.326 8339-30584/? E/SamsungIME: sendInputLanguage() : en_GB, en_GB;
10-12 11:11:14.326 3435-4325/? D/SettingsProvider: isChangeAllowed() : name = sip_input_language
10-12 11:11:14.326 8339-8339/? D/SamsungIME: [AbstractKeyboardView] onDetachedFromWindow.
10-12 11:11:14.326 3435-4325/? D/SettingsProvider: edmUri: content://com.sec.knox.provider/RestrictionPolicy3
10-12 11:11:14.326 3435-4325/? D/SecContentProvider: query(), uri = 17 selection = isSettingsChangesAllowed
10-12 11:11:14.326 3435-4325/? D/SettingsProvider: projectionArgs: isSettingsChangesAllowed
10-12 11:11:14.326 8339-8339/? D/SamsungIME: Magnification Enabled = false
10-12 11:11:14.326 3435-4325/? D/SettingsProvider: selectionArgs: false
10-12 11:11:14.326 8339-8339/? D/SamsungIME: Dismiss ExpandCandiate
10-12 11:11:14.326 3435-4325/? D/SettingsProvider: selectionArgs: 10138
10-12 11:11:14.326 3435-4325/? D/SettingsProvider: ret = -1
10-12 11:11:14.326 3435-3474/? D/SettingsProvider: isChangeAllowed() : name = handwriting_language_list
10-12 11:11:14.326 3435-3474/? D/SettingsProvider: edmUri: content://com.sec.knox.provider/RestrictionPolicy3
10-12 11:11:14.326 3435-3474/? D/SecContentProvider: query(), uri = 17 selection = isSettingsChangesAllowed
10-12 11:11:14.326 3435-3474/? D/SettingsProvider: projectionArgs: isSettingsChangesAllowed
10-12 11:11:14.326 3435-3474/? D/SettingsProvider: selectionArgs: false
10-12 11:11:14.326 8339-8339/? E/SamsungIME: lang.getLanguageCode():en, lang.getCountryCode():GB
10-12 11:11:14.326 3435-3474/? D/SettingsProvider: selectionArgs: 10138
10-12 11:11:14.326 8339-8339/? W/SamsungIME: makeSelectedLanguageList:en_GB;
10-12 11:11:14.326 3435-3474/? D/SettingsProvider: ret = -1
10-12 11:11:14.326 8339-30585/? E/SamsungIME: sendInputLanguage() : en_GB, en_GB;
10-12 11:11:14.326 8339-8339/? D/SamsungIME: Dismiss ExpandCandiate
10-12 11:11:14.326 8339-8339/? D/SamsungIME: loadLanguageModels force = false
10-12 11:11:14.326 8339-8339/? W/System.err: mkdir failed: EEXIST (File exists) : /data/user/0/com.sec.android.inputmethod/app_SwiftKey/user
10-12 11:11:14.326 3435-4825/? D/SettingsProvider: isChangeAllowed() : name = sip_input_language
10-12 11:11:14.326 3435-4825/? D/SettingsProvider: edmUri: content://com.sec.knox.provider/RestrictionPolicy3
10-12 11:11:14.326 3435-4825/? D/SettingsProvider: projectionArgs: isSettingsChangesAllowed
10-12 11:11:14.326 3435-4825/? D/SettingsProvider: selectionArgs: false
10-12 11:11:14.326 3435-4825/? D/SecContentProvider: query(), uri = 17 selection = isSettingsChangesAllowed
10-12 11:11:14.326 3435-4825/? D/SettingsProvider: selectionArgs: 10138
10-12 11:11:14.326 3435-4825/? D/SettingsProvider: ret = -1
10-12 11:11:14.326 3435-4803/? D/SettingsProvider: isChangeAllowed() : name = handwriting_language_list
10-12 11:11:14.326 3435-4803/? D/SettingsProvider: edmUri: content://com.sec.knox.provider/RestrictionPolicy3
10-12 11:11:14.326 3435-4803/? D/SecContentProvider: query(), uri = 17 selection = isSettingsChangesAllowed
10-12 11:11:14.326 3435-4803/? D/SettingsProvider: projectionArgs: isSettingsChangesAllowed
10-12 11:11:14.326 3435-4803/? D/SettingsProvider: selectionArgs: false
10-12 11:11:14.326 3435-4803/? D/SettingsProvider: selectionArgs: 10138
10-12 11:11:14.326 3435-4803/? D/SettingsProvider: ret = -1
10-12 11:11:14.326 8339-8339/? D/SamsungIME: [loadLanguageModels] isChangePersonalizedData = false
10-12 11:11:14.326 8339-8339/? D/SamsungIME: [loadLanguageModels] loadLanguageforcely = false
10-12 11:11:14.326 8339-8339/? D/SamsungIME: Dismiss ExpandCandiate
10-12 11:11:14.326 8339-8339/? D/SamsungIME: loadLanguageModels force = false
