10-12 11:11:33.406 3435-3474/? D/SensorHubManager: SendSensorHubData: send data = -63, 23, 56, 3, 3, 0, 60
10-12 11:11:33.406 3158-8639/? D/Sensorhubs: sendContextData: -63, 23, 56, 3, 3, 0, 60
10-12 11:11:33.406 3435-3474/? I/CAE: setCAProperty(ContextAwareService.java:583) - result : true
10-12 11:11:33.406 3435-3474/? W/CAE: setCAProperty(ContextAwareService.java:584) - [setProperty 02] Mutex is unlocked for DEVICE_PHYSICAL_CONTEXT_MONITOR
10-12 11:11:33.406 3435-4133/? W/CAE: setCAProperty(ContextAwareService.java:578) - [setProperty 01] Mutex is locked for DEVICE_PHYSICAL_CONTEXT_MONITOR
10-12 11:11:33.406 3435-4133/? I/CAE: sendCmdToSensorHub(SensorHubCommManager.java:162) - -63, 23, 56, 3, 4, 0, 1,
10-12 11:11:33.406 3435-4133/? D/SensorHubManager: SendSensorHubData: send data = -63, 23, 56, 3, 4, 0, 1
10-12 11:11:33.406 3158-3199/? D/Sensorhubs: sendContextData: -63, 23, 56, 3, 4, 0, 1
10-12 11:11:33.416 3435-4133/? I/CAE: setCAProperty(ContextAwareService.java:583) - result : true
10-12 11:11:33.416 3435-4133/? W/CAE: setCAProperty(ContextAwareService.java:584) - [setProperty 02] Mutex is unlocked for DEVICE_PHYSICAL_CONTEXT_MONITOR
10-12 11:11:33.416 3435-3960/? W/CAE: setCAProperty(ContextAwareService.java:578) - [setProperty 01] Mutex is locked for DEVICE_PHYSICAL_CONTEXT_MONITOR
10-12 11:11:33.416 3435-3960/? I/CAE: sendCmdToSensorHub(SensorHubCommManager.java:162) - -63, 23, 56, 4, 0, 0, 0, 110, 1,
10-12 11:11:33.416 3435-3960/? D/SensorHubManager: SendSensorHubData: send data = -63, 23, 56, 4, 0, 0, 0, 110, 1
10-12 11:11:33.416 3158-3158/? D/Sensorhubs: sendContextData: -63, 23, 56, 4, 0, 0, 0, 110, 1
10-12 11:11:33.416 3435-3960/? I/CAE: setCAProperty(ContextAwareService.java:583) - result : true
10-12 11:11:33.416 3435-3960/? W/CAE: setCAProperty(ContextAwareService.java:584) - [setProperty 02] Mutex is unlocked for DEVICE_PHYSICAL_CONTEXT_MONITOR
10-12 11:11:33.416 3435-3992/? W/CAE: setCAProperty(ContextAwareService.java:578) - [setProperty 01] Mutex is locked for DEVICE_PHYSICAL_CONTEXT_MONITOR
10-12 11:11:33.416 3435-3992/? I/CAE: sendCmdToSensorHub(SensorHubCommManager.java:162) - -63, 23, 56, 4, 0, 0, 0, 17, 2,
10-12 11:11:33.416 3435-3992/? D/SensorHubManager: SendSensorHubData: send data = -63, 23, 56, 4, 0, 0, 0, 17, 2
10-12 11:11:33.416 3158-8639/? D/Sensorhubs: sendContextData: -63, 23, 56, 4, 0, 0, 0, 17, 2
10-12 11:11:33.416 3435-3992/? I/CAE: setCAProperty(ContextAwareService.java:583) - result : true
10-12 11:11:33.416 3435-3992/? W/CAE: setCAProperty(ContextAwareService.java:584) - [setProperty 02] Mutex is unlocked for DEVICE_PHYSICAL_CONTEXT_MONITOR
10-12 11:11:33.526 3004-3004/? D/libEGL: eglTerminate EGLDisplay = 0x7ff090b748
10-12 11:11:33.526 3435-3579/? D/SurfaceControl: Excessive delay in setPowerMode(): 174ms
10-12 11:11:33.526 3435-3579/? D/PowerManagerUtil: Excessive delay in !@display_state: OFF: 175ms
10-12 11:11:33.536 3435-3569/? I/libsuspend: !@autosuspend_wakeup_count_enable
10-12 11:11:33.536 3435-3579/? D/PowerManagerUtil: Excessive delay in DisplayManagerInternal.requestDesiredDisplayState: 176ms
10-12 11:11:33.536 3435-3569/? I/libsuspend: !@autosuspend_wakeup_count_enable done
10-12 11:11:33.536 3435-3569/? D/DisplayPowerController: animateScreenStateChange[0]: target=1
10-12 11:11:33.536 3435-4200/? D/ISSUE_DEBUG: InputChannelName : b4e7075 AOD
10-12 11:11:33.536 3435-3569/? D/DisplayPowerController: [Dual Screen Compatible] state[0] :1
10-12 11:11:33.536 3435-3569/? D/DisplayPowerController: getFinalBrightness : Summary is 0 -> 0
10-12 11:11:33.536 3435-3569/? D/DisplayPowerController: Animating brightness: target=0, rate=0 (PSM:false, AB limit:(-1 ~ -1) MB Limit:(-1 ~ -1))
10-12 11:11:33.536 3435-3569/? I/PowerManagerService: [PWL] Off : 0s ago
10-12 11:11:33.536 3435-3569/? I/PowerManagerService: [PWL] PowerManagerService.WakeLocks: ref count=1
10-12 11:11:33.536 3435-3569/? I/PowerManagerService: [PWL] mWakeLockSummary : 0x1
10-12 11:11:33.536 3435-3569/? I/PowerManagerService: [PWL] PARTIAL_WAKE_LOCK 'AudioMix' (uid=1013, pid=0, ws=null) (elapsedTime=3652)
10-12 11:11:33.536 3435-3569/? I/PowerManagerService: [PWL] PARTIAL_WAKE_LOCK 'AlwaysOnDisplay_EnsureWorkingTime' (uid=10000, pid=4758, ws=null) (elapsedTime=158)
10-12 11:11:33.536 3435-3569/? I/PowerManagerService: [PWL] PowerManagerService.Display: ref count=2
10-12 11:11:33.536 3435-3569/? I/PowerManagerService: [PWL] mUserActivitySummary : 0x1
10-12 11:11:33.536 3435-3569/? I/PowerManagerService: [PWL] mDisplayReady : false
10-12 11:11:33.536 3435-3569/? D/DisplayPowerController: animateScreenStateChange[0]: target=1
10-12 11:11:33.536 3435-4200/? D/InputDispatcher: Focus left window: 4327
10-12 11:11:33.536 3435-3569/? D/DisplayPowerController: [Dual Screen Compatible] state[0] :1
10-12 11:11:33.536 3435-4200/? D/InputDispatcher: Focus entered window: 4758
10-12 11:11:33.536 3435-3569/? D/DisplayPowerController: getFinalBrightness : Summary is 0 -> 0
10-12 11:11:33.536 3435-3569/? D/DisplayPowerController: Animating brightness: target=0, rate=0 (PSM:false, AB limit:(-1 ~ -1) MB Limit:(-1 ~ -1))
10-12 11:11:33.536 3435-3569/? D/PowerManagerService: [s] DisplayPowerCallbacks : onStateChanged()
10-12 11:11:33.536 3435-3569/? D/PowerManagerService: mDisplayReady: true
10-12 11:11:33.536 3435-3569/? D/PowerManagerService: [PWL] sb release: PowerManagerService.Display
10-12 11:11:33.536 3435-3569/? D/PowerManagerService: handleSandman : startDreaming: true (canDreamLocked: false canDozeLocked: true)
10-12 11:11:33.536 3435-3569/? D/PowerManagerService: handleSandman : startDream(true)
10-12 11:11:33.536 3435-3569/? E/PowerManagerService: handleSandman : startDreaming, but isDreaming false
10-12 11:11:33.536 3435-3569/? I/PowerManagerService: Sleeping (uid 1000)...
10-12 11:11:33.536 3435-3569/? D/PowerManagerService: [s] UserActivityState : 1 -> 0
10-12 11:11:33.536 3435-3569/? D/PowerManagerService: [PWL] sb acquire: PowerManagerService.Broadcasts
10-12 11:11:33.536 3435-3541/? D/StatusBarManagerService: manageDisableList userId=0 what=0x0 pkg=Window{b4e7075 u0 d0 AOD}
10-12 11:11:33.546 3435-3894/? D/PersonaManagerService: onfinishedGoingToSleep why = 2
10-12 11:11:33.546 3931-22758/? D/KeyguardViewMediator: onFinishedGoingToSleep(2)
10-12 11:11:33.546 3931-22758/? D/KeyguardViewMediator: notifyFinishedGoingToSleep
10-12 11:11:33.546 3435-3604/? D/PersonaManagerServiceHandler: MSG_ACTION_SCREEN_OFF called
10-12 11:11:33.546 3435-3565/? D/PointerIcon: setMouseIconStyle1 pointerType: 1001 iconType:101 flag:0 pid:3435 uid:1000
10-12 11:11:33.546 3435-3565/? D/PointerIcon: setMouseCustomIcon IconType is same.101
10-12 11:11:33.546 4006-4006/? D/Recents_RecentsActivity: Screen off broadcast is received
10-12 11:11:33.546 4006-4006/? D/Recents_RecentsActivity: clearWindowFlag is getting called
10-12 11:11:33.546 4006-4006/? D/Recents_RecentsActivity: dismissRecentsToHome, animated=false
10-12 11:11:33.556 3931-3931/? D/ImageWallpaper: onVisibilityChanged:false
10-12 11:11:33.556 3931-3931/? D/ImageWallpaper: drawFrame:false rotation:0 mLastRotation:0
10-12 11:11:33.556 3931-22758/? D/FactoryTest: checkAutomationTestOption() : option=0
10-12 11:11:33.556 3931-3931/? D/ImageWallpaper: drawFrame:[frame.width()]2240[frame.height()]2560
10-12 11:11:33.556 3931-3931/? D/ImageWallpaper: Suppressed drawFrame since redraw is not needed and offsets have not changed.
10-12 11:11:33.556 3931-22758/? D/FactoryTest: checkAutomationTestOption() : mode_screenlock=0
10-12 11:11:33.556 3931-22758/? D/KeyguardViewMediator: doKeyguard: showing the lock screen
10-12 11:11:33.556 3931-22758/? D/KeyguardViewMediator: showLocked
10-12 11:11:33.556 3931-3931/? D/KeyguardViewMediator: handleNotifyFinishedGoingToSleep
10-12 11:11:33.556 3931-3931/? D/KeyguardEffectViewController: onScreenTurnedOff
10-12 11:11:33.556 3931-3931/? D/KeyguardEffectViewController: ## mBackgroundView.onPause()
10-12 11:11:33.556 3931-3931/? D/KeyguardEffectViewLayered: onPause()
10-12 11:11:33.556 3931-3931/? D/PhoneStatusBar: setSystemUiVisibility vis=8000 mask=ffffffff oldVal=8600 newVal=8000 diff=600
10-12 11:11:33.556 3931-3931/? D/KeyguardViewMediator: handleShow
10-12 11:11:33.556 3931-3931/? E/KeyguardViewMediator: setShowingLocked mShowing = true
10-12 11:11:33.556 3931-3931/? D/StatusBar-Window: fnf=false sanc=true, kni=false, sbf=false
10-12 11:11:33.556 3931-3931/? D/CoverUI: applyFocusableFlag() : Remove SAMSUNG_FLAG_SVIEW_COVER
10-12 11:11:33.556 3931-3931/? D/StatusBarWindowManager: forceCollapsed : false isKeyguardShowingAndNotOccluded() : true panelVisible : false keyguardFadingAway : false bouncerShowing : false headsUpShowing : false
10-12 11:11:33.556 3931-3931/? D/CoverUI: applyHeight h = -1, oc = true, fa = false, ac = false, sc = false
10-12 11:11:33.556 3931-3931/? D/KeyguardEffectViewController: setKeyguardShowing = true
10-12 11:11:33.556 3931-3931/? D/KeyguardEffectViewController: mShowing=true, mOccluded=false, mKeyguardFadingAway=false, match_parent=false
10-12 11:11:33.556 3931-3931/? D/StatusBarKeyguardViewManager: showBouncerOrKeyguard
10-12 11:11:33.556 3931-3931/? V/KeyguardUpdateMonitor: *** register callback for com.android.keyguard.KeyguardHostView$1@79aaabb
10-12 11:11:33.556 3931-3931/? V/KeyguardUpdateMonitor: *** unregister callback for null
10-12 11:11:33.556 3931-3931/? D/KeyguardSecurityPolicyUtils: MDM is not enabled...
10-12 11:11:33.556 3931-3931/? V/KeyguardUpdateMonitor: *** register callback for com.android.keyguard.KeyguardSecurityContainer$1@481dbd8
10-12 11:11:33.556 3931-3931/? V/KeyguardUpdateMonitor: *** unregister callback for null
10-12 11:11:33.566 29487-29498/? D/BadgeProvider: query, [selection] : null
10-12 11:11:33.566 3435-3435/? D/LightsService: [api] [SvcLED] setFlashing :: id = 5, color = 0, mode = 10, onMS = 0, offMS = 0, (uid: 1000 pid: 3435)
10-12 11:11:33.566 3435-3435/? D/LightsService: [SvcLED] setSvcLedStateLocked:: SvcLEDState : 0x0 -> 0x10 | SvcLED(id=5) set On
10-12 11:11:33.566 3435-3435/? D/SensorService: SensorEventConnection::SocketBufferSize, SystemSocketBufferSize - 102400, 2097152
10-12 11:11:33.566 3435-3435/? D/SensorManager: registerListener :: 6, TMD4093 RGB Sensor, 200000, 0,
10-12 11:11:33.566 3435-3576/? D/LightsService: [SvcLED] onSensorChanged::light value = 5
10-12 11:11:33.566 3435-3576/? D/SensorManager: unregisterListener ::
10-12 11:11:33.566 3435-3435/? D/BatteryService: turn on LED for charging
10-12 11:11:33.566 3435-3576/? D/lights: led_pattern : 1 +
10-12 11:11:33.566 3931-3931/? D/KeyguardSecurityModel: getSecurityMode( getActivePasswordQuality = 196608 , currentuser = 0
10-12 11:11:33.566 3931-3931/? V/KeyguardSecurityView: showPrimarySecurityScreen(turningOff=false)
10-12 11:11:33.566 3931-3931/? D/KeyguardSecurityView: showSecurityScreen(PIN)
10-12 11:11:33.566 3435-3787/? I/Sensors: #>LightSensor r=11 g=8 b=7 c=16 atime=245 again=64 lux=8
10-12 11:11:33.566 3435-3576/? D/lights: led_pattern : 1 -
10-12 11:11:33.566 3435-3576/? D/LightsService: [SvcLED] setSvcLedLightLocked :: Current SvcLED(id=5) maintains its priority right
10-12 11:11:33.566 3435-3576/? V/AlarmManager: remove PendingIntent] PendingIntent{ed5070: PendingIntentRecord{a2d8fe9 android broadcastIntent}}
10-12 11:11:33.566 3931-3931/? V/KeyguardSecurityView: inflating id = 2130968620
10-12 11:11:33.576 3931-3931/? V/KeyguardUpdateMonitor: *** register callback for com.android.keyguard.KeyguardPinBasedInputView$11@a0f3216
10-12 11:11:33.576 3931-3931/? V/KeyguardUpdateMonitor: *** unregister callback for null
10-12 11:11:33.576 4758-4758/? D/AODMissedEventController: [com.android.contacts] badgeCount : 0, [com.android.mms] badgeCount : 0
10-12 11:11:33.576 4758-4758/? I/AODService.ClockTimer: startAlarm : TICK
10-12 11:11:33.576 3435-3974/? V/AlarmManager: Add whitelist package alarm :PendingIntent{627b80a: PendingIntentRecord{5684f7e com.samsung.android.app.aodservice broadcastIntent}}
10-12 11:11:33.576 3931-3931/? V/KeyguardUpdateMonitor: *** register callback for com.android.keyguard.KeyguardMessageArea$2@148b96d
10-12 11:11:33.576 3931-3931/? V/KeyguardUpdateMonitor: *** unregister callback for null
10-12 11:11:33.586 3435-3435/? I/CAE: handleMessage(CaPowerManager.java:182) - AP_SLEEP
10-12 11:11:33.586 4758-4758/? I/AODService.ClockTimer: startAlarm : SLEEP
10-12 11:11:33.586 3435-3435/? I/CAE: updateApPowerStatus(SensorHubParserProvider.java:443) - AP_SLEEP
10-12 11:11:33.586 3435-3435/? I/CAE: sendCmdToSensorHub(SensorHubCommManager.java:162) - -76, 13, -46, 0,
10-12 11:11:33.586 3435-3435/? D/SensorHubManager: SendSensorHubData: send data = -76, 13, -46, 0
10-12 11:11:33.586 3158-3199/? D/Sensorhubs: sendContextData: -76, 13, -46, 0
10-12 11:11:33.586 3435-3435/? I/CAE: sendCmdToSensorHub(SensorHubCommManager.java:162) - -63, 14, 9, 11, 33,
10-12 11:11:33.586 3435-3435/? D/SensorHubManager: SendSensorHubData: send data = -63, 14, 9, 11, 33
10-12 11:11:33.586 3158-3158/? D/Sensorhubs: sendContextData: -63, 14, 9, 11, 33
10-12 11:11:33.586 4758-4758/? V/AODService.ClockTimer: AOD Trigger: next AOD WAKEUP time is 9:0
10-12 11:11:33.586 4758-4758/? D/AODService.ClockTimer: startAlarm is canceled. triggerAtMillis = -1, currentTime = 1476263493596
10-12 11:11:33.586 4758-4758/? I/AODService.ClockTimer: stopAlarm : WAKEUP
10-12 11:11:33.586 3435-4341/? V/AlarmManager: remove PendingIntent] PendingIntent{f914ad6: PendingIntentRecord{55b18d7 com.samsung.android.app.aodservice broadcastIntent}}
10-12 11:11:33.586 4758-4758/? D/BatteryController: saveBatteryData : level[82], status[2]
10-12 11:11:33.586 3435-3435/? D/MotionRecognitionService: mReceiver.onReceive : ACTION_SCREEN_OFF
10-12 11:11:33.586 3004-3004/? I/SurfaceFlinger: id=436 createSurf (1440x2560),1 flag=404, BOD
10-12 11:11:33.586 3435-3474/? V/WindowOrientationListener: setCurrentAppOrientation :5
10-12 11:11:33.586 3435-3474/? V/WindowManager: rotationForOrientationLw(orient=5, last=0); user=0 sensorRotation=-1 mLidState=-1 mDockMode=0 mHdmiPlugged=false mMobileKeyboardEnabled=false displayId=0
10-12 11:11:33.586 3435-3813/? D/MotionRecognitionService: Screen off setAccIntStatus
10-12 11:11:33.586 3435-3813/? E/MotionRecognitionService: handler : SCREEN_OFF end
10-12 11:11:33.596 3435-3565/? V/WindowAnimator: hide by NightClock Window{605dc1a u0 d0 StatusBar}
10-12 11:11:33.596 4758-8207/? D/mali_winsys: EGLint new_window_surface(egl_winsys_display*, void*, EGLSurface, EGLConfig, egl_winsys_surface**, egl_color_buffer_format*, EGLBoolean) returns 0x3000, [1440x2560]-format:1
10-12 11:11:33.596 3435-4325/? D/InputMethodManagerService: windowGainedFocus mCurrentFocusedUserId - 0 and mSecureKeypadEnabled-false
10-12 11:11:33.596 3435-4200/? W/InputMethodManagerService: Starting input on non-focused client com.android.internal.view.IInputMethodClient$Stub$Proxy@a52e191 (uid=10065 pid=4327)
10-12 11:11:33.596 8339-8339/? D/SamsungIME: IMPL finishInput
10-12 11:11:33.596 8339-8339/? D/SamsungIME: SwiftKeyWrapper writeDBdataToFileOnFinishInput
10-12 11:11:33.596 8339-8339/? D/SamsungIME: saveAndClear +
10-12 11:11:33.596 8339-8339/? D/SamsungIME: saveAndClear -
10-12 11:11:33.596 8339-8339/? D/SamsungIME: onStartInput: No inputType, No imeOption, isInputViewShown = false, isExtractViewShown = false, isShowInputRequested = false, isConfigChanged = false
10-12 11:11:33.606 3435-3435/? D/UniversalCredentialManagerService: inside mBReciever onReceive : android.intent.action.SCREEN_OFF
10-12 11:11:33.606 3435-3540/? V/BroadcastQueue: [background] Process cur broadcast BroadcastRecord{d2e4157 u-1 com.samsung.settings.action.directaccess.CLOSE_DIALOG qIdx=4}, state= (APP_RECEIVE) DELIVERED for app ProcessRecord{c02f138 28514:com.samsung.android.SettingsReceiver/1000}
10-12 11:11:33.606 4758-4758/? D/ViewRootImpl: MSG_RESIZED_REPORT: ci=Rect(0, 0 - 0, 0) vi=Rect(0, 0 - 0, 0) or=1
10-12 11:11:33.606 3435-3435/? D/UniversalCredentialManagerService: ****MSG_LOCK_STATUS_UPDATE block started****
10-12 11:11:33.606 3435-3435/? D/UniversalCredentialManagerService: notifyChangeToPlugin is called for Lock status update...
10-12 11:11:33.606 3435-3435/? D/UcmService: notifyChangeToPlugin event 15
10-12 11:11:33.616 3435-3435/? D/UcmService: checkCallerPermissionFor is called for method-notifyChangeToPlugin
10-12 11:11:33.616 3435-3435/? I/UcmService: checkIfNotify for cs Name = com.sec.smartcard.manager:com.samsung.ucs.agent.baiMobile Package name = com.sec.smartcard.manager
10-12 11:11:33.616 3435-3435/? D/UcmService: notifying to unmanaged plugin
10-12 11:11:33.616 4356-4371/? E/ucsBai_agentService: notifyChange NOT SUPPORTED
10-12 11:11:33.616 3435-3435/? D/UcmService: agentService com.sec.smartcard.manager:com.samsung.ucs.agent.baiMobile notify status - 0
10-12 11:11:33.616 3435-3435/? D/UcmService: agentService status-0
10-12 11:11:33.616 3435-3435/? I/UcmService: checkIfNotify for cs Name = com.samsung.ucs.agent.ese:eSE Credential Storage Package name = com.samsung.ucs.agent.ese
10-12 11:11:33.616 3435-3435/? D/UcmService: notifying to managed plugin
10-12 11:11:33.616 3435-3435/? D/UcmService: checkIfNotify: Valid userid - 0
10-12 11:11:33.616 3435-3435/? D/PolicyManager: PolicyManager.isStorageEnabled() for userId = 0
10-12 11:11:33.616 3435-3435/? D/UniversalCredentialManagerService: checkCallerPermissionFor is called for method-isCredentialStorageManagedAsUser
10-12 11:11:33.616 3435-3435/? D/UniversalCredentialManagerService: isCredentialStorageManagedAsUser is called....
10-12 11:11:33.616 3435-3435/? D/PolicyManager: PolicyManager.isStorageEnabled() result = false
10-12 11:11:33.616 3435-3435/? D/UcmService: agentService com.samsung.ucs.agent.ese:eSE Credential Storage not notified
10-12 11:11:33.616 3435-3435/? D/UcmService: agentService status-0
10-12 11:11:33.616 3435-3435/? I/UcmService: checkIfNotify for cs Name = com.samsung.ucs.agent.boot:com.samsung.ucs.agent.boot Package name = com.samsung.ucs.agent.boot
10-12 11:11:33.616 3435-3435/? D/UcmService: notifying to unmanaged plugin
10-12 11:11:33.616 4385-4403/? D/BootAgentService: notifyChange eventId-15
10-12 11:11:33.616 3435-3435/? D/UcmService: agentService com.samsung.ucs.agent.boot:com.samsung.ucs.agent.boot notify status - -1
10-12 11:11:33.616 3435-3435/? D/UcmService: agentService status--1
10-12 11:11:33.616 3435-3435/? D/UniversalCredentialManagerService: ****MSG_LOCK_STATUS_UPDATE block ended****
10-12 11:11:33.616 4758-4758/? W/DisplayListCanvas: DisplayListCanvas is started on unbinded RenderNode (without mOwningView)
10-12 11:11:33.616 3435-3870/? D/MdnieScenarioControlService: packageName : com.sec.android.app.launcher className : com.sec.android.app.launcher.activities.LauncherActivity
10-12 11:11:33.616 3435-3870/? I/MdnieScenarioControlService: mGameModeLauncher : false
10-12 11:11:33.616 3435-3870/? I/MdnieScenarioControlService: setUIMode
10-12 11:11:33.616 3435-4802/? V/WindowStateAnimator: Finishing drawing window Window{b4e7075 u0 d0 AOD}: mDrawState=DRAW_PENDING
10-12 11:11:33.626 3435-3435/? I/WifiTrafficPoller: evaluateTrafficStatsPolling
10-12 11:11:33.626 3931-3931/? V/KeyguardUpdateMonitor: *** register callback for com.android.keyguard.KeyguardAbsKeyInputView$1@5473487
10-12 11:11:33.626 3931-3931/? V/KeyguardUpdateMonitor: *** unregister callback for null
10-12 11:11:33.626 3435-3848/? D/WifiStateMachine: handleScreenStateChanged, screen off, set scan interval as max value !!!
10-12 11:11:33.626 3435-3848/? D/WifiNative-wlan0: callSECApiVoid - ID [19]
10-12 11:11:33.626 3887-3887/? I/wpa_supplicant: set PERIODIC_SCAN_INTERVAL_MAX to 128sec !!!
10-12 11:11:33.626 3004-3004/? D/libEGL: eglInitialize EGLDisplay = 0x7ff090b628
10-12 11:11:33.626 3435-3435/? D/NotificationService: ACTION_SCREEN_OFF
10-12 11:11:33.626 3435-3435/? D/LightsService: [api] [SvcLED] turnOff:: id = 6 (uid: 1000 pid: 3435)
10-12 11:11:33.626 3435-3435/? D/LightsService: [SvcLED] setSvcLedStateLocked:: SvcLEDState : 0x10 -> 0x10 | SvcLED(id=6) set Off
10-12 11:11:33.626 3435-3435/? D/SensorService: SensorEventConnection::SocketBufferSize, SystemSocketBufferSize - 102400, 2097152
10-12 11:11:33.626 3435-3435/? D/SensorManager: registerListener :: 6, TMD4093 RGB Sensor, 200000, 0,
10-12 11:11:33.626 3435-3576/? D/LightsService: [SvcLED] onSensorChanged::light value = 8
10-12 11:11:33.626 3435-3435/? D/EdgeLight: Turning off
10-12 11:11:33.626 3435-3576/? D/SensorManager: unregisterListener ::
10-12 11:11:33.626 3435-3576/? D/LightsService: [SvcLED] setSvcLedLightLocked :: Current SvcLED(id=5) maintains its priority right
10-12 11:11:33.626 3435-3576/? V/AlarmManager: remove PendingIntent] PendingIntent{ed5070: PendingIntentRecord{a2d8fe9 android broadcastIntent}}
10-12 11:11:33.626 3435-3848/? E/WifiNative-wlan0: do suspend true
10-12 11:11:33.626 3931-3931/? D/KeyguardSecurityModel: getSecurityMode( getActivePasswordQuality = 196608 , currentuser = 0
10-12 11:11:33.636 3151-4151/? D/audio_hw_primary: adev_set_parameters: enter: kvpairs: screen_state=off
10-12 11:11:33.636 3931-3931/? D/StatusBar-Window: fnf=false sanc=true, kni=false, sbf=false
10-12 11:11:33.636 3931-3931/? D/CoverUI: applyFocusableFlag() : Remove SAMSUNG_FLAG_SVIEW_COVER
10-12 11:11:33.636 3931-3931/? D/StatusBarWindowManager: forceCollapsed : false isKeyguardShowingAndNotOccluded() : true panelVisible : false keyguardFadingAway : false bouncerShowing : false headsUpShowing : false
10-12 11:11:33.636 3931-3931/? D/CoverUI: applyHeight h = -1, oc = true, fa = false, ac = false, sc = false
10-12 11:11:33.646 3435-3435/? I/MdnieScenarioControlService: action : android.intent.action.SCREEN_OFF
10-12 11:11:33.666 30674-30674/? E/Zygote: v2
10-12 11:11:33.666 30674-30674/? I/libpersona: KNOX_SDCARD checking this for 10138
10-12 11:11:33.666 30674-30674/? I/libpersona: KNOX_SDCARD not a persona
10-12 11:11:33.666 3931-3931/? V/KeyguardUpdateMonitor: *** register callback for com.android.keyguard.EmergencyButton$1@589223
10-12 11:11:33.666 3931-3931/? V/KeyguardUpdateMonitor: *** unregister callback for null
10-12 11:11:33.666 3435-3974/? I/ActivityManager: Start proc 30674:com.sec.android.inputmethod:spellcheckerService/u0a138 for service com.sec.android.inputmethod/.base.spellcheckservice.SamsungIMESpellCheckerService
10-12 11:11:33.666 30674-30674/? I/SELinux: Function: selinux_compare_spd_ram, index[1], SPD-policy is existed. and_ver=SEPF_SECMOBILE_6.0.1 ver=11
10-12 11:11:33.666 30674-30674/? W/SELinux: Function: selinux_compare_spd_ram, index[1], priority [2], priority version is VE=SEPF_SECMOBILE_6.0.1_0013
10-12 11:11:33.666 30674-30674/? E/Zygote: accessInfo : 0
10-12 11:11:33.666 30674-30674/? W/SELinux: SELinux: seapp_context_lookup: seinfo=platform, level=s0:c512,c768, pkgname=com.sec.android.inputmethod:spellcheckerService
10-12 11:11:33.666 3435-3435/? D/CustomFrequencyManagerService: releaseDVFSLockLocked : Getting Lock type frm List : DVFS_MIN_LIMIT frequency : 1872000 uid : 1000 pid : 3435 tag : ACTIVITY_RESUME_BOOSTER@9
10-12 11:11:33.666 3435-3435/? I/FingerprintService: onReceive: android.intent.action.SCREEN_OFF
10-12 11:11:33.676 3435-3435/? I/BackgroundCompactionService: Schedule Type1 BGCompaction
10-12 11:11:33.686 3931-3931/? D/EmergencyButton: onRefreshCarrierInfo
10-12 11:11:33.686 3435-3435/? D/WifiService: ACTION_SCREEN_OFF, mSContextManager.unregisterListener !!
10-12 11:11:33.686 3435-3435/? D/SContextService: unregisterCallback() : Listener = android.hardware.scontext.SContextService$Listener@9bd07ab, Service = Activity Tracker, used = 0
10-12 11:11:33.686 3435-3852/? D/WifiController: ApOrStaEnabledState msg.what= 155651
10-12 11:11:33.686 3435-3435/? W/CAE: unregisterCallback(ContextAwareService.java:206) - [unregi 01] Mutex is locked for ACTIVITY_TRACKER
10-12 11:11:33.686 3435-3435/? V/CAE: stop(ContextProvider.java:155)
10-12 11:11:33.686 3435-3435/? V/CAE: clear(ActivityTrackerRunner.java:108)
10-12 11:11:33.686 3435-3435/? V/CAE: disable(ActivityTrackerRunner.java:96)
10-12 11:11:33.686 3435-3435/? I/CAE: sendCmdToSensorHub(SensorHubCommManager.java:162) - -78, 26, 0, 0, 0, 0, 0, 0, 0, 0,
10-12 11:11:33.686 3435-3435/? D/SensorHubManager: SendSensorHubData: send data = -78, 26, 0, 0, 0, 0, 0, 0, 0, 0
10-12 11:11:33.686 3158-8639/? D/Sensorhubs: sendContextData: -78, 26, 0, 0, 0, 0, 0, 0, 0, 0
10-12 11:11:33.686 30674-30674/? D/TimaKeyStoreProvider: TimaSignature is unavailable
10-12 11:11:33.686 30674-30674/? D/ActivityThread: Added TimaKeyStore provider
10-12 11:11:33.696 3435-3435/? D/CAE: getFaultDetectionResult(ActivityTrackerRunner.java:154) - true
10-12 11:11:33.696 3435-3435/? I/CAE: notifyCmdProcessResultObserver(ContextProvider.java:627) - CheckResult = 0, Cause = Success
10-12 11:11:33.706 3435-3435/? D/CAE: doCommendProcess(ContextAwareService.java:433) - complete notify the operation result.
10-12 11:11:33.706 3435-3435/? I/CAE: displayUsedCountForService(ContextAwareService.java:525) - totalCnt = 0, serviceCount = 0, subCollectionCount = 0
10-12 11:11:33.706 3435-3435/? D/CAE: showListenerList(ContextAwareService.java:366) - ===== Context Aware Service List =====
10-12 11:11:33.706 3435-3435/? I/CAE: showListenerList(ContextAwareService.java:375) - Listener : com.samsung.android.contextaware.manager.ContextAwareService$Listener@665895c, Service : ACTIVITY_TRACKER_CURRENT_INFO(1)
10-12 11:11:33.706 3435-3435/? I/CAE: showListenerList(ContextAwareService.java:375) - Listener : com.samsung.android.contextaware.manager.ContextAwareService$Listener@a29f9fe, Service : DEVICE_PHYSICAL_CONTEXT_MONITOR(1)
10-12 11:11:33.706 3435-3435/? W/CAE: unregisterCallback(ContextAwareService.java:241) - [unregi 02] Mutex is unlocked for ACTIVITY_TRACKER
10-12 11:11:33.706 3435-3435/? D/SContextService: .unregisterCallback : 2, client=
10-12 11:11:33.706 3435-3435/? D/SContextService: ===== SContext Service List =====
10-12 11:11:33.706 3435-3435/? D/SContextService: Listener : android.hardware.scontext.SContextService$Listener@67f055f, Service : Device Physical Context Monitor
10-12 11:11:33.706 3435-3435/? D/SContextManager: .unregisterListener : listener = com.android.server.wifi.WifiServiceImpl$11@ea8a5fa, service=Activity Tracker
10-12 11:11:33.716 3435-3565/? D/IpRemoteDisplayController: intent received android.intent.action.SCREEN_OFF
10-12 11:11:33.716 3435-3565/? D/IpRemoteDisplayController: Bridge Server is not available
10-12 11:11:33.716 30674-30674/? W/ResourcesManager: getTopLevelResources: /system/app/SamsungIMEv3/SamsungIMEv3.apk / 1.0 running in com.sec.android.inputmethod rsrc of package com.sec.android.inputmethod
10-12 11:11:33.716 3435-3435/? D/NetworkPolicy: mScreenReceiver: ACTION_SCREEN_OFF, extra: 2
10-12 11:11:33.716 3435-3846/? D/NetworkPolicy: MSG_SCREEN_ON_CHANGED: 2
10-12 11:11:33.716 3435-3846/? D/NetworkPolicy: isUidForegroundLocked: 10007, mScreenOn: false, uidstate: 0, mProxSensorScreenOff: false
10-12 11:11:33.716 3435-3846/? D/NetworkPolicy: isUidForegroundLocked: 10062, mScreenOn: false, uidstate: 0, mProxSensorScreenOff: false
10-12 11:11:33.726 3435-4803/? I/InjectionManagerService -AppFeature: getCoreFeaturePkgList :[]
10-12 11:11:33.726 30674-30674/? I/InjectionManager: Inside getClassLibPath + mLibMap{0=, 1=}
10-12 11:11:33.726 30674-30674/? D/ResourcesManager: For user 0 new overlays fetched Null
10-12 11:11:33.736 3435-3535/? D/GpsLocationProvider: receive broadcast intent, action: android.intent.action.SCREEN_OFF
10-12 11:11:33.736 30674-30674/? I/InjectionManager: Inside getClassLibPath caller
10-12 11:11:33.746 4228-4228/? D/FusedLocationReceiver: BroadcastReceiver : ACTION_SCREEN_OFF
10-12 11:11:33.746 3435-3787/? I/Sensors: #>LightSensor r=11 g=8 b=8 c=17 atime=245 again=64 lux=8
10-12 11:11:33.756 30674-30674/? W/System: ClassLoader referenced unknown path: /system/app/SamsungIMEv3/lib/arm64
10-12 11:11:33.756 3931-3931/? D/KeyguardSecurityModel: getSecurityMode( getActivePasswordQuality = 196608 , currentuser = 0
10-12 11:11:33.756 3931-3931/? D/PhoneStatusBar: showKeyguard
10-12 11:11:33.756 3931-3931/? D/PhoneStatusBar: setBarState: state - 1
10-12 11:11:33.756 3931-3931/? D/StatusBar-Window: fnf=false sanc=true, kni=false, sbf=false
10-12 11:11:33.756 3931-3931/? D/CoverUI: applyFocusableFlag() : Remove SAMSUNG_FLAG_SVIEW_COVER
10-12 11:11:33.756 3931-3931/? D/StatusBarWindowManager: forceCollapsed : false isKeyguardShowingAndNotOccluded() : true panelVisible : false keyguardFadingAway : false bouncerShowing : false headsUpShowing : false
10-12 11:11:33.756 3931-3931/? D/CoverUI: applyHeight h = -1, oc = true, fa = false, ac = false, sc = false
10-12 11:11:33.756 3931-3931/? I/PhoneStatusBar: updateKeyguardState 0 to 1
10-12 11:11:33.756 4300-16756/? D/NfcService: call the applyRouting
10-12 11:11:33.766 3931-3931/? D/PanelView: updateQsState
10-12 11:11:33.766 3931-3931/? D/KeyguardSwipeHelper: reset()
10-12 11:11:33.766 3931-3931/? D/KeyguardUnlockEventHandler: reset()
10-12 11:11:33.766 3931-3931/? D/KeyguardSwipeHelper: resetChildViewVI()
10-12 11:11:33.766 30674-30674/? D/InjectionManager: InjectionManager
10-12 11:11:33.766 30674-30674/? D/InjectionManager: fillFeatureStoreMap com.sec.android.inputmethod
10-12 11:11:33.766 3931-3931/? D/StatusBar: LSSN:1
10-12 11:11:33.766 3931-3931/? E/LSO: LSO Service is not yet ready!!!
10-12 11:11:33.776 30674-30674/? I/InjectionManager: Constructor com.sec.android.inputmethod, Feature store :{}
10-12 11:11:33.776 30674-30674/? I/InjectionManager: featureStore :{}
10-12 11:11:33.776 3931-3931/? D/PanelView: setKeyguardBottomAreaVisibility() prevState=0, newState - 1 goingToShade - false
10-12 11:11:33.786 3931-4137/? D/NetworkController.MobileSignalController(0/2147483643): onDataActivity: direction=0
10-12 11:11:33.796 30674-30684/? D/SamsungIMEWordLevelSpellCheckerSession: [SamsungIMESpellCheckerService-createSession] mSession : com.sec.android.inputmethod.base.spellcheckservice.SamsungIMESpellCheckerSession@4a3e06d
10-12 11:11:33.806 3931-3931/? D/PhoneStatusBar/KeyguardBottomAreaView: updateCameraVisibility isCameraDisabledByDpm=false
10-12 11:11:33.806 3931-3931/? V/KeyguardBottomAreaShortcutView: updateLeftPreview
10-12 11:11:33.806 3931-3931/? V/KeyguardBottomAreaShortcutView: updateRightPreview
10-12 11:11:33.806 3931-3931/? D/KeyguardCircleAffordanceView: setPreviewView: mRight=false,preview=android.widget.RelativeLayout{760b452 I.E...... ......ID 0,0-1440,2560}
10-12 11:11:33.806 3931-4094/? V/KeyguardBottomAreaShortcutView: updateLeftPreview - mLeftAffordanceView
10-12 11:11:33.816 3931-4094/? V/PreviewInflater: switching default dialer action
10-12 11:11:33.846 5352-5352/? D/BtGatt.GattService: LCD turned off
10-12 11:11:33.856 3931-3931/? D/KeyguardCircleAffordanceView: setPreviewView: mRight=true,preview=android.widget.AbsoluteLayout{489f323 I.E...... ......ID 0,0-1440,2560}
10-12 11:11:33.856 5352-5468/? D/BtGatt.ScanManager: handleLcdOffIntent
10-12 11:11:33.856 5352-5468/? D/BtGatt.ScanManager: handleLcdOffIntent : thresholdScanValue is = 10 mLastConfiguredScanValue =5
10-12 11:11:33.876 3435-6368/? D/SSRM:n: SIOP:: AP = 320, PST = 301 (W:6), CP = 236, CUR = -51, LCD = 0
10-12 11:11:33.876 3931-3931/? D/PanelView: updateQsState
10-12 11:11:33.876 3931-3931/? D/NotificationStackScrollLayout: scroll range should be extended : 884
10-12 11:11:33.886 4300-16756/? D/NfcService: index : 0
10-12 11:11:33.886 4300-16756/? D/NfcService: index : 1
10-12 11:11:33.886 4300-16756/? D/NfcService: index : 2
10-12 11:11:33.886 3435-3435/? I/SurveyLogManager: mDeviceInfo.mScreen = false
10-12 11:11:33.886 3931-4094/? V/KeyguardBottomAreaShortcutView: updateRightPreview - mRightAffordanceView
10-12 11:11:33.886 3931-4094/? D/ShortcutManager: th = 1 is camera package
10-12 11:11:33.896 3931-3931/? D/KeyguardSecurityModel: getSecurityMode( getActivePasswordQuality = 196608 , currentuser = 0
10-12 11:11:33.896 3931-3931/? D/PhoneStatusBar: Make expanded visible: expanded visible=false
10-12 11:11:33.896 3931-3931/? D/StatusBar-Window: fnf=false sanc=true, kni=false, sbf=true
10-12 11:11:33.896 3931-3931/? D/PhoneStatusBar: adjustDisableFlags:false, false, true, false, false, 1
10-12 11:11:33.896 3931-3931/? D/CoverUI: applyFocusableFlag() : Remove SAMSUNG_FLAG_SVIEW_COVER
10-12 11:11:33.896 3931-3931/? D/StatusBarWindowManager: forceCollapsed : false isKeyguardShowingAndNotOccluded() : true panelVisible : true keyguardFadingAway : false bouncerShowing : false headsUpShowing : false
10-12 11:11:33.896 3931-3931/? D/CoverUI: applyHeight h = -1, oc = true, fa = false, ac = false, sc = false
10-12 11:11:33.896 3931-3931/? D/PhoneStatusBar: disable: < expand ICONS* alerts SYSTEM_INFO* back home recent clock search quick_settings
> 10-12 11:11:33.906 3435-6368/? D/ConnectivityService: returning getNetworkInfo for network type 1 : [type: WIFI[] - WIFI, state: CONNECTED/CONNECTED, reason: (unspecified), extra: "WLAN-198160", roaming: false, failover: false, isAvailable: true]
10-12 11:11:33.906 3931-3931/? D/PhoneStatusBar: Make expanded visible: expanded visible=true
10-12 11:11:33.906 3931-3931/? D/StatusBar.BrightnessController: setListening = true
10-12 11:11:33.906 6748-6748/? I/BeaconManager: BeaconManager.onReceive - receive Action : android.intent.action.SCREEN_OFF
10-12 11:11:33.906 6748-6748/? D/BeaconManager: BeaconManager.onReceive - end
10-12 11:11:33.906 6748-6791/? I/BeaconManager: BeaconManager.BeaconManagerWorkHandler - BroadcastReceiver onReceive start
10-12 11:11:33.906 6748-6791/? D/BeaconManager: BeaconManager.mScreenObserver - action:android.intent.action.SCREEN_OFF
10-12 11:11:33.906 6748-6791/? D/BeaconManager: AppControlManager.screenOnIntentReceived - start
10-12 11:11:33.906 6748-6791/? D/BeaconManager: AppControlManager.screenOnIntentReceived - end
10-12 11:11:33.906 6748-6791/? D/BeaconManager: EasySetupManager.screenOnIntentReceived - start
10-12 11:11:33.906 6748-6791/? D/BeaconManager: EasySetupManager.screenOnIntentReceived - end
10-12 11:11:33.906 6748-6791/? D/BeaconManager: BleScanHelper.screenOnIntentReceived - start
10-12 11:11:33.906 3931-3931/? D/KeyguardEffectViewLayered: reset()
10-12 11:11:33.906 3931-3931/? D/KeyguardEffectViewLayered: init()
10-12 11:11:33.906 3931-3931/? D/KeyguardEffectViewLayered: mViewWidth = 1440, mViewHeight = 96
10-12 11:11:33.906 3931-3931/? D/KeyguardEffectViewLayered: mBitmapImageList size = 3
10-12 11:11:33.906 3931-3931/? D/KeyguardEffectViewLayered: DENSITY = 1.0
10-12 11:11:33.916 3931-4094/? V/PreviewInflater: switching default camera action
10-12 11:11:33.916 8339-8339/? E/SamsungIME: invoke(): method is null
10-12 11:11:33.926 6748-6791/? D/BeaconManager: BleScanHelper.mBroadcastReceiver - Action: android.intent.action.SCREEN_OFF, user: 0
10-12 11:11:33.926 6748-6791/? V/BeaconManager: BleScanHelper.startBleScan - startBleScan
10-12 11:11:33.926 3931-3931/? D/PhoneStatusBar/KeyguardBottomAreaView: updateCameraVisibility isCameraDisabledByDpm=false
10-12 11:11:33.926 6748-6791/? D/BluetoothAdapter: STATE_BLE_ON
10-12 11:11:33.926 6748-6791/? D/BeaconManager: BleScanHelper.screenOnIntentReceived - end
10-12 11:11:33.926 6748-6791/? I/BeaconManager: BeaconManager.BeaconManagerWorkHandler - BroadcastReceiver onReceive end
10-12 11:11:33.926 3435-3787/? I/Sensors: #>LightSensor r=11 g=8 b=8 c=16 atime=245 again=64 lux=8
10-12 11:11:33.926 6748-6798/? D/BeaconManager: BleScanHelper.MSG_CALL_START_LESCAN - ($)
10-12 11:11:33.936 6748-6798/? D/BluetoothAdapter: STATE_BLE_ON
10-12 11:11:33.936 3931-3931/? D/KeyguardViewBase: show()
10-12 11:11:33.936 6748-6798/? D/BluetoothAdapter: STATE_BLE_ON
10-12 11:11:33.936 6748-6798/? D/BluetoothAdapter: appoCount is = 0
10-12 11:11:33.936 6748-6798/? I/BeaconManager: BleScanHelper.directStopLeScan - call BleScanner.stopScan()
10-12 11:11:33.936 6748-6798/? D/BluetoothAdapter: STATE_BLE_ON
10-12 11:11:33.936 6748-6798/? D/BluetoothAdapter: appoCount is = 0
10-12 11:11:33.936 6748-6798/? D/BluetoothAdapter: STATE_BLE_ON
10-12 11:11:33.936 6748-6798/? D/BluetoothLeScanner: Stop Scan
10-12 11:11:33.936 5352-16839/? D/BtGatt.GattService: [GSIM LOG]: getCallingProcessName: com.samsung.android.beaconmanager
10-12 11:11:33.936 5352-16839/? D/BtGatt.GattService: [GSIM LOG]: getCallingProcessName: com.samsung.android.beaconmanager
10-12 11:11:33.936 5352-16839/? D/BtGatt.GattService: stopScan() - queue size =1
10-12 11:11:33.946 5352-5486/? E/BtGatt.GattService: [GSIM LOG]: gsimLogHandler: com.samsung.android.beaconmanager, msg: MESSAGE_STOP_SCAN
10-12 11:11:33.946 5352-5486/? D/BtGatt.GattService: [GSIM LOG]: gsimLogHandler: prevDate: 12, currDate: 12
10-12 11:11:33.946 5352-5486/? D/BtGatt.GattService: [GSIM LOG]: updateScanTime: 2
10-12 11:11:33.946 5352-5468/? D/BtGatt.ScanManager: stop scan
10-12 11:11:33.946 5352-5468/? D/BtGatt.ScanManager: delete FilterIndex - 24
10-12 11:11:33.946 3435-3475/? V/AlarmManager: remove PendingIntent] PendingIntent{87e17dc: PendingIntentRecord{4d478c7 com.android.bluetooth broadcastIntent}}
10-12 11:11:33.946 5352-5365/? D/BtGatt.GattService: unregisterClient() - clientIf=5
10-12 11:11:33.956 5352-5437/? D/BtGatt.GattService: onScanFilterParamsConfigured() - clientIf=5, status=0, action=1, availableSpace=29
10-12 11:11:33.956 5352-5437/? D/BtGatt.ScanManager: callback done for clientIf - 5 status - 0
10-12 11:11:33.956 5352-5468/? D/BtGatt.ScanManager: delete FilterIndex - 25
10-12 11:11:33.956 5352-5437/? D/BtGatt.GattService: onScanFilterParamsConfigured() - clientIf=5, status=0, action=1, availableSpace=30
10-12 11:11:33.956 5352-5437/? D/BtGatt.ScanManager: callback done for clientIf - 5 status - 0
10-12 11:11:33.956 5352-5468/? D/BtGatt.ScanManager: delete FilterIndex - 26
10-12 11:11:33.956 5352-5486/? D/BtGatt.GattService: [GSIM LOG]: com.samsung.android.beaconmanager@Custom, R time : 153 => 155
10-12 11:11:33.956 5352-5437/? D/BtGatt.GattService: onScanFilterParamsConfigured() - clientIf=5, status=0, action=1, availableSpace=31
10-12 11:11:33.956 5352-5437/? D/BtGatt.ScanManager: callback done for clientIf - 5 status - 0
10-12 11:11:33.956 5352-5468/? D/BtGatt.ScanManager: delete FilterIndex - 27
10-12 11:11:33.956 3931-3931/? D/KeyguardSecurityModel: getSecurityMode( getActivePasswordQuality = 196608 , currentuser = 0
10-12 11:11:33.956 3931-3931/? V/KeyguardSecurityView: showPrimarySecurityScreen(turningOff=false)
10-12 11:11:33.956 3931-3931/? D/KeyguardSecurityView: showSecurityScreen(PIN)
10-12 11:11:33.956 5352-5437/? D/BtGatt.GattService: onScanFilterParamsConfigured() - clientIf=5, status=0, action=1, availableSpace=32
10-12 11:11:33.956 5352-5437/? D/BtGatt.ScanManager: callback done for clientIf - 5 status - 0
10-12 11:11:33.956 5352-5468/? D/BtGatt.ScanManager: configureRegularScanParams() - queue=0
10-12 11:11:33.956 5352-5468/? D/BtGatt.ScanManager: configureRegularScanParams() - ScanSetting Scan mode=-2147483648 mLastConfiguredScanSetting=100
10-12 11:11:33.956 5352-5468/? D/BtGatt.ScanManager: configureRegularScanParams() - queue emtpy, scan stopped
10-12 11:11:33.966 5352-5486/? D/BtGatt.GattService: [GSIM LOG]: com.samsung.android.beaconmanager@Custom, A time : 153 => 155
10-12 11:11:33.966 5352-5486/? D/BtGatt.GattService: [GSIM LOG]: remove : com.samsung.android.beaconmanager at BLE_SCAN_ACTUAL_DB
10-12 11:11:33.966 5352-5486/? D/BtGatt.GattService: [GSIM LOG]: remove : com.samsung.android.beaconmanager at BLE_SCAN_REQUESTED_DB
10-12 11:11:33.966 3435-3474/? V/AlarmManager: remove PendingIntent] PendingIntent{91d60e5: PendingIntentRecord{4d478c7 com.android.bluetooth broadcastIntent}}
10-12 11:11:33.966 3931-3931/? D/KeyguardUpdateMonitor: onKeyguardVisibilityChanged(true)
10-12 11:11:33.986 4327-4327/? D/Launcher.Workspace: exitWidgetResizeMode. isClearResizeFrame is false
10-12 11:11:33.986 3435-30688/? I/BatteryStatsDumper: In refreshStats isReason Screen ON/OFF: true
10-12 11:11:33.986 3435-30688/? D/BluetoothAdapter: STATE_BLE_ON
10-12 11:11:33.986 3435-4808/? V/AlarmManager: remove PendingIntent] PendingIntent{b2637ba: PendingIntentRecord{4d478c7 com.android.bluetooth broadcastIntent}}
10-12 11:11:33.996 3435-30688/? D/BatteryStatsImpl: poolsize= 1, curBatteryRealtime= 43730000, mUpdateTime= 0, mTimeout= 0, mNesting= 0, mTotalTime= 0
10-12 11:11:33.996 3931-3931/? V/KeyguardFingerPrint: updateFingerprintListeningState(false)
10-12 11:11:33.996 3931-3931/? D/KeyguardFingerPrint: shouldListenForFingerprint ( FingerPrint is not enabled. )
10-12 11:11:33.996 3931-3931/? V/KeyguardUpdateMonitor: stopListeningForFingerprint()
10-12 11:11:34.026 4718-5035/? W/MdnsClient_Cast: Multicast lock held. Releasing. Subtypes:"805741C9"
10-12 11:11:34.036 3931-3931/? D/KeyguardViewMediator: adjustStatusBarLocked: mShowing=true mOccluded=false isSecure=true --> flags=0x3200000
10-12 11:11:34.036 3435-4643/? D/StatusBarManagerService: manageDisableList userId=0 what=0x3200000 pkg=com.android.systemui
10-12 11:11:34.036 3435-4802/? V/AlarmManager: remove PendingIntent] PendingIntent{bc2d5c8: PendingIntentRecord{4d478c7 com.android.bluetooth broadcastIntent}}
10-12 11:11:34.046 3435-4337/? D/PowerManagerService: [api] [s] userActivity : event: 0 flags: 0 (uid: 10062 pid: 3931) eventTime = 9312791
10-12 11:11:34.046 3435-30688/? D/BatteryStatsImpl: poolsize= 1, curBatteryRealtime= 43730000, mUpdateTime= 0, mTimeout= 0, mNesting= 0, mTotalTime= 0
10-12 11:11:34.046 3931-3931/? D/KeyguardViewMediator: onSdpLocked :: Inside...
10-12 11:11:34.046 3931-3931/? D/KeyguardViewMediator: isPwdChangeRequested :: false
10-12 11:11:34.046 3931-3931/? D/KeyguardViewMediator: onSdpLocked :: Lock SDP for User 0
10-12 11:11:34.046 3435-30688/? I/BatteryStatsDumper: Previous Battery Level: 82 Current Level: 82 Delta: 0
10-12 11:11:34.046 3931-3931/? V/KeyguardDisplayManager: show (false)
10-12 11:11:34.046 3931-3931/? D/SecKeyguardStatusView: onFinishedGoingToSleep() why=2
10-12 11:11:34.046 3435-3474/? E/SdpServiceKeeper: isLicensed {pid:3931 uid:10062 userid:0 doPkg:null}
10-12 11:11:34.046 3435-3474/? E/SdpServiceKeeper: System app. Skip license activation
10-12 11:11:34.056 3931-3931/? V/KeyguardFingerPrint: updateFingerprintListeningState(false)
10-12 11:11:34.056 6748-6798/? I/BeaconManager: BleScanHelper.startBleScan - Start filter Scan(SCREEN_OFF)
10-12 11:11:34.056 3931-3931/? D/KeyguardFingerPrint: shouldListenForFingerprint ( FingerPrint is not enabled. )
10-12 11:11:34.056 3931-3931/? V/KeyguardUpdateMonitor: stopListeningForFingerprint()
10-12 11:11:34.056 6748-6798/? D/BluetoothLeScanner: Start Scan
10-12 11:11:34.056 3435-4808/? E/SdpServiceKeeper: isLicensed {pid:3931 uid:10062 userid:0 doPkg:null}
10-12 11:11:34.056 3435-4808/? E/SdpServiceKeeper: System app. Skip license activation
10-12 11:11:34.056 3435-4200/? D/SdpManagerService: lockInternal 0
10-12 11:11:34.066 3435-4200/? E/SDP.CRYPTO: On Locked OK, id 0
10-12 11:11:34.066 3435-4200/? D/SdpManagerService: clearCachedMasterKey (CMK) 0
10-12 11:11:34.066 3435-4200/? E/SdpManagerService: sendBroadcastAsUser(INTENT_SDP_STATE_CHANGED, state:1)
10-12 11:11:34.066 6748-6798/? D/BluetoothAdapter: STATE_BLE_ON
10-12 11:11:34.066 6748-6798/? D/BluetoothAdapter: appoCount is = 0
10-12 11:11:34.066 6748-6798/? D/BluetoothAdapter: STATE_BLE_ON
10-12 11:11:34.076 6748-6798/? D/BluetoothAdapter: STATE_BLE_ON
10-12 11:11:34.076 3931-30689/? D/KeyguardViewMediator: lockSdp :: Lock SDP Successful...!
10-12 11:11:34.076 6748-6798/? D/BluetoothAdapter: STATE_BLE_ON
10-12 11:11:34.076 3435-3540/? V/BroadcastQueue: [foreground] Process cur broadcast BroadcastRecord{fc82661 u0 com.sec.sdp.SDP_STATE_CHANGED qIdx=2}, state= (APP_RECEIVE) DELIVERED for app ProcessRecord{9d51ed7 29195:com.sec.android.app.sbrowser/u0a131}
10-12 11:11:34.076 6748-6798/? D/BluetoothAdapter: appoCount is = 0
10-12 11:11:34.076 3435-3894/? D/PowerManagerService: [PWL] sb release: PowerManagerService.Broadcasts
10-12 11:11:34.076 3435-4643/? E/SdpServiceKeeper: isLicensed {pid:29195 uid:10131 userid:0 doPkg:null}
10-12 11:11:34.076 3435-4643/? E/SdpServiceKeeper: White listed. Skip license activation
10-12 11:11:34.076 29195-29195/? E/SdpStateChangedReceiver: com.sec.enterprise.knox.sdp.exception.SdpEngineNotExistsException
10-12 11:11:34.086 5352-5365/? D/BtGatt.GattService: registerClient() - UUID=14b2d4c6-0948-4adc-9571-3c3ee6a5a85e
10-12 11:11:34.086 3435-3974/? V/AlarmManager: remove PendingIntent] PendingIntent{3f01586: PendingIntentRecord{4d478c7 com.android.bluetooth broadcastIntent}}
10-12 11:11:34.096 3004-4502/? D/libEGL: eglTerminate EGLDisplay = 0x7faa2ffe78
10-12 11:11:34.096 3004-4502/? D/libEGL: eglTerminate EGLDisplay = 0x7faa2ffe78
10-12 11:11:34.096 3931-4134/? D/mali_winsys: EGLint new_window_surface(egl_winsys_display*, void*, EGLSurface, EGLConfig, egl_winsys_surface**, egl_color_buffer_format*, EGLBoolean) returns 0x3000, [1440x2560]-format:1
10-12 11:11:34.096 3931-3931/? D/KeyguardEffectViewController: onLayoutChange() v: com.android.keyguard.effect.EffectBehindView{abeda2e I.E...... ......ID 0,0-1440,2560 #7f0e0330 app:id/keyguard_effect_behind}, bottom : 2560, oldBottom : 96
10-12 11:11:34.096 3931-3931/? D/KeyguardEffectViewController: mShowing=true, mOccluded=false, mKeyguardFadingAway=false, match_parent=true
10-12 11:11:34.096 3931-3931/? D/NotificationStackScrollLayout: scroll range should be extended : 884
10-12 11:11:34.106 3435-4802/? V/AlarmManager: remove PendingIntent] PendingIntent{f6c2e47: PendingIntentRecord{4d478c7 com.android.bluetooth broadcastIntent}}
10-12 11:11:34.106 3931-3931/? D/StatusBar-Window: fnf=false sanc=true, kni=false, sbf=true
10-12 11:11:34.106 3931-3931/? D/CoverUI: applyFocusableFlag() : Remove SAMSUNG_FLAG_SVIEW_COVER
10-12 11:11:34.106 3931-3931/? D/StatusBarWindowManager: forceCollapsed : false isKeyguardShowingAndNotOccluded() : true panelVisible : true keyguardFadingAway : false bouncerShowing : false headsUpShowing : false
10-12 11:11:34.106 3931-3931/? D/CoverUI: applyHeight h = -1, oc = true, fa = false, ac = false, sc = false
10-12 11:11:34.106 3435-4808/? V/AlarmManager: remove PendingIntent] PendingIntent{9138674: PendingIntentRecord{4d478c7 com.android.bluetooth broadcastIntent}}
10-12 11:11:34.116 3435-3974/? V/AlarmManager: remove PendingIntent] PendingIntent{1ffc79d: PendingIntentRecord{4d478c7 com.android.bluetooth broadcastIntent}}
10-12 11:11:34.116 3435-3960/? V/AlarmManager: remove PendingIntent] PendingIntent{9280412: PendingIntentRecord{4d478c7 com.android.bluetooth broadcastIntent}}
10-12 11:11:34.116 3435-4825/? V/AlarmManager: remove PendingIntent] PendingIntent{f3367e3: PendingIntentRecord{4d478c7 com.android.bluetooth broadcastIntent}}
10-12 11:11:34.126 5352-5437/? D/BtGatt.GattService: onClientRegistered() - UUID=14b2d4c6-0948-4adc-9571-3c3ee6a5a85e, clientIf=5
10-12 11:11:34.126 3435-3474/? V/AlarmManager: remove PendingIntent] PendingIntent{f1c95e0: PendingIntentRecord{4d478c7 com.android.bluetooth broadcastIntent}}
10-12 11:11:34.126 6748-6758/? D/BluetoothLeScanner: onClientRegistered() - status=0 clientIf=5
10-12 11:11:34.126 5352-16840/? D/BtGatt.GattService: start scan with filters
10-12 11:11:34.136 5352-16840/? D/BluetoothAdapter: STATE_BLE_ON
10-12 11:11:34.136 5352-16840/? D/BluetoothAdapter: appoCount is = 0
10-12 11:11:34.136 5352-16840/? D/BluetoothAdapter: STATE_BLE_ON
10-12 11:11:34.136 5352-16840/? D/BtGatt.GattService: getScanSettings
10-12 11:11:34.136 3435-4803/? V/AlarmManager: remove PendingIntent] PendingIntent{164099: PendingIntentRecord{4d478c7 com.android.bluetooth broadcastIntent}}
10-12 11:11:34.136 5352-16840/? D/BtGatt.GattService: Is it foreground application = false
10-12 11:11:34.136 5352-16840/? D/BtGatt.GattService: Its a background application running with Low Power scan mode
10-12 11:11:34.146 3435-4341/? V/AlarmManager: remove PendingIntent] PendingIntent{7e4f5e: PendingIntentRecord{4d478c7 com.android.bluetooth broadcastIntent}}
10-12 11:11:34.146 5352-16840/? D/BtGatt.GattService: [GSIM LOG]: getActualScanMode (100/1 vs -2147483648/0)
10-12 11:11:34.146 5352-16840/? D/BtGatt.GattService: [GSIM LOG]: getCallingProcessName: com.samsung.android.beaconmanager
10-12 11:11:34.146 5352-16840/? D/BtGatt.GattService: [GSIM LOG]: getCallingProcessName: com.samsung.android.beaconmanager
10-12 11:11:34.146 5352-5486/? E/BtGatt.GattService: [GSIM LOG]: gsimLogHandler: com.samsung.android.beaconmanager, msg: MESSAGE_START_SCAN
10-12 11:11:34.146 5352-5486/? D/BtGatt.GattService: [GSIM LOG]: gsimLogHandler: prevDate: 12, currDate: 12
10-12 11:11:34.146 5352-5468/? D/BtGatt.ScanManager: handling starting scan
10-12 11:11:34.146 5352-5468/? D/BluetoothAdapter: STATE_BLE_ON
10-12 11:11:34.146 5352-5468/? D/BluetoothAdapter: STATE_BLE_ON
10-12 11:11:34.146 3435-4325/? V/AlarmManager: remove PendingIntent] PendingIntent{2aa9f3f: PendingIntentRecord{4d478c7 com.android.bluetooth broadcastIntent}}
10-12 11:11:34.156 5352-5468/? D/BluetoothAdapter: appoCount is = 0
10-12 11:11:34.156 5352-5468/? D/BluetoothAdapter: STATE_BLE_ON
10-12 11:11:34.156 5352-5468/? D/BluetoothAdapter: STATE_BLE_ON
10-12 11:11:34.156 3435-3475/? V/AlarmManager: remove PendingIntent] PendingIntent{8e5300c: PendingIntentRecord{4d478c7 com.android.bluetooth broadcastIntent}}
10-12 11:11:34.156 4758-4758/? I/AlpmModeManager: startAlpmMode : state = IDLE
10-12 11:11:34.156 5352-5468/? D/BluetoothAdapter: appoCount is = 0
10-12 11:11:34.156 4758-4758/? I/AlpmModeManager: handleUnblankDisplay: state = IDLE
10-12 11:11:34.156 4758-4758/? V/AlpmModeManager: handleUnblankDisplay: setDoze [DISPLAY_STATE_DOZE]
10-12 11:11:34.156 4758-4758/? D/AlpmModeManager: getLastAlpmHlpmBright : HighNit[false], AlpmHlpm[1], NitMode[[ALPM]_2NIT_ON]
10-12 11:11:34.166 3435-4808/? I/PowerManagerService: [api] setDozeOverrideFromAod AlpmHlpmSysfs = 1, screenState = 3, Brightness = 0, wakefulness = false
10-12 11:11:34.166 3435-4808/? D/PowerManagerService: [s] UserActivityState : 0 -> 1
10-12 11:11:34.166 4758-4758/? I/AlpmModeManager: handleUnblankDisplay: AlpmModeManager wakeLock [ACQUIRE]
