10-12 11:11:28.966 3151-30632/? V/PlaylistFetcher: [fetcher-4] [video] queueAccessUnit, timeUs=33901000
10-12 11:11:28.966 3151-30632/? V/PlaylistFetcher: [fetcher-4] [video] queueAccessUnit, timeUs=33941000
10-12 11:11:28.966 3151-30632/? V/PlaylistFetcher: [fetcher-4] [video] queueAccessUnit, timeUs=33981000
10-12 11:11:28.966 3151-30632/? V/PlaylistFetcher: [fetcher-4] [video] queueAccessUnit, timeUs=34181000
10-12 11:11:28.966 3151-30632/? V/PlaylistFetcher: [fetcher-4] [video] queueAccessUnit, timeUs=34061000
10-12 11:11:28.966 3151-30632/? V/PlaylistFetcher: [fetcher-4] [audio] queueAccessUnit, timeUs=33380666
10-12 11:11:28.966 3151-30632/? V/PlaylistFetcher: [fetcher-4] [audio] queueAccessUnit, timeUs=33466000
10-12 11:11:28.976 3931-3931/? D/BatteryMeterView: ACTION_BATTERY_CHANGED : level:82 status:2 health:2
10-12 11:11:28.966 3151-30632/? V/PlaylistFetcher: [fetcher-4] [audio] queueAccessUnit, timeUs=33551333
10-12 11:11:28.976 3931-3931/? D/BatteryMeterView: ACTION_BATTERY_CHANGED : level:82 status:2 health:2
10-12 11:11:28.966 3151-30632/? V/PlaylistFetcher: [fetcher-4] [audio] queueAccessUnit, timeUs=33636666
10-12 11:11:28.966 3151-30632/? V/PlaylistFetcher: [fetcher-4] [audio] queueAccessUnit, timeUs=33700666
10-12 11:11:28.966 3151-30632/? V/PlaylistFetcher: [fetcher-4] [audio] queueAccessUnit, timeUs=33786000
10-12 11:11:28.966 3151-30632/? V/PlaylistFetcher: [fetcher-4] [audio] queueAccessUnit, timeUs=33871333
10-12 11:11:28.966 3151-30632/? V/PlaylistFetcher: [fetcher-4] [audio] queueAccessUnit, timeUs=33956666
10-12 11:11:28.966 3151-30632/? V/PlaylistFetcher: [fetcher-4] [audio] queueAccessUnit, timeUs=34020666
10-12 11:11:28.966 4449-4449/? D/BatteryMonitor: new battery level: 82
10-12 11:11:29.006 3151-30632/? V/PlaylistFetcher: [fetcher-4] [video] queueAccessUnit, timeUs=34101000
10-12 11:11:29.006 3151-30632/? V/PlaylistFetcher: [fetcher-4] [video] queueAccessUnit, timeUs=34141000
10-12 11:11:29.006 3151-30632/? V/PlaylistFetcher: [fetcher-4] [video] queueAccessUnit, timeUs=34261000
10-12 11:11:29.006 3151-30632/? V/PlaylistFetcher: [fetcher-4] [video] queueAccessUnit, timeUs=34221000
10-12 11:11:29.006 3151-30632/? V/PlaylistFetcher: [fetcher-4] [video] queueAccessUnit, timeUs=34301000
10-12 11:11:29.006 3151-30632/? V/PlaylistFetcher: [fetcher-4] [video] queueAccessUnit, timeUs=34381000
10-12 11:11:29.006 3151-30632/? V/PlaylistFetcher: [fetcher-4] [audio] queueAccessUnit, timeUs=34106000
10-12 11:11:29.006 3151-30632/? V/PlaylistFetcher: [fetcher-4] [audio] queueAccessUnit, timeUs=34191333
10-12 11:11:29.016 3435-3845/? V/NetworkStats: performPollLocked(flags=0x1)
10-12 11:11:29.016 3435-3845/? D/NtpTrustedTime: currentTimeMillis() cache hit
10-12 11:11:29.026 3435-3845/? D/NetworkStatsRecorder: entry.iface is null
10-12 11:11:29.026 3435-3845/? D/NetworkStatsRecorder: entry.iface is null
10-12 11:11:29.026 3435-3845/? D/NetworkStatsRecorder: entry.iface is null
10-12 11:11:29.026 3435-3845/? D/NetworkStatsRecorder: entry.iface is null
10-12 11:11:29.026 3435-3845/? D/NetworkStatsRecorder: entry.iface is null
10-12 11:11:29.026 3435-3845/? D/NetworkStatsRecorder: entry.iface is null
10-12 11:11:29.026 3435-3845/? D/NetworkStatsRecorder: entry.iface is null
10-12 11:11:29.026 3435-3845/? D/NetworkStatsRecorder: entry.iface is null
10-12 11:11:29.026 3435-3845/? D/NetworkStatsRecorder: entry.iface is null
10-12 11:11:29.026 3435-3845/? D/NetworkStatsRecorder: entry.iface is null
10-12 11:11:29.026 3435-3845/? D/NetworkStatsRecorder: entry.iface is null
10-12 11:11:29.026 3435-3845/? D/NetworkStatsRecorder: entry.iface is null
10-12 11:11:29.026 3435-3845/? D/NetworkStatsRecorder: entry.iface is null
10-12 11:11:29.026 3435-3845/? D/NetworkStatsRecorder: entry.iface is null
10-12 11:11:29.026 3435-3845/? D/NetworkStatsRecorder: entry.iface is null
10-12 11:11:29.026 3435-3845/? D/NetworkStatsRecorder: entry.iface is null
10-12 11:11:29.026 3435-3845/? D/NetworkStatsRecorder: entry.iface is null
10-12 11:11:29.026 3435-3845/? D/NetworkStatsRecorder: entry.iface is null
10-12 11:11:29.026 3435-3845/? D/NetworkStatsRecorder: entry.iface is null
10-12 11:11:29.026 3435-3845/? D/NetworkStatsRecorder: entry.iface is null
10-12 11:11:29.026 3435-3845/? D/NetworkStatsRecorder: entry.iface is null
10-12 11:11:29.026 3435-3845/? D/NetworkStatsRecorder: entry.iface is null
10-12 11:11:29.026 3435-3845/? D/NetworkStatsRecorder: entry.iface is null
10-12 11:11:29.026 3435-3845/? D/NetworkStatsRecorder: entry.iface is null
10-12 11:11:29.026 3435-3845/? D/NetworkStatsRecorder: entry.iface is null
10-12 11:11:29.026 3435-3845/? D/NetworkStatsRecorder: entry.iface is null
10-12 11:11:29.026 3435-3845/? D/NetworkStatsRecorder: entry.iface is null
10-12 11:11:29.026 3435-3845/? D/NetworkStatsRecorder: entry.iface is null
10-12 11:11:29.026 3435-3845/? D/NetworkStatsRecorder: entry.iface is null
10-12 11:11:29.026 3435-3845/? D/NetworkStatsRecorder: entry.iface is null
10-12 11:11:29.046 3151-30632/? V/PlaylistFetcher: [fetcher-4] [video] queueAccessUnit, timeUs=34341000
10-12 11:11:29.046 3151-30632/? V/PlaylistFetcher: [fetcher-4] [video] queueAccessUnit, timeUs=34461000
10-12 11:11:29.046 3151-30632/? V/PlaylistFetcher: [fetcher-4] [video] queueAccessUnit, timeUs=34421000
10-12 11:11:29.046 3151-30632/? V/PlaylistFetcher: [fetcher-4] [video] queueAccessUnit, timeUs=34541000
10-12 11:11:29.046 3151-30632/? V/PlaylistFetcher: [fetcher-4] [video] queueAccessUnit, timeUs=34501000
10-12 11:11:29.046 3151-30632/? V/PlaylistFetcher: [fetcher-4] [video] queueAccessUnit, timeUs=34621000
10-12 11:11:29.046 3151-30632/? V/PlaylistFetcher: [fetcher-4] [video] queueAccessUnit, timeUs=34581000
10-12 11:11:29.046 3151-30632/? V/PlaylistFetcher: [fetcher-4] [video] queueAccessUnit, timeUs=34701000
10-12 11:11:29.046 3151-30632/? V/PlaylistFetcher: [fetcher-4] [video] queueAccessUnit, timeUs=34661000
10-12 11:11:29.046 3151-30632/? V/PlaylistFetcher: [fetcher-4] [video] queueAccessUnit, timeUs=34781000
10-12 11:11:29.046 3151-30632/? V/PlaylistFetcher: [fetcher-4] [audio] queueAccessUnit, timeUs=34276666
10-12 11:11:29.046 3151-30632/? V/PlaylistFetcher: [fetcher-4] [audio] queueAccessUnit, timeUs=34340666
10-12 11:11:29.046 3151-30632/? V/PlaylistFetcher: [fetcher-4] [audio] queueAccessUnit, timeUs=34426000
10-12 11:11:29.046 3151-30632/? V/PlaylistFetcher: [fetcher-4] [audio] queueAccessUnit, timeUs=34511333
10-12 11:11:29.046 3151-30632/? V/PlaylistFetcher: [fetcher-4] [audio] queueAccessUnit, timeUs=34596666
10-12 11:11:29.046 3151-30632/? V/PlaylistFetcher: [fetcher-4] [audio] queueAccessUnit, timeUs=34660666
10-12 11:11:29.056 3435-3845/? V/NetworkStats: performPollLocked() took 41ms
10-12 11:11:29.056 3435-3845/? D/NtpTrustedTime: currentTimeMillis() cache hit
10-12 11:11:29.056 3435-3846/? D/NtpTrustedTime: currentTimeMillis() cache hit
10-12 11:11:29.056 3435-3846/? D/NtpTrustedTime: currentTimeMillis() cache hit
10-12 11:11:29.066 3151-30632/? V/PlaylistFetcher: [fetcher-4] [video] queueAccessUnit, timeUs=34741000
10-12 11:11:29.066 3151-30632/? V/PlaylistFetcher: [fetcher-4] [video] queueAccessUnit, timeUs=34861000
10-12 11:11:29.066 3151-30632/? V/PlaylistFetcher: [fetcher-4] [video] queueAccessUnit, timeUs=34821000
10-12 11:11:29.066 3151-30632/? V/PlaylistFetcher: [fetcher-4] [video] queueAccessUnit, timeUs=34941000
10-12 11:11:29.066 3151-30632/? V/PlaylistFetcher: [fetcher-4] [video] queueAccessUnit, timeUs=34901000
10-12 11:11:29.066 3151-30632/? V/PlaylistFetcher: [fetcher-4] [video] queueAccessUnit, timeUs=35021000
10-12 11:11:29.066 3151-30632/? V/PlaylistFetcher: [fetcher-4] [video] queueAccessUnit, timeUs=34981000
10-12 11:11:29.066 3151-30632/? V/PlaylistFetcher: [fetcher-4] [video] queueAccessUnit, timeUs=35061000
10-12 11:11:29.066 3151-30632/? V/PlaylistFetcher: [fetcher-4] [audio] queueAccessUnit, timeUs=34746000
10-12 11:11:29.066 3151-30632/? V/PlaylistFetcher: [fetcher-4] [audio] queueAccessUnit, timeUs=34831333
10-12 11:11:29.066 3151-30632/? V/PlaylistFetcher: [fetcher-4] [audio] queueAccessUnit, timeUs=34916666
10-12 11:11:29.076 3151-30632/? V/PlaylistFetcher: [fetcher-4] [video] queueAccessUnit, timeUs=35101000
10-12 11:11:29.086 3151-30632/? V/PlaylistFetcher: [fetcher-4] [video] queueAccessUnit, timeUs=35141000
10-12 11:11:29.086 3151-30632/? V/PlaylistFetcher: [fetcher-4] [video] queueAccessUnit, timeUs=35301000
10-12 11:11:29.086 3151-30632/? V/PlaylistFetcher: [fetcher-4] [video] queueAccessUnit, timeUs=35181000
10-12 11:11:29.086 3151-30632/? V/PlaylistFetcher: [fetcher-4] [video] queueAccessUnit, timeUs=35221000
10-12 11:11:29.086 3151-30632/? V/PlaylistFetcher: [fetcher-4] [video] queueAccessUnit, timeUs=35261000
10-12 11:11:29.086 3151-30632/? V/PlaylistFetcher: [fetcher-4] [video] queueAccessUnit, timeUs=35461000
10-12 11:11:29.086 3151-30632/? V/PlaylistFetcher: [fetcher-4] [video] queueAccessUnit, timeUs=35341000
10-12 11:11:29.086 3151-30632/? V/PlaylistFetcher: [fetcher-4] [video] queueAccessUnit, timeUs=35381000
10-12 11:11:29.086 3151-30632/? V/PlaylistFetcher: [fetcher-4] [video] queueAccessUnit, timeUs=35421000
10-12 11:11:29.086 3151-30632/? V/PlaylistFetcher: [fetcher-4] [video] queueAccessUnit, timeUs=35621000
10-12 11:11:29.086 3151-30632/? V/PlaylistFetcher: [fetcher-4] [video] queueAccessUnit, timeUs=35501000
10-12 11:11:29.086 3151-30632/? V/PlaylistFetcher: [fetcher-4] [video] queueAccessUnit, timeUs=35541000
10-12 11:11:29.086 3151-30632/? V/PlaylistFetcher: [fetcher-4] [video] queueAccessUnit, timeUs=35581000
10-12 11:11:29.086 3151-30632/? V/PlaylistFetcher: [fetcher-4] [video] queueAccessUnit, timeUs=35781000
10-12 11:11:29.086 3151-30632/? V/PlaylistFetcher: [fetcher-4] [video] queueAccessUnit, timeUs=35661000
10-12 11:11:29.086 3151-30632/? V/PlaylistFetcher: [fetcher-4] [video] queueAccessUnit, timeUs=35701000
10-12 11:11:29.086 3151-30632/? V/PlaylistFetcher: [fetcher-4] [video] queueAccessUnit, timeUs=35741000
10-12 11:11:29.086 3151-30632/? V/PlaylistFetcher: [fetcher-4] [video] queueAccessUnit, timeUs=35821000
10-12 11:11:29.086 3151-30632/? V/PlaylistFetcher: [fetcher-4] [video] queueAccessUnit, timeUs=35981000
10-12 11:11:29.086 3151-30632/? V/PlaylistFetcher: [fetcher-4] [video] queueAccessUnit, timeUs=35861000
10-12 11:11:29.086 3151-30632/? V/PlaylistFetcher: [fetcher-4] [video] queueAccessUnit, timeUs=35901000
10-12 11:11:29.086 3151-30632/? V/PlaylistFetcher: [fetcher-4] [video] queueAccessUnit, timeUs=35941000
10-12 11:11:29.086 3151-30632/? V/PlaylistFetcher: [fetcher-4] [video] queueAccessUnit, timeUs=36141000
10-12 11:11:29.086 3151-30632/? V/PlaylistFetcher: [fetcher-4] [video] queueAccessUnit, timeUs=36021000
10-12 11:11:29.086 3151-30632/? V/PlaylistFetcher: [fetcher-4] [audio] queueAccessUnit, timeUs=34980666
10-12 11:11:29.086 3151-30632/? V/PlaylistFetcher: [fetcher-4] [audio] queueAccessUnit, timeUs=35066000
10-12 11:11:29.086 3151-30632/? V/PlaylistFetcher: [fetcher-4] [audio] queueAccessUnit, timeUs=35151333
10-12 11:11:29.086 3151-30632/? V/PlaylistFetcher: [fetcher-4] [audio] queueAccessUnit, timeUs=35236666
10-12 11:11:29.086 3151-30632/? V/PlaylistFetcher: [fetcher-4] [audio] queueAccessUnit, timeUs=35300666
10-12 11:11:29.086 3151-30632/? V/PlaylistFetcher: [fetcher-4] [audio] queueAccessUnit, timeUs=35386000
10-12 11:11:29.086 3151-30632/? V/PlaylistFetcher: [fetcher-4] [audio] queueAccessUnit, timeUs=35471333
10-12 11:11:29.086 3151-30632/? V/PlaylistFetcher: [fetcher-4] [audio] queueAccessUnit, timeUs=35556666
10-12 11:11:29.086 3151-30632/? V/PlaylistFetcher: [fetcher-4] [audio] queueAccessUnit, timeUs=35620666
10-12 11:11:29.086 3151-30632/? V/PlaylistFetcher: [fetcher-4] [audio] queueAccessUnit, timeUs=35706000
10-12 11:11:29.086 3151-30632/? V/PlaylistFetcher: [fetcher-4] [audio] queueAccessUnit, timeUs=35791333
10-12 11:11:29.086 3151-30632/? V/PlaylistFetcher: [fetcher-4] [audio] queueAccessUnit, timeUs=35876666
10-12 11:11:29.086 3151-30632/? V/PlaylistFetcher: [fetcher-4] [audio] queueAccessUnit, timeUs=35940666
10-12 11:11:29.096 3151-30632/? V/PlaylistFetcher: [fetcher-4] [video] queueAccessUnit, timeUs=36061000
10-12 11:11:29.096 3151-30632/? V/PlaylistFetcher: [fetcher-4] [video] queueAccessUnit, timeUs=36101000
10-12 11:11:29.096 3151-30632/? V/PlaylistFetcher: [fetcher-4] [audio] queueAccessUnit, timeUs=36026000
10-12 11:11:29.136 3151-30632/? V/PlaylistFetcher: [fetcher-4] [video] queueAccessUnit, timeUs=36181000
10-12 11:11:29.136 3151-30632/? V/PlaylistFetcher: [fetcher-4] [video] queueAccessUnit, timeUs=36221000
10-12 11:11:29.136 3151-30632/? V/PlaylistFetcher: [fetcher-4] [video] queueAccessUnit, timeUs=36261000
10-12 11:11:29.136 3151-30632/? V/PlaylistFetcher: [fetcher-4] [video] queueAccessUnit, timeUs=36301000
10-12 11:11:29.136 3151-30632/? V/PlaylistFetcher: [fetcher-4] [video] queueAccessUnit, timeUs=36341000
10-12 11:11:29.136 3151-30632/? V/PlaylistFetcher: [fetcher-4] [video] queueAccessUnit, timeUs=36381000
10-12 11:11:29.136 3151-30632/? V/PlaylistFetcher: [fetcher-4] [video] queueAccessUnit, timeUs=36421000
10-12 11:11:29.136 3151-30632/? V/PlaylistFetcher: [fetcher-4] [video] queueAccessUnit, timeUs=36461000
10-12 11:11:29.136 3151-30632/? V/PlaylistFetcher: [fetcher-4] [video] queueAccessUnit, timeUs=36501000
10-12 11:11:29.136 3151-30632/? V/PlaylistFetcher: [fetcher-4] [video] queueAccessUnit, timeUs=36541000
10-12 11:11:29.136 3151-30632/? V/PlaylistFetcher: [fetcher-4] [video] queueAccessUnit, timeUs=36581000
10-12 11:11:29.136 3151-30632/? V/PlaylistFetcher: [fetcher-4] [video] queueAccessUnit, timeUs=36621000
10-12 11:11:29.136 3151-30632/? V/PlaylistFetcher: [fetcher-4] [video] queueAccessUnit, timeUs=36661000
10-12 11:11:29.136 3151-30632/? V/PlaylistFetcher: [fetcher-4] [audio] queueAccessUnit, timeUs=36111333
10-12 11:11:29.136 3151-30632/? V/PlaylistFetcher: [fetcher-4] [audio] queueAccessUnit, timeUs=36196666
10-12 11:11:29.136 3151-30632/? V/PlaylistFetcher: [fetcher-4] [audio] queueAccessUnit, timeUs=36260666
10-12 11:11:29.136 3151-30632/? V/PlaylistFetcher: [fetcher-4] [audio] queueAccessUnit, timeUs=36346000
10-12 11:11:29.136 3151-30632/? V/PlaylistFetcher: [fetcher-4] [audio] queueAccessUnit, timeUs=36431333
10-12 11:11:29.136 3151-30632/? V/PlaylistFetcher: [fetcher-4] [audio] queueAccessUnit, timeUs=36516666
10-12 11:11:29.136 3151-30632/? V/PlaylistFetcher: [fetcher-4] [audio] queueAccessUnit, timeUs=36580666
10-12 11:11:29.156 3151-30632/? V/PlaylistFetcher: [fetcher-4] [video] queueAccessUnit, timeUs=36701000
10-12 11:11:29.156 3151-30632/? V/PlaylistFetcher: [fetcher-4] [video] queueAccessUnit, timeUs=36741000
10-12 11:11:29.166 3151-30632/? V/PlaylistFetcher: [fetcher-4] [video] queueAccessUnit, timeUs=36781000
10-12 11:11:29.166 3151-30632/? V/PlaylistFetcher: [fetcher-4] [video] queueAccessUnit, timeUs=36821000
10-12 11:11:29.166 3151-30632/? V/PlaylistFetcher: [fetcher-4] [video] queueAccessUnit, timeUs=36861000
10-12 11:11:29.166 3151-30632/? V/PlaylistFetcher: [fetcher-4] [video] queueAccessUnit, timeUs=36901000
10-12 11:11:29.166 3151-30632/? V/PlaylistFetcher: [fetcher-4] [video] queueAccessUnit, timeUs=36941000
10-12 11:11:29.166 3151-30632/? V/PlaylistFetcher: [fetcher-4] [video] queueAccessUnit, timeUs=36981000
10-12 11:11:29.166 3151-30632/? V/PlaylistFetcher: [fetcher-4] [video] queueAccessUnit, timeUs=37021000
10-12 11:11:29.166 3151-30632/? V/PlaylistFetcher: [fetcher-4] [video] queueAccessUnit, timeUs=37061000
10-12 11:11:29.166 3151-30632/? V/PlaylistFetcher: [fetcher-4] [video] queueAccessUnit, timeUs=37101000
10-12 11:11:29.166 3151-30632/? V/PlaylistFetcher: [fetcher-4] [video] queueAccessUnit, timeUs=37141000
10-12 11:11:29.166 3151-30632/? V/PlaylistFetcher: [fetcher-4] [video] queueAccessUnit, timeUs=37181000
10-12 11:11:29.166 3151-30632/? V/PlaylistFetcher: [fetcher-4] [video] queueAccessUnit, timeUs=37221000
10-12 11:11:29.166 3151-30632/? V/PlaylistFetcher: [fetcher-4] [video] queueAccessUnit, timeUs=37261000
10-12 11:11:29.166 3151-30632/? V/PlaylistFetcher: [fetcher-4] [audio] queueAccessUnit, timeUs=36666000
10-12 11:11:29.166 3151-30632/? V/PlaylistFetcher: [fetcher-4] [audio] queueAccessUnit, timeUs=36751333
10-12 11:11:29.166 3151-30632/? V/PlaylistFetcher: [fetcher-4] [audio] queueAccessUnit, timeUs=36836666
10-12 11:11:29.166 3151-30632/? V/PlaylistFetcher: [fetcher-4] [audio] queueAccessUnit, timeUs=36900666
10-12 11:11:29.166 3151-30632/? V/PlaylistFetcher: [fetcher-4] [audio] queueAccessUnit, timeUs=36986000
10-12 11:11:29.166 3151-30632/? V/PlaylistFetcher: [fetcher-4] [audio] queueAccessUnit, timeUs=37071333
10-12 11:11:29.166 3151-30632/? V/PlaylistFetcher: [fetcher-4] [audio] queueAccessUnit, timeUs=37156666
10-12 11:11:29.196 3151-30632/? V/PlaylistFetcher: [fetcher-4] [video] queueAccessUnit, timeUs=37301000
10-12 11:11:29.196 3151-30632/? V/PlaylistFetcher: [fetcher-4] [video] queueAccessUnit, timeUs=37341000
10-12 11:11:29.196 3151-30632/? V/PlaylistFetcher: [fetcher-4] [video] queueAccessUnit, timeUs=37501000
10-12 11:11:29.196 3151-30632/? V/PlaylistFetcher: [fetcher-4] [video] queueAccessUnit, timeUs=37381000
10-12 11:11:29.196 3151-30632/? V/PlaylistFetcher: [fetcher-4] [video] queueAccessUnit, timeUs=37421000
10-12 11:11:29.196 3151-30632/? V/PlaylistFetcher: [fetcher-4] [video] queueAccessUnit, timeUs=37461000
10-12 11:11:29.196 3151-30632/? V/PlaylistFetcher: [fetcher-4] [video] queueAccessUnit, timeUs=37661000
10-12 11:11:29.196 3151-30632/? V/PlaylistFetcher: [fetcher-4] [video] queueAccessUnit, timeUs=37541000
10-12 11:11:29.196 3151-30632/? V/PlaylistFetcher: [fetcher-4] [video] queueAccessUnit, timeUs=37581000
10-12 11:11:29.196 3151-30632/? V/PlaylistFetcher: [fetcher-4] [video] queueAccessUnit, timeUs=37621000
10-12 11:11:29.196 3151-30632/? V/PlaylistFetcher: [fetcher-4] [video] queueAccessUnit, timeUs=37821000
10-12 11:11:29.196 3151-30632/? V/PlaylistFetcher: [fetcher-4] [video] queueAccessUnit, timeUs=37701000
10-12 11:11:29.196 3151-30632/? V/PlaylistFetcher: [fetcher-4] [video] queueAccessUnit, timeUs=37741000
10-12 11:11:29.196 3151-30632/? V/PlaylistFetcher: [fetcher-4] [audio] queueAccessUnit, timeUs=37220666
10-12 11:11:29.196 3151-30632/? V/PlaylistFetcher: [fetcher-4] [audio] queueAccessUnit, timeUs=37306000
10-12 11:11:29.196 3151-30632/? V/PlaylistFetcher: [fetcher-4] [audio] queueAccessUnit, timeUs=37391333
10-12 11:11:29.196 3151-30632/? V/PlaylistFetcher: [fetcher-4] [audio] queueAccessUnit, timeUs=37476666
10-12 11:11:29.196 3151-30632/? V/PlaylistFetcher: [fetcher-4] [audio] queueAccessUnit, timeUs=37540666
10-12 11:11:29.196 3151-30632/? V/PlaylistFetcher: [fetcher-4] [audio] queueAccessUnit, timeUs=37626000
10-12 11:11:29.226 3151-30632/? V/PlaylistFetcher: [fetcher-4] [video] queueAccessUnit, timeUs=37781000
10-12 11:11:29.226 3151-30632/? V/PlaylistFetcher: [fetcher-4] [video] queueAccessUnit, timeUs=37981000
10-12 11:11:29.226 3151-30632/? V/PlaylistFetcher: [fetcher-4] [video] queueAccessUnit, timeUs=37861000
10-12 11:11:29.226 3151-30632/? V/PlaylistFetcher: [fetcher-4] [video] queueAccessUnit, timeUs=37901000
10-12 11:11:29.226 3151-30632/? V/PlaylistFetcher: [fetcher-4] [video] queueAccessUnit, timeUs=37941000
10-12 11:11:29.226 3151-30632/? V/PlaylistFetcher: [fetcher-4] [video] queueAccessUnit, timeUs=38141000
10-12 11:11:29.226 3151-30632/? V/PlaylistFetcher: [fetcher-4] [video] queueAccessUnit, timeUs=38021000
10-12 11:11:29.226 3151-30632/? V/PlaylistFetcher: [fetcher-4] [video] queueAccessUnit, timeUs=38061000
10-12 11:11:29.226 3151-30632/? V/PlaylistFetcher: [fetcher-4] [video] queueAccessUnit, timeUs=38101000
10-12 11:11:29.226 3151-30632/? V/PlaylistFetcher: [fetcher-4] [video] queueAccessUnit, timeUs=38301000
10-12 11:11:29.226 3151-30632/? V/PlaylistFetcher: [fetcher-4] [video] queueAccessUnit, timeUs=38181000
10-12 11:11:29.226 3151-30632/? V/PlaylistFetcher: [fetcher-4] [video] queueAccessUnit, timeUs=38221000
10-12 11:11:29.226 3151-30632/? V/PlaylistFetcher: [fetcher-4] [audio] queueAccessUnit, timeUs=37711333
10-12 11:11:29.226 3151-30632/? V/PlaylistFetcher: [fetcher-4] [audio] queueAccessUnit, timeUs=37796666
10-12 11:11:29.226 3151-30632/? V/PlaylistFetcher: [fetcher-4] [audio] queueAccessUnit, timeUs=37860666
10-12 11:11:29.226 3151-30632/? V/PlaylistFetcher: [fetcher-4] [audio] queueAccessUnit, timeUs=37946000
10-12 11:11:29.226 3151-30632/? V/PlaylistFetcher: [fetcher-4] [audio] queueAccessUnit, timeUs=38031333
10-12 11:11:29.226 3151-30632/? V/PlaylistFetcher: [fetcher-4] [audio] queueAccessUnit, timeUs=38116666
10-12 11:11:29.286 3151-30632/? V/PlaylistFetcher: [fetcher-4] [video] queueAccessUnit, timeUs=38261000
10-12 11:11:29.286 3151-30632/? V/PlaylistFetcher: [fetcher-4] [video] queueAccessUnit, timeUs=38461000
10-12 11:11:29.286 3151-30632/? V/PlaylistFetcher: [fetcher-4] [video] queueAccessUnit, timeUs=38341000
10-12 11:11:29.286 3151-30632/? V/PlaylistFetcher: [fetcher-4] [video] queueAccessUnit, timeUs=38381000
10-12 11:11:29.286 3151-30632/? V/PlaylistFetcher: [fetcher-4] [video] queueAccessUnit, timeUs=38421000
10-12 11:11:29.286 3151-30632/? V/PlaylistFetcher: [fetcher-4] [video] queueAccessUnit, timeUs=38621000
10-12 11:11:29.286 3151-30632/? V/PlaylistFetcher: [fetcher-4] [video] queueAccessUnit, timeUs=38501000
10-12 11:11:29.286 3151-30632/? V/PlaylistFetcher: [fetcher-4] [video] queueAccessUnit, timeUs=38541000
10-12 11:11:29.286 3151-30632/? V/PlaylistFetcher: [fetcher-4] [video] queueAccessUnit, timeUs=38581000
10-12 11:11:29.286 3151-30632/? V/PlaylistFetcher: [fetcher-4] [video] queueAccessUnit, timeUs=38781000
10-12 11:11:29.286 3151-30632/? V/PlaylistFetcher: [fetcher-4] [audio] queueAccessUnit, timeUs=38180666
10-12 11:11:29.286 3151-30632/? V/PlaylistFetcher: [fetcher-4] [audio] queueAccessUnit, timeUs=38266000
10-12 11:11:29.286 3151-30632/? V/PlaylistFetcher: [fetcher-4] [audio] queueAccessUnit, timeUs=38351333
10-12 11:11:29.286 3151-30632/? V/PlaylistFetcher: [fetcher-4] [audio] queueAccessUnit, timeUs=38436666
10-12 11:11:29.286 3151-30632/? V/PlaylistFetcher: [fetcher-4] [audio] queueAccessUnit, timeUs=38500666
10-12 11:11:29.286 3151-30632/? V/PlaylistFetcher: [fetcher-4] [audio] queueAccessUnit, timeUs=38586000
10-12 11:11:29.306 3151-30632/? V/PlaylistFetcher: [fetcher-4] [video] queueAccessUnit, timeUs=38661000
10-12 11:11:29.306 3151-30632/? V/PlaylistFetcher: [fetcher-4] [video] queueAccessUnit, timeUs=38701000
10-12 11:11:29.306 3151-30632/? V/PlaylistFetcher: [fetcher-4] [video] queueAccessUnit, timeUs=38741000
10-12 11:11:29.306 3151-30632/? V/PlaylistFetcher: [fetcher-4] [video] queueAccessUnit, timeUs=38941000
10-12 11:11:29.306 3151-30632/? V/PlaylistFetcher: [fetcher-4] [video] queueAccessUnit, timeUs=38821000
10-12 11:11:29.306 3151-30632/? V/PlaylistFetcher: [fetcher-4] [video] queueAccessUnit, timeUs=38861000
10-12 11:11:29.306 3151-30632/? V/PlaylistFetcher: [fetcher-4] [video] queueAccessUnit, timeUs=38901000
10-12 11:11:29.306 3151-30632/? V/PlaylistFetcher: [fetcher-4] [video] queueAccessUnit, timeUs=39101000
10-12 11:11:29.306 3151-30632/? V/PlaylistFetcher: [fetcher-4] [video] queueAccessUnit, timeUs=38981000
10-12 11:11:29.306 3151-30632/? V/PlaylistFetcher: [fetcher-4] [video] queueAccessUnit, timeUs=39021000
10-12 11:11:29.306 3151-30632/? V/PlaylistFetcher: [fetcher-4] [video] queueAccessUnit, timeUs=39061000
10-12 11:11:29.306 3151-30632/? V/PlaylistFetcher: [fetcher-4] [video] queueAccessUnit, timeUs=39261000
10-12 11:11:29.306 3151-30632/? V/PlaylistFetcher: [fetcher-4] [audio] queueAccessUnit, timeUs=38671333
10-12 11:11:29.306 3151-30632/? V/PlaylistFetcher: [fetcher-4] [audio] queueAccessUnit, timeUs=38756666
10-12 11:11:29.306 3151-30632/? V/PlaylistFetcher: [fetcher-4] [audio] queueAccessUnit, timeUs=38820666
10-12 11:11:29.306 3151-30632/? V/PlaylistFetcher: [fetcher-4] [audio] queueAccessUnit, timeUs=38906000
10-12 11:11:29.306 3151-30632/? V/PlaylistFetcher: [fetcher-4] [audio] queueAccessUnit, timeUs=38991333
10-12 11:11:29.326 3151-30632/? V/PlaylistFetcher: [fetcher-4] [video] queueAccessUnit, timeUs=39141000
10-12 11:11:29.326 3151-30632/? V/PlaylistFetcher: [fetcher-4] [video] queueAccessUnit, timeUs=39181000
10-12 11:11:29.326 3151-30632/? V/PlaylistFetcher: [fetcher-4] [video] queueAccessUnit, timeUs=39221000
10-12 11:11:29.326 3151-30632/? V/PlaylistFetcher: [fetcher-4] [video] queueAccessUnit, timeUs=39421000
10-12 11:11:29.326 3151-30632/? V/PlaylistFetcher: [fetcher-4] [video] queueAccessUnit, timeUs=39301000
10-12 11:11:29.326 3151-30632/? V/PlaylistFetcher: [fetcher-4] [video] queueAccessUnit, timeUs=39341000
10-12 11:11:29.326 3151-30632/? V/PlaylistFetcher: [fetcher-4] [video] queueAccessUnit, timeUs=39381000
10-12 11:11:29.326 3151-30632/? V/PlaylistFetcher: [fetcher-4] [video] queueAccessUnit, timeUs=39581000
10-12 11:11:29.326 3151-30632/? V/PlaylistFetcher: [fetcher-4] [video] queueAccessUnit, timeUs=39461000
10-12 11:11:29.326 3151-30632/? V/PlaylistFetcher: [fetcher-4] [video] queueAccessUnit, timeUs=39501000
10-12 11:11:29.326 3151-30632/? V/PlaylistFetcher: [fetcher-4] [video] queueAccessUnit, timeUs=39541000
10-12 11:11:29.326 3151-30632/? V/PlaylistFetcher: [fetcher-4] [video] queueAccessUnit, timeUs=39741000
10-12 11:11:29.326 3151-30632/? V/PlaylistFetcher: [fetcher-4] [audio] queueAccessUnit, timeUs=39076666
10-12 11:11:29.326 3151-30632/? V/PlaylistFetcher: [fetcher-4] [audio] queueAccessUnit, timeUs=39140666
10-12 11:11:29.326 3151-30632/? V/PlaylistFetcher: [fetcher-4] [audio] queueAccessUnit, timeUs=39226000
10-12 11:11:29.326 3151-30632/? V/PlaylistFetcher: [fetcher-4] [audio] queueAccessUnit, timeUs=39311333
10-12 11:11:29.326 3151-30632/? V/PlaylistFetcher: [fetcher-4] [audio] queueAccessUnit, timeUs=39396666
10-12 11:11:29.326 3151-30632/? V/PlaylistFetcher: [fetcher-4] [audio] queueAccessUnit, timeUs=39460666
10-12 11:11:29.336 3151-30632/? V/PlaylistFetcher: [fetcher-4] [video] queueAccessUnit, timeUs=39621000
10-12 11:11:29.336 3151-30632/? V/PlaylistFetcher: [fetcher-4] [video] queueAccessUnit, timeUs=39661000
10-12 11:11:29.336 3151-30632/? V/PlaylistFetcher: [fetcher-4] [video] queueAccessUnit, timeUs=39701000
10-12 11:11:29.336 3151-30632/? V/PlaylistFetcher: [fetcher-4] [video] queueAccessUnit, timeUs=39901000
10-12 11:11:29.336 3151-30632/? V/PlaylistFetcher: [fetcher-4] [video] queueAccessUnit, timeUs=39781000
10-12 11:11:29.336 3151-30632/? V/PlaylistFetcher: [fetcher-4] [video] queueAccessUnit, timeUs=39821000
10-12 11:11:29.336 3151-30632/? V/PlaylistFetcher: [fetcher-4] [video] queueAccessUnit, timeUs=39861000
10-12 11:11:29.336 3151-30632/? V/PlaylistFetcher: [fetcher-4] [video] queueAccessUnit, timeUs=39941000
10-12 11:11:29.336 3151-30632/? V/PlaylistFetcher: [fetcher-4] [video] queueAccessUnit, timeUs=40101000
10-12 11:11:29.336 3151-30632/? V/PlaylistFetcher: [fetcher-4] [video] queueAccessUnit, timeUs=39981000
10-12 11:11:29.336 3151-30632/? V/PlaylistFetcher: [fetcher-4] [audio] queueAccessUnit, timeUs=39546000
10-12 11:11:29.336 3151-30632/? V/PlaylistFetcher: [fetcher-4] [audio] queueAccessUnit, timeUs=39631333
10-12 11:11:29.336 3151-30632/? V/PlaylistFetcher: [fetcher-4] [audio] queueAccessUnit, timeUs=39716666
10-12 11:11:29.336 3151-30632/? V/PlaylistFetcher: [fetcher-4] [audio] queueAccessUnit, timeUs=39780666
10-12 11:11:29.336 3151-30632/? V/PlaylistFetcher: [fetcher-4] [audio] queueAccessUnit, timeUs=39866000
10-12 11:11:29.336 3151-30632/? V/PlaylistFetcher: [fetcher-4] [audio] queueAccessUnit, timeUs=39951333
10-12 11:11:29.336 3151-30632/? V/PlaylistFetcher: [fetcher-4] PUSH TS: 'http://cp401493-vh.akamaihd.net/i/,iplayerstream/secure_auth/100kbps/2c97c5945766314b015770b6e8703235--video--HOD-EP-2-online-h264-3000Kbps-720p_3gp_mpeg4_lo,prod_3gp_mpeg4_med/iplayerstream/2c97c5945766314b015770b6e8703235--video--HOD-EP-2-online-h264-3000Kbps-720p_3gp_mpeg4_med,iplayerstream/secure_auth/400kbps/2c97c5945766314b015770b6e8703235--video--HOD-EP-2-online-h264-3000Kbps-720p_flv_avc1_vlow,iplayerstream/secure_auth/480kbps/MP/2c97c5945766314b015770b6e8703235--video--HOD-EP-2-online-h264-3000Kbps-720p_flv_avc1_low,iplayerstream/secure_auth/800kbps/MP/2c97c5945766314b015770b6e8703235--video--HOD-EP-2-online-h264-3000Kbps-720p_flv_avc1_med,.mp4.csmil/segment4_4_av.ts'
10-12 11:11:29.336 3151-30632/? V/PlaylistFetcher: [fetcher-4] [audio] buffered 39850667
10-12 11:11:29.336 3151-30632/? V/PlaylistFetcher: [fetcher-4] [video] buffered 39960000
10-12 11:11:29.336 3151-30632/? V/PlaylistFetcher: [fetcher-4] pausing for 5000000, buffered=39850667 > 30000000
10-12 11:11:29.546 29809-29876/? W/chromium: [WARNING:webmediaplayer_impl.cc(341)] Using MultibufferDataSource
10-12 11:11:29.636 3151-30631/? V/LiveSession: onPollBuffering: mSwitchInProgress 0, mReconfigurationInProgress 0, mInPreparationPhase 0, mCurBandwidthIndex 4, mStreamMask 0x3
10-12 11:11:29.636 3151-30631/? V/LiveSession: [audio] buffered 39850667 us
10-12 11:11:29.636 3151-30631/? V/LiveSession: [video] buffered 39960000 us
10-12 11:11:29.636 3151-30631/? V/LiveSession: notifyBufferingUpdate: percentage=16%
10-12 11:11:29.636 3151-30631/? V/LiveSession: stopBufferingIfNecessary: mInPreparationPhase=0, mBuffering=0
10-12 11:11:29.636 3151-30631/? V/LiveSession: bandwidth estimated at 15744.83 kbps, stable 1, shortTermBps 28797.49 kbps
10-12 11:11:29.636 3151-30630/? V/NuPlayer: kWhatSourceNotify with buffering-update for NuPlayer 16
10-12 11:11:29.636 3151-30630/? V/NuPlayer: msg : 3, ext1 : 16, ext2 : 0
10-12 11:11:29.636 3151-30630/? D/NuPlayerDriver: notifyListener_l(0xf130d2a0), (3, 16, 0)
10-12 11:11:29.636 3151-30630/? V/MediaPlayerService: [10] notify (0xeb6a67c0, 3, 16, 0)
10-12 11:11:29.636 29809-29819/? V/MediaPlayer: message received msg=3, ext1=16, ext2=0
10-12 11:11:29.636 29809-29819/? V/MediaPlayer: buffering 16
10-12 11:11:29.636 29809-29819/? V/MediaPlayer: callback application
10-12 11:11:29.636 29809-29819/? V/MediaPlayer: back from callback
10-12 11:11:29.876 29809-29988/? I/ACodec: [] Now uninitialized
10-12 11:11:29.886 29809-30649/? I/OMXClient: Using client-side OMX mux.
10-12 11:11:29.896 3151-30056/? D/libexynosv4l2: try node: /dev/video6
10-12 11:11:29.896 3151-30056/? I/libexynosv4l2: node found for device s5p-mfc-dec: /dev/video6
10-12 11:11:29.906 3151-30056/? I/libexynosv4l2: open video device /dev/video6
10-12 11:11:29.906 3151-4151/? W/AudioPolicyIntefaceImpl: Skipped to add effects on session 36
10-12 11:11:29.906 3151-4151/? I/APM::AudioPolicyManager: startOutput() output 4, stream 3, session 36
10-12 11:11:29.906 29809-30649/? I/ACodec: [OMX.Exynos.avc.dec] Now Loaded
10-12 11:11:29.906 3151-3585/? D/audio_hw_primary: out_set_parameters: enter: kvpairs: routing=2
10-12 11:11:29.906 3151-3585/? D/AudioFlinger: setCurDevice() 0x2
10-12 11:11:29.916 29809-29988/? W/VideoCapabilities: Unrecognized profile 2130706433 for video/avc
10-12 11:11:29.916 29809-29988/? W/VideoCapabilities: Unrecognized profile 2130706433 for video/avc
10-12 11:11:29.916 29809-29988/? W/VideoCapabilities: Unrecognized profile 2130706433 for video/avc
10-12 11:11:29.916 29809-29988/? W/VideoCapabilities: Unrecognized profile 2130706433 for video/avc
10-12 11:11:29.916 29809-29988/? W/VideoCapabilities: Unrecognized profile 2130706433 for video/avc
10-12 11:11:29.916 29809-29988/? W/VideoCapabilities: Unrecognized profile 2130706433 for video/avc
10-12 11:11:29.916 29809-29988/? W/VideoCapabilities: Unrecognized profile 2130706433 for video/avc
10-12 11:11:29.916 29809-29988/? W/VideoCapabilities: Unrecognized profile 2130706433 for video/avc
10-12 11:11:29.916 29809-29988/? W/VideoCapabilities: Unrecognized profile 2130706433 for video/avc
10-12 11:11:29.916 29809-29988/? W/VideoCapabilities: Unrecognized profile 2130706433 for video/avc
10-12 11:11:29.916 29809-29988/? W/VideoCapabilities: Unrecognized profile 2130706433 for video/avc
10-12 11:11:29.916 29809-29988/? W/VideoCapabilities: Unrecognized profile 2130706433 for video/avc
10-12 11:11:29.916 29809-29988/? W/VideoCapabilities: Unrecognized profile 2130706433 for video/avc
10-12 11:11:29.916 29809-29988/? W/VideoCapabilities: Unrecognized profile 2130706433 for video/avc
10-12 11:11:29.916 29809-29988/? W/VideoCapabilities: Unrecognized profile 2130706433 for video/avc
10-12 11:11:29.916 29809-29988/? W/VideoCapabilities: Unrecognized profile 2130706433 for video/avc
10-12 11:11:29.916 29809-29988/? W/VideoCapabilities: Unrecognized profile 2130706433 for video/avc
10-12 11:11:29.916 29809-29988/? W/VideoCapabilities: Unrecognized profile 2130706434 for video/avc
10-12 11:11:29.916 29809-29988/? W/VideoCapabilities: Unrecognized profile 2130706434 for video/avc
10-12 11:11:29.916 29809-29988/? W/VideoCapabilities: Unrecognized profile 2130706434 for video/avc
10-12 11:11:29.916 29809-29988/? W/VideoCapabilities: Unrecognized profile 2130706434 for video/avc
10-12 11:11:29.916 29809-29988/? W/VideoCapabilities: Unrecognized profile 2130706434 for video/avc
10-12 11:11:29.916 29809-29988/? W/VideoCapabilities: Unrecognized profile 2130706434 for video/avc
10-12 11:11:29.916 29809-29988/? W/VideoCapabilities: Unrecognized profile 2130706434 for video/avc
10-12 11:11:29.916 29809-29988/? W/VideoCapabilities: Unrecognized profile 2130706434 for video/avc
10-12 11:11:29.916 29809-29988/? W/VideoCapabilities: Unrecognized profile 2130706434 for video/avc
10-12 11:11:29.916 29809-29988/? W/VideoCapabilities: Unrecognized profile 2130706434 for video/avc
10-12 11:11:29.916 29809-29988/? W/VideoCapabilities: Unrecognized profile 2130706434 for video/avc
10-12 11:11:29.916 29809-29988/? W/VideoCapabilities: Unrecognized profile 2130706434 for video/avc
10-12 11:11:29.916 29809-29988/? W/VideoCapabilities: Unrecognized profile 2130706434 for video/avc
10-12 11:11:29.916 29809-29988/? W/VideoCapabilities: Unrecognized profile 2130706434 for video/avc
10-12 11:11:29.916 29809-29988/? W/VideoCapabilities: Unrecognized profile 2130706434 for video/avc
10-12 11:11:29.916 29809-29988/? W/VideoCapabilities: Unrecognized profile 2130706434 for video/avc
10-12 11:11:29.916 29809-29988/? W/VideoCapabilities: Unrecognized profile 2130706434 for video/avc
10-12 11:11:29.916 29809-30648/? I/MediaCodec: [OMX.Exynos.avc.dec] setting surface generation to 30524423
10-12 11:11:29.916 3151-3151/? I/Exynos_OSAL_Android: output buffer sharing mode is on (15)
10-12 11:11:29.916 29809-30649/? I/ACodec: can't find wfdsink-exynos-enable
10-12 11:11:29.926 3151-3585/? V/audio_hw_primary: start_output_stream+, out->device : 00000002 , out->type = 1
10-12 11:11:29.926 3151-4880/? I/OMX: width (640),height (360),fps (15)
10-12 11:11:29.936 3151-3599/? I/OMX: getparameter OMX_IndexParamVideoController remained resource:17464320, sum = 230400
10-12 11:11:29.936 3151-4875/? E/OMXNodeInstance: getConfig(63:Exynos.avc.dec, ConfigCommonOutputCrop(0x700000f)) ERROR: NotReady(0x80001010)
10-12 11:11:29.936 29809-30649/? I/ACodec: [OMX.Exynos.avc.dec] Now Loaded->Idle
10-12 11:11:29.936 3151-30652/? I/EXYNOS_BASE_COMP: [0xeb89e300][Exynos_OMX_ComponentStateSet] current:(OMX_StateLoaded) dest:(OMX_StateIdle)
10-12 11:11:29.946 29809-30649/? D/SurfaceUtils: set up nativeWindow 0xd3754008 for 640x360, color 0x105, rotation 0, usage 0x2900
10-12 11:11:29.946 29809-30649/? I/ACodec: [OMX.Exynos.avc.dec] configureOutputBuffersFromNativeWindow setBufferCount : 7, minUndequeuedBuffers : 5
10-12 11:11:29.956 3151-30652/? D/libexynosv4l2: try node: /dev/video6
10-12 11:11:29.956 3151-30652/? I/libexynosv4l2: node found for device s5p-mfc-dec: /dev/video6
10-12 11:11:29.966 3151-30652/? I/libexynosv4l2: open video device /dev/video6
10-12 11:11:29.966 3151-30652/? I/EXYNOS_BASE_COMP: [0xeb89e300][Exynos_OMX_ComponentStateSet]:567 OMX_EventCmdComplete
10-12 11:11:29.966 29809-30649/? I/ACodec: [OMX.Exynos.avc.dec] Now Idle->Executing
10-12 11:11:29.976 3151-30652/? I/EXYNOS_BASE_COMP: [0xeb89e300][Exynos_OMX_ComponentStateSet] current:(OMX_StateIdle) dest:(OMX_StateExecuting)
10-12 11:11:29.976 3151-30652/? I/EXYNOS_BASE_COMP: [0xeb89e300][Exynos_OMX_ComponentStateSet]:567 OMX_EventCmdComplete
10-12 11:11:29.976 29809-30649/? I/ACodec: [OMX.Exynos.avc.dec] Now Executing
10-12 11:11:29.986 29809-30649/? I/ACodec: [OMX.Exynos.avc.dec] Now handling output port settings change
10-12 11:11:29.986 29809-30649/? W/AHierarchicalStateMachine: Warning message AMessage(what = 'omxI') = { int32_t type = 0 int32_t event = 3 int32_t data1 = 1 int32_t data2 = 117440527 } unhandled in root state.
10-12 11:11:29.996 29809-30649/? D/SurfaceUtils: set up nativeWindow 0xd3754008 for 640x368, color 0x105, rotation 0, usage 0x2900
10-12 11:11:29.996 29809-30649/? I/ACodec: [OMX.Exynos.avc.dec] configureOutputBuffersFromNativeWindow setBufferCount : 14, minUndequeuedBuffers : 5
10-12 11:11:30.006 3151-3585/? D/audio_hw_primary: start_output_stream (0xf136c7e0) out->pcm_device:6 out->config.rate:48000 out->config.format:0 out->period_size:240
10-12 11:11:30.006 3151-3585/? D/audio_hw_primary: start_output_stream (0xf136c7e0) out->config.rate:48000 out->config.format:0 out->period_size:240
10-12 11:11:30.006 3151-3585/? V/audio_hw_primary: select_devices output_scenario:0 input_scenario:-1 out_snd_device 0x2 in_snd_device:0x0
10-12 11:11:30.006 3151-3585/? I/audio_route: > audio_route_reset :
10-12 11:11:30.006 3151-3585/? I/audio_route: > audio_route_apply_path : "media-speaker"
10-12 11:11:30.036 29809-30649/? I/ACodec: [OMX.Exynos.avc.dec] Now Executing
10-12 11:11:30.066 29809-29886/? D/libEGL: eglInitialize EGLDisplay = 0xd83febd4
10-12 11:11:30.096 3435-3992/? I/MediaFocusControl: AudioFocus requestAudioFocus() from android.media.AudioManager$dd04f48org.chromium.content.browser.MediaSessionDelegate$87d388 req=1flags=0x0
10-12 11:11:30.126 3435-4133/? D/PowerManagerService: [api] acquire WakeLock flags=0x2000000a tag=WindowManager uid=1000 pid=3435
10-12 11:11:30.136 3151-3585/? V/audio_hw_primary: select_devices() output_route "media-speaker"
10-12 11:11:30.136 3151-3585/? I/audio_route: > audio_route_apply_path : "gain-media-speaker"
10-12 11:11:30.136 3151-3585/? V/audio_hw_primary: select_devices() output_gain "gain-media-speaker"
10-12 11:11:30.136 3151-3585/? I/audio_route: > audio_route_update_mixer : +
10-12 11:11:30.136 3151-3585/? I/audio_route: > audio_route_update_mixer : changed(0) -
10-12 11:11:30.136 3151-3585/? I/audio_hw_primary: select_devices -
10-12 11:11:30.136 3151-3585/? V/audio_hw_primary: start_output_stream-
10-12 11:11:30.316 29809-29809/? I/chromium: [INFO:CONSOLE(1)] "HTML5VideoMediator:adsPlugin:event", source: http://www.bbc.com/culture/static/76d5554b7079/scripts/requirejs/util/logger.js (1)
10-12 11:11:30.336 29809-29886/? D/libEGL: eglInitialize EGLDisplay = 0xd83feff4
10-12 11:11:30.366 29809-29809/? I/chromium: [INFO:CONSOLE(1)] "HTML5VideoMediator:adsPlugin:event", source: http://www.bbc.com/culture/static/76d5554b7079/scripts/requirejs/util/logger.js (1)
10-12 11:11:30.366 29809-29809/? I/chromium: [INFO:CONSOLE(1)] "HTML5VideoMediator:track: startAdvert", source: http://www.bbc.com/culture/static/76d5554b7079/scripts/requirejs/util/logger.js (1)
10-12 11:11:30.366 29809-29809/? I/chromium: [INFO:CONSOLE(1)] "Start Advert", source: http://www.bbc.com/culture/static/76d5554b7079/scripts/requirejs/util/logger.js (1)
10-12 11:11:30.386 29809-29886/? D/libEGL: eglInitialize EGLDisplay = 0xd83feff4
10-12 11:11:30.426 29809-29886/? D/libEGL: eglInitialize EGLDisplay = 0xd83feff4
10-12 11:11:30.466 29809-29886/? D/libEGL: eglInitialize EGLDisplay = 0xd83feff4
10-12 11:11:30.506 29809-29886/? D/libEGL: eglInitialize EGLDisplay = 0xd83feff4
10-12 11:11:30.536 3435-3845/? D/NtpTrustedTime: currentTimeMillis() cache hit
10-12 11:11:30.536 3435-3845/? V/NetworkStats: performPollLocked(flags=0x1)
10-12 11:11:30.546 29809-29886/? D/libEGL: eglInitialize EGLDisplay = 0xd83feff4
10-12 11:11:30.546 3435-3845/? D/NetworkStatsRecorder: entry.iface is null
10-12 11:11:30.546 3435-3845/? D/NetworkStatsRecorder: entry.iface is null
10-12 11:11:30.546 3435-3845/? D/NetworkStatsRecorder: entry.iface is null
10-12 11:11:30.546 3435-3845/? D/NetworkStatsRecorder: entry.iface is null
10-12 11:11:30.546 3435-3845/? D/NetworkStatsRecorder: entry.iface is null
10-12 11:11:30.546 3435-3845/? D/NetworkStatsRecorder: entry.iface is null
10-12 11:11:30.546 3435-3845/? D/NetworkStatsRecorder: entry.iface is null
10-12 11:11:30.546 3435-3845/? D/NetworkStatsRecorder: entry.iface is null
10-12 11:11:30.546 3435-3845/? D/NetworkStatsRecorder: entry.iface is null
10-12 11:11:30.546 3435-3845/? D/NetworkStatsRecorder: entry.iface is null
10-12 11:11:30.546 3435-3845/? D/NetworkStatsRecorder: entry.iface is null
10-12 11:11:30.546 3435-3845/? D/NetworkStatsRecorder: entry.iface is null
10-12 11:11:30.546 3435-3845/? D/NetworkStatsRecorder: entry.iface is null
10-12 11:11:30.546 3435-3845/? D/NetworkStatsRecorder: entry.iface is null
10-12 11:11:30.546 3435-3845/? D/NetworkStatsRecorder: entry.iface is null
10-12 11:11:30.556 3435-3845/? D/NetworkStatsRecorder: entry.iface is null
10-12 11:11:30.556 3435-3845/? D/NetworkStatsRecorder: entry.iface is null
10-12 11:11:30.556 3435-3845/? D/NetworkStatsRecorder: entry.iface is null
10-12 11:11:30.556 3435-3845/? D/NetworkStatsRecorder: entry.iface is null
10-12 11:11:30.556 3435-3845/? D/NetworkStatsRecorder: entry.iface is null
10-12 11:11:30.556 3435-3845/? D/NetworkStatsRecorder: entry.iface is null
10-12 11:11:30.556 3435-3845/? D/NetworkStatsRecorder: entry.iface is null
10-12 11:11:30.556 3435-3845/? D/NetworkStatsRecorder: entry.iface is null
10-12 11:11:30.556 3435-3845/? D/NetworkStatsRecorder: entry.iface is null
10-12 11:11:30.556 3435-3845/? D/NetworkStatsRecorder: entry.iface is null
10-12 11:11:30.556 3435-3845/? D/NetworkStatsRecorder: entry.iface is null
10-12 11:11:30.556 3435-3845/? D/NetworkStatsRecorder: entry.iface is null
10-12 11:11:30.556 3435-3845/? D/NetworkStatsRecorder: entry.iface is null
10-12 11:11:30.556 3435-3845/? D/NetworkStatsRecorder: entry.iface is null
10-12 11:11:30.556 3435-3845/? D/NetworkStatsRecorder: entry.iface is null
10-12 11:11:30.566 3143-3708/? D/EnterpriseController: netId is 0
10-12 11:11:30.566 3143-3708/? D/Netd: getNetworkForDns: using netid 502 for uid 10207
10-12 11:11:30.576 3435-3845/? V/NetworkStats: performPollLocked() took 42ms
10-12 11:11:30.576 3435-3845/? D/NtpTrustedTime: currentTimeMillis() cache hit
10-12 11:11:30.586 3435-3846/? D/NtpTrustedTime: currentTimeMillis() cache hit
10-12 11:11:30.586 3435-3846/? D/NtpTrustedTime: currentTimeMillis() cache hit
10-12 11:11:30.586 29809-29886/? D/libEGL: eglInitialize EGLDisplay = 0xd83feff4
10-12 11:11:30.626 29809-29886/? D/libEGL: eglInitialize EGLDisplay = 0xd83feff4
10-12 11:11:30.636 3151-30631/? V/LiveSession: onPollBuffering: mSwitchInProgress 0, mReconfigurationInProgress 0, mInPreparationPhase 0, mCurBandwidthIndex 4, mStreamMask 0x3
10-12 11:11:30.636 3151-30631/? V/LiveSession: [audio] buffered 39850667 us
10-12 11:11:30.636 3151-30631/? V/LiveSession: [video] buffered 39960000 us
10-12 11:11:30.636 3151-30631/? V/LiveSession: notifyBufferingUpdate: percentage=16%
10-12 11:11:30.636 3151-30631/? V/LiveSession: stopBufferingIfNecessary: mInPreparationPhase=0, mBuffering=0
10-12 11:11:30.636 3151-30631/? V/LiveSession: bandwidth estimated at 15744.83 kbps, stable 1, shortTermBps 28797.49 kbps
10-12 11:11:30.636 3151-30630/? V/NuPlayer: kWhatSourceNotify with buffering-update for NuPlayer 16
10-12 11:11:30.636 3151-30630/? V/NuPlayer: msg : 3, ext1 : 16, ext2 : 0
10-12 11:11:30.636 3151-30630/? D/NuPlayerDriver: notifyListener_l(0xf130d2a0), (3, 16, 0)
10-12 11:11:30.636 3151-30630/? V/MediaPlayerService: [10] notify (0xeb6a67c0, 3, 16, 0)
10-12 11:11:30.636 29809-29819/? V/MediaPlayer: message received msg=3, ext1=16, ext2=0
10-12 11:11:30.636 29809-29819/? V/MediaPlayer: buffering 16
10-12 11:11:30.636 29809-29819/? V/MediaPlayer: callback application
10-12 11:11:30.636 29809-29819/? V/MediaPlayer: back from callback
10-12 11:11:30.656 29809-29886/? D/libEGL: eglInitialize EGLDisplay = 0xd83feff4
10-12 11:11:30.686 29809-29886/? D/libEGL: eglInitialize EGLDisplay = 0xd83feff4
10-12 11:11:31.426 3435-3821/? D/InputReader: Input event(4): value=1 when=9310174874000
10-12 11:11:31.426 3435-3821/? D/InputReader: Input event(4): value=1 when=9310174874000
10-12 11:11:31.426 3435-3821/? I/InputReader: Touch event's action is 0x0 (deviceType=0) [pCnt=1, s=0.689 ] when=9310174874000
10-12 11:11:31.426 3435-3821/? D/InputReader: lastThreadEndTime = 9302169671615, currentThreadStartTime = 9302169674422, diff = 0
10-12 11:11:31.426 3435-3820/? I/InputDispatcher: Delivering touch to (3931): action: 0x4, toolType: 1
10-12 11:11:31.426 3435-3820/? I/InputDispatcher: Delivering touch to (29809): action: 0x0, toolType: 1
10-12 11:11:31.436 29809-29809/? D/ViewRootImpl: ViewPostImeInputStage processPointer 0
10-12 11:11:31.496 3435-3821/? D/InputReader: Input event(4): value=0 when=9310249039000
10-12 11:11:31.496 3435-3821/? D/InputReader: Input event(4): value=0 when=9310249039000
10-12 11:11:31.496 3435-3821/? I/InputReader: Touch event's action is 0x1 (deviceType=0) [pCnt=1, s=] when=9310249039000
10-12 11:11:31.496 3435-3820/? I/InputDispatcher: Delivering touch to (29809): action: 0x1, toolType: 1
10-12 11:11:31.506 29809-29809/? D/ViewRootImpl: ViewPostImeInputStage processPointer 1
10-12 11:11:31.606 3435-4803/? D/PowerManagerService: [api] [s] userActivity : event: 0 flags: 0 (uid: 1000 pid: 3435) eventTime = 9310356
10-12 11:11:31.616 3435-4803/? D/PowerManagerService: [api] release WakeLock flags=0x2000000a tag=WindowManager uid=1000 pid=3435 (0x0)
10-12 11:11:31.616 3435-4803/? D/PowerManagerService: [api] applyWakeLockFlagsOnReleaseLocked : userActivityNoUpdateLocked is called : SCREEN_BRIGHT_WAKE_LOCK 'WindowManager' ON_AFTER_RELEASE (uid=1000, pid=3435, ws=WorkSource{10207}) (elapsedTime=1490)
10-12 11:11:31.636 3151-30631/? V/LiveSession: onPollBuffering: mSwitchInProgress 0, mReconfigurationInProgress 0, mInPreparationPhase 0, mCurBandwidthIndex 4, mStreamMask 0x3
10-12 11:11:31.636 3151-30631/? V/LiveSession: [audio] buffered 39850667 us
10-12 11:11:31.636 3151-30631/? V/LiveSession: [video] buffered 39960000 us
10-12 11:11:31.636 3151-30631/? V/LiveSession: notifyBufferingUpdate: percentage=16%
10-12 11:11:31.636 3151-30631/? V/LiveSession: stopBufferingIfNecessary: mInPreparationPhase=0, mBuffering=0
10-12 11:11:31.636 3151-30631/? V/LiveSession: bandwidth estimated at 15744.83 kbps, stable 1, shortTermBps 28797.49 kbps
10-12 11:11:31.636 3151-30630/? V/NuPlayer: kWhatSourceNotify with buffering-update for NuPlayer 16
10-12 11:11:31.636 3151-30630/? V/NuPlayer: msg : 3, ext1 : 16, ext2 : 0
10-12 11:11:31.636 3151-30630/? D/NuPlayerDriver: notifyListener_l(0xf130d2a0), (3, 16, 0)
10-12 11:11:31.636 3151-30630/? V/MediaPlayerService: [10] notify (0xeb6a67c0, 3, 16, 0)
10-12 11:11:31.636 29809-29819/? V/MediaPlayer: message received msg=3, ext1=16, ext2=0
10-12 11:11:31.636 29809-29819/? V/MediaPlayer: buffering 16
10-12 11:11:31.636 29809-29819/? V/MediaPlayer: callback application
10-12 11:11:31.636 29809-29819/? V/MediaPlayer: back from callback
10-12 11:11:32.076 3158-3198/? D/Sensorhubs: readContextData: 1, 1, 7, -1
10-12 11:11:32.076 3435-3810/? D/SensorHubManager: onGetSensorHubDataLocked: library(4) = 1, 1, 7, -1
10-12 11:11:32.076 3435-3809/? D/CAE: onGetSensorHubData(SensorHubParserProvider.java:92) - onGetSensorHubData Event [event buffer len :4], AP_WAKEUP
10-12 11:11:32.076 3435-3809/? I/CAE: parse(SensorHubParserProvider.java:188) - buffer size = 4
10-12 11:11:32.076 3435-3809/? I/CAE: parse(SensorHubParserProvider.java:199) - 1, 1, 7, -1,
10-12 11:11:32.076 3435-3809/? D/CAE: display(ContextProvider.java:375) - ================= AUTO_ROTATION =================
10-12 11:11:32.076 3435-3809/? I/CAE: display(ContextProvider.java:391) - Angle=[-1]
10-12 11:11:32.076 3435-3812/? D/SContextService: updateSContext() : event = Auto Rotation
10-12 11:11:32.086 3435-3435/? V/WindowOrientationListener: OrientationSensorJudge.onSContextChanged, Rotation: -1
10-12 11:11:32.366 3158-3198/? D/Sensorhubs: readContextData: 1, 1, 7, 0
10-12 11:11:32.366 3435-3810/? D/SensorHubManager: onGetSensorHubDataLocked: library(4) = 1, 1, 7, 0
10-12 11:11:32.366 3435-3809/? D/CAE: onGetSensorHubData(SensorHubParserProvider.java:92) - onGetSensorHubData Event [event buffer len :4], AP_WAKEUP
10-12 11:11:32.366 3435-3809/? I/CAE: parse(SensorHubParserProvider.java:188) - buffer size = 4
10-12 11:11:32.366 3435-3809/? I/CAE: parse(SensorHubParserProvider.java:199) - 1, 1, 7, 0,
10-12 11:11:32.366 3435-3809/? D/CAE: display(ContextProvider.java:375) - ================= AUTO_ROTATION =================
10-12 11:11:32.376 3435-3809/? I/CAE: display(ContextProvider.java:391) - Angle=[0]
10-12 11:11:32.376 3435-3812/? D/SContextService: updateSContext() : event = Auto Rotation
10-12 11:11:32.376 3435-3435/? V/WindowOrientationListener: OrientationSensorJudge.onSContextChanged, Rotation: 0
10-12 11:11:32.376 3435-3541/? V/WindowOrientationListener: OrientationSensorJudge.getProposedRotation, Rotation: 0
10-12 11:11:32.376 3435-3541/? V/WindowManager: rotationForOrientationLw(orient=-1, last=0); user=0 sensorRotation=0 mLidState=-1 mDockMode=0 mHdmiPlugged=false mMobileKeyboardEnabled=false displayId=0
10-12 11:11:32.376 3435-3541/? V/WindowOrientationListener: OrientationSensorJudge.getProposedRotation, Rotation: 0
10-12 11:11:32.486 3435-3821/? D/InputReader: Input event(5): value=1 when=9311230399000
10-12 11:11:32.486 3435-3821/? D/InputReader: !@notifyKey(172), action=0
10-12 11:11:32.486 3435-3821/? D/InputManager-JNI: !@interceptKeyBeforeQueueing(172), action=0, interactive=true
10-12 11:11:32.486 3435-3821/? D/InputManager-JNI: !@handleInterceptActions(172), action=0, wmActions=1
