10-12 11:11:27.406 3151-30632/? V/PlaylistFetcher: [fetcher-4] [video] queueAccessUnit, timeUs=11701000
10-12 11:11:27.406 3151-30632/? V/PlaylistFetcher: [fetcher-4] [video] queueAccessUnit, timeUs=11821000
10-12 11:11:27.406 3151-30632/? V/PlaylistFetcher: [fetcher-4] [audio] queueAccessUnit, timeUs=11236666
10-12 11:11:27.406 3151-30632/? V/PlaylistFetcher: [fetcher-4] [audio] queueAccessUnit, timeUs=11300666
10-12 11:11:27.406 3151-30632/? V/PlaylistFetcher: [fetcher-4] [audio] queueAccessUnit, timeUs=11386000
10-12 11:11:27.406 3151-30632/? V/PlaylistFetcher: [fetcher-4] [audio] queueAccessUnit, timeUs=11471333
10-12 11:11:27.406 3151-30632/? V/PlaylistFetcher: [fetcher-4] [audio] queueAccessUnit, timeUs=11556666
10-12 11:11:27.406 3151-30632/? V/PlaylistFetcher: [fetcher-4] [audio] queueAccessUnit, timeUs=11620666
10-12 11:11:27.436 3151-30632/? V/PlaylistFetcher: [fetcher-4] [video] queueAccessUnit, timeUs=11781000
10-12 11:11:27.436 3151-30632/? V/PlaylistFetcher: [fetcher-4] [video] queueAccessUnit, timeUs=11901000
10-12 11:11:27.436 3151-30632/? V/PlaylistFetcher: [fetcher-4] [video] queueAccessUnit, timeUs=11861000
10-12 11:11:27.436 3151-30632/? V/PlaylistFetcher: [fetcher-4] [video] queueAccessUnit, timeUs=11981000
10-12 11:11:27.436 3151-30632/? V/PlaylistFetcher: [fetcher-4] [video] queueAccessUnit, timeUs=11941000
10-12 11:11:27.436 3151-30632/? V/PlaylistFetcher: [fetcher-4] [video] queueAccessUnit, timeUs=12061000
10-12 11:11:27.436 3151-30632/? V/PlaylistFetcher: [fetcher-4] [video] queueAccessUnit, timeUs=12021000
10-12 11:11:27.436 3151-30632/? V/PlaylistFetcher: [fetcher-4] [video] queueAccessUnit, timeUs=12141000
10-12 11:11:27.436 3151-30632/? V/PlaylistFetcher: [fetcher-4] [video] queueAccessUnit, timeUs=12101000
10-12 11:11:27.436 3151-30632/? V/PlaylistFetcher: [fetcher-4] [video] queueAccessUnit, timeUs=12221000
10-12 11:11:27.436 3151-30632/? V/PlaylistFetcher: [fetcher-4] [video] queueAccessUnit, timeUs=12181000
10-12 11:11:27.436 3151-30632/? V/PlaylistFetcher: [fetcher-4] [video] queueAccessUnit, timeUs=12301000
10-12 11:11:27.436 3151-30632/? V/PlaylistFetcher: [fetcher-4] [audio] queueAccessUnit, timeUs=11706000
10-12 11:11:27.436 3151-30632/? V/PlaylistFetcher: [fetcher-4] [audio] queueAccessUnit, timeUs=11791333
10-12 11:11:27.436 3151-30632/? V/PlaylistFetcher: [fetcher-4] [audio] queueAccessUnit, timeUs=11876666
10-12 11:11:27.436 3151-30632/? V/PlaylistFetcher: [fetcher-4] [audio] queueAccessUnit, timeUs=11940666
10-12 11:11:27.436 3151-30632/? V/PlaylistFetcher: [fetcher-4] [audio] queueAccessUnit, timeUs=12026000
10-12 11:11:27.436 3151-30632/? V/PlaylistFetcher: [fetcher-4] [audio] queueAccessUnit, timeUs=12111333
10-12 11:11:27.466 3151-30632/? V/PlaylistFetcher: [fetcher-4] [video] queueAccessUnit, timeUs=12261000
10-12 11:11:27.466 3151-30632/? V/PlaylistFetcher: [fetcher-4] [video] queueAccessUnit, timeUs=12381000
10-12 11:11:27.466 3151-30632/? V/PlaylistFetcher: [fetcher-4] [video] queueAccessUnit, timeUs=12341000
10-12 11:11:27.466 3151-30632/? V/PlaylistFetcher: [fetcher-4] [video] queueAccessUnit, timeUs=12461000
10-12 11:11:27.466 3151-30632/? V/PlaylistFetcher: [fetcher-4] [video] queueAccessUnit, timeUs=12421000
10-12 11:11:27.466 3151-30632/? V/PlaylistFetcher: [fetcher-4] [video] queueAccessUnit, timeUs=12501000
10-12 11:11:27.466 3151-30632/? V/PlaylistFetcher: [fetcher-4] [video] queueAccessUnit, timeUs=12621000
10-12 11:11:27.466 3151-30632/? V/PlaylistFetcher: [fetcher-4] [video] queueAccessUnit, timeUs=12541000
10-12 11:11:27.466 3151-30632/? V/PlaylistFetcher: [fetcher-4] [video] queueAccessUnit, timeUs=12581000
10-12 11:11:27.466 3151-30632/? V/PlaylistFetcher: [fetcher-4] [video] queueAccessUnit, timeUs=12701000
10-12 11:11:27.466 3151-30632/? V/PlaylistFetcher: [fetcher-4] [video] queueAccessUnit, timeUs=12661000
10-12 11:11:27.466 3151-30632/? V/PlaylistFetcher: [fetcher-4] [audio] queueAccessUnit, timeUs=12196666
10-12 11:11:27.466 3151-30632/? V/PlaylistFetcher: [fetcher-4] [audio] queueAccessUnit, timeUs=12260666
10-12 11:11:27.466 3151-30632/? V/PlaylistFetcher: [fetcher-4] [audio] queueAccessUnit, timeUs=12346000
10-12 11:11:27.466 3151-30632/? V/PlaylistFetcher: [fetcher-4] [audio] queueAccessUnit, timeUs=12431333
10-12 11:11:27.466 3151-30632/? V/PlaylistFetcher: [fetcher-4] [audio] queueAccessUnit, timeUs=12516666
10-12 11:11:27.466 3151-30632/? V/PlaylistFetcher: [fetcher-4] [audio] queueAccessUnit, timeUs=12580666
10-12 11:11:27.496 3151-30632/? V/PlaylistFetcher: [fetcher-4] [video] queueAccessUnit, timeUs=12741000
10-12 11:11:27.496 3151-30632/? V/PlaylistFetcher: [fetcher-4] [video] queueAccessUnit, timeUs=12821000
10-12 11:11:27.496 3151-30632/? V/PlaylistFetcher: [fetcher-4] [video] queueAccessUnit, timeUs=12781000
10-12 11:11:27.496 3151-30632/? V/PlaylistFetcher: [fetcher-4] [video] queueAccessUnit, timeUs=12901000
10-12 11:11:27.496 3151-30632/? V/PlaylistFetcher: [fetcher-4] [video] queueAccessUnit, timeUs=12861000
10-12 11:11:27.496 3151-30632/? V/PlaylistFetcher: [fetcher-4] [video] queueAccessUnit, timeUs=12981000
10-12 11:11:27.496 3151-30632/? V/PlaylistFetcher: [fetcher-4] [video] queueAccessUnit, timeUs=12941000
10-12 11:11:27.496 3151-30632/? V/PlaylistFetcher: [fetcher-4] [video] queueAccessUnit, timeUs=13061000
10-12 11:11:27.496 3151-30632/? V/PlaylistFetcher: [fetcher-4] [video] queueAccessUnit, timeUs=13021000
10-12 11:11:27.496 3151-30632/? V/PlaylistFetcher: [fetcher-4] [video] queueAccessUnit, timeUs=13101000
10-12 11:11:27.496 3151-30632/? V/PlaylistFetcher: [fetcher-4] [video] queueAccessUnit, timeUs=13141000
10-12 11:11:27.496 3151-30632/? V/PlaylistFetcher: [fetcher-4] [video] queueAccessUnit, timeUs=13301000
10-12 11:11:27.496 3151-30632/? V/PlaylistFetcher: [fetcher-4] [audio] queueAccessUnit, timeUs=12666000
10-12 11:11:27.496 3151-30632/? V/PlaylistFetcher: [fetcher-4] [audio] queueAccessUnit, timeUs=12751333
10-12 11:11:27.496 3151-30632/? V/PlaylistFetcher: [fetcher-4] [audio] queueAccessUnit, timeUs=12836666
10-12 11:11:27.496 3151-30632/? V/PlaylistFetcher: [fetcher-4] [audio] queueAccessUnit, timeUs=12900666
10-12 11:11:27.496 3151-30632/? V/PlaylistFetcher: [fetcher-4] [audio] queueAccessUnit, timeUs=12986000
10-12 11:11:27.496 3151-30632/? V/PlaylistFetcher: [fetcher-4] [audio] queueAccessUnit, timeUs=13071333
10-12 11:11:27.526 3151-30632/? V/PlaylistFetcher: [fetcher-4] [video] queueAccessUnit, timeUs=13181000
10-12 11:11:27.526 3151-30632/? V/PlaylistFetcher: [fetcher-4] [video] queueAccessUnit, timeUs=13221000
10-12 11:11:27.526 3151-30632/? V/PlaylistFetcher: [fetcher-4] [video] queueAccessUnit, timeUs=13261000
10-12 11:11:27.526 3151-30632/? V/PlaylistFetcher: [fetcher-4] [video] queueAccessUnit, timeUs=13461000
10-12 11:11:27.526 3151-30632/? V/PlaylistFetcher: [fetcher-4] [video] queueAccessUnit, timeUs=13341000
10-12 11:11:27.526 3151-30632/? V/PlaylistFetcher: [fetcher-4] [video] queueAccessUnit, timeUs=13381000
10-12 11:11:27.526 3151-30632/? V/PlaylistFetcher: [fetcher-4] [video] queueAccessUnit, timeUs=13421000
10-12 11:11:27.526 3151-30632/? V/PlaylistFetcher: [fetcher-4] [video] queueAccessUnit, timeUs=13621000
10-12 11:11:27.526 3151-30632/? V/PlaylistFetcher: [fetcher-4] [video] queueAccessUnit, timeUs=13501000
10-12 11:11:27.526 3151-30632/? V/PlaylistFetcher: [fetcher-4] [video] queueAccessUnit, timeUs=13541000
10-12 11:11:27.526 3151-30632/? V/PlaylistFetcher: [fetcher-4] [video] queueAccessUnit, timeUs=13581000
10-12 11:11:27.526 3151-30632/? V/PlaylistFetcher: [fetcher-4] [video] queueAccessUnit, timeUs=13781000
10-12 11:11:27.526 3151-30632/? V/PlaylistFetcher: [fetcher-4] [video] queueAccessUnit, timeUs=13661000
10-12 11:11:27.526 3151-30632/? V/PlaylistFetcher: [fetcher-4] [video] queueAccessUnit, timeUs=13701000
10-12 11:11:27.526 3151-30632/? V/PlaylistFetcher: [fetcher-4] [video] queueAccessUnit, timeUs=13741000
10-12 11:11:27.526 3151-30632/? V/PlaylistFetcher: [fetcher-4] [video] queueAccessUnit, timeUs=13941000
10-12 11:11:27.526 3151-30632/? V/PlaylistFetcher: [fetcher-4] [video] queueAccessUnit, timeUs=13821000
10-12 11:11:27.526 3151-30632/? V/PlaylistFetcher: [fetcher-4] [video] queueAccessUnit, timeUs=13861000
10-12 11:11:27.526 3151-30632/? V/PlaylistFetcher: [fetcher-4] [video] queueAccessUnit, timeUs=13901000
10-12 11:11:27.526 3151-30632/? V/PlaylistFetcher: [fetcher-4] [audio] queueAccessUnit, timeUs=13156666
10-12 11:11:27.526 3151-30632/? V/PlaylistFetcher: [fetcher-4] [audio] queueAccessUnit, timeUs=13220666
10-12 11:11:27.526 3151-30632/? V/PlaylistFetcher: [fetcher-4] [audio] queueAccessUnit, timeUs=13306000
10-12 11:11:27.526 3151-30632/? V/PlaylistFetcher: [fetcher-4] [audio] queueAccessUnit, timeUs=13391333
10-12 11:11:27.526 3151-30632/? V/PlaylistFetcher: [fetcher-4] [audio] queueAccessUnit, timeUs=13476666
10-12 11:11:27.526 3151-30632/? V/PlaylistFetcher: [fetcher-4] [audio] queueAccessUnit, timeUs=13540666
10-12 11:11:27.526 3151-30632/? V/PlaylistFetcher: [fetcher-4] [audio] queueAccessUnit, timeUs=13626000
10-12 11:11:27.526 3151-30632/? V/PlaylistFetcher: [fetcher-4] [audio] queueAccessUnit, timeUs=13711333
10-12 11:11:27.526 3151-30632/? V/PlaylistFetcher: [fetcher-4] [audio] queueAccessUnit, timeUs=13796666
10-12 11:11:27.556 3151-30632/? V/PlaylistFetcher: [fetcher-4] [video] queueAccessUnit, timeUs=14061000
10-12 11:11:27.556 3151-30632/? V/PlaylistFetcher: [fetcher-4] [video] queueAccessUnit, timeUs=13981000
10-12 11:11:27.556 3151-30632/? V/PlaylistFetcher: [fetcher-4] [video] queueAccessUnit, timeUs=14021000
10-12 11:11:27.556 3151-30632/? V/PlaylistFetcher: [fetcher-4] [video] queueAccessUnit, timeUs=14141000
10-12 11:11:27.556 3151-30632/? V/PlaylistFetcher: [fetcher-4] [video] queueAccessUnit, timeUs=14101000
10-12 11:11:27.556 3151-30632/? V/PlaylistFetcher: [fetcher-4] [video] queueAccessUnit, timeUs=14221000
10-12 11:11:27.556 3151-30632/? V/PlaylistFetcher: [fetcher-4] [video] queueAccessUnit, timeUs=14181000
10-12 11:11:27.556 3151-30632/? V/PlaylistFetcher: [fetcher-4] [video] queueAccessUnit, timeUs=14341000
10-12 11:11:27.556 3151-30632/? V/PlaylistFetcher: [fetcher-4] [video] queueAccessUnit, timeUs=14261000
10-12 11:11:27.556 3151-30632/? V/PlaylistFetcher: [fetcher-4] [video] queueAccessUnit, timeUs=14301000
10-12 11:11:27.556 3151-30632/? V/PlaylistFetcher: [fetcher-4] [audio] queueAccessUnit, timeUs=13860666
10-12 11:11:27.556 3151-30632/? V/PlaylistFetcher: [fetcher-4] [audio] queueAccessUnit, timeUs=13946000
10-12 11:11:27.556 3151-30632/? V/PlaylistFetcher: [fetcher-4] [audio] queueAccessUnit, timeUs=14031333
10-12 11:11:27.556 3151-30632/? V/PlaylistFetcher: [fetcher-4] [audio] queueAccessUnit, timeUs=14116666
10-12 11:11:27.556 3151-30632/? V/PlaylistFetcher: [fetcher-4] [audio] queueAccessUnit, timeUs=14180666
10-12 11:11:27.586 3151-30632/? V/PlaylistFetcher: [fetcher-4] [video] queueAccessUnit, timeUs=14381000
10-12 11:11:27.586 3151-30632/? V/PlaylistFetcher: [fetcher-4] [video] queueAccessUnit, timeUs=14421000
10-12 11:11:27.586 3151-30632/? V/PlaylistFetcher: [fetcher-4] [video] queueAccessUnit, timeUs=14581000
10-12 11:11:27.586 3151-30632/? V/PlaylistFetcher: [fetcher-4] [video] queueAccessUnit, timeUs=14461000
10-12 11:11:27.586 3151-30632/? V/PlaylistFetcher: [fetcher-4] [video] queueAccessUnit, timeUs=14501000
10-12 11:11:27.586 3151-30632/? V/PlaylistFetcher: [fetcher-4] [video] queueAccessUnit, timeUs=14541000
10-12 11:11:27.586 3151-30632/? V/PlaylistFetcher: [fetcher-4] [video] queueAccessUnit, timeUs=14741000
10-12 11:11:27.586 3151-30632/? V/PlaylistFetcher: [fetcher-4] [video] queueAccessUnit, timeUs=14621000
10-12 11:11:27.586 3151-30632/? V/PlaylistFetcher: [fetcher-4] [video] queueAccessUnit, timeUs=14661000
10-12 11:11:27.586 3151-30632/? V/PlaylistFetcher: [fetcher-4] [video] queueAccessUnit, timeUs=14701000
10-12 11:11:27.586 3151-30632/? V/PlaylistFetcher: [fetcher-4] [video] queueAccessUnit, timeUs=14901000
10-12 11:11:27.586 3151-30632/? V/PlaylistFetcher: [fetcher-4] [video] queueAccessUnit, timeUs=14781000
10-12 11:11:27.586 3151-30632/? V/PlaylistFetcher: [fetcher-4] [video] queueAccessUnit, timeUs=14821000
10-12 11:11:27.586 3151-30632/? V/PlaylistFetcher: [fetcher-4] [video] queueAccessUnit, timeUs=14861000
10-12 11:11:27.586 3151-30632/? V/PlaylistFetcher: [fetcher-4] [video] queueAccessUnit, timeUs=15061000
10-12 11:11:27.586 3151-30632/? V/PlaylistFetcher: [fetcher-4] [audio] queueAccessUnit, timeUs=14266000
10-12 11:11:27.586 3151-30632/? V/PlaylistFetcher: [fetcher-4] [audio] queueAccessUnit, timeUs=14351333
10-12 11:11:27.586 3151-30632/? V/PlaylistFetcher: [fetcher-4] [audio] queueAccessUnit, timeUs=14436666
10-12 11:11:27.586 3151-30632/? V/PlaylistFetcher: [fetcher-4] [audio] queueAccessUnit, timeUs=14500666
10-12 11:11:27.586 3151-30632/? V/PlaylistFetcher: [fetcher-4] [audio] queueAccessUnit, timeUs=14586000
10-12 11:11:27.586 3151-30632/? V/PlaylistFetcher: [fetcher-4] [audio] queueAccessUnit, timeUs=14671333
10-12 11:11:27.586 3151-30632/? V/PlaylistFetcher: [fetcher-4] [audio] queueAccessUnit, timeUs=14756666
10-12 11:11:27.586 3151-30632/? V/PlaylistFetcher: [fetcher-4] [audio] queueAccessUnit, timeUs=14820666
10-12 11:11:27.616 3151-30632/? V/PlaylistFetcher: [fetcher-4] [video] queueAccessUnit, timeUs=14941000
10-12 11:11:27.616 3151-30632/? V/PlaylistFetcher: [fetcher-4] [video] queueAccessUnit, timeUs=14981000
10-12 11:11:27.616 3151-30632/? V/PlaylistFetcher: [fetcher-4] [video] queueAccessUnit, timeUs=15021000
10-12 11:11:27.616 3151-30632/? V/PlaylistFetcher: [fetcher-4] [video] queueAccessUnit, timeUs=15101000
10-12 11:11:27.616 3151-30632/? V/PlaylistFetcher: [fetcher-4] [video] queueAccessUnit, timeUs=15141000
10-12 11:11:27.616 3151-30632/? V/PlaylistFetcher: [fetcher-4] [video] queueAccessUnit, timeUs=15301000
10-12 11:11:27.616 3151-30632/? V/PlaylistFetcher: [fetcher-4] [video] queueAccessUnit, timeUs=15181000
10-12 11:11:27.616 3151-30632/? V/PlaylistFetcher: [fetcher-4] [audio] queueAccessUnit, timeUs=14906000
10-12 11:11:27.616 3151-30632/? V/PlaylistFetcher: [fetcher-4] [audio] queueAccessUnit, timeUs=14991333
10-12 11:11:27.616 3151-30632/? V/PlaylistFetcher: [fetcher-4] [audio] queueAccessUnit, timeUs=15076666
10-12 11:11:27.616 3151-30632/? V/PlaylistFetcher: [fetcher-4] [audio] queueAccessUnit, timeUs=15140666
10-12 11:11:27.626 3151-30631/? V/LiveSession: onPollBuffering: mSwitchInProgress 0, mReconfigurationInProgress 0, mInPreparationPhase 0, mCurBandwidthIndex 4, mStreamMask 0x3
10-12 11:11:27.626 3151-30631/? V/LiveSession: [audio] buffered 15040000 us
10-12 11:11:27.626 3151-30631/? V/LiveSession: [video] buffered 15160000 us
10-12 11:11:27.626 3151-30631/? V/LiveSession: notifyBufferingUpdate: percentage=6%
10-12 11:11:27.626 3151-30631/? V/LiveSession: stopBufferingIfNecessary: mInPreparationPhase=0, mBuffering=0
10-12 11:11:27.626 3151-30631/? V/LiveSession: bandwidth estimated at 16724.33 kbps, stable 1, shortTermBps 18995.34 kbps
10-12 11:11:27.626 3151-30630/? V/NuPlayer: kWhatSourceNotify with buffering-update for NuPlayer 6
10-12 11:11:27.626 3151-30630/? V/NuPlayer: msg : 3, ext1 : 6, ext2 : 0
10-12 11:11:27.626 3151-30630/? D/NuPlayerDriver: notifyListener_l(0xf130d2a0), (3, 6, 0)
10-12 11:11:27.626 3151-30630/? V/MediaPlayerService: [10] notify (0xeb6a67c0, 3, 6, 0)
10-12 11:11:27.636 29809-30085/? V/MediaPlayer: message received msg=3, ext1=6, ext2=0
10-12 11:11:27.636 29809-30085/? V/MediaPlayer: buffering 6
10-12 11:11:27.636 29809-30085/? V/MediaPlayer: callback application
10-12 11:11:27.636 29809-30085/? V/MediaPlayer: back from callback
10-12 11:11:27.646 3151-30632/? V/PlaylistFetcher: [fetcher-4] [video] queueAccessUnit, timeUs=15221000
10-12 11:11:27.646 3151-30632/? V/PlaylistFetcher: [fetcher-4] [video] queueAccessUnit, timeUs=15261000
10-12 11:11:27.646 3151-30632/? V/PlaylistFetcher: [fetcher-4] [video] queueAccessUnit, timeUs=15341000
10-12 11:11:27.646 3151-30632/? V/PlaylistFetcher: [fetcher-4] [video] queueAccessUnit, timeUs=15381000
10-12 11:11:27.646 3151-30632/? V/PlaylistFetcher: [fetcher-4] [video] queueAccessUnit, timeUs=15421000
10-12 11:11:27.646 3151-30632/? V/PlaylistFetcher: [fetcher-4] [video] queueAccessUnit, timeUs=15461000
10-12 11:11:27.646 3151-30632/? V/PlaylistFetcher: [fetcher-4] [video] queueAccessUnit, timeUs=15501000
10-12 11:11:27.646 3151-30632/? V/PlaylistFetcher: [fetcher-4] [video] queueAccessUnit, timeUs=15541000
10-12 11:11:27.646 3151-30632/? V/PlaylistFetcher: [fetcher-4] [video] queueAccessUnit, timeUs=15581000
10-12 11:11:27.646 3151-30632/? V/PlaylistFetcher: [fetcher-4] [video] queueAccessUnit, timeUs=15661000
10-12 11:11:27.646 3151-30632/? V/PlaylistFetcher: [fetcher-4] [audio] queueAccessUnit, timeUs=15226000
10-12 11:11:27.646 3151-30632/? V/PlaylistFetcher: [fetcher-4] [audio] queueAccessUnit, timeUs=15311333
10-12 11:11:27.646 3151-30632/? V/PlaylistFetcher: [fetcher-4] [audio] queueAccessUnit, timeUs=15396666
10-12 11:11:27.646 3151-30632/? V/PlaylistFetcher: [fetcher-4] [audio] queueAccessUnit, timeUs=15460666
10-12 11:11:27.666 3435-3845/? D/NtpTrustedTime: currentTimeMillis() cache hit
10-12 11:11:27.666 3435-3845/? V/NetworkStats: performPollLocked(flags=0x1)
10-12 11:11:27.666 3151-30632/? V/PlaylistFetcher: [fetcher-4] [video] queueAccessUnit, timeUs=15621000
10-12 11:11:27.666 3151-30632/? V/PlaylistFetcher: [fetcher-4] [video] queueAccessUnit, timeUs=15701000
10-12 11:11:27.666 3151-30632/? V/PlaylistFetcher: [fetcher-4] [video] queueAccessUnit, timeUs=15741000
10-12 11:11:27.666 3151-30632/? V/PlaylistFetcher: [fetcher-4] [video] queueAccessUnit, timeUs=15781000
10-12 11:11:27.666 3151-30632/? V/PlaylistFetcher: [fetcher-4] [video] queueAccessUnit, timeUs=15821000
10-12 11:11:27.666 3151-30632/? V/PlaylistFetcher: [fetcher-4] [video] queueAccessUnit, timeUs=15981000
10-12 11:11:27.666 3151-30632/? V/PlaylistFetcher: [fetcher-4] [video] queueAccessUnit, timeUs=15861000
10-12 11:11:27.666 3151-30632/? V/PlaylistFetcher: [fetcher-4] [video] queueAccessUnit, timeUs=15901000
10-12 11:11:27.666 3151-30632/? V/PlaylistFetcher: [fetcher-4] [video] queueAccessUnit, timeUs=15941000
10-12 11:11:27.666 3151-30632/? V/PlaylistFetcher: [fetcher-4] [video] queueAccessUnit, timeUs=16021000
10-12 11:11:27.666 3151-30632/? V/PlaylistFetcher: [fetcher-4] [video] queueAccessUnit, timeUs=16061000
10-12 11:11:27.676 3151-30632/? V/PlaylistFetcher: [fetcher-4] [audio] queueAccessUnit, timeUs=15546000
10-12 11:11:27.676 3151-30632/? V/PlaylistFetcher: [fetcher-4] [audio] queueAccessUnit, timeUs=15631333
10-12 11:11:27.676 3151-30632/? V/PlaylistFetcher: [fetcher-4] [audio] queueAccessUnit, timeUs=15716666
10-12 11:11:27.676 3151-30632/? V/PlaylistFetcher: [fetcher-4] [audio] queueAccessUnit, timeUs=15780666
10-12 11:11:27.676 3151-30632/? V/PlaylistFetcher: [fetcher-4] [audio] queueAccessUnit, timeUs=15866000
10-12 11:11:27.676 3151-30632/? V/PlaylistFetcher: [fetcher-4] [audio] queueAccessUnit, timeUs=15951333
10-12 11:11:27.676 3435-3845/? D/NetworkStatsRecorder: entry.iface is null
10-12 11:11:27.676 3435-3845/? D/NetworkStatsRecorder: entry.iface is null
10-12 11:11:27.676 3435-3845/? D/NetworkStatsRecorder: entry.iface is null
10-12 11:11:27.676 3435-3845/? D/NetworkStatsRecorder: entry.iface is null
10-12 11:11:27.676 3435-3845/? D/NetworkStatsRecorder: entry.iface is null
10-12 11:11:27.676 3435-3845/? D/NetworkStatsRecorder: entry.iface is null
10-12 11:11:27.676 3435-3845/? D/NetworkStatsRecorder: entry.iface is null
10-12 11:11:27.676 3435-3845/? D/NetworkStatsRecorder: entry.iface is null
10-12 11:11:27.676 3435-3845/? D/NetworkStatsRecorder: entry.iface is null
10-12 11:11:27.676 3435-3845/? D/NetworkStatsRecorder: entry.iface is null
10-12 11:11:27.676 3435-3845/? D/NetworkStatsRecorder: entry.iface is null
10-12 11:11:27.676 3435-3845/? D/NetworkStatsRecorder: entry.iface is null
10-12 11:11:27.676 3435-3845/? D/NetworkStatsRecorder: entry.iface is null
10-12 11:11:27.676 3435-3845/? D/NetworkStatsRecorder: entry.iface is null
10-12 11:11:27.676 3435-3845/? D/NetworkStatsRecorder: entry.iface is null
10-12 11:11:27.676 3435-3845/? D/NetworkStatsRecorder: entry.iface is null
10-12 11:11:27.676 3435-3845/? D/NetworkStatsRecorder: entry.iface is null
10-12 11:11:27.676 3435-3845/? D/NetworkStatsRecorder: entry.iface is null
10-12 11:11:27.676 3435-3845/? D/NetworkStatsRecorder: entry.iface is null
10-12 11:11:27.676 3435-3845/? D/NetworkStatsRecorder: entry.iface is null
10-12 11:11:27.676 3435-3845/? D/NetworkStatsRecorder: entry.iface is null
10-12 11:11:27.676 3435-3845/? D/NetworkStatsRecorder: entry.iface is null
10-12 11:11:27.676 3435-3845/? D/NetworkStatsRecorder: entry.iface is null
10-12 11:11:27.676 3435-3845/? D/NetworkStatsRecorder: entry.iface is null
10-12 11:11:27.676 3435-3845/? D/NetworkStatsRecorder: entry.iface is null
10-12 11:11:27.676 3435-3845/? D/NetworkStatsRecorder: entry.iface is null
10-12 11:11:27.676 3435-3845/? D/NetworkStatsRecorder: entry.iface is null
10-12 11:11:27.676 3435-3845/? D/NetworkStatsRecorder: entry.iface is null
10-12 11:11:27.676 3435-3845/? D/NetworkStatsRecorder: entry.iface is null
10-12 11:11:27.676 3435-3845/? D/NetworkStatsRecorder: entry.iface is null
10-12 11:11:27.696 3435-3845/? V/NetworkStats: performPollLocked() took 32ms
10-12 11:11:27.696 3435-3845/? D/NtpTrustedTime: currentTimeMillis() cache hit
10-12 11:11:27.706 3435-3846/? D/NtpTrustedTime: currentTimeMillis() cache hit
10-12 11:11:27.706 3435-3846/? D/NtpTrustedTime: currentTimeMillis() cache hit
10-12 11:11:27.736 3151-30632/? V/PlaylistFetcher: [fetcher-4] [video] queueAccessUnit, timeUs=16101000
10-12 11:11:27.746 3151-30632/? V/PlaylistFetcher: [fetcher-4] [video] queueAccessUnit, timeUs=16261000
10-12 11:11:27.746 3151-30632/? V/PlaylistFetcher: [fetcher-4] [video] queueAccessUnit, timeUs=16141000
10-12 11:11:27.746 3151-30632/? V/PlaylistFetcher: [fetcher-4] [video] queueAccessUnit, timeUs=16181000
10-12 11:11:27.746 3151-30632/? V/PlaylistFetcher: [fetcher-4] [video] queueAccessUnit, timeUs=16221000
10-12 11:11:27.746 3151-30632/? V/PlaylistFetcher: [fetcher-4] [video] queueAccessUnit, timeUs=16381000
10-12 11:11:27.746 3151-30632/? V/PlaylistFetcher: [fetcher-4] [video] queueAccessUnit, timeUs=16301000
10-12 11:11:27.746 3151-30632/? V/PlaylistFetcher: [fetcher-4] [video] queueAccessUnit, timeUs=16341000
10-12 11:11:27.746 3151-30632/? V/PlaylistFetcher: [fetcher-4] [video] queueAccessUnit, timeUs=16421000
10-12 11:11:27.746 3151-30632/? V/PlaylistFetcher: [fetcher-4] [video] queueAccessUnit, timeUs=16581000
10-12 11:11:27.746 3151-30632/? V/PlaylistFetcher: [fetcher-4] [video] queueAccessUnit, timeUs=16461000
10-12 11:11:27.746 3151-30632/? V/PlaylistFetcher: [fetcher-4] [video] queueAccessUnit, timeUs=16501000
10-12 11:11:27.746 3151-30632/? V/PlaylistFetcher: [fetcher-4] [video] queueAccessUnit, timeUs=16541000
10-12 11:11:27.746 3151-30632/? V/PlaylistFetcher: [fetcher-4] [video] queueAccessUnit, timeUs=16741000
10-12 11:11:27.746 3151-30632/? V/PlaylistFetcher: [fetcher-4] [video] queueAccessUnit, timeUs=16621000
10-12 11:11:27.746 3151-30632/? V/PlaylistFetcher: [fetcher-4] [audio] queueAccessUnit, timeUs=16036666
10-12 11:11:27.746 3151-30632/? V/PlaylistFetcher: [fetcher-4] [audio] queueAccessUnit, timeUs=16100666
10-12 11:11:27.746 3151-30632/? V/PlaylistFetcher: [fetcher-4] [audio] queueAccessUnit, timeUs=16186000
10-12 11:11:27.746 3151-30632/? V/PlaylistFetcher: [fetcher-4] [audio] queueAccessUnit, timeUs=16271333
10-12 11:11:27.746 3151-30632/? V/PlaylistFetcher: [fetcher-4] [audio] queueAccessUnit, timeUs=16356666
10-12 11:11:27.746 3151-30632/? V/PlaylistFetcher: [fetcher-4] [audio] queueAccessUnit, timeUs=16420666
10-12 11:11:27.746 3151-30632/? V/PlaylistFetcher: [fetcher-4] [audio] queueAccessUnit, timeUs=16506000
10-12 11:11:27.756 3151-30632/? V/PlaylistFetcher: [fetcher-4] [video] queueAccessUnit, timeUs=16661000
10-12 11:11:27.756 3151-30632/? V/PlaylistFetcher: [fetcher-4] [audio] queueAccessUnit, timeUs=16591333
10-12 11:11:27.776 3151-30632/? V/PlaylistFetcher: [fetcher-4] [video] queueAccessUnit, timeUs=16701000
10-12 11:11:27.776 3151-30632/? V/PlaylistFetcher: [fetcher-4] [video] queueAccessUnit, timeUs=16781000
10-12 11:11:27.776 3151-30632/? V/PlaylistFetcher: [fetcher-4] [video] queueAccessUnit, timeUs=16941000
10-12 11:11:27.776 3151-30632/? V/PlaylistFetcher: [fetcher-4] [video] queueAccessUnit, timeUs=16821000
10-12 11:11:27.776 3151-30632/? V/PlaylistFetcher: [fetcher-4] [video] queueAccessUnit, timeUs=16861000
10-12 11:11:27.776 3151-30632/? V/PlaylistFetcher: [fetcher-4] [video] queueAccessUnit, timeUs=16901000
10-12 11:11:27.776 3151-30632/? V/PlaylistFetcher: [fetcher-4] [video] queueAccessUnit, timeUs=17061000
10-12 11:11:27.776 3151-30632/? V/PlaylistFetcher: [fetcher-4] [video] queueAccessUnit, timeUs=16981000
10-12 11:11:27.776 3151-30632/? V/PlaylistFetcher: [fetcher-4] [video] queueAccessUnit, timeUs=17021000
10-12 11:11:27.776 3151-30632/? V/PlaylistFetcher: [fetcher-4] [video] queueAccessUnit, timeUs=17181000
10-12 11:11:27.776 3151-30632/? V/PlaylistFetcher: [fetcher-4] [video] queueAccessUnit, timeUs=17101000
10-12 11:11:27.776 3151-30632/? V/PlaylistFetcher: [fetcher-4] [video] queueAccessUnit, timeUs=17141000
10-12 11:11:27.776 3151-30632/? V/PlaylistFetcher: [fetcher-4] [video] queueAccessUnit, timeUs=17301000
10-12 11:11:27.776 3151-30632/? V/PlaylistFetcher: [fetcher-4] [video] queueAccessUnit, timeUs=17221000
10-12 11:11:27.776 3151-30632/? V/PlaylistFetcher: [fetcher-4] [video] queueAccessUnit, timeUs=17261000
10-12 11:11:27.776 3151-30632/? V/PlaylistFetcher: [fetcher-4] [video] queueAccessUnit, timeUs=17421000
10-12 11:11:27.776 3151-30632/? V/PlaylistFetcher: [fetcher-4] [video] queueAccessUnit, timeUs=17341000
10-12 11:11:27.776 3151-30632/? V/PlaylistFetcher: [fetcher-4] [video] queueAccessUnit, timeUs=17381000
10-12 11:11:27.776 3151-30632/? V/PlaylistFetcher: [fetcher-4] [video] queueAccessUnit, timeUs=17461000
10-12 11:11:27.776 3151-30632/? V/PlaylistFetcher: [fetcher-4] [audio] queueAccessUnit, timeUs=16676666
10-12 11:11:27.776 3151-30632/? V/PlaylistFetcher: [fetcher-4] [audio] queueAccessUnit, timeUs=16740666
10-12 11:11:27.776 3151-30632/? V/PlaylistFetcher: [fetcher-4] [audio] queueAccessUnit, timeUs=16826000
10-12 11:11:27.776 3151-30632/? V/PlaylistFetcher: [fetcher-4] [audio] queueAccessUnit, timeUs=16911333
10-12 11:11:27.776 3151-30632/? V/PlaylistFetcher: [fetcher-4] [audio] queueAccessUnit, timeUs=16996666
10-12 11:11:27.776 3151-30632/? V/PlaylistFetcher: [fetcher-4] [audio] queueAccessUnit, timeUs=17060666
10-12 11:11:27.776 3151-30632/? V/PlaylistFetcher: [fetcher-4] [audio] queueAccessUnit, timeUs=17146000
10-12 11:11:27.776 3151-30632/? V/PlaylistFetcher: [fetcher-4] [audio] queueAccessUnit, timeUs=17231333
10-12 11:11:27.776 3151-30632/? V/PlaylistFetcher: [fetcher-4] [audio] queueAccessUnit, timeUs=17316666
10-12 11:11:27.786 3151-30632/? V/PlaylistFetcher: [fetcher-4] [video] queueAccessUnit, timeUs=17501000
10-12 11:11:27.786 3151-30632/? V/PlaylistFetcher: [fetcher-4] [video] queueAccessUnit, timeUs=17581000
10-12 11:11:27.786 3151-30632/? V/PlaylistFetcher: [fetcher-4] [video] queueAccessUnit, timeUs=17541000
10-12 11:11:27.786 3151-30632/? V/PlaylistFetcher: [fetcher-4] [video] queueAccessUnit, timeUs=17661000
10-12 11:11:27.786 3151-30632/? V/PlaylistFetcher: [fetcher-4] [video] queueAccessUnit, timeUs=17621000
10-12 11:11:27.786 3151-30632/? V/PlaylistFetcher: [fetcher-4] [video] queueAccessUnit, timeUs=17741000
10-12 11:11:27.786 3151-30632/? V/PlaylistFetcher: [fetcher-4] [video] queueAccessUnit, timeUs=17701000
10-12 11:11:27.786 3151-30632/? V/PlaylistFetcher: [fetcher-4] [video] queueAccessUnit, timeUs=17781000
10-12 11:11:27.786 3151-30632/? V/PlaylistFetcher: [fetcher-4] [video] queueAccessUnit, timeUs=17821000
10-12 11:11:27.786 3151-30632/? V/PlaylistFetcher: [fetcher-4] [video] queueAccessUnit, timeUs=17861000
10-12 11:11:27.786 3151-30632/? V/PlaylistFetcher: [fetcher-4] [video] queueAccessUnit, timeUs=17901000
10-12 11:11:27.786 3151-30632/? V/PlaylistFetcher: [fetcher-4] [video] queueAccessUnit, timeUs=17941000
10-12 11:11:27.786 3151-30632/? V/PlaylistFetcher: [fetcher-4] [video] queueAccessUnit, timeUs=17981000
10-12 11:11:27.786 3151-30632/? V/PlaylistFetcher: [fetcher-4] [audio] queueAccessUnit, timeUs=17380666
10-12 11:11:27.786 3151-30632/? V/PlaylistFetcher: [fetcher-4] [audio] queueAccessUnit, timeUs=17466000
10-12 11:11:27.786 3151-30632/? V/PlaylistFetcher: [fetcher-4] [audio] queueAccessUnit, timeUs=17551333
10-12 11:11:27.786 3151-30632/? V/PlaylistFetcher: [fetcher-4] [audio] queueAccessUnit, timeUs=17636666
10-12 11:11:27.786 3151-30632/? V/PlaylistFetcher: [fetcher-4] [audio] queueAccessUnit, timeUs=17700666
10-12 11:11:27.786 3151-30632/? V/PlaylistFetcher: [fetcher-4] [audio] queueAccessUnit, timeUs=17786000
10-12 11:11:27.786 3151-30632/? V/PlaylistFetcher: [fetcher-4] [audio] queueAccessUnit, timeUs=17871333
10-12 11:11:27.816 3151-30632/? V/PlaylistFetcher: [fetcher-4] [video] queueAccessUnit, timeUs=18021000
10-12 11:11:27.816 3151-30632/? V/PlaylistFetcher: [fetcher-4] [video] queueAccessUnit, timeUs=18061000
10-12 11:11:27.816 3151-30632/? V/PlaylistFetcher: [fetcher-4] [video] queueAccessUnit, timeUs=18101000
10-12 11:11:27.816 3151-30632/? V/PlaylistFetcher: [fetcher-4] [video] queueAccessUnit, timeUs=18141000
10-12 11:11:27.816 3151-30632/? V/PlaylistFetcher: [fetcher-4] [video] queueAccessUnit, timeUs=18181000
10-12 11:11:27.816 3151-30632/? V/PlaylistFetcher: [fetcher-4] [video] queueAccessUnit, timeUs=18221000
10-12 11:11:27.816 3151-30632/? V/PlaylistFetcher: [fetcher-4] [video] queueAccessUnit, timeUs=18261000
10-12 11:11:27.816 3151-30632/? V/PlaylistFetcher: [fetcher-4] [video] queueAccessUnit, timeUs=18301000
10-12 11:11:27.816 3151-30632/? V/PlaylistFetcher: [fetcher-4] [video] queueAccessUnit, timeUs=18341000
10-12 11:11:27.816 3151-30632/? V/PlaylistFetcher: [fetcher-4] [video] queueAccessUnit, timeUs=18381000
10-12 11:11:27.816 3151-30632/? V/PlaylistFetcher: [fetcher-4] [video] queueAccessUnit, timeUs=18421000
10-12 11:11:27.816 3151-30632/? V/PlaylistFetcher: [fetcher-4] [video] queueAccessUnit, timeUs=18461000
10-12 11:11:27.816 3151-30632/? V/PlaylistFetcher: [fetcher-4] [audio] queueAccessUnit, timeUs=17956666
10-12 11:11:27.816 3151-30632/? V/PlaylistFetcher: [fetcher-4] [audio] queueAccessUnit, timeUs=18020666
10-12 11:11:27.816 3151-30632/? V/PlaylistFetcher: [fetcher-4] [audio] queueAccessUnit, timeUs=18106000
10-12 11:11:27.816 3151-30632/? V/PlaylistFetcher: [fetcher-4] [audio] queueAccessUnit, timeUs=18191333
10-12 11:11:27.816 3151-30632/? V/PlaylistFetcher: [fetcher-4] [audio] queueAccessUnit, timeUs=18276666
10-12 11:11:27.816 3151-30632/? V/PlaylistFetcher: [fetcher-4] [audio] queueAccessUnit, timeUs=18340666
10-12 11:11:27.846 3151-30632/? V/PlaylistFetcher: [fetcher-4] [video] queueAccessUnit, timeUs=18501000
10-12 11:11:27.846 3151-30632/? V/PlaylistFetcher: [fetcher-4] [video] queueAccessUnit, timeUs=18541000
10-12 11:11:27.846 3151-30632/? V/PlaylistFetcher: [fetcher-4] [video] queueAccessUnit, timeUs=18581000
10-12 11:11:27.846 3151-30632/? V/PlaylistFetcher: [fetcher-4] [video] queueAccessUnit, timeUs=18621000
10-12 11:11:27.846 3151-30632/? V/PlaylistFetcher: [fetcher-4] [video] queueAccessUnit, timeUs=18661000
10-12 11:11:27.846 3151-30632/? V/PlaylistFetcher: [fetcher-4] [video] queueAccessUnit, timeUs=18701000
10-12 11:11:27.846 3151-30632/? V/PlaylistFetcher: [fetcher-4] [video] queueAccessUnit, timeUs=18741000
10-12 11:11:27.846 3151-30632/? V/PlaylistFetcher: [fetcher-4] [video] queueAccessUnit, timeUs=18781000
10-12 11:11:27.846 3151-30632/? V/PlaylistFetcher: [fetcher-4] [video] queueAccessUnit, timeUs=18821000
10-12 11:11:27.846 3151-30632/? V/PlaylistFetcher: [fetcher-4] [video] queueAccessUnit, timeUs=18861000
10-12 11:11:27.846 3151-30632/? V/PlaylistFetcher: [fetcher-4] [video] queueAccessUnit, timeUs=18901000
10-12 11:11:27.846 3151-30632/? V/PlaylistFetcher: [fetcher-4] [audio] queueAccessUnit, timeUs=18426000
10-12 11:11:27.846 3151-30632/? V/PlaylistFetcher: [fetcher-4] [audio] queueAccessUnit, timeUs=18511333
10-12 11:11:27.846 3151-30632/? V/PlaylistFetcher: [fetcher-4] [audio] queueAccessUnit, timeUs=18596666
10-12 11:11:27.846 3151-30632/? V/PlaylistFetcher: [fetcher-4] [audio] queueAccessUnit, timeUs=18660666
10-12 11:11:27.846 3151-30632/? V/PlaylistFetcher: [fetcher-4] [audio] queueAccessUnit, timeUs=18746000
10-12 11:11:27.846 3151-30632/? V/PlaylistFetcher: [fetcher-4] [audio] queueAccessUnit, timeUs=18831333
10-12 11:11:27.856 3151-3585/? I/audio_hw_primary: do_out_standby +
10-12 11:11:27.876 3151-30632/? V/PlaylistFetcher: [fetcher-4] [video] queueAccessUnit, timeUs=18941000
10-12 11:11:27.876 3151-30632/? V/PlaylistFetcher: [fetcher-4] [video] queueAccessUnit, timeUs=18981000
10-12 11:11:27.876 3151-30632/? V/PlaylistFetcher: [fetcher-4] [video] queueAccessUnit, timeUs=19021000
10-12 11:11:27.876 3151-30632/? V/PlaylistFetcher: [fetcher-4] [video] queueAccessUnit, timeUs=19061000
10-12 11:11:27.876 3151-30632/? V/PlaylistFetcher: [fetcher-4] [video] queueAccessUnit, timeUs=19101000
10-12 11:11:27.876 3151-30632/? V/PlaylistFetcher: [fetcher-4] [video] queueAccessUnit, timeUs=19141000
10-12 11:11:27.876 3151-30632/? V/PlaylistFetcher: [fetcher-4] [video] queueAccessUnit, timeUs=19221000
10-12 11:11:27.876 3151-30632/? V/PlaylistFetcher: [fetcher-4] [video] queueAccessUnit, timeUs=19181000
10-12 11:11:27.876 3151-30632/? V/PlaylistFetcher: [fetcher-4] [video] queueAccessUnit, timeUs=19261000
10-12 11:11:27.876 3151-30632/? V/PlaylistFetcher: [fetcher-4] [video] queueAccessUnit, timeUs=19301000
10-12 11:11:27.876 3151-30632/? V/PlaylistFetcher: [fetcher-4] [video] queueAccessUnit, timeUs=19381000
10-12 11:11:27.876 3151-30632/? V/PlaylistFetcher: [fetcher-4] [video] queueAccessUnit, timeUs=19341000
10-12 11:11:27.876 3151-30632/? V/PlaylistFetcher: [fetcher-4] [audio] queueAccessUnit, timeUs=18916666
10-12 11:11:27.876 3151-30632/? V/PlaylistFetcher: [fetcher-4] [audio] queueAccessUnit, timeUs=18980666
10-12 11:11:27.876 3151-30632/? V/PlaylistFetcher: [fetcher-4] [audio] queueAccessUnit, timeUs=19066000
10-12 11:11:27.876 3151-30632/? V/PlaylistFetcher: [fetcher-4] [audio] queueAccessUnit, timeUs=19151333
10-12 11:11:27.876 3151-30632/? V/PlaylistFetcher: [fetcher-4] [audio] queueAccessUnit, timeUs=19236666
10-12 11:11:27.886 3151-3585/? D/audio_hw_primary: output_devices devices:0
10-12 11:11:27.886 3151-3585/? D/audio_hw_primary: output_devices devices:0
10-12 11:11:27.886 3151-3585/? V/audio_hw_primary: select_devices output_scenario:-1 input_scenario:-1 out_snd_device 0x0 in_snd_device:0x0
10-12 11:11:27.886 3151-3585/? I/audio_hw_primary: set_spk_rx_mute mute(1), rx val=0
10-12 11:11:27.886 3151-3585/? I/audio_route: > audio_route_reset :
10-12 11:11:27.886 3151-3585/? I/audio_route: > audio_route_update_mixer : +
10-12 11:11:27.906 3151-30632/? V/PlaylistFetcher: [fetcher-4] [video] queueAccessUnit, timeUs=19461000
10-12 11:11:27.906 3151-30632/? V/PlaylistFetcher: [fetcher-4] [video] queueAccessUnit, timeUs=19421000
10-12 11:11:27.906 3151-30632/? V/PlaylistFetcher: [fetcher-4] [video] queueAccessUnit, timeUs=19501000
10-12 11:11:27.906 3151-30632/? V/PlaylistFetcher: [fetcher-4] [video] queueAccessUnit, timeUs=19541000
10-12 11:11:27.906 3151-30632/? V/PlaylistFetcher: [fetcher-4] [video] queueAccessUnit, timeUs=19621000
10-12 11:11:27.906 3151-30632/? V/PlaylistFetcher: [fetcher-4] [video] queueAccessUnit, timeUs=19581000
10-12 11:11:27.906 3151-30632/? V/PlaylistFetcher: [fetcher-4] [video] queueAccessUnit, timeUs=19701000
10-12 11:11:27.906 3151-30632/? V/PlaylistFetcher: [fetcher-4] [video] queueAccessUnit, timeUs=19661000
10-12 11:11:27.906 3151-30632/? V/PlaylistFetcher: [fetcher-4] [video] queueAccessUnit, timeUs=19781000
10-12 11:11:27.906 3151-30632/? V/PlaylistFetcher: [fetcher-4] [video] queueAccessUnit, timeUs=19741000
10-12 11:11:27.906 3151-30632/? V/PlaylistFetcher: [fetcher-4] [video] queueAccessUnit, timeUs=19861000
10-12 11:11:27.906 3151-30632/? V/PlaylistFetcher: [fetcher-4] [audio] queueAccessUnit, timeUs=19300666
10-12 11:11:27.906 3151-30632/? V/PlaylistFetcher: [fetcher-4] [audio] queueAccessUnit, timeUs=19386000
10-12 11:11:27.906 3151-30632/? V/PlaylistFetcher: [fetcher-4] [audio] queueAccessUnit, timeUs=19471333
10-12 11:11:27.906 3151-30632/? V/PlaylistFetcher: [fetcher-4] [audio] queueAccessUnit, timeUs=19556666
10-12 11:11:27.906 3151-30632/? V/PlaylistFetcher: [fetcher-4] [audio] queueAccessUnit, timeUs=19620666
10-12 11:11:27.906 3151-30632/? V/PlaylistFetcher: [fetcher-4] [audio] queueAccessUnit, timeUs=19706000
10-12 11:11:27.916 3151-30632/? V/PlaylistFetcher: [fetcher-4] [video] queueAccessUnit, timeUs=19821000
10-12 11:11:27.916 3151-30632/? V/PlaylistFetcher: [fetcher-4] [video] queueAccessUnit, timeUs=19941000
10-12 11:11:27.916 3151-30632/? V/PlaylistFetcher: [fetcher-4] [video] queueAccessUnit, timeUs=19901000
10-12 11:11:27.916 3151-30632/? V/PlaylistFetcher: [fetcher-4] [video] queueAccessUnit, timeUs=20021000
10-12 11:11:27.916 3151-30632/? V/PlaylistFetcher: [fetcher-4] [video] queueAccessUnit, timeUs=19981000
10-12 11:11:27.916 3151-30632/? V/PlaylistFetcher: [fetcher-4] [audio] queueAccessUnit, timeUs=19791333
10-12 11:11:27.916 3151-30632/? V/PlaylistFetcher: [fetcher-4] [audio] queueAccessUnit, timeUs=19876666
10-12 11:11:27.916 3151-30632/? V/PlaylistFetcher: [fetcher-4] [audio] queueAccessUnit, timeUs=19940666
10-12 11:11:27.916 3151-30632/? V/PlaylistFetcher: [fetcher-4] PUSH TS: 'http://cp401493-vh.akamaihd.net/i/,iplayerstream/secure_auth/100kbps/2c97c5945766314b015770b6e8703235--video--HOD-EP-2-online-h264-3000Kbps-720p_3gp_mpeg4_lo,prod_3gp_mpeg4_med/iplayerstream/2c97c5945766314b015770b6e8703235--video--HOD-EP-2-online-h264-3000Kbps-720p_3gp_mpeg4_med,iplayerstream/secure_auth/400kbps/2c97c5945766314b015770b6e8703235--video--HOD-EP-2-online-h264-3000Kbps-720p_flv_avc1_vlow,iplayerstream/secure_auth/480kbps/MP/2c97c5945766314b015770b6e8703235--video--HOD-EP-2-online-h264-3000Kbps-720p_flv_avc1_low,iplayerstream/secure_auth/800kbps/MP/2c97c5945766314b015770b6e8703235--video--HOD-EP-2-online-h264-3000Kbps-720p_flv_avc1_med,.mp4.csmil/segment2_4_av.ts'
10-12 11:11:27.916 3151-30632/? V/PlaylistFetcher: [fetcher-4] [audio] buffered 19840000
10-12 11:11:27.916 3151-30632/? V/PlaylistFetcher: [fetcher-4] [video] buffered 19880000
10-12 11:11:27.916 3151-30632/? V/PlaylistFetcher: [fetcher-4] monitoring, buffered=19840000 < 30000000
10-12 11:11:27.916 3151-30632/? V/PlaylistFetcher: [fetcher-4] fetching segment 3 from (1 .. 25)
10-12 11:11:27.916 3151-30632/? V/PlaylistFetcher: [fetcher-4] fetching: 'http://cp401493-vh.akamaihd.net/i/,iplayerstream/secure_auth/100kbps/2c97c5945766314b015770b6e8703235--video--HOD-EP-2-online-h264-3000Kbps-720p_3gp_mpeg4_lo,prod_3gp_mpeg4_med/iplayerstream/2c97c5945766314b015770b6e8703235--video--HOD-EP-2-online-h264-3000Kbps-720p_3gp_mpeg4_med,iplayerstream/secure_auth/400kbps/2c97c5945766314b015770b6e8703235--video--HOD-EP-2-online-h264-3000Kbps-720p_flv_avc1_vlow,iplayerstream/secure_auth/480kbps/MP/2c97c5945766314b015770b6e8703235--video--HOD-EP-2-online-h264-3000Kbps-720p_flv_avc1_low,iplayerstream/secure_auth/800kbps/MP/2c97c5945766314b015770b6e8703235--video--HOD-EP-2-online-h264-3000Kbps-720p_flv_avc1_med,.mp4.csmil/segment3_4_av.ts'
10-12 11:11:27.916 3151-3585/? I/audio_route: > audio_route_update_mixer : changed(2) -
10-12 11:11:27.916 3151-3585/? I/audio_hw_primary: select_devices -
10-12 11:11:27.916 3151-3585/? I/audio_hw_primary: do_out_standby -
10-12 11:11:27.916 29809-29820/? D/MediaHTTPConnection: setReadTimeOut = 300000000ms
10-12 11:11:27.926 3151-30632/? V/MediaHTTP: connection established
10-12 11:11:27.926 29809-30085/? D/MediaHTTPConnection: setReadTimeout with 300000000ms
10-12 11:11:27.926 29809-30085/? I/System.out: (HTTPLog)-Static: isSBSettingEnabled false
10-12 11:11:27.926 29809-30085/? I/System.out: (HTTPLog)-Static: isSBSettingEnabled false
10-12 11:11:27.966 29809-30085/? I/MediaHTTPConnection: response code = 200
10-12 11:11:27.966 29809-30085/? V/MediaHTTPConnection: mTotalSize is 1077240
10-12 11:11:27.996 3151-30632/? V/PlaylistFetcher: [fetcher-4] [video] queueAccessUnit, timeUs=20101000
10-12 11:11:27.996 3151-30632/? V/PlaylistFetcher: [fetcher-4] [video] queueAccessUnit, timeUs=20061000
10-12 11:11:27.996 3151-30632/? V/PlaylistFetcher: [fetcher-4] [video] queueAccessUnit, timeUs=20141000
10-12 11:11:27.996 3151-30632/? V/PlaylistFetcher: [fetcher-4] [video] queueAccessUnit, timeUs=20221000
10-12 11:11:27.996 3151-30632/? V/PlaylistFetcher: [fetcher-4] [video] queueAccessUnit, timeUs=20181000
10-12 11:11:27.996 3151-30632/? V/PlaylistFetcher: [fetcher-4] [video] queueAccessUnit, timeUs=20381000
10-12 11:11:27.996 3151-30632/? V/PlaylistFetcher: [fetcher-4] [video] queueAccessUnit, timeUs=20261000
10-12 11:11:27.996 3151-30632/? V/PlaylistFetcher: [fetcher-4] [video] queueAccessUnit, timeUs=20301000
10-12 11:11:27.996 3151-30632/? V/PlaylistFetcher: [fetcher-4] [video] queueAccessUnit, timeUs=20341000
10-12 11:11:27.996 3151-30632/? V/PlaylistFetcher: [fetcher-4] [audio] queueAccessUnit, timeUs=20026000
10-12 11:11:27.996 3151-30632/? V/PlaylistFetcher: [fetcher-4] [audio] queueAccessUnit, timeUs=20111333
10-12 11:11:27.996 3151-30632/? V/PlaylistFetcher: [fetcher-4] [audio] queueAccessUnit, timeUs=20196666
10-12 11:11:27.996 3151-30632/? V/PlaylistFetcher: [fetcher-4] [audio] queueAccessUnit, timeUs=20282000
10-12 11:11:28.076 3151-30632/? V/PlaylistFetcher: [fetcher-4] [video] queueAccessUnit, timeUs=20501000
10-12 11:11:28.076 3151-30632/? V/PlaylistFetcher: [fetcher-4] [video] queueAccessUnit, timeUs=20421000
10-12 11:11:28.076 3151-30632/? V/PlaylistFetcher: [fetcher-4] [video] queueAccessUnit, timeUs=20461000
10-12 11:11:28.076 3151-30632/? V/PlaylistFetcher: [fetcher-4] [video] queueAccessUnit, timeUs=20621000
10-12 11:11:28.076 3151-30632/? V/PlaylistFetcher: [fetcher-4] [video] queueAccessUnit, timeUs=20541000
10-12 11:11:28.076 3151-30632/? V/PlaylistFetcher: [fetcher-4] [video] queueAccessUnit, timeUs=20581000
10-12 11:11:28.076 3151-30632/? V/PlaylistFetcher: [fetcher-4] [video] queueAccessUnit, timeUs=20781000
10-12 11:11:28.076 3151-30632/? V/PlaylistFetcher: [fetcher-4] [video] queueAccessUnit, timeUs=20661000
10-12 11:11:28.076 3151-30632/? V/PlaylistFetcher: [fetcher-4] [video] queueAccessUnit, timeUs=20701000
10-12 11:11:28.076 3151-30632/? V/PlaylistFetcher: [fetcher-4] [video] queueAccessUnit, timeUs=20741000
10-12 11:11:28.076 3151-30632/? V/PlaylistFetcher: [fetcher-4] [video] queueAccessUnit, timeUs=20941000
10-12 11:11:28.076 3151-30632/? V/PlaylistFetcher: [fetcher-4] [audio] queueAccessUnit, timeUs=20346000
10-12 11:11:28.076 3151-30632/? V/PlaylistFetcher: [fetcher-4] [audio] queueAccessUnit, timeUs=20431333
10-12 11:11:28.076 3151-30632/? V/PlaylistFetcher: [fetcher-4] [audio] queueAccessUnit, timeUs=20516666
10-12 11:11:28.076 3151-30632/? V/PlaylistFetcher: [fetcher-4] [audio] queueAccessUnit, timeUs=20602000
10-12 11:11:28.076 3151-30632/? V/PlaylistFetcher: [fetcher-4] [audio] queueAccessUnit, timeUs=20666000
10-12 11:11:28.076 3151-30632/? V/PlaylistFetcher: [fetcher-4] [audio] queueAccessUnit, timeUs=20751333
10-12 11:11:28.096 3151-30632/? V/PlaylistFetcher: [fetcher-4] [video] queueAccessUnit, timeUs=20821000
10-12 11:11:28.096 3151-30632/? V/PlaylistFetcher: [fetcher-4] [video] queueAccessUnit, timeUs=20861000
10-12 11:11:28.096 3151-30632/? V/PlaylistFetcher: [fetcher-4] [video] queueAccessUnit, timeUs=20901000
10-12 11:11:28.096 3151-30632/? V/PlaylistFetcher: [fetcher-4] [video] queueAccessUnit, timeUs=21101000
10-12 11:11:28.096 3151-30632/? V/PlaylistFetcher: [fetcher-4] [video] queueAccessUnit, timeUs=20981000
10-12 11:11:28.096 3151-30632/? V/PlaylistFetcher: [fetcher-4] [video] queueAccessUnit, timeUs=21021000
10-12 11:11:28.096 3151-30632/? V/PlaylistFetcher: [fetcher-4] [video] queueAccessUnit, timeUs=21061000
10-12 11:11:28.096 3151-30632/? V/PlaylistFetcher: [fetcher-4] [video] queueAccessUnit, timeUs=21261000
10-12 11:11:28.096 3151-30632/? V/PlaylistFetcher: [fetcher-4] [video] queueAccessUnit, timeUs=21141000
10-12 11:11:28.096 3151-30632/? V/PlaylistFetcher: [fetcher-4] [video] queueAccessUnit, timeUs=21181000
10-12 11:11:28.096 3151-30632/? V/PlaylistFetcher: [fetcher-4] [video] queueAccessUnit, timeUs=21221000
10-12 11:11:28.096 3151-30632/? V/PlaylistFetcher: [fetcher-4] [video] queueAccessUnit, timeUs=21421000
10-12 11:11:28.096 3151-30632/? V/PlaylistFetcher: [fetcher-4] [audio] queueAccessUnit, timeUs=20836666
10-12 11:11:28.096 3151-30632/? V/PlaylistFetcher: [fetcher-4] [audio] queueAccessUnit, timeUs=20922000
10-12 11:11:28.096 3151-30632/? V/PlaylistFetcher: [fetcher-4] [audio] queueAccessUnit, timeUs=20986000
10-12 11:11:28.096 3151-30632/? V/PlaylistFetcher: [fetcher-4] [audio] queueAccessUnit, timeUs=21071333
10-12 11:11:28.096 3151-30632/? V/PlaylistFetcher: [fetcher-4] [audio] queueAccessUnit, timeUs=21156666
10-12 11:11:28.096 3151-30632/? V/PlaylistFetcher: [fetcher-4] [video] queueAccessUnit, timeUs=21301000
10-12 11:11:28.096 3151-30632/? V/PlaylistFetcher: [fetcher-4] [video] queueAccessUnit, timeUs=21341000
10-12 11:11:28.096 3151-30632/? V/PlaylistFetcher: [fetcher-4] [video] queueAccessUnit, timeUs=21381000
10-12 11:11:28.096 3151-30632/? V/PlaylistFetcher: [fetcher-4] [video] queueAccessUnit, timeUs=21581000
10-12 11:11:28.096 3151-30632/? V/PlaylistFetcher: [fetcher-4] [video] queueAccessUnit, timeUs=21461000
10-12 11:11:28.096 3151-30632/? V/PlaylistFetcher: [fetcher-4] [video] queueAccessUnit, timeUs=21501000
10-12 11:11:28.096 3151-30632/? V/PlaylistFetcher: [fetcher-4] [video] queueAccessUnit, timeUs=21541000
10-12 11:11:28.096 3151-30632/? V/PlaylistFetcher: [fetcher-4] [video] queueAccessUnit, timeUs=21741000
10-12 11:11:28.106 3151-30632/? V/PlaylistFetcher: [fetcher-4] [video] queueAccessUnit, timeUs=21621000
10-12 11:11:28.106 3151-30632/? V/PlaylistFetcher: [fetcher-4] [video] queueAccessUnit, timeUs=21661000
10-12 11:11:28.106 3151-30632/? V/PlaylistFetcher: [fetcher-4] [audio] queueAccessUnit, timeUs=21220666
10-12 11:11:28.106 3151-30632/? V/PlaylistFetcher: [fetcher-4] [audio] queueAccessUnit, timeUs=21306000
10-12 11:11:28.106 3151-30632/? V/PlaylistFetcher: [fetcher-4] [audio] queueAccessUnit, timeUs=21391333
10-12 11:11:28.106 3151-30632/? V/PlaylistFetcher: [fetcher-4] [audio] queueAccessUnit, timeUs=21476666
10-12 11:11:28.106 3151-30632/? V/PlaylistFetcher: [fetcher-4] [audio] queueAccessUnit, timeUs=21540666
10-12 11:11:28.116 3151-30632/? V/PlaylistFetcher: [fetcher-4] [video] queueAccessUnit, timeUs=21701000
10-12 11:11:28.116 3151-30632/? V/PlaylistFetcher: [fetcher-4] [video] queueAccessUnit, timeUs=21901000
10-12 11:11:28.116 3151-30632/? V/PlaylistFetcher: [fetcher-4] [video] queueAccessUnit, timeUs=21781000
10-12 11:11:28.116 3151-30632/? V/PlaylistFetcher: [fetcher-4] [video] queueAccessUnit, timeUs=21821000
10-12 11:11:28.116 3151-30632/? V/PlaylistFetcher: [fetcher-4] [video] queueAccessUnit, timeUs=21861000
10-12 11:11:28.116 3151-30632/? V/PlaylistFetcher: [fetcher-4] [video] queueAccessUnit, timeUs=22061000
10-12 11:11:28.116 3151-30632/? V/PlaylistFetcher: [fetcher-4] [video] queueAccessUnit, timeUs=21941000
10-12 11:11:28.116 3151-30632/? V/PlaylistFetcher: [fetcher-4] [video] queueAccessUnit, timeUs=21981000
10-12 11:11:28.116 3151-30632/? V/PlaylistFetcher: [fetcher-4] [video] queueAccessUnit, timeUs=22021000
10-12 11:11:28.116 3151-30632/? V/PlaylistFetcher: [fetcher-4] [video] queueAccessUnit, timeUs=22221000
10-12 11:11:28.116 3151-30632/? V/PlaylistFetcher: [fetcher-4] [audio] queueAccessUnit, timeUs=21626000
10-12 11:11:28.116 3151-30632/? V/PlaylistFetcher: [fetcher-4] [audio] queueAccessUnit, timeUs=21711333
10-12 11:11:28.116 3151-30632/? V/PlaylistFetcher: [fetcher-4] [audio] queueAccessUnit, timeUs=21796666
10-12 11:11:28.116 3151-30632/? V/PlaylistFetcher: [fetcher-4] [audio] queueAccessUnit, timeUs=21860666
10-12 11:11:28.116 3151-30632/? V/PlaylistFetcher: [fetcher-4] [audio] queueAccessUnit, timeUs=21946000
10-12 11:11:28.146 3151-30632/? V/PlaylistFetcher: [fetcher-4] [video] queueAccessUnit, timeUs=22101000
10-12 11:11:28.146 3151-30632/? V/PlaylistFetcher: [fetcher-4] [video] queueAccessUnit, timeUs=22141000
10-12 11:11:28.146 3151-30632/? V/PlaylistFetcher: [fetcher-4] [video] queueAccessUnit, timeUs=22181000
10-12 11:11:28.146 3151-30632/? V/PlaylistFetcher: [fetcher-4] [video] queueAccessUnit, timeUs=22381000
10-12 11:11:28.146 3151-30632/? V/PlaylistFetcher: [fetcher-4] [video] queueAccessUnit, timeUs=22261000
10-12 11:11:28.146 3151-30632/? V/PlaylistFetcher: [fetcher-4] [video] queueAccessUnit, timeUs=22301000
10-12 11:11:28.146 3151-30632/? V/PlaylistFetcher: [fetcher-4] [audio] queueAccessUnit, timeUs=22031333
10-12 11:11:28.146 3151-30632/? V/PlaylistFetcher: [fetcher-4] [audio] queueAccessUnit, timeUs=22116666
10-12 11:11:28.146 3151-30632/? V/PlaylistFetcher: [fetcher-4] [audio] queueAccessUnit, timeUs=22180666
10-12 11:11:28.146 3151-30632/? V/PlaylistFetcher: [fetcher-4] [audio] queueAccessUnit, timeUs=22266000
10-12 11:11:28.176 3151-30632/? V/PlaylistFetcher: [fetcher-4] [video] queueAccessUnit, timeUs=22341000
10-12 11:11:28.176 3151-30632/? V/PlaylistFetcher: [fetcher-4] [video] queueAccessUnit, timeUs=22421000
10-12 11:11:28.176 3151-30632/? V/PlaylistFetcher: [fetcher-4] [video] queueAccessUnit, timeUs=22541000
10-12 11:11:28.176 3151-30632/? V/PlaylistFetcher: [fetcher-4] [video] queueAccessUnit, timeUs=22461000
10-12 11:11:28.176 3151-30632/? V/PlaylistFetcher: [fetcher-4] [video] queueAccessUnit, timeUs=22501000
