10-12 11:11:34.166 5352-5468/? D/BluetoothAdapter: STATE_BLE_ON
10-12 11:11:34.166 5352-5486/? D/BtGatt.GattService: [GSIM LOG]: increaseScanCount : com.samsung.android.beaconmanager : 77
10-12 11:11:34.166 5352-5486/? D/BtGatt.GattService: [GSIM LOG]: increaseScanCount : com.samsung.android.beaconmanager, com.samsung.android.beaconmanager
10-12 11:11:34.166 3435-4337/? D/PowerManagerService: [api] acquire WakeLock flags=0x40 tag=AlpmModeManager uid=10000 pid=4758
10-12 11:11:34.166 3435-4337/? I/libsuspend: !@autosuspend_wakeup_count_disable
10-12 11:11:34.166 3435-4337/? D/PowerManagerService: mDisplayReady: false
10-12 11:11:34.166 3435-4337/? I/libsuspend: !@autosuspend_wakeup_count_disable done
10-12 11:11:34.166 3435-3569/? D/DisplayPowerController: animateScreenStateChange[0]: target=3
10-12 11:11:34.166 5352-5468/? D/BluetoothAdapter: STATE_BLE_ON
10-12 11:11:34.166 3435-4337/? D/PowerManagerService: [PWL] sb acquire: PowerManagerService.Display
10-12 11:11:34.166 3435-3569/? D/DisplayPowerState: !@ [0] ColorFade exit
10-12 11:11:34.166 3435-3569/? D/PowerManagerService: [input device light] onColorFadeExit(true)
10-12 11:11:34.176 3435-3992/? V/AlarmManager: remove PendingIntent] PendingIntent{3814d55: PendingIntentRecord{4d478c7 com.android.bluetooth broadcastIntent}}
10-12 11:11:34.176 3004-4000/? D/libEGL: eglTerminate EGLDisplay = 0x7facdfee78
10-12 11:11:34.176 5352-5468/? D/BluetoothAdapter: appoCount is = 0
10-12 11:11:34.176 3004-4000/? D/libEGL: eglTerminate EGLDisplay = 0x7facdfee78
10-12 11:11:34.176 3004-3013/? I/SurfaceFlinger: id=434 Removed DolorFade (9/11)
10-12 11:11:34.176 5352-5437/? D/BtGatt.GattService: onScanFilterEnableDisabled() - clientIf=5, status=0, action=1
10-12 11:11:34.176 3435-3569/? D/DisplayPowerController: [Dual Screen Compatible] state[0] :3
10-12 11:11:34.176 5352-5437/? D/BtGatt.ScanManager: callback done for clientIf - 5 status - 0
10-12 11:11:34.176 3435-3569/? D/DisplayPowerController: getFinalBrightness : Summary is 1 -> 1
10-12 11:11:34.176 5352-5468/? D/BtGatt.ScanManager: set filter index= 28 for clientIf= 5
10-12 11:11:34.176 3435-3569/? D/DisplayPowerController: Animating brightness: target=1, rate=2000 (PSM:false, AB limit:(-1 ~ -1) MB Limit:(-1 ~ -1))
10-12 11:11:34.176 5352-5468/? D/BtGatt.ScanManager: addFilterToController: 5
10-12 11:11:34.176 3435-3569/? D/DisplayPowerState: Requesting new screen state: [0] state=DOZE, backlight (By colorFade)=0
10-12 11:11:34.176 3435-30688/? I/BatteryStatsDumper: Writing to database completed
10-12 11:11:34.176 3435-3897/? D/DisplayPowerState: Updating screen state [0]: state=DOZE, backlight (by ColorFade)=0
10-12 11:11:34.176 5352-5437/? D/BtGatt.GattService: onScanFilterConfig() - clientIf=5, action = 0 status = 0, filterType=5, availableSpace=47
10-12 11:11:34.176 3435-3579/? D/DisplayManagerService: !@display_state: OFF -> DOZE brightness: 0 -> 0
10-12 11:11:34.176 5352-5437/? D/BtGatt.ScanManager: callback done for clientIf - 5 status - 0
10-12 11:11:34.176 3435-3565/? I/DisplayManagerService: Display device changed state: "Built-in Screen", DOZE
10-12 11:11:34.176 5352-5468/? D/BtGatt.ScanManager: High Rssi Filter value is = -128
10-12 11:11:34.176 3435-3565/? I/DisplayManagerService: Display device changed state: "ActivityViewVirtualDisplay", DOZE
10-12 11:11:34.176 5352-5468/? D/BtGatt.ScanManager: Low Rssi Filter value is = -128
10-12 11:11:34.176 5352-5468/? D/BtGatt.ScanManager: configureFilterParamter 500 10000 1 0highRssiThreshold = -128lowRssiThreshold = -128matchmode is =1
10-12 11:11:34.176 3004-3004/? D/libEGL: eglTerminate EGLDisplay = 0x7ff090b748
10-12 11:11:34.186 5352-5437/? D/BtGatt.GattService: onScanFilterParamsConfigured() - clientIf=5, status=0, action=0, availableSpace=31
10-12 11:11:34.186 5352-5437/? D/BtGatt.ScanManager: callback done for clientIf - 5 status - 0
10-12 11:11:34.186 5352-5468/? D/BtGatt.ScanManager: set filter index= 29 for clientIf= 5
10-12 11:11:34.186 5352-5468/? D/BtGatt.ScanManager: addFilterToController: 5
10-12 11:11:34.186 3435-3897/? D/lights: lcd : 1 +
10-12 11:11:34.186 3435-3569/? D/DisplayPowerController: animateScreenStateChange[0]: target=3
10-12 11:11:34.186 3435-3897/? D/lights: lcd : 1 -
10-12 11:11:34.186 3435-3569/? D/DisplayPowerController: [Dual Screen Compatible] state[0] :3
10-12 11:11:34.186 3435-3569/? D/DisplayPowerController: getFinalBrightness : Summary is 1 -> 1
10-12 11:11:34.186 3435-3569/? D/DisplayPowerController: Animating brightness: target=1, rate=2000 (PSM:false, AB limit:(-1 ~ -1) MB Limit:(-1 ~ -1))
10-12 11:11:34.186 5352-5437/? D/BtGatt.GattService: onScanFilterConfig() - clientIf=5, action = 0 status = 0, filterType=5, availableSpace=46
10-12 11:11:34.186 5352-5437/? D/BtGatt.ScanManager: callback done for clientIf - 5 status - 0
10-12 11:11:34.186 5352-5468/? D/BtGatt.ScanManager: High Rssi Filter value is = -128
10-12 11:11:34.186 5352-5468/? D/BtGatt.ScanManager: Low Rssi Filter value is = -128
10-12 11:11:34.186 5352-5468/? D/BtGatt.ScanManager: configureFilterParamter 500 10000 1 0highRssiThreshold = -128lowRssiThreshold = -128matchmode is =1
10-12 11:11:34.186 5352-5486/? D/BtGatt.GattService: [GSIM LOG]: increaseScanCount 4 Battery : com.samsung.android.beaconmanager : 4
10-12 11:11:34.186 5352-5486/? D/BtGatt.GattService: [GSIM LOG]: setScanTime : com.samsung.android.beaconmanager : 24604391
10-12 11:11:34.196 5352-5486/? D/BtGatt.GattService: [GSIM LOG]: setRequestedScanType : com.samsung.android.beaconmanager : 100
10-12 11:11:34.196 5352-5486/? D/BtGatt.GattService: [GSIM LOG]: setActualScanType : com.samsung.android.beaconmanager : 100
10-12 11:11:34.196 5352-5486/? D/BtGatt.GattService: [GSIM LOG]: updateScanTime: 0
10-12 11:11:34.196 5352-5486/? D/BtGatt.GattService: [GSIM LOG]: com.samsung.android.beaconmanager@Custom, R time : 155 => 155
10-12 11:11:34.196 5352-5486/? D/BtGatt.GattService: [GSIM LOG]: com.samsung.android.beaconmanager@Custom, A time : 155 => 155
10-12 11:11:34.196 5352-5486/? D/BtGatt.GattService: [GSIM LOG]: updateScanTime: 0
10-12 11:11:34.196 5352-5486/? D/BtGatt.GattService: [GSIM LOG]: com.samsung.android.beaconmanager@Custom, R time : 155 => 155
10-12 11:11:34.196 5352-5486/? D/BtGatt.GattService: [GSIM LOG]: com.samsung.android.beaconmanager@Custom, A time : 155 => 155
10-12 11:11:34.196 5352-5486/? D/BtGatt.GattService: [GSIM LOG]: setActualScanType : com.samsung.android.beaconmanager : 100
10-12 11:11:34.196 5352-5486/? D/BtGatt.GattService: [GSIM LOG]: updateScanTime: 0
10-12 11:11:34.196 5352-5486/? D/BtGatt.GattService: [GSIM LOG]: com.samsung.android.beaconmanager@Custom, R time : 155 => 155
10-12 11:11:34.196 5352-5486/? D/BtGatt.GattService: [GSIM LOG]: com.samsung.android.beaconmanager@Custom, A time : 155 => 155
10-12 11:11:34.196 5352-5486/? D/BtGatt.GattService: [GSIM LOG]: setScanTime : com.samsung.android.beaconmanager : 24604391
10-12 11:11:34.196 5352-5437/? D/BtGatt.GattService: onScanFilterParamsConfigured() - clientIf=5, status=0, action=0, availableSpace=30
10-12 11:11:34.196 5352-5437/? D/BtGatt.ScanManager: callback done for clientIf - 5 status - 0
10-12 11:11:34.196 5352-5468/? D/BtGatt.ScanManager: configureRegularScanParams() - queue=1
10-12 11:11:34.196 5352-5468/? I/BtGatt.ScanManager: custom scan scanMode = 100
10-12 11:11:34.196 5352-5468/? I/BtGatt.ScanManager: New scan mode custom scan scanInterval = 3120scanWindow = 55
10-12 11:11:34.196 5352-5468/? E/BtGatt.ScanManager: default value of curScanSetting 0 is choosen
10-12 11:11:34.196 5352-5468/? I/BtGatt.ScanManager: newScanMode = 1newcurScanSetting = 0
10-12 11:11:34.196 5352-5468/? I/BtGatt.ScanManager: comparing = 1 with = 0
10-12 11:11:34.196 5352-5468/? D/BtGatt.ScanManager: configureRegularScanParams() - ScanSetting Scan mode=100 mLastConfiguredScanSetting=-2147483648
10-12 11:11:34.196 5352-5468/? D/BtGatt.ScanManager: configureRegularScanParams - scanInterval = 4992configureRegularScanParams - scanWindow = 88
10-12 11:11:34.196 5352-5437/? D/BtGatt.GattService: onScanParamSetupCompleted() status=0, clientIf=5
10-12 11:11:34.196 5352-5437/? D/BtGatt.GattService: onScanParamSetupCompleted : 0
10-12 11:11:34.206 3004-3004/? D/SurfaceFlinger: Set power mode=1, type=0 flinger=0x7fb2403c00
10-12 11:11:34.206 3004-3004/? I/hwcomposer: int exynos_setPowerMode(hwc_composer_device_1*, int, int):: disp(0), mode(1)
10-12 11:11:34.216 3435-4802/? V/AlarmManager: remove PendingIntent] PendingIntent{85c036a: PendingIntentRecord{4d478c7 com.android.bluetooth broadcastIntent}}
10-12 11:11:34.216 3435-4808/? D/PowerManagerService: [api] acquire WakeLock flags=0x80 tag=Window:AOD uid=1000 pid=3435
10-12 11:11:34.226 3435-4343/? V/AlarmManager: remove PendingIntent] PendingIntent{633f05b: PendingIntentRecord{4d478c7 com.android.bluetooth broadcastIntent}}
10-12 11:11:34.226 3435-4643/? V/AlarmManager: remove PendingIntent] PendingIntent{8bb40f8: PendingIntentRecord{4d478c7 com.android.bluetooth broadcastIntent}}
10-12 11:11:34.236 3435-4803/? V/AlarmManager: remove PendingIntent] PendingIntent{d5669d1: PendingIntentRecord{4d478c7 com.android.bluetooth broadcastIntent}}
10-12 11:11:34.236 8339-8339/? E/SamsungIME: resetNeedToLoadHwrLibrary : 0
10-12 11:11:34.236 4758-4758/? D/DefaultClockView: Start AOD Enter Animation
10-12 11:11:34.236 3435-4200/? V/AlarmManager: remove PendingIntent] PendingIntent{aaeec36: PendingIntentRecord{4d478c7 com.android.bluetooth broadcastIntent}}
10-12 11:11:34.246 3435-3992/? V/AlarmManager: remove PendingIntent] PendingIntent{373737: PendingIntentRecord{4d478c7 com.android.bluetooth broadcastIntent}}
10-12 11:11:34.246 3435-4325/? V/AlarmManager: remove PendingIntent] PendingIntent{5df74a4: PendingIntentRecord{4d478c7 com.android.bluetooth broadcastIntent}}
10-12 11:11:34.256 3435-3474/? D/PowerManagerService: [api] acquire WakeLock flags=0x80 tag=Window:AOD uid=1000 pid=3435
10-12 11:11:34.266 3435-4643/? D/PowerManagerService: [api] acquire WakeLock flags=0x80 tag=Window:AOD uid=1000 pid=3435
10-12 11:11:34.266 3435-4200/? V/WindowStateAnimator: Finishing drawing window Window{c31806e u0 d0 com.sec.android.app.launcher/com.sec.android.app.launcher.activities.LauncherActivity}: mDrawState=HAS_DRAWN
10-12 11:11:34.266 3435-4133/? V/AlarmManager: remove PendingIntent] PendingIntent{86d20d: PendingIntentRecord{4d478c7 com.android.bluetooth broadcastIntent}}
10-12 11:11:34.266 3435-4325/? V/AlarmManager: remove PendingIntent] PendingIntent{7595c2: PendingIntentRecord{4d478c7 com.android.bluetooth broadcastIntent}}
10-12 11:11:34.276 3435-4343/? V/AlarmManager: remove PendingIntent] PendingIntent{bbe0fd3: PendingIntentRecord{4d478c7 com.android.bluetooth broadcastIntent}}
10-12 11:11:34.276 3435-3475/? V/AlarmManager: remove PendingIntent] PendingIntent{8f13710: PendingIntentRecord{4d478c7 com.android.bluetooth broadcastIntent}}
10-12 11:11:34.276 3435-4808/? D/PowerManagerService: [api] acquire WakeLock flags=0x80 tag=Window:AOD uid=1000 pid=3435
10-12 11:11:34.276 3435-3960/? V/AlarmManager: remove PendingIntent] PendingIntent{3db8209: PendingIntentRecord{4d478c7 com.android.bluetooth broadcastIntent}}
10-12 11:11:34.286 3435-4200/? V/AlarmManager: remove PendingIntent] PendingIntent{20b4c0e: PendingIntentRecord{4d478c7 com.android.bluetooth broadcastIntent}}
10-12 11:11:34.286 3435-4325/? V/AlarmManager: remove PendingIntent] PendingIntent{cfd62f: PendingIntentRecord{4d478c7 com.android.bluetooth broadcastIntent}}
10-12 11:11:34.296 3435-4343/? V/WindowStateAnimator: Finishing drawing window Window{605dc1a u0 d0 StatusBar}: mDrawState=DRAW_PENDING
10-12 11:11:34.296 3435-3474/? V/AlarmManager: remove PendingIntent] PendingIntent{31ab43c: PendingIntentRecord{4d478c7 com.android.bluetooth broadcastIntent}}
10-12 11:11:34.296 3435-4808/? V/AlarmManager: remove PendingIntent] PendingIntent{7b135c5: PendingIntentRecord{4d478c7 com.android.bluetooth broadcastIntent}}
10-12 11:11:34.296 3435-3960/? V/AlarmManager: remove PendingIntent] PendingIntent{341b1a: PendingIntentRecord{4d478c7 com.android.bluetooth broadcastIntent}}
10-12 11:11:34.306 3435-4200/? V/AlarmManager: remove PendingIntent] PendingIntent{68da64b: PendingIntentRecord{4d478c7 com.android.bluetooth broadcastIntent}}
10-12 11:11:34.306 3931-3931/? D/KeyguardCircleAffordanceView: setPreviewView: mRight=false,preview=android.widget.RelativeLayout{4e2414c I.E...... ......ID 0,0-0,0}
10-12 11:11:34.306 3931-3931/? V/KeyguardBottomAreaShortcutView: mLeftAffordanceView preview = android.widget.RelativeLayout{4e2414c I.E...... ......ID 0,0-0,0}
10-12 11:11:34.306 3931-3931/? D/KeyguardCircleAffordanceView: setPreviewView: mRight=true,preview=android.widget.AbsoluteLayout{1032595 I.E...... ......ID 0,0-0,0}
10-12 11:11:34.306 3931-3931/? V/KeyguardBottomAreaShortcutView: mRightAffordanceView preview = android.widget.AbsoluteLayout{1032595 I.E...... ......ID 0,0-0,0}
10-12 11:11:34.306 3931-3931/? D/KeyguardUpdateMonitor: handleKeyguardReset
10-12 11:11:34.306 3931-3931/? V/KeyguardFingerPrint: updateFingerprintListeningState(false)
10-12 11:11:34.306 3435-4825/? V/AlarmManager: remove PendingIntent] PendingIntent{bfcd828: PendingIntentRecord{4d478c7 com.android.bluetooth broadcastIntent}}
10-12 11:11:34.306 3931-3931/? D/KeyguardFingerPrint: shouldListenForFingerprint ( FingerPrint is not enabled. )
10-12 11:11:34.306 3931-3931/? V/KeyguardUpdateMonitor: stopListeningForFingerprint()
10-12 11:11:34.316 3931-3931/? D/PhoneStatusBar: adjustDisableFlags:false, false, true, false, false, 1
10-12 11:11:34.316 3931-3931/? D/PhoneStatusBar: disable: < expand ICONS alerts SYSTEM_INFO back HOME* RECENT* clock SEARCH* quick_settings
> 10-12 11:11:34.316 3931-3931/? D/ViewRootImpl: MSG_RESIZED_REPORT: ci=Rect(0, 0 - 0, 0) vi=Rect(0, 0 - 0, 0) or=1
10-12 11:11:34.316 3435-3992/? V/AlarmManager: remove PendingIntent] PendingIntent{b746941: PendingIntentRecord{4d478c7 com.android.bluetooth broadcastIntent}}
10-12 11:11:34.316 3435-4643/? V/AlarmManager: remove PendingIntent] PendingIntent{1e8cee6: PendingIntentRecord{4d478c7 com.android.bluetooth broadcastIntent}}
10-12 11:11:34.326 3435-4337/? V/AlarmManager: remove PendingIntent] PendingIntent{b0e5c27: PendingIntentRecord{4d478c7 com.android.bluetooth broadcastIntent}}
10-12 11:11:34.326 3435-4341/? V/AlarmManager: remove PendingIntent] PendingIntent{25b4ed4: PendingIntentRecord{4d478c7 com.android.bluetooth broadcastIntent}}
10-12 11:11:34.326 3435-4802/? V/AlarmManager: remove PendingIntent] PendingIntent{edd587d: PendingIntentRecord{4d478c7 com.android.bluetooth broadcastIntent}}
10-12 11:11:34.336 3435-3992/? V/AlarmManager: remove PendingIntent] PendingIntent{2e2f372: PendingIntentRecord{4d478c7 com.android.bluetooth broadcastIntent}}
10-12 11:11:34.336 4006-4006/? D/Recents: onTaskStackChanged
10-12 11:11:34.346 3435-4802/? V/AlarmManager: remove PendingIntent] PendingIntent{cfa93c3: PendingIntentRecord{4d478c7 com.android.bluetooth broadcastIntent}}
10-12 11:11:34.346 3931-3931/? D/KeyguardEffectViewController: onLayoutChange() v: com.android.keyguard.effect.EffectBehindView{abeda2e V.E...... ......I. 0,0-1440,2560 #7f0e0330 app:id/keyguard_effect_behind}, bottom : 2560, oldBottom : 2560
10-12 11:11:34.346 3435-4643/? V/AlarmManager: remove PendingIntent] PendingIntent{b888440: PendingIntentRecord{4d478c7 com.android.bluetooth broadcastIntent}}
10-12 11:11:34.346 3435-4808/? V/AlarmManager: remove PendingIntent] PendingIntent{aebff79: PendingIntentRecord{4d478c7 com.android.bluetooth broadcastIntent}}
10-12 11:11:34.356 3435-3992/? D/PackageManager: getComponentMetadataForIconTray : acr.browser.lightning.activity.MainActivity does not exist in mServices
10-12 11:11:34.356 3435-3992/? D/PackageManager: getComponentMetadataForIconTray : acr.browser.lightning.activity.MainActivity does not exist in mProviders
10-12 11:11:34.356 3435-3992/? D/PackageManager: getComponentMetadataForIconTray : acr.browser.lightning.activity.MainActivity does not exist in mReceivers
10-12 11:11:34.356 4006-4006/? I/ApplicationPackageManager: load=acr.browser.barebones, bg=192-192, dr=192-192
10-12 11:11:34.356 3435-4337/? V/AlarmManager: remove PendingIntent] PendingIntent{ee8d4be: PendingIntentRecord{4d478c7 com.android.bluetooth broadcastIntent}}
10-12 11:11:34.356 4006-4006/? I/ApplicationPackageManager: scaled rate=0.98086953, size=192, alpha=4, hold=26, target=192
10-12 11:11:34.376 3435-3474/? V/WindowStateAnimator: Finishing drawing window Window{605dc1a u0 d0 StatusBar}: mDrawState=READY_TO_SHOW
10-12 11:11:34.386 3931-3931/? D/Recents: handleProxyCall type=3
10-12 11:11:34.386 4006-4006/? D/Recents: handleProxyCall type=3
10-12 11:11:34.426 3435-3435/? D/PowerManagerService: [api] release WakeLock flags=0x80 tag=Window:AOD uid=1000 pid=3435 (0x0)
10-12 11:11:34.446 3004-3004/? D/libEGL: eglInitialize EGLDisplay = 0x7ff090b628
10-12 11:11:34.446 3435-3579/? D/SurfaceControl: Excessive delay in setPowerMode(): 269ms
10-12 11:11:34.446 3435-3579/? D/PowerManagerUtil: Excessive delay in !@display_state: DOZE: 271ms
10-12 11:11:34.446 3435-3579/? D/PowerManagerUtil: Excessive delay in DisplayManagerInternal.requestDesiredDisplayState: 271ms
10-12 11:11:34.446 3435-3569/? D/DisplayPowerController: animateScreenStateChange[0]: target=3
10-12 11:11:34.446 3435-3569/? I/libsuspend: !@autosuspend_wakeup_count_enable
10-12 11:11:34.446 3435-3569/? D/DisplayPowerController: [Dual Screen Compatible] state[0] :3
10-12 11:11:34.446 3435-3569/? I/libsuspend: !@autosuspend_wakeup_count_enable done
10-12 11:11:34.446 3435-3569/? D/DisplayPowerController: getFinalBrightness : Summary is 1 -> 1
10-12 11:11:34.446 3435-3569/? D/DisplayPowerController: Animating brightness: target=1, rate=2000 (PSM:false, AB limit:(-1 ~ -1) MB Limit:(-1 ~ -1))
10-12 11:11:34.446 3435-3569/? D/DisplayPowerController: animateScreenStateChange[0]: target=3
10-12 11:11:34.446 3435-3569/? D/DisplayPowerController: [Dual Screen Compatible] state[0] :3
10-12 11:11:34.456 3004-3004/? D/libEGL: eglInitialize EGLDisplay = 0x7ff090b628
10-12 11:11:34.446 3435-3569/? D/DisplayPowerController: getFinalBrightness : Summary is 1 -> 1
10-12 11:11:34.456 3004-3004/? D/libEGL: eglTerminate EGLDisplay = 0x7ff090b6b8
10-12 11:11:34.446 3435-3569/? D/DisplayPowerController: Animating brightness: target=1, rate=2000 (PSM:false, AB limit:(-1 ~ -1) MB Limit:(-1 ~ -1))
10-12 11:11:34.456 3004-3004/? D/libEGL: eglInitialize EGLDisplay = 0x7ff090b628
10-12 11:11:34.446 3435-3569/? D/PowerManagerService: [s] DisplayPowerCallbacks : onStateChanged()
10-12 11:11:34.446 3435-3569/? D/PowerManagerService: mDisplayReady: true
10-12 11:11:34.446 3435-3569/? D/PowerManagerService: [PWL] sb release: PowerManagerService.Display
10-12 11:11:34.456 4758-4758/? I/AlpmModeManager: handleAlpmModeOn: state = UNBLANK
10-12 11:11:34.456 4758-4758/? D/DefaultClockView: End AOD Enter Animation : ForceStopAnimation : false
10-12 11:11:34.456 4758-4758/? D/AODService: : state = Start AOD mode!!
10-12 11:11:34.456 3435-4825/? D/PowerManagerService: [api] acquire WakeLock flags=0x80 tag=Window:AOD uid=1000 pid=3435
10-12 11:11:34.466 3004-3004/? D/libEGL: eglInitialize EGLDisplay = 0x7ff090b628
10-12 11:11:34.466 3004-3004/? D/libEGL: eglInitialize EGLDisplay = 0x7ff090b628
10-12 11:11:34.476 4758-4758/? D/BatteryMeterView: onDraw batteryColor : -986896
10-12 11:11:34.476 3435-4341/? D/PowerManagerService: [api] acquire WakeLock flags=0x80 tag=Window:AOD uid=1000 pid=3435
10-12 11:11:34.476 3004-3004/? D/libEGL: eglInitialize EGLDisplay = 0x7ff090b628
10-12 11:11:34.536 3435-3799/? D/TimaService: TIMA: TimaService scheduler is intialized.
10-12 11:11:34.536 3435-3799/? D/TimaService: TIMA: checkEvent, operation: 50000 subject: 10000
10-12 11:11:34.536 3435-3798/? D/TimaService: TimaServiceHandler.handleMessage what =1
10-12 11:11:34.626 3435-3435/? D/PowerManagerService: [api] release WakeLock flags=0x80 tag=Window:AOD uid=1000 pid=3435 (0x0)
10-12 11:11:34.756 4758-4758/? I/AlpmModeManager: handleBlankDisplay: current state [ALPM_ON] to [ALPM_STATE_BLANK]
10-12 11:11:34.756 4758-4758/? V/AlpmModeManager: handleBlankDisplay: setDoze [DISPLAY_STATE_DOZE_SUSPEND] Keep bright
10-12 11:11:34.756 3435-3992/? I/PowerManagerService: [api] setDozeOverrideFromAod AlpmHlpmSysfs = -1, screenState = 4, Brightness = 0, wakefulness = false
10-12 11:11:34.756 3435-3992/? I/libsuspend: !@autosuspend_wakeup_count_disable
10-12 11:11:34.756 3435-3992/? D/PowerManagerService: setDozeModeBySysfs: value is -1 , we ignore it.
10-12 11:11:34.756 3435-3992/? I/libsuspend: !@autosuspend_wakeup_count_disable done
10-12 11:11:34.756 3435-3992/? D/PowerManagerService: mDisplayReady: false
10-12 11:11:34.756 3435-3569/? D/DisplayPowerController: animateScreenStateChange[0]: target=4
10-12 11:11:34.756 3435-3992/? D/PowerManagerService: [PWL] sb acquire: PowerManagerService.Display
10-12 11:11:34.756 3435-3569/? D/DisplayPowerController: [Dual Screen Compatible] state[0] :4
10-12 11:11:34.756 3435-3569/? D/DisplayPowerController: getFinalBrightness : Summary is 1 -> 1
10-12 11:11:34.766 3004-3004/? D/SurfaceFlinger: Set power mode=3, type=0 flinger=0x7fb2403c00
10-12 11:11:34.756 3435-3569/? D/DisplayPowerController: Animating brightness: target=1, rate=0 (PSM:false, AB limit:(-1 ~ -1) MB Limit:(-1 ~ -1))
10-12 11:11:34.766 3004-3004/? I/hwcomposer: int exynos_setPowerMode(hwc_composer_device_1*, int, int):: disp(0), mode(3)
10-12 11:11:34.756 3435-3579/? D/DisplayManagerService: !@display_state: DOZE -> DOZE_SUSPEND brightness: 1 -> 1
10-12 11:11:34.766 3435-3565/? I/DisplayManagerService: Display device changed state: "Built-in Screen", DOZE_SUSPEND
10-12 11:11:34.766 3435-3565/? I/DisplayManagerService: Display device changed state: "ActivityViewVirtualDisplay", DOZE_SUSPEND
10-12 11:11:34.776 3435-3569/? I/libsuspend: !@autosuspend_wakeup_count_enable
10-12 11:11:34.776 3435-3569/? D/DisplayPowerController: animateScreenStateChange[0]: target=4
10-12 11:11:34.776 3435-3569/? I/libsuspend: !@autosuspend_wakeup_count_enable done
10-12 11:11:34.776 3435-3569/? D/DisplayPowerController: [Dual Screen Compatible] state[0] :4
10-12 11:11:34.776 3435-3569/? D/DisplayPowerController: getFinalBrightness : Summary is 1 -> 1
10-12 11:11:34.776 3435-3569/? D/DisplayPowerController: Animating brightness: target=1, rate=0 (PSM:false, AB limit:(-1 ~ -1) MB Limit:(-1 ~ -1))
10-12 11:11:34.776 3435-3569/? D/DisplayPowerController: animateScreenStateChange[0]: target=4
10-12 11:11:34.776 3435-3569/? D/DisplayPowerController: [Dual Screen Compatible] state[0] :4
10-12 11:11:34.776 3435-3569/? D/DisplayPowerController: getFinalBrightness : Summary is 1 -> 1
10-12 11:11:34.776 3435-3569/? D/DisplayPowerController: Animating brightness: target=1, rate=0 (PSM:false, AB limit:(-1 ~ -1) MB Limit:(-1 ~ -1))
10-12 11:11:34.776 3435-3569/? D/PowerManagerService: [s] DisplayPowerCallbacks : onStateChanged()
10-12 11:11:34.776 3435-3569/? D/PowerManagerService: mDisplayReady: true
10-12 11:11:34.776 3435-3569/? D/PowerManagerService: [PWL] sb release: PowerManagerService.Display
10-12 11:11:35.956 3151-3585/? I/audio_hw_primary: do_out_standby +
10-12 11:11:35.976 3151-3585/? D/audio_hw_primary: output_devices devices:0
10-12 11:11:35.976 3151-3585/? D/audio_hw_primary: output_devices devices:0
10-12 11:11:35.976 3151-3585/? V/audio_hw_primary: select_devices output_scenario:-1 input_scenario:-1 out_snd_device 0x0 in_snd_device:0x0
10-12 11:11:35.976 3151-3585/? I/audio_hw_primary: set_spk_rx_mute mute(1), rx val=0
10-12 11:11:35.976 3151-3585/? I/audio_route: > audio_route_reset :
10-12 11:11:35.976 3151-3585/? I/audio_route: > audio_route_update_mixer : +
10-12 11:11:35.996 3151-3585/? I/audio_route: > audio_route_update_mixer : changed(2) -
10-12 11:11:35.996 3151-3585/? I/audio_hw_primary: select_devices -
10-12 11:11:35.996 3151-3585/? I/audio_hw_primary: do_out_standby -