10-12 11:05:31.156 3435-3809/? I/CAE: parse(SensorHubParserProvider.java:188) - buffer size = 4
10-12 11:05:31.156 3435-3809/? I/CAE: parse(SensorHubParserProvider.java:199) - 1, 1, 7, -1,
10-12 11:05:31.156 3435-3809/? D/CAE: display(ContextProvider.java:375) - ================= AUTO_ROTATION =================
10-12 11:05:31.156 3435-3809/? I/CAE: display(ContextProvider.java:391) - Angle=[-1]
10-12 11:05:31.156 3435-3812/? D/SContextService: updateSContext() : event = Auto Rotation
10-12 11:05:31.156 3435-3435/? V/WindowOrientationListener: OrientationSensorJudge.onSContextChanged, Rotation: -1
10-12 11:05:31.266 3158-3198/? D/Sensorhubs: readContextData: 1, 1, 7, 0
10-12 11:05:31.266 3435-3810/? D/SensorHubManager: onGetSensorHubDataLocked: library(4) = 1, 1, 7, 0
10-12 11:05:31.266 3435-3809/? D/CAE: onGetSensorHubData(SensorHubParserProvider.java:92) - onGetSensorHubData Event [event buffer len :4], AP_WAKEUP
10-12 11:05:31.266 3435-3809/? I/CAE: parse(SensorHubParserProvider.java:188) - buffer size = 4
10-12 11:05:31.276 3435-3809/? I/CAE: parse(SensorHubParserProvider.java:199) - 1, 1, 7, 0,
10-12 11:05:31.276 3435-3809/? D/CAE: display(ContextProvider.java:375) - ================= AUTO_ROTATION =================
10-12 11:05:31.276 3435-3809/? I/CAE: display(ContextProvider.java:391) - Angle=[0]
10-12 11:05:31.276 3435-3812/? D/SContextService: updateSContext() : event = Auto Rotation
10-12 11:05:31.276 3435-3435/? V/WindowOrientationListener: OrientationSensorJudge.onSContextChanged, Rotation: 0
10-12 11:05:31.276 3435-3541/? V/WindowOrientationListener: OrientationSensorJudge.getProposedRotation, Rotation: 0
10-12 11:05:31.276 3435-3541/? V/WindowManager: rotationForOrientationLw(orient=1, last=0); user=0 sensorRotation=0 mLidState=-1 mDockMode=0 mHdmiPlugged=false mMobileKeyboardEnabled=false displayId=0
10-12 11:05:31.276 3435-3541/? V/WindowOrientationListener: OrientationSensorJudge.getProposedRotation, Rotation: 0
10-12 11:05:31.526 3435-3821/? D/InputReader: Input event(4): value=1 when=8950275915000
10-12 11:05:31.526 3435-3821/? D/InputReader: Input event(4): value=1 when=8950275915000
10-12 11:05:31.526 3435-3821/? I/InputReader: Touch event's action is 0x0 (deviceType=0) [pCnt=1, s=0.555 ] when=8950275915000
10-12 11:05:31.526 3435-3821/? D/InputReader: lastThreadEndTime = 8945949845369, currentThreadStartTime = 8945949849715, diff = 0
10-12 11:05:31.526 3435-3820/? I/InputDispatcher: Delivering touch to (3931): action: 0x4, toolType: 1
10-12 11:05:31.526 3435-3820/? I/InputDispatcher: Delivering touch to (4327): action: 0x0, toolType: 1
10-12 11:05:31.526 3435-3820/? I/InputDispatcher: Delivering touch to (3931): action: 0x0, toolType: 1
10-12 11:05:31.526 4327-4327/? D/ViewRootImpl: ViewPostImeInputStage processPointer 0
10-12 11:05:31.536 3435-4325/? D/CustomFrequencyManagerService: acquireDVFSLockLocked : type : DVFS_MIN_LIMIT frequency : 1248000 uid : 1000 pid : 3435 pkgName : com.sec.android.app.launcher@1
10-12 11:05:31.536 4327-4327/? D/capture: ----destroy
10-12 11:05:31.536 4327-4327/? I/Launcher.HomeView: stopCaptureByItemClick
10-12 11:05:31.556 4327-4327/? I/Launcher.PagedView: determineScrollingStart : mTouchState=0, mIsPageMoving=false
10-12 11:05:31.566 3435-3821/? D/InputReader: Input event(4): value=0 when=8950315274000
10-12 11:05:31.566 3435-3821/? D/InputReader: Input event(4): value=0 when=8950315274000
10-12 11:05:31.566 3435-3821/? I/InputReader: Touch event's action is 0x1 (deviceType=0) [pCnt=1, s=] when=8950315274000
10-12 11:05:31.566 3435-3820/? I/InputDispatcher: Delivering touch to (4327): action: 0x1, toolType: 1
10-12 11:05:31.566 3435-3820/? I/InputDispatcher: Delivering touch to (3931): action: 0x1, toolType: 1
10-12 11:05:31.566 4327-4327/? I/Launcher.PagedView: determineScrollingStart : mTouchState=0, mIsPageMoving=false
10-12 11:05:31.566 4327-4327/? D/ViewRootImpl: ViewPostImeInputStage processPointer 1
10-12 11:05:31.566 3435-3992/? D/CustomFrequencyManagerService: releaseDVFSLockLocked : Getting Lock type frm List : DVFS_MIN_LIMIT frequency : 1248000 uid : 1000 pid : 3435 tag : com.sec.android.app.launcher@1
10-12 11:05:31.576 3435-4825/? D/CustomFrequencyManagerService: acquireDVFSLockLocked : type : DVFS_MIN_LIMIT frequency : 2600000 uid : 1000 pid : 3435 pkgName : LAUNCHER_APP_BOOSTER_CPU@14
10-12 11:05:31.586 4327-4327/? I/Timeline: Timeline: Activity_launch_request id:acr.browser.barebones time:8950330
10-12 11:05:31.586 3435-4341/? D/VirtualScreenPolicy: applyVirtualScreenAttrs attrs=VirtualScreenAttrs{mDisplayId=0, mBaseDisplayId=0, mBaseActivity=false}
10-12 11:05:31.586 3435-4341/? W/ResourcesManager: getTopLevelResources: /data/app/acr.browser.barebones-1/base.apk / 1.0 running in null rsrc of package acr.browser.barebones
10-12 11:05:31.586 3435-4341/? D/ResourcesManager: For user 0 new overlays fetched Null
10-12 11:05:31.586 3435-4341/? D/GameManagerService: identifyGamePackage. acr.browser.barebones
10-12 11:05:31.586 3435-4341/? D/MultiWindowPolicy: Gamemode - return 0, when calling identifyForegroundApp(acr.browser.barebones)
10-12 11:05:31.586 3435-4341/? D/CustomFrequencyManagerService: acquireDVFSLockLocked : type : DVFS_MIN_LIMIT frequency : 1872000 uid : 1000 pid : 3435 pkgName : ACTIVITY_RESUME_BOOSTER@3
10-12 11:05:31.586 3435-4341/? D/ActivityManager: mDVFSHelper.acquire()
10-12 11:05:31.586 3435-4341/? D/FocusedStackFrame: Set to : 0
10-12 11:05:31.586 3435-4341/? V/WindowManager: addAppToken: AppWindowToken{d0f377b13 token=Token{610a602 ActivityRecord{cdefb4d u0 acr.browser.barebones/acr.browser.lightning.activity.MainActivity t32}}} to stack=2 task=32 at 0
10-12 11:05:31.586 3435-4341/? D/InputDispatcher: Focused application set to: xxxx
10-12 11:05:31.586 3435-4341/? D/InputDispatcher: Focus left window: 4327
10-12 11:05:31.586 3435-3565/? D/ViewRootImpl: #1 mView = com.android.internal.policy.PhoneWindow$DecorView{73d4705 V.E...... R.....ID 0,0-0,0}
10-12 11:05:31.586 3435-3565/? D/SecWifiDisplayUtil: Metadata value : SecSettings2
10-12 11:05:31.586 3435-3565/? D/ISSUE_DEBUG: InputChannelName : 3e1398b Starting acr.browser.barebones
10-12 11:05:31.586 3435-3565/? D/PointerIcon: setMouseIconStyle1 pointerType: 1001 iconType:101 flag:0 pid:3435 uid:1000
10-12 11:05:31.586 3435-3565/? D/PointerIcon: setMouseCustomIcon IconType is same.101
10-12 11:05:31.596 4327-4327/? D/Launcher: onPause, Launcher: 61231026
10-12 11:05:31.596 4327-4327/? D/Launcher.HomeView: onPause
10-12 11:05:31.596 4327-4327/? D/Launcher.Workspace: exitWidgetResizeMode. isClearResizeFrame is false
10-12 11:05:31.596 3435-3540/? V/BroadcastQueue: [background] Process cur broadcast BroadcastRecord{2f00a68 u0 com.samsung.android.providers.context.log.action.USE_APP_FEATURE_SURVEY qIdx=4}, state= (APP_RECEIVE) DELIVERED for app ProcessRecord{66cefe7 5380:com.samsung.android.providers.context/u0a7}
10-12 11:05:31.606 29809-29809/? E/Zygote: v2
10-12 11:05:31.606 29809-29809/? I/libpersona: KNOX_SDCARD checking this for 10207
10-12 11:05:31.606 29809-29809/? I/libpersona: KNOX_SDCARD not a persona
10-12 11:05:31.606 29809-29809/? I/SELinux: Function: selinux_compare_spd_ram, index[1], SPD-policy is existed. and_ver=SEPF_SECMOBILE_6.0.1 ver=11
10-12 11:05:31.606 29809-29809/? W/SELinux: Function: selinux_compare_spd_ram, index[1], priority [2], priority version is VE=SEPF_SECMOBILE_6.0.1_0013
10-12 11:05:31.606 29809-29809/? E/Zygote: accessInfo : 0
10-12 11:05:31.606 29809-29809/? W/SELinux: SELinux: seapp_context_lookup: seinfo=default, level=s0:c512,c768, pkgname=acr.browser.barebones
10-12 11:05:31.606 3435-3992/? I/ActivityManager: Start proc 29809:acr.browser.barebones/u0a207 for activity acr.browser.barebones/acr.browser.lightning.activity.MainActivity
10-12 11:05:31.606 3004-3004/? I/SurfaceFlinger: id=389 createSurf (1440x2560),1 flag=404, carebones
10-12 11:05:31.606 3435-3565/? D/ViewRootImpl: MSG_RESIZED_REPORT: ci=Rect(0, 96 - 0, 0) vi=Rect(0, 96 - 0, 0) or=1
10-12 11:05:31.606 3435-3846/? D/NetworkPolicy: isUidForegroundLocked: 10207, mScreenOn: true, uidstate: -1, mProxSensorScreenOff: false
10-12 11:05:31.616 3435-4803/? V/BroadcastQueue: [background] Process cur broadcast BroadcastRecord{7d04e81 u0 android.intent.action.PACKAGE_FIRST_LAUNCH qIdx=4}, state= (APP_RECEIVE) DELIVERED for app ProcessRecord{2f6162d 29423:com.android.vending/u0a32}
10-12 11:05:31.616 29423-29423/? I/Finsky: [1] com.google.android.finsky.utils.bo.d(490): Package first launch for acr.browser.barebones
10-12 11:05:31.616 3435-3846/? D/NetworkPolicy: isUidForegroundLocked: 10207, mScreenOn: true, uidstate: 16, mProxSensorScreenOff: false
10-12 11:05:31.616 29809-29809/? D/TimaKeyStoreProvider: TimaSignature is unavailable
10-12 11:05:31.616 29809-29809/? D/ActivityThread: Added TimaKeyStore provider
10-12 11:05:31.626 3435-3474/? V/WindowOrientationListener: setCurrentAppOrientation :-1
10-12 11:05:31.626 3435-3474/? V/WindowOrientationListener: OrientationSensorJudge.getProposedRotation, Rotation: 0
10-12 11:05:31.626 3435-3474/? V/WindowManager: rotationForOrientationLw(orient=-1, last=0); user=0 sensorRotation=0 mLidState=-1 mDockMode=0 mHdmiPlugged=false mMobileKeyboardEnabled=false displayId=0
10-12 11:05:31.626 3435-3474/? V/WindowOrientationListener: OrientationSensorJudge.getProposedRotation, Rotation: 0
10-12 11:05:31.626 3435-3474/? D/ActivityManager: Launching acr.browser.barebones, updated priority
10-12 11:05:31.626 29423-29423/? I/Finsky: [1] com.google.android.finsky.utils.bn.run(2366): Backfilling empty external referrer for acr.browser.barebones
10-12 11:05:31.626 3435-3435/? D/GameManagerService: NotifyRunnable. pkg: acr.browser.barebones, type: 4, isMinimized: false, isTunableApp: false
10-12 11:05:31.626 3435-3565/? V/WindowStateAnimator: Finishing drawing window Window{3e1398b u0 d0 Starting acr.browser.barebones}: mDrawState=DRAW_PENDING
10-12 11:05:31.636 29809-29809/? W/ResourcesManager: getTopLevelResources: /data/app/acr.browser.barebones-1/base.apk / 1.0 running in acr.browser.barebones rsrc of package acr.browser.barebones
10-12 11:05:31.636 3435-4337/? I/InjectionManagerService -AppFeature: getCoreFeaturePkgList :[]
10-12 11:05:31.636 29809-29809/? I/InjectionManager: Inside getClassLibPath + mLibMap{0=, 1=}
10-12 11:05:31.636 29809-29809/? D/ResourcesManager: For user 0 new overlays fetched Null
10-12 11:05:31.636 3435-3540/? V/MARsPolicyManager: updatePackagesScore PackageInfo name -- acr.browser.barebones
10-12 11:05:31.636 3004-3004/? D/libEGL: eglInitialize EGLDisplay = 0x7ff090b628
10-12 11:05:31.636 3435-3541/? D/StatusBarManagerService: manageDisableList userId=0 what=0x0 pkg=Window{3e1398b u0 d0 Starting acr.browser.barebones}
10-12 11:05:31.636 3435-3846/? D/NetworkPolicy: isUidForegroundLocked: 10207, mScreenOn: true, uidstate: 2, mProxSensorScreenOff: false
10-12 11:05:31.636 29809-29809/? I/InjectionManager: Inside getClassLibPath caller
10-12 11:05:31.636 3004-3015/? I/SurfaceFlinger: Modify Choreographer's phase offset to 0
10-12 11:05:31.636 3004-3013/? I/SurfaceFlinger: Modify SurfaceFlinger's phase offset to 0
10-12 11:05:31.646 3004-4502/? D/libEGL: eglTerminate EGLDisplay = 0x7faa2ffe78
10-12 11:05:31.646 3004-4502/? D/libEGL: eglTerminate EGLDisplay = 0x7faa2ffe78
10-12 11:05:31.646 3435-6368/? D/GameManagerService: identifyGamePackage. acr.browser.barebones
10-12 11:05:31.646 3435-6368/? D/GameManagerService: identifyGamePackage. acr.browser.barebones
10-12 11:05:31.646 29809-29809/? D/InjectionManager: InjectionManager
10-12 11:05:31.646 29809-29809/? D/InjectionManager: fillFeatureStoreMap acr.browser.barebones
10-12 11:05:31.646 29809-29809/? I/InjectionManager: Constructor acr.browser.barebones, Feature store :{}
10-12 11:05:31.646 29809-29809/? I/InjectionManager: featureStore :{}
10-12 11:05:31.646 3931-4137/? D/NetworkController.MobileSignalController(0/2147483643): onSignalStrengthsChanged signalStrength=SignalStrength: 9 99 -9 -200 -9 -200 -1 99 2147483647 2147483647 2147483647 2147483647 2147483647 0x4 gsm|lte level=4
10-12 11:05:31.646 3931-4137/? D/NetworkController.MobileSignalController(0/2147483643): getMobileIconGroup(): 0
10-12 11:05:31.656 29809-29809/? W/ResourcesManager: getTopLevelResources: /data/app/acr.browser.barebones-1/base.apk / 1.0 running in acr.browser.barebones rsrc of package acr.browser.barebones
10-12 11:05:31.656 3435-6368/? D/ConnectivityService: returning getNetworkInfo for network type 1 : [type: WIFI[] - WIFI, state: CONNECTED/CONNECTED, reason: (unspecified), extra: "WLAN-198160", roaming: false, failover: false, isAvailable: true]
10-12 11:05:31.656 3435-6368/? D/ConnectivityService: returning getNetworkInfo for network type 1 : [type: WIFI[] - WIFI, state: CONNECTED/CONNECTED, reason: (unspecified), extra: "WLAN-198160", roaming: false, failover: false, isAvailable: true]
10-12 11:05:31.656 29809-29809/? D/ContextRelationManager: ContextRelationManager() : FEATURE_ENABLED=true
10-12 11:05:31.656 29809-29809/? D/RelationGraph: garbageCollect()
10-12 11:05:31.656 29809-29809/? W/ResourcesManager: getTopLevelResources: /data/app/acr.browser.barebones-1/base.apk / 1.0 running in acr.browser.barebones rsrc of package acr.browser.barebones
10-12 11:05:31.656 3435-6368/? D/GameManagerService: identifyGamePackage. acr.browser.barebones
10-12 11:05:31.666 3435-6368/? D/ConnectivityService: returning getNetworkInfo for network type 1 : [type: WIFI[] - WIFI, state: CONNECTED/CONNECTED, reason: (unspecified), extra: "WLAN-198160", roaming: false, failover: false, isAvailable: true]
10-12 11:05:31.666 3435-6368/? D/GameManagerService: identifyGamePackage. acr.browser.barebones
10-12 11:05:31.666 3435-6368/? D/GameManagerService: identifyGamePackage. acr.browser.barebones
10-12 11:05:31.716 29809-29809/? D/Activity: performCreate Call Injection manager
10-12 11:05:31.736 29809-29809/? D/AbsListView: Get MotionRecognitionManager
10-12 11:05:31.736 29809-29809/? E/MotionRecognitionManager: mSContextService = android.hardware.scontext.ISContextService$Stub$Proxy@e7203ae
10-12 11:05:31.736 29809-29809/? E/MotionRecognitionManager: motionService = com.samsung.android.motion.IMotionRecognitionService$Stub$Proxy@a3ec54f
10-12 11:05:31.736 29809-29809/? E/MotionRecognitionManager: motionService = com.samsung.android.motion.IMotionRecognitionService$Stub$Proxy@a3ec54f
10-12 11:05:31.736 3435-4337/? D/MotionRecognitionService: ssp status : true
10-12 11:05:31.736 29809-29809/? I/InjectionManager: dispatchOnViewCreated > Target : acr.browser.lightning.activity.MainActivity isFragment :false
10-12 11:05:31.746 29809-29827/? I/WebViewFactory: Loading com.google.android.webview version 53.0.2785.124 (code 278512450)
10-12 11:05:31.746 29809-29809/? D/SecWifiDisplayUtil: Metadata value : SecSettings2
10-12 11:05:31.756 29809-29809/? D/ViewRootImpl: #1 mView = com.android.internal.policy.PhoneWindow$DecorView{86ebd27 I.E...... R.....ID 0,0-0,0}
10-12 11:05:31.756 29809-29828/? D/OpenGLRenderer: Use EGL_SWAP_BEHAVIOR_PRESERVED: true
10-12 11:05:31.756 3435-4325/? D/ISSUE_DEBUG: InputChannelName : 28238fe acr.browser.barebones/acr.browser.lightning.activity.MainActivity
10-12 11:05:31.756 3435-4337/? D/ActivityManager: post active user change for 0 fullscreen true isFloatingActivity() false isHomeActivity() false
10-12 11:05:31.756 3435-4337/? D/KnoxTimeoutHandler: postActiveUserChange [MsgParam] userId: 0 fullscreen is true showWhenlocked is false
10-12 11:05:31.756 3435-3435/? D/KnoxTimeoutHandler: handleActiveUserChange [MsgParam] userId: 0 fullscreen is true showWhenlocked is false
10-12 11:05:31.756 3435-3435/? I/KnoxTimeoutHandler: Shared devices show user statefalse
10-12 11:05:31.756 29809-29825/? E/Lightning: Unable to read bundle from storage
10-12 11:05:31.756 29809-29825/? W/System.err: remove failed: ENOENT (No such file or directory) : /data/user/0/acr.browser.barebones/files/SAVED_TABS.parcel
10-12 11:05:31.766 29809-29827/? W/ResourcesManager: getTopLevelResources: /data/app/com.google.android.webview-1/base.apk / 1.0 running in acr.browser.barebones rsrc of package com.google.android.webview
10-12 11:05:31.766 29809-29827/? D/ResourcesManager: For user 0 new overlays fetched Null
10-12 11:05:31.766 29809-29827/? I/InjectionManager: Inside getClassLibPath caller
10-12 11:05:31.766 29809-29827/? I/art: Rejecting re-init on previously-failed class java.lang.Class
10-12 11:05:31.766 29809-29827/? I/art: Rejecting re-init on previously-failed class java.lang.Class
10-12 11:05:31.766 29809-29827/? I/art: Rejecting re-init on previously-failed class java.lang.Class
10-12 11:05:31.766 29809-29827/? I/art: Rejecting re-init on previously-failed class java.lang.Class
10-12 11:05:31.776 29809-29827/? I/cr_LibraryLoader: Time to load native libraries: 1 ms (timestamps 521-522)
10-12 11:05:31.776 29809-29827/? I/cr_LibraryLoader: Expected native library version number "53.0.2785.124", actual native library version number "53.0.2785.124"
10-12 11:05:31.776 3004-3004/? I/SurfaceFlinger: id=390 createSurf (1440x2560),1 flag=404, NainActivit
10-12 11:05:31.776 3435-3541/? D/StatusBarManagerService: manageDisableList userId=0 what=0x0 pkg=Window{28238fe u0 d0 acr.browser.barebones/acr.browser.lightning.activity.MainActivity}
10-12 11:05:31.776 3931-3931/? D/PhoneStatusBar: setSystemUiVisibility vis=8700 mask=ffffffff oldVal=8600 newVal=8700 diff=100
10-12 11:05:31.776 3435-3475/? D/InputDispatcher: Focus entered window: 29809
10-12 11:05:31.786 3435-3565/? D/PointerIcon: setMouseIconStyle1 pointerType: 1001 iconType:101 flag:0 pid:3435 uid:1000
10-12 11:05:31.786 3435-3565/? D/PointerIcon: setMouseCustomIcon IconType is same.101
10-12 11:05:31.786 29809-29831/? W/System.err: remove failed: ENOENT (No such file or directory) : /data/user/0/acr.browser.barebones/shared_prefs/WebViewChromiumPrefs.xml.bak
10-12 11:05:31.786 29809-29828/? D/libEGL: eglInitialize EGLDisplay = 0xea4a47c4
10-12 11:05:31.786 29809-29828/? I/OpenGLRenderer: Initialized EGL, version 1.4
10-12 11:05:31.786 29809-29828/? D/mali_winsys: EGLint new_window_surface(egl_winsys_display*, void*, EGLSurface, EGLConfig, egl_winsys_surface**, egl_color_buffer_format*, EGLBoolean) returns 0x3000, [1440x2560]-format:1
10-12 11:05:31.806 29809-29850/? I/System.out: (HTTPLog)-Static: isSBSettingEnabled false
10-12 11:05:31.806 29809-29849/? I/System.out: (HTTPLog)-Static: isSBSettingEnabled false
10-12 11:05:31.806 29809-29848/? I/System.out: (HTTPLog)-Static: isSBSettingEnabled false
10-12 11:05:31.806 29809-29850/? I/System.out: (HTTPLog)-Static: isSBSettingEnabled false
10-12 11:05:31.806 29809-29849/? I/System.out: (HTTPLog)-Static: isSBSettingEnabled false
10-12 11:05:31.806 29809-29847/? I/System.out: (HTTPLog)-Static: isSBSettingEnabled false
10-12 11:05:31.806 29809-29848/? I/System.out: (HTTPLog)-Static: isSBSettingEnabled false
10-12 11:05:31.806 29809-29847/? I/System.out: (HTTPLog)-Static: isSBSettingEnabled false
10-12 11:05:31.806 29809-29809/? V/WebViewChromiumFactoryProvider: Binding Chromium to main looper Looper (main, tid 1) {c61d90f}
10-12 11:05:31.806 29809-29809/? I/cr_LibraryLoader: Expected native library version number "53.0.2785.124", actual native library version number "53.0.2785.124"
10-12 11:05:31.806 29809-29809/? I/chromium: [INFO:library_loader_hooks.cc(151)] Chromium logging enabled: level = 0, default verbosity = 0
10-12 11:05:31.806 3143-3708/? D/EnterpriseController: netId is 0
10-12 11:05:31.806 3143-3708/? D/Netd: getNetworkForDns: using netid 502 for uid 10207
10-12 11:05:31.806 3143-3708/? D/EnterpriseController: netId is 0
10-12 11:05:31.806 3143-3708/? D/Netd: getNetworkForDns: using netid 502 for uid 10207
10-12 11:05:31.806 3143-3708/? D/EnterpriseController: netId is 0
10-12 11:05:31.806 3143-3708/? D/Netd: getNetworkForDns: using netid 502 for uid 10207
10-12 11:05:31.806 3143-3708/? D/EnterpriseController: netId is 0
10-12 11:05:31.806 3143-3708/? D/Netd: getNetworkForDns: using netid 502 for uid 10207
10-12 11:05:31.816 29809-29809/? I/cr_BrowserStartup: Initializing chromium process, singleProcess=true
10-12 11:05:31.826 29809-29809/? D/libEGL: eglInitialize EGLDisplay = 0xffd0e28c
10-12 11:05:31.846 3435-4341/? D/ActivityManager: The following uid has registered to recieve broadcast for proxy related updates 10207
10-12 11:05:31.846 3435-4341/? W/ContextImpl: Calling a method in the system process without a qualified user: android.app.ContextImpl.sendBroadcast:845 com.android.server.am.ActivityManagerService.requestKnoxVpnToSendProxyBroadcast:29734 com.android.server.am.ActivityManagerService.registerReceiver:22599 android.app.ActivityManagerNative.onTransact:431 com.android.server.am.ActivityManagerService.onTransact:3990
10-12 11:05:31.856 29809-29862/? W/cr_media: Requires BLUETOOTH permission
10-12 11:05:31.866 29809-29809/? D/ConnectivityManager: requestNetwork; getAppId(CallingUid) : 10207, CallingPid : 29809
10-12 11:05:31.876 3435-4808/? D/ConnectivityService: listenForNetwork for Listen from uid/pid:10207/29809 for NetworkRequest [ id=33, legacyType=-1, [ Capabilities: INTERNET&NOT_RESTRICTED&TRUSTED] ]
10-12 11:05:31.876 3435-3858/? D/ConnectivityService: rematching NetworkAgentInfo [WIFI () - 502]
10-12 11:05:31.876 3435-3858/? D/ConnectivityService: network has: NetworkAgentInfo{ ni{[type: WIFI[] - WIFI, state: CONNECTED/CONNECTED, reason: (unspecified), extra: "WLAN-198160", roaming: false, failover: false, isAvailable: true]} network{502} lp{{InterfaceName: wlan0 LinkAddresses: [fe80::ae5f:3eff:fe5a:4d38/64,192.168.2.117/24,2003:7a:4d12:82ae:ae5f:3eff:fe5a:4d38/64,2003:7a:4d12:82ae:bc25:b0a4:9c17:85bc/64,] Routes: [fe80::/64 -> :: wlan0,::/0 -> fe80::1 wlan0,2003:7a:4d12:82ae::/64 -> :: wlan0,192.168.2.0/24 -> 0.0.0.0 wlan0,0.0.0.0/0 -> 192.168.2.1 wlan0,] DnsAddresses: [192.168.2.1,] Domains: Speedport_W_921V_1_39_000 MTU: 0 TcpBufferSizes: 524288,1048576,2097120,524288,1048576,4194240}} nc{[ Transports: WIFI Capabilities: INTERNET&NOT_RESTRICTED&TRUSTED&NOT_VPN&VALIDATED LinkUpBandwidth>=1048576Kbps LinkDnBandwidth>=1048576Kbps SignalStrength: -62]} Score{60} everValidated{true} lastValidated{true} created{true} lingering{false} explicitlySelected{false} acceptUnvalidated{false} everCaptivePortalDetected{false} lastCaptivePortalDetected{false} }
10-12 11:05:31.876 3435-3858/? D/ConnectivityService: Network NetworkAgentInfo [WIFI () - 502] was already satisfying request 1. No change.
10-12 11:05:31.876 3435-3858/? D/ConnectivityService: checking if request is: NetworkRequest [ id=10, legacyType=-1, [ Capabilities: INTERNET&NOT_RESTRICTED&TRUSTED&NOT_VPN] ] satisfies: true nri.isRequest: false
10-12 11:05:31.876 3435-3858/? D/ConnectivityService: checking if request is: NetworkRequest [ id=3, legacyType=-1, [] ] satisfies: true nri.isRequest: false
10-12 11:05:31.876 3435-3858/? D/ConnectivityService: checking if request is: NetworkRequest [ id=4, legacyType=-1, [ Transports: CELLULAR Capabilities: INTERNET&NOT_RESTRICTED&TRUSTED&NOT_VPN] ] satisfies: false nri.isRequest: false
10-12 11:05:31.886 3435-3858/? D/ConnectivityService: checking if request is: NetworkRequest [ id=32, legacyType=-1, [ Capabilities: INTERNET&NOT_RESTRICTED&TRUSTED] ] satisfies: true nri.isRequest: false
10-12 11:05:31.886 29809-29809/? W/cr_AwContents: onDetachedFromWindow called when already detached. Ignoring
10-12 11:05:31.886 29809-29809/? D/ConnectivityManager: unregisterNetworkCallback; CallingUid : 10207, CallingPid : 29809
10-12 11:05:31.886 3435-3858/? D/ConnectivityService: checking if request is: NetworkRequest [ id=33, legacyType=-1, [ Capabilities: INTERNET&NOT_RESTRICTED&TRUSTED] ] satisfies: true nri.isRequest: false
10-12 11:05:31.886 3435-3870/? D/MdnieScenarioControlService: packageName : acr.browser.barebones className : acr.browser.lightning.activity.MainActivity
10-12 11:05:31.886 3435-3858/? D/ConnectivityService: checking if request is: NetworkRequest [ id=5, legacyType=-1, [ Transports: WIFI Capabilities: INTERNET&NOT_RESTRICTED&TRUSTED&NOT_VPN] ] satisfies: true nri.isRequest: false
10-12 11:05:31.886 3435-3858/? D/ConnectivityService: sending notification AVAILABLE for NetworkRequest [ id=33, legacyType=-1, [ Capabilities: INTERNET&NOT_RESTRICTED&TRUSTED] ]
10-12 11:05:31.886 3435-3858/? D/ConnectivityService: releasing NetworkRequest NetworkRequest [ id=33, legacyType=-1, [ Capabilities: INTERNET&NOT_RESTRICTED&TRUSTED] ]
10-12 11:05:31.886 3435-3858/? D/ConnectivityService: sending notification RELEASED for NetworkRequest [ id=33, legacyType=-1, [ Capabilities: INTERNET&NOT_RESTRICTED&TRUSTED] ]
10-12 11:05:31.896 29809-29809/? I/InjectionManager: dispatchCreateOptionsMenu :acr.browser.lightning.activity.MainActivity
10-12 11:05:31.896 29809-29809/? I/InjectionManager: dispatchPrepareOptionsMenu :acr.browser.lightning.activity.MainActivity
10-12 11:05:31.896 29809-29809/? W/DisplayListCanvas: DisplayListCanvas is started on unbinded RenderNode (without mOwningView)
10-12 11:05:31.896 29809-29828/? D/libGLESv1: DTS_GLAPI : DTS is not allowed for Package : acr.browser.barebones
10-12 11:05:31.966 3435-4803/? V/WindowStateAnimator: Finishing drawing window Window{28238fe u0 d0 acr.browser.barebones/acr.browser.lightning.activity.MainActivity}: mDrawState=DRAW_PENDING
10-12 11:05:31.966 29809-29809/? D/ViewRootImpl: MSG_RESIZED_REPORT: ci=Rect(0, 96 - 0, 0) vi=Rect(0, 96 - 0, 0) or=1
10-12 11:05:31.966 3435-4808/? D/InputMethodManagerService: windowGainedFocus mCurrentFocusedUserId - 0 and mSecureKeypadEnabled-false
10-12 11:05:31.976 3435-3565/? D/KnoxTimeoutHandler: notifyActivityDrawn [MsgParam] userId: 0 fullscreen is true showWhenlocked is false
10-12 11:05:31.976 3435-3565/? I/ActivityManager: Displayed acr.browser.barebones/acr.browser.lightning.activity.MainActivity: +378ms (total +11m12s720ms)
10-12 11:05:31.976 3435-3435/? D/KnoxTimeoutHandler: activityDrawn [MsgParam] userId: 0 fullscreen is true showWhenlocked is false
10-12 11:05:31.976 3435-3565/? D/ViewRootImpl: #3 mView = null
10-12 11:05:31.976 3435-3435/? I/KnoxTimeoutHandler: SD activityfalse
10-12 11:05:31.976 8339-8339/? D/SamsungIME: IMPL finishInput
10-12 11:05:31.976 8339-8339/? D/SamsungIME: SwiftKeyWrapper writeDBdataToFileOnFinishInput
10-12 11:05:31.976 8339-8339/? D/SamsungIME: saveAndClear +
10-12 11:05:31.976 8339-8339/? D/SamsungIME: saveAndClear -
10-12 11:05:31.976 8339-8339/? D/SamsungIME: onStartInput: No inputType, No imeOption, isInputViewShown = false, isExtractViewShown = false, isShowInputRequested = false, isConfigChanged = false
10-12 11:05:31.976 29809-29809/? D/ConnectivityManager: requestNetwork; getAppId(CallingUid) : 10207, CallingPid : 29809
10-12 11:05:31.976 3004-3004/? D/libEGL: eglInitialize EGLDisplay = 0x7ff090b628
10-12 11:05:31.986 3435-4803/? D/ConnectivityService: listenForNetwork for Listen from uid/pid:10207/29809 for NetworkRequest [ id=34, legacyType=-1, [ Capabilities: INTERNET&NOT_RESTRICTED&TRUSTED] ]
10-12 11:05:31.986 3435-3858/? D/ConnectivityService: rematching NetworkAgentInfo [WIFI () - 502]
10-12 11:05:31.986 3435-3858/? D/ConnectivityService: network has: NetworkAgentInfo{ ni{[type: WIFI[] - WIFI, state: CONNECTED/CONNECTED, reason: (unspecified), extra: "WLAN-198160", roaming: false, failover: false, isAvailable: true]} network{502} lp{{InterfaceName: wlan0 LinkAddresses: [fe80::ae5f:3eff:fe5a:4d38/64,192.168.2.117/24,2003:7a:4d12:82ae:ae5f:3eff:fe5a:4d38/64,2003:7a:4d12:82ae:bc25:b0a4:9c17:85bc/64,] Routes: [fe80::/64 -> :: wlan0,::/0 -> fe80::1 wlan0,2003:7a:4d12:82ae::/64 -> :: wlan0,192.168.2.0/24 -> 0.0.0.0 wlan0,0.0.0.0/0 -> 192.168.2.1 wlan0,] DnsAddresses: [192.168.2.1,] Domains: Speedport_W_921V_1_39_000 MTU: 0 TcpBufferSizes: 524288,1048576,2097120,524288,1048576,4194240}} nc{[ Transports: WIFI Capabilities: INTERNET&NOT_RESTRICTED&TRUSTED&NOT_VPN&VALIDATED LinkUpBandwidth>=1048576Kbps LinkDnBandwidth>=1048576Kbps SignalStrength: -62]} Score{60} everValidated{true} lastValidated{true} created{true} lingering{false} explicitlySelected{false} acceptUnvalidated{false} everCaptivePortalDetected{false} lastCaptivePortalDetected{false} }
10-12 11:05:31.986 29809-29831/? W/System.err: remove failed: ENOENT (No such file or directory) : /data/user/0/acr.browser.barebones/shared_prefs/acr.browser.barebones_preferences.xml.bak
10-12 11:05:31.986 3435-3858/? D/ConnectivityService: Network NetworkAgentInfo [WIFI () - 502] was already satisfying request 1. No change.
10-12 11:05:31.986 3435-3870/? I/MdnieScenarioControlService: mGameModeLauncher : false
10-12 11:05:31.986 3435-3858/? D/ConnectivityService: checking if request is: NetworkRequest [ id=10, legacyType=-1, [ Capabilities: INTERNET&NOT_RESTRICTED&TRUSTED&NOT_VPN] ] satisfies: true nri.isRequest: false
10-12 11:05:31.986 3435-3858/? D/ConnectivityService: checking if request is: NetworkRequest [ id=3, legacyType=-1, [] ] satisfies: true nri.isRequest: false
10-12 11:05:31.986 29809-29809/? D/SecWifiDisplayUtil: Metadata value : SecSettings2
10-12 11:05:31.986 3435-3858/? D/ConnectivityService: checking if request is: NetworkRequest [ id=4, legacyType=-1, [ Transports: CELLULAR Capabilities: INTERNET&NOT_RESTRICTED&TRUSTED&NOT_VPN] ] satisfies: false nri.isRequest: false
10-12 11:05:31.996 3435-3858/? D/ConnectivityService: checking if request is: NetworkRequest [ id=32, legacyType=-1, [ Capabilities: INTERNET&NOT_RESTRICTED&TRUSTED] ] satisfies: true nri.isRequest: false
10-12 11:05:31.996 3435-3858/? D/ConnectivityService: checking if request is: NetworkRequest [ id=5, legacyType=-1, [ Transports: WIFI Capabilities: INTERNET&NOT_RESTRICTED&TRUSTED&NOT_VPN] ] satisfies: true nri.isRequest: false
10-12 11:05:31.996 3435-3870/? I/MdnieScenarioControlService: setUIMode
10-12 11:05:31.996 3435-3858/? D/ConnectivityService: checking if request is: NetworkRequest [ id=34, legacyType=-1, [ Capabilities: INTERNET&NOT_RESTRICTED&TRUSTED] ] satisfies: true nri.isRequest: false
10-12 11:05:31.996 3435-3858/? D/ConnectivityService: sending notification AVAILABLE for NetworkRequest [ id=34, legacyType=-1, [ Capabilities: INTERNET&NOT_RESTRICTED&TRUSTED] ]
10-12 11:05:32.006 29809-29809/? I/cr_Ime: ImeThread is not enabled.
10-12 11:05:32.016 3435-3565/? D/CustomFrequencyManagerService: releaseDVFSLockLocked : Getting Lock type frm List : DVFS_MIN_LIMIT frequency : 1872000 uid : 1000 pid : 3435 tag : ACTIVITY_RESUME_BOOSTER@3
10-12 11:05:32.016 3435-3565/? D/CustomFrequencyManagerService: FrequencyrequestList.getNextCStateDisableRequest, index: 1
10-12 11:05:32.016 3435-3565/? D/ActivityManager: mDVFSHelper.release()
10-12 11:05:32.016 3435-3565/? I/Timeline: Timeline: Activity_windows_visible id: ActivityRecord{cdefb4d u0 acr.browser.barebones/acr.browser.lightning.activity.MainActivity t32} time:8950764
10-12 11:05:32.016 3435-3540/? D/CustomFrequencyManagerService: acquireDVFSLockLocked : type : DVFS_MIN_LIMIT frequency : 1872000 uid : 1000 pid : 3435 pkgName : ACTIVITY_RESUME_BOOSTER@9
10-12 11:05:32.016 3004-3013/? I/SurfaceFlinger: id=382 Removed MauncherAct (2/11)
10-12 11:05:32.016 3004-4502/? I/SurfaceFlinger: id=382 Removed MauncherAct (-2/11)
10-12 11:05:32.016 3435-3565/? D/KnoxTimeoutHandler: notifyActivityDrawn [MsgParam] userId: 0 fullscreen is true showWhenlocked is false
10-12 11:05:32.016 3435-3435/? D/KnoxTimeoutHandler: activityDrawn [MsgParam] userId: 0 fullscreen is true showWhenlocked is false
10-12 11:05:32.016 3435-3435/? I/KnoxTimeoutHandler: SD activityfalse
10-12 11:05:32.026 29809-29849/? I/System.out: (HTTPLog)-Static: isSBSettingEnabled false
10-12 11:05:32.026 29809-29849/? I/System.out: (HTTPLog)-Static: isSBSettingEnabled false
10-12 11:05:32.026 3143-3708/? D/EnterpriseController: netId is 0
10-12 11:05:32.026 3143-3708/? D/Netd: getNetworkForDns: using netid 502 for uid 10207
10-12 11:05:32.026 3004-3004/? D/libEGL: eglTerminate EGLDisplay = 0x7ff090b748
10-12 11:05:32.036 29809-29848/? I/System.out: (HTTPLog)-Static: isSBSettingEnabled false
10-12 11:05:32.036 29809-29848/? I/System.out: (HTTPLog)-Static: isSBSettingEnabled false
10-12 11:05:32.036 3435-4325/? V/WindowStateAnimator: Finishing drawing window Window{28238fe u0 d0 acr.browser.barebones/acr.browser.lightning.activity.MainActivity}: mDrawState=HAS_DRAWN
10-12 11:05:32.036 8339-8339/? D/SamsungIME: IMPL finishInput
10-12 11:05:32.036 8339-8339/? D/SamsungIME: SwiftKeyWrapper writeDBdataToFileOnFinishInput
10-12 11:05:32.036 8339-8339/? D/SamsungIME: saveAndClear +
10-12 11:05:32.036 8339-8339/? D/SamsungIME: saveAndClear -
10-12 11:05:32.036 29809-29886/? E/libEGL: validate_display:255 error 3008 (EGL_BAD_DISPLAY)
10-12 11:05:32.036 29809-29886/? D/libEGL: eglInitialize EGLDisplay = 0xd83ff3cc
10-12 11:05:32.036 29809-29809/? W/InputMethodManager: Ignoring onBind: cur seq=329, given seq=328
10-12 11:05:32.046 29809-29886/? W/AudioCapabilities: Unsupported mime audio/mpeg-L1
10-12 11:05:32.046 29809-29886/? W/AudioCapabilities: Unsupported mime audio/mpeg-L2
10-12 11:05:32.046 29809-29886/? W/AudioCapabilities: Unsupported mime audio/x-ms-wma
10-12 11:05:32.046 29809-29886/? W/AudioCapabilities: Unsupported mime audio/x-ima
10-12 11:05:32.046 3004-3004/? D/libEGL: eglInitialize EGLDisplay = 0x7ff090b628
10-12 11:05:32.046 3435-3858/? D/ConnectivityService: updateCapabilities: oldCap = [ Transports: WIFI Capabilities: INTERNET&NOT_RESTRICTED&TRUSTED&NOT_VPN&VALIDATED LinkUpBandwidth>=1048576Kbps LinkDnBandwidth>=1048576Kbps SignalStrength: -62], newCap = [ Transports: WIFI Capabilities: INTERNET&NOT_RESTRICTED&TRUSTED&NOT_VPN LinkUpBandwidth>=1048576Kbps LinkDnBandwidth>=1048576Kbps SignalStrength: -64]
10-12 11:05:32.046 3435-3858/? D/ConnectivityService: rematching NetworkAgentInfo [WIFI () - 502]
10-12 11:05:32.046 3435-3858/? D/ConnectivityService: network has: NetworkAgentInfo{ ni{[type: WIFI[] - WIFI, state: CONNECTED/CONNECTED, reason: (unspecified), extra: "WLAN-198160", roaming: false, failover: false, isAvailable: true]} network{502} lp{{InterfaceName: wlan0 LinkAddresses: [fe80::ae5f:3eff:fe5a:4d38/64,192.168.2.117/24,2003:7a:4d12:82ae:ae5f:3eff:fe5a:4d38/64,2003:7a:4d12:82ae:bc25:b0a4:9c17:85bc/64,] Routes: [fe80::/64 -> :: wlan0,::/0 -> fe80::1 wlan0,2003:7a:4d12:82ae::/64 -> :: wlan0,192.168.2.0/24 -> 0.0.0.0 wlan0,0.0.0.0/0 -> 192.168.2.1 wlan0,] DnsAddresses: [192.168.2.1,] Domains: Speedport_W_921V_1_39_000 MTU: 0 TcpBufferSizes: 524288,1048576,2097120,524288,1048576,4194240}} nc{[ Transports: WIFI Capabilities: INTERNET&NOT_RESTRICTED&TRUSTED&NOT_VPN&VALIDATED LinkUpBandwidth>=1048576Kbps LinkDnBandwidth>=1048576Kbps SignalStrength: -64]} Score{60} everValidated{true} lastValidated{true} created{true} lingering{false} explicitlySelected{false} acceptUnvalidated{false} everCaptivePortalDetected{false} lastCaptivePortalDetected{false} }
10-12 11:05:32.046 29809-29886/? W/VideoCapabilities: Unrecognized profile/level 32768/2 for video/mp4v-es
10-12 11:05:32.056 3931-4137/? D/NetworkController: onReceive: intent=Intent { act=android.net.wifi.RSSI_CHANGED flg=0x4000010 bqHint=4 VirtualScreenParam=Params{mDisplayId=-1, null, mFlags=0x00000000)} (has extras) }
10-12 11:05:32.056 29809-29886/? W/VideoCapabilities: Unrecognized profile 2130706433 for video/avc
10-12 11:05:32.056 29809-29886/? W/VideoCapabilities: Unrecognized profile 2130706433 for video/avc
10-12 11:05:32.056 29809-29886/? W/VideoCapabilities: Unrecognized profile 2130706433 for video/avc
10-12 11:05:32.056 29809-29886/? W/VideoCapabilities: Unrecognized profile 2130706433 for video/avc
10-12 11:05:32.056 29809-29886/? W/VideoCapabilities: Unrecognized profile 2130706433 for video/avc
10-12 11:05:32.056 3435-3858/? D/ConnectivityService: Network NetworkAgentInfo [WIFI () - 502] was already satisfying request 1. No change.
10-12 11:05:32.056 29809-29886/? W/VideoCapabilities: Unrecognized profile 2130706433 for video/avc
10-12 11:05:32.056 29809-29886/? W/VideoCapabilities: Unrecognized profile 2130706433 for video/avc
10-12 11:05:32.056 29809-29886/? W/VideoCapabilities: Unrecognized profile 2130706433 for video/avc
10-12 11:05:32.056 29809-29886/? W/VideoCapabilities: Unrecognized profile 2130706433 for video/avc
10-12 11:05:32.056 29809-29886/? W/VideoCapabilities: Unrecognized profile 2130706433 for video/avc
10-12 11:05:32.056 29809-29886/? W/VideoCapabilities: Unrecognized profile 2130706433 for video/avc
10-12 11:05:32.056 29809-29886/? W/VideoCapabilities: Unrecognized profile 2130706433 for video/avc
10-12 11:05:32.056 29809-29886/? W/VideoCapabilities: Unrecognized profile 2130706433 for video/avc
10-12 11:05:32.056 29809-29886/? W/VideoCapabilities: Unrecognized profile 2130706433 for video/avc
10-12 11:05:32.056 29809-29886/? W/VideoCapabilities: Unrecognized profile 2130706433 for video/avc
10-12 11:05:32.056 29809-29886/? W/VideoCapabilities: Unrecognized profile 2130706433 for video/avc
10-12 11:05:32.056 29809-29886/? W/VideoCapabilities: Unrecognized profile 2130706433 for video/avc
10-12 11:05:32.056 29809-29886/? W/VideoCapabilities: Unrecognized profile 2130706434 for video/avc
10-12 11:05:32.056 29809-29886/? W/VideoCapabilities: Unrecognized profile 2130706434 for video/avc
10-12 11:05:32.056 29809-29886/? W/VideoCapabilities: Unrecognized profile 2130706434 for video/avc
10-12 11:05:32.056 29809-29886/? W/VideoCapabilities: Unrecognized profile 2130706434 for video/avc
10-12 11:05:32.056 29809-29886/? W/VideoCapabilities: Unrecognized profile 2130706434 for video/avc
10-12 11:05:32.056 29809-29886/? W/VideoCapabilities: Unrecognized profile 2130706434 for video/avc
10-12 11:05:32.056 29809-29886/? W/VideoCapabilities: Unrecognized profile 2130706434 for video/avc
10-12 11:05:32.056 29809-29886/? W/VideoCapabilities: Unrecognized profile 2130706434 for video/avc
10-12 11:05:32.056 29809-29886/? W/VideoCapabilities: Unrecognized profile 2130706434 for video/avc
10-12 11:05:32.056 29809-29886/? W/VideoCapabilities: Unrecognized profile 2130706434 for video/avc
10-12 11:05:32.056 29809-29886/? W/VideoCapabilities: Unrecognized profile 2130706434 for video/avc
10-12 11:05:32.056 29809-29886/? W/VideoCapabilities: Unrecognized profile 2130706434 for video/avc
10-12 11:05:32.056 29809-29886/? W/VideoCapabilities: Unrecognized profile 2130706434 for video/avc
10-12 11:05:32.056 29809-29886/? W/VideoCapabilities: Unrecognized profile 2130706434 for video/avc
10-12 11:05:32.056 29809-29886/? W/VideoCapabilities: Unrecognized profile 2130706434 for video/avc
10-12 11:05:32.056 29809-29886/? W/VideoCapabilities: Unrecognized profile 2130706434 for video/avc
10-12 11:05:32.056 29809-29886/? W/VideoCapabilities: Unrecognized profile 2130706434 for video/avc
10-12 11:05:32.056 29809-29886/? W/VideoCapabilities: Unrecognized profile 2130706433 for video/avc
10-12 11:05:32.056 29809-29886/? W/VideoCapabilities: Unrecognized profile 2130706433 for video/avc
10-12 11:05:32.056 3435-3858/? D/ConnectivityService: checking if request is: NetworkRequest [ id=10, legacyType=-1, [ Capabilities: INTERNET&NOT_RESTRICTED&TRUSTED&NOT_VPN] ] satisfies: true nri.isRequest: false
10-12 11:05:32.056 29809-29886/? W/VideoCapabilities: Unrecognized profile 2130706433 for video/avc
10-12 11:05:32.056 29809-29886/? W/VideoCapabilities: Unrecognized profile 2130706433 for video/avc
10-12 11:05:32.056 29809-29886/? W/VideoCapabilities: Unrecognized profile 2130706433 for video/avc
10-12 11:05:32.056 29809-29886/? W/VideoCapabilities: Unrecognized profile 2130706433 for video/avc
10-12 11:05:32.056 29809-29886/? W/VideoCapabilities: Unrecognized profile 2130706433 for video/avc
10-12 11:05:32.056 29809-29886/? W/VideoCapabilities: Unrecognized profile 2130706433 for video/avc
10-12 11:05:32.056 29809-29886/? W/VideoCapabilities: Unrecognized profile 2130706433 for video/avc
10-12 11:05:32.056 29809-29886/? W/VideoCapabilities: Unrecognized profile 2130706433 for video/avc
10-12 11:05:32.056 29809-29886/? W/VideoCapabilities: Unrecognized profile 2130706433 for video/avc
10-12 11:05:32.056 29809-29886/? W/VideoCapabilities: Unrecognized profile 2130706433 for video/avc
10-12 11:05:32.056 29809-29886/? W/VideoCapabilities: Unrecognized profile 2130706433 for video/avc
10-12 11:05:32.056 29809-29886/? W/VideoCapabilities: Unrecognized profile 2130706433 for video/avc
10-12 11:05:32.056 29809-29886/? W/VideoCapabilities: Unrecognized profile 2130706433 for video/avc
10-12 11:05:32.056 29809-29886/? W/VideoCapabilities: Unrecognized profile 2130706433 for video/avc
10-12 11:05:32.056 29809-29886/? W/VideoCapabilities: Unrecognized profile 2130706433 for video/avc
10-12 11:05:32.056 29809-29886/? W/VideoCapabilities: Unrecognized profile 2130706434 for video/avc
10-12 11:05:32.056 29809-29886/? W/VideoCapabilities: Unrecognized profile 2130706434 for video/avc
10-12 11:05:32.056 29809-29886/? W/VideoCapabilities: Unrecognized profile 2130706434 for video/avc
10-12 11:05:32.056 29809-29886/? W/VideoCapabilities: Unrecognized profile 2130706434 for video/avc
10-12 11:05:32.056 29809-29886/? W/VideoCapabilities: Unrecognized profile 2130706434 for video/avc
10-12 11:05:32.056 29809-29886/? W/VideoCapabilities: Unrecognized profile 2130706434 for video/avc
10-12 11:05:32.056 29809-29886/? W/VideoCapabilities: Unrecognized profile 2130706434 for video/avc
10-12 11:05:32.056 29809-29886/? W/VideoCapabilities: Unrecognized profile 2130706434 for video/avc
10-12 11:05:32.056 29809-29886/? W/VideoCapabilities: Unrecognized profile 2130706434 for video/avc
10-12 11:05:32.056 29809-29886/? W/VideoCapabilities: Unrecognized profile 2130706434 for video/avc
10-12 11:05:32.056 29809-29886/? W/VideoCapabilities: Unrecognized profile 2130706434 for video/avc
10-12 11:05:32.056 29809-29886/? W/VideoCapabilities: Unrecognized profile 2130706434 for video/avc
10-12 11:05:32.056 29809-29886/? W/VideoCapabilities: Unrecognized profile 2130706434 for video/avc
10-12 11:05:32.056 29809-29886/? W/VideoCapabilities: Unrecognized profile 2130706434 for video/avc
10-12 11:05:32.056 29809-29886/? W/VideoCapabilities: Unrecognized profile 2130706434 for video/avc
10-12 11:05:32.056 29809-29886/? W/VideoCapabilities: Unrecognized profile 2130706434 for video/avc
10-12 11:05:32.056 29809-29886/? W/VideoCapabilities: Unrecognized profile 2130706434 for video/avc
10-12 11:05:32.056 3435-3858/? D/ConnectivityService: checking if request is: NetworkRequest [ id=3, legacyType=-1, [] ] satisfies: true nri.isRequest: false
10-12 11:05:32.056 3435-3858/? D/ConnectivityService: checking if request is: NetworkRequest [ id=4, legacyType=-1, [ Transports: CELLULAR Capabilities: INTERNET&NOT_RESTRICTED&TRUSTED&NOT_VPN] ] satisfies: false nri.isRequest: false
10-12 11:05:32.066 29809-29886/? W/VideoCapabilities: Unsupported mime video/wvc1
10-12 11:05:32.066 3435-3858/? D/ConnectivityService: checking if request is: NetworkRequest [ id=32, legacyType=-1, [ Capabilities: INTERNET&NOT_RESTRICTED&TRUSTED] ] satisfies: true nri.isRequest: false
10-12 11:05:32.066 29809-29886/? W/VideoCapabilities: Unsupported mime video/x-ms-wmv
10-12 11:05:32.066 3435-3858/? D/ConnectivityService: checking if request is: NetworkRequest [ id=5, legacyType=-1, [ Transports: WIFI Capabilities: INTERNET&NOT_RESTRICTED&TRUSTED&NOT_VPN] ] satisfies: true nri.isRequest: false
10-12 11:05:32.066 3004-3004/? D/libEGL: eglInitialize EGLDisplay = 0x7ff090b628
10-12 11:05:32.066 3435-3858/? D/ConnectivityService: checking if request is: NetworkRequest [ id=34, legacyType=-1, [ Capabilities: INTERNET&NOT_RESTRICTED&TRUSTED] ] satisfies: true nri.isRequest: false
10-12 11:05:32.066 3435-3858/? D/ConnectivityService: notifyType CAP_CHANGED for NetworkAgentInfo [WIFI () - 502]
10-12 11:05:32.066 3435-3858/? D/ConnectivityService: sending notification for NetworkRequest [ id=1, legacyType=-1, [ Capabilities: INTERNET&NOT_RESTRICTED&TRUSTED&NOT_VPN] ]
10-12 11:05:32.066 3435-3858/? D/ConnectivityService: sending notification for NetworkRequest [ id=3, legacyType=-1, [] ]
10-12 11:05:32.066 3435-3858/? D/ConnectivityService: sending notification CAP_CHANGED for NetworkRequest [ id=3, legacyType=-1, [] ]
10-12 11:05:32.066 3435-3858/? D/ConnectivityService: sending notification for NetworkRequest [ id=5, legacyType=-1, [ Transports: WIFI Capabilities: INTERNET&NOT_RESTRICTED&TRUSTED&NOT_VPN] ]
10-12 11:05:32.066 3435-3858/? D/ConnectivityService: sending notification CAP_CHANGED for NetworkRequest [ id=5, legacyType=-1, [ Transports: WIFI Capabilities: INTERNET&NOT_RESTRICTED&TRUSTED&NOT_VPN] ]
10-12 11:05:32.066 3435-3858/? D/ConnectivityService: sending notification for NetworkRequest [ id=10, legacyType=-1, [ Capabilities: INTERNET&NOT_RESTRICTED&TRUSTED&NOT_VPN] ]
10-12 11:05:32.066 3931-3931/? D/QSTileView: handleLabelStateChanged() label = Wi-Fi cellWidth 272
10-12 11:05:32.066 3435-3858/? D/ConnectivityService: sending notification CAP_CHANGED for NetworkRequest [ id=10, legacyType=-1, [ Capabilities: INTERNET&NOT_RESTRICTED&TRUSTED&NOT_VPN] ]
10-12 11:05:32.066 3435-3858/? D/ConnectivityService: sending notification for NetworkRequest [ id=32, legacyType=-1, [ Capabilities: INTERNET&NOT_RESTRICTED&TRUSTED] ]
10-12 11:05:32.066 3435-3858/? D/ConnectivityService: sending notification CAP_CHANGED for NetworkRequest [ id=32, legacyType=-1, [ Capabilities: INTERNET&NOT_RESTRICTED&TRUSTED] ]
10-12 11:05:32.066 3435-3858/? D/ConnectivityService: sending notification for NetworkRequest [ id=34, legacyType=-1, [ Capabilities: INTERNET&NOT_RESTRICTED&TRUSTED] ]
10-12 11:05:32.066 3435-3858/? D/ConnectivityService: sending notification CAP_CHANGED for NetworkRequest [ id=34, legacyType=-1, [ Capabilities: INTERNET&NOT_RESTRICTED&TRUSTED] ]
10-12 11:05:32.076 29809-29886/? W/VideoCapabilities: Unrecognized profile/level 32768/2 for video/mp4v-es
10-12 11:05:32.076 29809-29886/? W/VideoCapabilities: Unsupported mime video/wvc1
10-12 11:05:32.076 29809-29886/? W/VideoCapabilities: Unsupported mime video/x-ms-wmv
10-12 11:05:32.076 29809-29886/? W/VideoCapabilities: Unsupported mime video/x-ms-wmv7
10-12 11:05:32.076 29809-29886/? W/VideoCapabilities: Unsupported mime video/x-ms-wmv8
10-12 11:05:32.076 29809-29886/? W/VideoCapabilities: Unsupported mime video/mp43
10-12 11:05:32.076 29809-29886/? W/VideoCapabilities: Unrecognized profile 2130706433 for video/avc
10-12 11:05:32.076 29809-29886/? W/VideoCapabilities: Unrecognized profile 2130706433 for video/avc
10-12 11:05:32.076 29809-29886/? W/VideoCapabilities: Unrecognized profile 2130706433 for video/avc
10-12 11:05:32.076 29809-29886/? W/VideoCapabilities: Unrecognized profile 2130706433 for video/avc
10-12 11:05:32.076 29809-29886/? W/VideoCapabilities: Unrecognized profile 2130706433 for video/avc
10-12 11:05:32.076 29809-29886/? W/VideoCapabilities: Unrecognized profile 2130706433 for video/avc
10-12 11:05:32.076 29809-29886/? W/VideoCapabilities: Unrecognized profile 2130706433 for video/avc
10-12 11:05:32.076 29809-29886/? W/VideoCapabilities: Unrecognized profile 2130706433 for video/avc
10-12 11:05:32.076 29809-29886/? W/VideoCapabilities: Unrecognized profile 2130706433 for video/avc
10-12 11:05:32.076 29809-29886/? W/VideoCapabilities: Unrecognized profile 2130706433 for video/avc
10-12 11:05:32.076 29809-29886/? W/VideoCapabilities: Unrecognized profile 2130706433 for video/avc
10-12 11:05:32.076 29809-29886/? W/VideoCapabilities: Unrecognized profile 2130706433 for video/avc
10-12 11:05:32.076 29809-29886/? W/VideoCapabilities: Unrecognized profile 2130706433 for video/avc
10-12 11:05:32.076 29809-29886/? W/VideoCapabilities: Unrecognized profile 2130706433 for video/avc
10-12 11:05:32.076 29809-29886/? W/VideoCapabilities: Unrecognized profile 2130706433 for video/avc
10-12 11:05:32.076 29809-29886/? W/VideoCapabilities: Unrecognized profile 2130706433 for video/avc
10-12 11:05:32.076 29809-29886/? W/VideoCapabilities: Unrecognized profile 2130706433 for video/avc
10-12 11:05:32.076 29809-29886/? W/VideoCapabilities: Unrecognized profile 2130706434 for video/avc
10-12 11:05:32.076 29809-29886/? W/VideoCapabilities: Unrecognized profile 2130706434 for video/avc
10-12 11:05:32.076 29809-29886/? W/VideoCapabilities: Unrecognized profile 2130706434 for video/avc
10-12 11:05:32.076 29809-29886/? W/VideoCapabilities: Unrecognized profile 2130706434 for video/avc
10-12 11:05:32.076 29809-29886/? W/VideoCapabilities: Unrecognized profile 2130706434 for video/avc
10-12 11:05:32.076 29809-29886/? W/VideoCapabilities: Unrecognized profile 2130706434 for video/avc
10-12 11:05:32.076 29809-29886/? W/VideoCapabilities: Unrecognized profile 2130706434 for video/avc
10-12 11:05:32.076 29809-29886/? W/VideoCapabilities: Unrecognized profile 2130706434 for video/avc
10-12 11:05:32.076 29809-29886/? W/VideoCapabilities: Unrecognized profile 2130706434 for video/avc
10-12 11:05:32.076 29809-29886/? W/VideoCapabilities: Unrecognized profile 2130706434 for video/avc
10-12 11:05:32.076 29809-29886/? W/VideoCapabilities: Unrecognized profile 2130706434 for video/avc
10-12 11:05:32.076 29809-29886/? W/VideoCapabilities: Unrecognized profile 2130706434 for video/avc
10-12 11:05:32.076 29809-29886/? W/VideoCapabilities: Unrecognized profile 2130706434 for video/avc
10-12 11:05:32.076 29809-29886/? W/VideoCapabilities: Unrecognized profile 2130706434 for video/avc
10-12 11:05:32.076 29809-29886/? W/VideoCapabilities: Unrecognized profile 2130706434 for video/avc
10-12 11:05:32.076 29809-29886/? W/VideoCapabilities: Unrecognized profile 2130706434 for video/avc
10-12 11:05:32.076 29809-29886/? W/VideoCapabilities: Unrecognized profile 2130706434 for video/avc
10-12 11:05:32.086 29809-29886/? W/VideoCapabilities: Unrecognized profile/level 32768/2 for video/mp4v-es
10-12 11:05:32.096 29809-29886/? I/VideoCapabilities: Unsupported profile 4 for video/mp4v-es
10-12 11:05:32.106 29809-29886/? W/VideoCapabilities: Unsupported mime video/sorenson
