10-12 11:04:50.666 5352-5468/? D/BtGatt.ScanManager: configureFilterParamter 500 10000 1 0highRssiThreshold = -128lowRssiThreshold = -128matchmode is =1
10-12 11:04:50.676 5352-5437/? D/BtGatt.GattService: onScanFilterParamsConfigured() - clientIf=5, status=0, action=0, availableSpace=31
10-12 11:04:50.676 3435-4133/? V/AlarmManager: remove PendingIntent] PendingIntent{fdb9196: PendingIntentRecord{5a8b9c0 com.android.bluetooth broadcastIntent}}
10-12 11:04:50.676 5352-5437/? D/BtGatt.ScanManager: callback done for clientIf - 5 status - 0
10-12 11:04:50.676 5352-5468/? D/BtGatt.ScanManager: set filter index= 11 for clientIf= 5
10-12 11:04:50.676 5352-5468/? D/BtGatt.ScanManager: addFilterToController: 5
10-12 11:04:50.676 5352-5437/? D/BtGatt.GattService: onScanFilterConfig() - clientIf=5, action = 0 status = 0, filterType=5, availableSpace=46
10-12 11:04:50.676 5352-5437/? D/BtGatt.ScanManager: callback done for clientIf - 5 status - 0
10-12 11:04:50.676 5352-5468/? D/BtGatt.ScanManager: High Rssi Filter value is = -128
10-12 11:04:50.676 5352-5468/? D/BtGatt.ScanManager: Low Rssi Filter value is = -128
10-12 11:04:50.676 5352-5468/? D/BtGatt.ScanManager: configureFilterParamter 500 10000 1 0highRssiThreshold = -128lowRssiThreshold = -128matchmode is =1
10-12 11:04:50.676 3435-3992/? V/AlarmManager: remove PendingIntent] PendingIntent{6dce117: PendingIntentRecord{5a8b9c0 com.android.bluetooth broadcastIntent}}
10-12 11:04:50.676 5352-5437/? D/BtGatt.GattService: onScanFilterParamsConfigured() - clientIf=5, status=0, action=0, availableSpace=30
10-12 11:04:50.676 5352-5437/? D/BtGatt.ScanManager: callback done for clientIf - 5 status - 0
10-12 11:04:50.676 5352-5468/? D/BtGatt.ScanManager: configureRegularScanParams() - queue=1
10-12 11:04:50.676 5352-5468/? I/BtGatt.ScanManager: custom scan scanMode = 100
10-12 11:04:50.676 5352-5468/? I/BtGatt.ScanManager: New scan mode custom scan scanInterval = 3120scanWindow = 55
10-12 11:04:50.676 5352-5468/? E/BtGatt.ScanManager: default value of curScanSetting 0 is choosen
10-12 11:04:50.676 5352-5468/? I/BtGatt.ScanManager: newScanMode = 1newcurScanSetting = 0
10-12 11:04:50.676 5352-5468/? I/BtGatt.ScanManager: comparing = 1 with = 0
10-12 11:04:50.676 5352-5468/? D/BtGatt.ScanManager: configureRegularScanParams() - ScanSetting Scan mode=100 mLastConfiguredScanSetting=-2147483648
10-12 11:04:50.676 5352-5468/? D/BtGatt.ScanManager: configureRegularScanParams - scanInterval = 4992configureRegularScanParams - scanWindow = 88
10-12 11:04:50.676 5352-5437/? D/BtGatt.GattService: onScanParamSetupCompleted() status=0, clientIf=5
10-12 11:04:50.676 5352-5437/? D/BtGatt.GattService: onScanParamSetupCompleted : 0
10-12 11:04:50.676 3435-3974/? V/AlarmManager: remove PendingIntent] PendingIntent{76b0904: PendingIntentRecord{5a8b9c0 com.android.bluetooth broadcastIntent}}
10-12 11:04:50.686 3435-3474/? V/AlarmManager: remove PendingIntent] PendingIntent{26a3eed: PendingIntentRecord{5a8b9c0 com.android.bluetooth broadcastIntent}}
10-12 11:04:50.686 3435-3960/? V/AlarmManager: remove PendingIntent] PendingIntent{eb73122: PendingIntentRecord{5a8b9c0 com.android.bluetooth broadcastIntent}}
10-12 11:04:50.696 3435-3475/? V/AlarmManager: remove PendingIntent] PendingIntent{74477b3: PendingIntentRecord{5a8b9c0 com.android.bluetooth broadcastIntent}}
10-12 11:04:50.696 3435-4803/? V/AlarmManager: remove PendingIntent] PendingIntent{c11b170: PendingIntentRecord{5a8b9c0 com.android.bluetooth broadcastIntent}}
10-12 11:04:50.696 3435-4325/? V/AlarmManager: remove PendingIntent] PendingIntent{438dce9: PendingIntentRecord{5a8b9c0 com.android.bluetooth broadcastIntent}}
10-12 11:04:50.706 3435-3474/? V/AlarmManager: remove PendingIntent] PendingIntent{4bb3d6e: PendingIntentRecord{5a8b9c0 com.android.bluetooth broadcastIntent}}
10-12 11:04:50.706 3435-4802/? V/AlarmManager: remove PendingIntent] PendingIntent{184dc0f: PendingIntentRecord{5a8b9c0 com.android.bluetooth broadcastIntent}}
10-12 11:04:50.706 3435-4133/? V/AlarmManager: remove PendingIntent] PendingIntent{338749c: PendingIntentRecord{5a8b9c0 com.android.bluetooth broadcastIntent}}
10-12 11:04:50.716 3435-3992/? V/AlarmManager: remove PendingIntent] PendingIntent{f395ea5: PendingIntentRecord{5a8b9c0 com.android.bluetooth broadcastIntent}}
10-12 11:04:50.716 3435-4808/? V/AlarmManager: remove PendingIntent] PendingIntent{ee1c27a: PendingIntentRecord{5a8b9c0 com.android.bluetooth broadcastIntent}}
10-12 11:04:50.716 3435-3474/? V/AlarmManager: remove PendingIntent] PendingIntent{3bd2a2b: PendingIntentRecord{5a8b9c0 com.android.bluetooth broadcastIntent}}
10-12 11:04:50.726 3435-4200/? V/AlarmManager: remove PendingIntent] PendingIntent{2a63e88: PendingIntentRecord{5a8b9c0 com.android.bluetooth broadcastIntent}}
10-12 11:04:50.726 3435-3475/? V/AlarmManager: remove PendingIntent] PendingIntent{d064021: PendingIntentRecord{5a8b9c0 com.android.bluetooth broadcastIntent}}
10-12 11:04:50.726 3435-4803/? V/AlarmManager: remove PendingIntent] PendingIntent{db98c46: PendingIntentRecord{5a8b9c0 com.android.bluetooth broadcastIntent}}
10-12 11:04:50.736 3435-4325/? V/AlarmManager: remove PendingIntent] PendingIntent{4e23e07: PendingIntentRecord{5a8b9c0 com.android.bluetooth broadcastIntent}}
10-12 11:04:50.736 3435-4337/? V/AlarmManager: remove PendingIntent] PendingIntent{3a4bb34: PendingIntentRecord{5a8b9c0 com.android.bluetooth broadcastIntent}}
10-12 11:04:50.746 3435-3960/? V/AlarmManager: remove PendingIntent] PendingIntent{c65bd5d: PendingIntentRecord{5a8b9c0 com.android.bluetooth broadcastIntent}}
10-12 11:04:50.746 3435-4643/? V/AlarmManager: remove PendingIntent] PendingIntent{9f226d2: PendingIntentRecord{5a8b9c0 com.android.bluetooth broadcastIntent}}
10-12 11:04:50.746 3435-4825/? V/AlarmManager: remove PendingIntent] PendingIntent{c5ab3a3: PendingIntentRecord{5a8b9c0 com.android.bluetooth broadcastIntent}}
10-12 11:04:50.756 3435-4343/? V/AlarmManager: remove PendingIntent] PendingIntent{86c56a0: PendingIntentRecord{5a8b9c0 com.android.bluetooth broadcastIntent}}
10-12 11:04:50.756 3435-3974/? V/AlarmManager: remove PendingIntent] PendingIntent{845d259: PendingIntentRecord{5a8b9c0 com.android.bluetooth broadcastIntent}}
10-12 11:04:50.756 3435-4341/? V/AlarmManager: remove PendingIntent] PendingIntent{5a7de1e: PendingIntentRecord{5a8b9c0 com.android.bluetooth broadcastIntent}}
10-12 11:04:50.766 3435-4802/? V/AlarmManager: remove PendingIntent] PendingIntent{75ae6ff: PendingIntentRecord{5a8b9c0 com.android.bluetooth broadcastIntent}}
10-12 11:04:50.766 3143-3704/? D/Netd: Iface wlan0 link up
10-12 11:04:50.766 3887-3887/? I/wpa_supplicant: nl80211: Received scan results (2 BSSes)
10-12 11:04:50.766 3887-3887/? I/wpa_supplicant: enough signal to handover [9C.81.0C] level [-55][2462]
10-12 11:04:50.766 3435-3847/? D/WifiP2pService: InactiveState{ what=147461 }
10-12 11:04:50.766 3887-3887/? I/wpa_supplicant: bss is NULL! do not handover!
10-12 11:04:50.766 3435-3847/? D/WifiP2pService: P2pEnabledState{ what=147461 }
10-12 11:04:50.766 3435-3542/? D/Tethering: interfaceLinkStateChanged wlan0, true
10-12 11:04:50.766 3435-3847/? D/WifiP2pService: DefaultState{ what=147461 }
10-12 11:04:50.766 3435-3542/? D/Tethering: interfaceStatusChanged wlan0, true
10-12 11:04:50.766 4449-4541/? D/PdnController: Interface Changed wlan0 link up
10-12 11:04:50.776 3435-4133/? V/AlarmManager: remove PendingIntent] PendingIntent{c503ccc: PendingIntentRecord{5a8b9c0 com.android.bluetooth broadcastIntent}}
10-12 11:04:50.776 3435-3435/? I/CLocInfoService: ['16.5] External Intent Received android.net.wifi.SCAN_RESULTS
10-12 11:04:50.786 3435-3540/? V/BroadcastQueue: [background] Process cur broadcast BroadcastRecord{2783b15 u-1 android.net.wifi.SCAN_RESULTS qIdx=4}, state= (APP_RECEIVE) DELIVERED for app ProcessRecord{84ccb49 3931:com.android.systemui/u0a62}
10-12 11:04:50.796 3435-3974/? V/AlarmManager: remove PendingIntent] PendingIntent{66fbe2a: PendingIntentRecord{5a8b9c0 com.android.bluetooth broadcastIntent}}
10-12 11:04:50.796 3435-4341/? V/AlarmManager: remove PendingIntent] PendingIntent{800f41b: PendingIntentRecord{5a8b9c0 com.android.bluetooth broadcastIntent}}
10-12 11:04:50.796 3435-4802/? V/AlarmManager: remove PendingIntent] PendingIntent{aaa59b8: PendingIntentRecord{5a8b9c0 com.android.bluetooth broadcastIntent}}
10-12 11:04:50.806 3435-4133/? V/AlarmManager: remove PendingIntent] PendingIntent{e2e7391: PendingIntentRecord{5a8b9c0 com.android.bluetooth broadcastIntent}}
10-12 11:04:50.806 3435-3992/? V/AlarmManager: remove PendingIntent] PendingIntent{42392f6: PendingIntentRecord{5a8b9c0 com.android.bluetooth broadcastIntent}}
10-12 11:04:50.806 3435-4325/? V/AlarmManager: remove PendingIntent] PendingIntent{a30b6f7: PendingIntentRecord{5a8b9c0 com.android.bluetooth broadcastIntent}}
10-12 11:04:50.816 3435-3474/? V/AlarmManager: remove PendingIntent] PendingIntent{8875964: PendingIntentRecord{5a8b9c0 com.android.bluetooth broadcastIntent}}
10-12 11:04:50.816 3435-3435/? D/PowerManagerService: [api] release WakeLock flags=0x80 tag=Window:AOD uid=1000 pid=3435 (0x0)
10-12 11:04:50.826 3435-3579/? D/SurfaceControl: Excessive delay in setPowerMode(): 265ms
10-12 11:04:50.826 3435-3579/? D/PowerManagerUtil: Excessive delay in !@display_state: DOZE: 266ms
10-12 11:04:50.826 3435-3579/? D/PowerManagerUtil: Excessive delay in DisplayManagerInternal.requestDesiredDisplayState: 267ms
10-12 11:04:50.826 3435-3569/? D/DisplayPowerController: animateScreenStateChange[0]: target=3
10-12 11:04:50.826 3435-3569/? I/libsuspend: !@autosuspend_wakeup_count_enable
10-12 11:04:50.826 3435-3569/? D/DisplayPowerController: [Dual Screen Compatible] state[0] :3
10-12 11:04:50.826 3435-3569/? I/libsuspend: !@autosuspend_wakeup_count_enable done
10-12 11:04:50.826 3435-3569/? D/DisplayPowerController: getFinalBrightness : Summary is 1 -> 1
10-12 11:04:50.826 3435-3569/? D/DisplayPowerController: Animating brightness: target=1, rate=2000 (PSM:false, AB limit:(-1 ~ -1) MB Limit:(-1 ~ -1))
10-12 11:04:50.836 3004-3004/? D/libEGL: eglInitialize EGLDisplay = 0x7ff090b628
10-12 11:04:50.826 3435-3569/? D/DisplayPowerController: animateScreenStateChange[0]: target=3
10-12 11:04:50.826 3435-3569/? D/DisplayPowerController: [Dual Screen Compatible] state[0] :3
10-12 11:04:50.826 3435-3569/? D/DisplayPowerController: getFinalBrightness : Summary is 1 -> 1
10-12 11:04:50.826 3435-3569/? D/DisplayPowerController: Animating brightness: target=1, rate=2000 (PSM:false, AB limit:(-1 ~ -1) MB Limit:(-1 ~ -1))
10-12 11:04:50.826 3435-3569/? D/DisplayPowerController: animateScreenStateChange[0]: target=3
10-12 11:04:50.836 4758-4758/? I/AlpmModeManager: handleAlpmModeOn: state = UNBLANK
10-12 11:04:50.826 3435-3569/? D/DisplayPowerController: [Dual Screen Compatible] state[0] :3
10-12 11:04:50.826 3435-3569/? D/DisplayPowerController: getFinalBrightness : Summary is 1 -> 1
10-12 11:04:50.836 4758-4758/? D/DefaultClockView: End AOD Enter Animation : ForceStopAnimation : false
10-12 11:04:50.826 3435-3569/? D/DisplayPowerController: Animating brightness: target=1, rate=2000 (PSM:false, AB limit:(-1 ~ -1) MB Limit:(-1 ~ -1))
10-12 11:04:50.836 4758-4758/? D/AODService: : state = Start AOD mode!!
10-12 11:04:50.826 3435-3569/? D/PowerManagerService: [s] DisplayPowerCallbacks : onStateChanged()
10-12 11:04:50.826 3435-3569/? D/PowerManagerService: mDisplayReady: true
10-12 11:04:50.826 3435-3569/? D/PowerManagerService: [PWL] sb release: PowerManagerService.Display
10-12 11:04:50.836 3435-4802/? D/PowerManagerService: [api] acquire WakeLock flags=0x80 tag=Window:AOD uid=1000 pid=3435
10-12 11:04:50.846 3004-3004/? D/libEGL: eglInitialize EGLDisplay = 0x7ff090b628
10-12 11:04:50.856 4758-4758/? D/BatteryMeterView: onDraw batteryColor : -986896
10-12 11:04:50.856 3435-4803/? D/PowerManagerService: [api] acquire WakeLock flags=0x80 tag=Window:AOD uid=1000 pid=3435
10-12 11:04:51.006 3435-3435/? D/PowerManagerService: [api] release WakeLock flags=0x80 tag=Window:AOD uid=1000 pid=3435 (0x0)
10-12 11:04:51.136 4758-4758/? I/AlpmModeManager: handleBlankDisplay: current state [ALPM_ON] to [ALPM_STATE_BLANK]
10-12 11:04:51.136 4758-4758/? V/AlpmModeManager: handleBlankDisplay: setDoze [DISPLAY_STATE_DOZE_SUSPEND] Keep bright
10-12 11:04:51.136 3435-4341/? I/PowerManagerService: [api] setDozeOverrideFromAod AlpmHlpmSysfs = -1, screenState = 4, Brightness = 0, wakefulness = false
10-12 11:04:51.136 3435-4341/? D/PowerManagerService: setDozeModeBySysfs: value is -1 , we ignore it.
10-12 11:04:51.146 3435-4341/? I/libsuspend: !@autosuspend_wakeup_count_disable
10-12 11:04:51.146 3435-4341/? D/PowerManagerService: mDisplayReady: false
10-12 11:04:51.146 3435-4341/? I/libsuspend: !@autosuspend_wakeup_count_disable done
10-12 11:04:51.146 3435-3569/? D/DisplayPowerController: animateScreenStateChange[0]: target=4
10-12 11:04:51.146 3435-3569/? D/DisplayPowerController: [Dual Screen Compatible] state[0] :4
10-12 11:04:51.146 3435-3569/? D/DisplayPowerController: getFinalBrightness : Summary is 1 -> 1
10-12 11:04:51.146 3435-4341/? D/PowerManagerService: [PWL] sb acquire: PowerManagerService.Display
10-12 11:04:51.146 3435-3569/? D/DisplayPowerController: Animating brightness: target=1, rate=0 (PSM:false, AB limit:(-1 ~ -1) MB Limit:(-1 ~ -1))
10-12 11:04:51.146 3435-3579/? D/DisplayManagerService: !@display_state: DOZE -> DOZE_SUSPEND brightness: 1 -> 1
10-12 11:04:51.146 3435-3565/? I/DisplayManagerService: Display device changed state: "Built-in Screen", DOZE_SUSPEND
10-12 11:04:51.146 3004-3004/? D/SurfaceFlinger: Set power mode=3, type=0 flinger=0x7fb2403c00
10-12 11:04:51.146 3435-3565/? I/DisplayManagerService: Display device changed state: "ActivityViewVirtualDisplay", DOZE_SUSPEND
10-12 11:04:51.146 3004-3004/? I/hwcomposer: int exynos_setPowerMode(hwc_composer_device_1*, int, int):: disp(0), mode(3)
10-12 11:04:51.176 3435-3569/? D/DisplayPowerController: animateScreenStateChange[0]: target=4
10-12 11:04:51.176 3435-3569/? D/DisplayPowerController: [Dual Screen Compatible] state[0] :4
10-12 11:04:51.176 3435-3569/? D/DisplayPowerController: getFinalBrightness : Summary is 1 -> 1
10-12 11:04:51.176 3435-3569/? I/libsuspend: !@autosuspend_wakeup_count_enable
10-12 11:04:51.176 3435-3569/? D/DisplayPowerController: Animating brightness: target=1, rate=0 (PSM:false, AB limit:(-1 ~ -1) MB Limit:(-1 ~ -1))
10-12 11:04:51.176 3435-3569/? I/libsuspend: !@autosuspend_wakeup_count_enable done
10-12 11:04:51.176 3435-3569/? D/DisplayPowerController: animateScreenStateChange[0]: target=4
10-12 11:04:51.176 3435-3569/? D/DisplayPowerController: [Dual Screen Compatible] state[0] :4
10-12 11:04:51.176 3435-3569/? D/DisplayPowerController: getFinalBrightness : Summary is 1 -> 1
10-12 11:04:51.176 3435-3569/? D/DisplayPowerController: Animating brightness: target=1, rate=0 (PSM:false, AB limit:(-1 ~ -1) MB Limit:(-1 ~ -1))
10-12 11:04:51.176 3435-3569/? D/PowerManagerService: [s] DisplayPowerCallbacks : onStateChanged()
10-12 11:04:51.176 3435-3569/? D/PowerManagerService: mDisplayReady: true
10-12 11:04:51.176 3435-3569/? D/PowerManagerService: [PWL] sb release: PowerManagerService.Display
10-12 11:04:54.296 4116-4144/? D/ContactsProvider_EventLog: contents_sample_state: [ contacts(15) data(105) accounts({com.google (2)=15}) accounts deleted({}) calls([]) ] contents_sample_state: [ agr({[2]=15}) ]
10-12 11:04:56.466 3435-4341/? D/BatteryService: !@BatteryListener : batteryPropertiesChanged!
10-12 11:04:56.466 3435-4341/? D/BatteryService: level:81, scale:100, status:2, health:2, present:true, voltage: 4183, temperature: 230, technology: Li-ion, AC powered:false, USB powered:true, POGO powered:false, Wireless powered:false, icon:17303413, invalid charger:0, maxChargingCurrent:0
10-12 11:04:56.466 3435-4341/? D/BatteryService: online:4, current avg:402, charge type:1, power sharing:false, high voltage charger:false, capacity:280000, batterySWSelfDischarging:false, current_now:465
10-12 11:04:56.466 3435-4341/? D/BatteryService: stay LED for charging
10-12 11:04:56.466 3435-3435/? D/BatteryService: Sending ACTION_BATTERY_CHANGED.
10-12 11:04:56.476 3435-3435/? I/MotionRecognitionService: Plugged
10-12 11:04:56.476 3435-3435/? D/MotionRecognitionService: cableConnection= 1
10-12 11:04:56.476 3435-3435/? D/MotionRecognitionService: setPowerConnected | current backoffstate = 1024 , state =1024
10-12 11:04:56.476 3435-3435/? D/MotionRecognitionService: skip setTransmitPower.
10-12 11:04:56.486 3435-3852/? D/WifiController: ApOrStaEnabledState msg.what= 155652
10-12 11:04:56.486 3931-3931/? D/KeyguardUpdateMonitor: received broadcast android.intent.action.BATTERY_CHANGED
10-12 11:04:56.486 3931-3931/? D/KeyguardUpdateMonitor: handleBatteryUpdate
10-12 11:04:56.486 3931-3931/? D/PowerUI: priorPlugType = 2 mPlugType = 2
10-12 11:04:56.486 3931-3931/? D/PowerUI.Notification: showChargingNotice oldChargingType : 1 currentChargingType : 1 oldChargingTime : 4010000 mChargingTime : 3988000
10-12 11:04:56.486 3931-3931/? D/PowerUI.Notification: showChargingNotification()
10-12 11:04:56.496 4449-4449/? D/CommonServiceConfiguration: getStringValueSetting
10-12 11:04:56.506 3435-4343/? D/ApplicationPolicy: isStatusBarNotificationAllowedAsUser: packageName = com.android.systemui,userId = -1
10-12 11:04:56.506 4449-4449/? D/BatteryMonitor: new battery level: 81
10-12 11:04:56.506 4758-4758/? D/BatteryController: saveBatteryData : level[81], status[2]
10-12 11:04:56.506 3931-3931/? D/BatteryMeterView: ACTION_BATTERY_CHANGED : level:81 status:2 health:2
10-12 11:04:56.506 3931-3931/? D/BatteryMeterView: ACTION_BATTERY_CHANGED : level:81 status:2 health:2
10-12 11:04:56.506 3435-3435/? D/MARsPolicyManager: NotificationListenerService OngoingNotificationPosted : com.android.systemui
10-12 11:04:56.526 3931-3931/? W/ResourcesManager: getTopLevelResources: /system/priv-app/SystemUI/SystemUI.apk / 1.0 running in com.android.systemui rsrc of package com.android.systemui
10-12 11:04:56.536 3931-3931/? D/PhoneStatusBar: setAreThereNotifications: N=2 any=true clearable=false
10-12 11:04:58.406 3931-4137/? D/NetworkController.MobileSignalController(0/2147483643): onSignalStrengthsChanged signalStrength=SignalStrength: 13 99 -16 -200 -16 -200 -1 0 2147483647 2147483647 2147483647 2147483647 2147483647 0x4 gsm|lte level=4
10-12 11:04:58.406 3931-4137/? D/NetworkController.MobileSignalController(0/2147483643): getMobileIconGroup(): 0
10-12 11:04:59.996 3435-3807/? V/AlarmManager: Expired Alarm result :8
10-12 11:05:00.376 3435-6368/? D/SSRM:n: SIOP:: AP = 230, PST = 231 (W:10), CP = 192, CUR = 402, LCD = 1
10-12 11:05:00.996 3435-3807/? V/AlarmManager: Expired Alarm result :4
10-12 11:05:00.996 3435-3807/? V/AlarmManager: Send whitelist package alarm :PendingIntent{b61a027: PendingIntentRecord{5684f7e com.samsung.android.app.aodservice broadcastIntent}}
10-12 11:05:00.996 3931-3931/? D/KeyguardUpdateMonitor: received broadcast android.intent.action.TIME_TICK
10-12 11:05:00.996 3931-3931/? D/KeyguardUpdateMonitor: handleTimeUpdate
10-12 11:05:01.016 3931-3931/? D/Clock: received broadcast android.intent.action.TIME_TICK
10-12 11:05:01.066 3931-3931/? D/DateView: received broadcast android.intent.action.TIME_TICK
10-12 11:05:01.096 4758-4758/? D/AODService.ClockTimer: onReceive : com.samsung.android.app.aodservice.ClockTimer.TICK, mWakeUp = true
10-12 11:05:01.096 4758-4758/? V/BatteryController: getBatteryLevel[81.0], batteryStatus[2]
10-12 11:05:01.106 3435-4341/? W/CAE: setCAProperty(ContextAwareService.java:578) - [setProperty 01] Mutex is locked for DEVICE_PHYSICAL_CONTEXT_MONITOR
10-12 11:05:01.106 3435-4341/? I/CAE: setPropertyValue(DevicePhysicalContextMonitorRunner.java:155) - Get status
10-12 11:05:01.106 3435-4341/? I/CAE: sendCmdToSensorHub(SensorHubCommManager.java:162) - -72, 56, 1, 1,
10-12 11:05:01.106 3435-4341/? D/SensorHubManager: SendSensorHubData: send data = -72, 56, 1, 1
10-12 11:05:01.106 3158-8639/? D/Sensorhubs: sendContextData: -72, 56, 1, 1
10-12 11:05:01.106 3435-4341/? I/CAE: setCAProperty(ContextAwareService.java:583) - result : true
10-12 11:05:01.116 3435-4341/? W/CAE: setCAProperty(ContextAwareService.java:584) - [setProperty 02] Mutex is unlocked for DEVICE_PHYSICAL_CONTEXT_MONITOR
10-12 11:05:01.116 3435-4341/? D/SContextService: requestToUpdate() : service = Device Physical Context Monitor
10-12 11:05:01.116 4758-4758/? D/SContextManager: .requestToUpdate : listener = com.samsung.android.app.aodservice.AODService$7@364f7c6, service=Device Physical Context Monitor
10-12 11:05:01.116 4758-4758/? I/AlpmModeManager: startAlpmMode : state = BLANK
10-12 11:05:01.116 4758-4758/? D/DefaultClockView: Window showed. Time views updating
10-12 11:05:01.116 3435-4802/? D/PowerManagerService: [api] acquire WakeLock flags=0x80 tag=Window:AOD uid=1000 pid=3435
10-12 11:05:01.116 3435-4802/? I/libsuspend: !@autosuspend_wakeup_count_disable
10-12 11:05:01.116 3435-4802/? D/PowerManagerService: mDisplayReady: false
10-12 11:05:01.116 3435-4802/? I/libsuspend: !@autosuspend_wakeup_count_disable done
10-12 11:05:01.116 3435-3569/? D/DisplayPowerController: animateScreenStateChange[0]: target=3
10-12 11:05:01.116 4758-4758/? D/AODUpdatePositionController: updatePosition: direction[4] updatePosition: X[23] Y[202] NewPositionTimer[59]
10-12 11:05:01.116 3435-4802/? D/PowerManagerService: [PWL] sb acquire: PowerManagerService.Display
10-12 11:05:01.116 3004-3004/? D/SurfaceFlinger: Set power mode=1, type=0 flinger=0x7fb2403c00
10-12 11:05:01.116 3435-3569/? D/DisplayPowerController: [Dual Screen Compatible] state[0] :3
10-12 11:05:01.116 3004-3004/? I/hwcomposer: int exynos_setPowerMode(hwc_composer_device_1*, int, int):: disp(0), mode(1)
10-12 11:05:01.116 3435-3569/? D/DisplayPowerController: getFinalBrightness : Summary is 1 -> 1
10-12 11:05:01.116 4758-4758/? D/DefaultClockView: LocalTime Pattern : HH:mm
10-12 11:05:01.116 3435-3569/? D/DisplayPowerController: Animating brightness: target=1, rate=2000 (PSM:false, AB limit:(-1 ~ -1) MB Limit:(-1 ~ -1))
10-12 11:05:01.116 4758-4758/? D/TimeViewHolder: onTimeUpdate: timeZone:libcore.util.ZoneInfo[id="Europe/Berlin",mRawOffset=3600000,mEarliestRawOffset=3600000,mUseDst=true,mDstSavings=3600000,transitions=144] isSplitHour:false isSingleView:false isAMPMonLeft:null time01: 11:05 time02: null ampm: null
10-12 11:05:01.116 3435-3579/? D/DisplayManagerService: !@display_state: DOZE_SUSPEND -> DOZE brightness: 1 -> 1
10-12 11:05:01.116 3435-3565/? I/DisplayManagerService: Display device changed state: "Built-in Screen", DOZE
10-12 11:05:01.116 3435-3565/? I/DisplayManagerService: Display device changed state: "ActivityViewVirtualDisplay", DOZE
10-12 11:05:01.126 3435-3569/? D/DisplayPowerController: animateScreenStateChange[0]: target=3
10-12 11:05:01.126 3435-3569/? D/DisplayPowerController: [Dual Screen Compatible] state[0] :3
10-12 11:05:01.126 3435-3569/? I/libsuspend: !@autosuspend_wakeup_count_enable
10-12 11:05:01.126 3435-3569/? D/DisplayPowerController: getFinalBrightness : Summary is 1 -> 1
10-12 11:05:01.126 3435-3569/? I/libsuspend: !@autosuspend_wakeup_count_enable done
10-12 11:05:01.126 3435-3569/? D/DisplayPowerController: Animating brightness: target=1, rate=2000 (PSM:false, AB limit:(-1 ~ -1) MB Limit:(-1 ~ -1))
10-12 11:05:01.126 3435-3569/? D/DisplayPowerController: animateScreenStateChange[0]: target=3
10-12 11:05:01.126 3435-3569/? D/DisplayPowerController: [Dual Screen Compatible] state[0] :3
10-12 11:05:01.126 3435-3569/? D/DisplayPowerController: getFinalBrightness : Summary is 1 -> 1
10-12 11:05:01.126 3435-3569/? D/DisplayPowerController: Animating brightness: target=1, rate=2000 (PSM:false, AB limit:(-1 ~ -1) MB Limit:(-1 ~ -1))
10-12 11:05:01.126 3435-3569/? D/PowerManagerService: [s] DisplayPowerCallbacks : onStateChanged()
10-12 11:05:01.126 3435-3569/? D/PowerManagerService: mDisplayReady: true
10-12 11:05:01.126 3435-3569/? D/PowerManagerService: [PWL] sb release: PowerManagerService.Display
10-12 11:05:01.136 4758-4758/? D/RoamingTimeViewHolder: isDualClockSetting :: true isHomeTimeZoneExist :: false isEasyUxON :: false Utils.isRoaming(mContext) :: false
10-12 11:05:01.136 4758-4758/? D/RoamingTimeViewHolder: getHomeCalendar : No homecity_timezone, set as default : (libcore.util.ZoneInfo[id="Europe/Berlin",mRawOffset=3600000,mEarliestRawOffset=3600000,mUseDst=true,mDstSavings=3600000,transitions=144])
10-12 11:05:01.136 4758-4758/? D/RoamingTimeViewHolder: onTimeUpdate: isVisible:false timeZone:libcore.util.ZoneInfo[id="Europe/Berlin",mRawOffset=3600000,mEarliestRawOffset=3600000,mUseDst=true,mDstSavings=3600000,transitions=144] text:Wed, 12 Oct 11:05
10-12 11:05:01.136 4758-4758/? I/AODService.ClockTimer: startAlarm : TICK
10-12 11:05:01.136 3435-3992/? V/AlarmManager: Add whitelist package alarm :PendingIntent{a2fcb93: PendingIntentRecord{5684f7e com.samsung.android.app.aodservice broadcastIntent}}
10-12 11:05:01.136 4758-4758/? I/AlpmModeManager: handleUnblankDisplay: state = BLANK
10-12 11:05:01.136 4758-4758/? V/AlpmModeManager: updateAlpmMode: setDoze [DISPLAY_STATE_DOZE_SUSPEND]
10-12 11:05:01.136 3435-3474/? I/PowerManagerService: [api] setDozeOverrideFromAod AlpmHlpmSysfs = -1, screenState = 4, Brightness = 0, wakefulness = false
10-12 11:05:01.136 3435-3474/? D/PowerManagerService: setDozeModeBySysfs: value is -1 , we ignore it.
10-12 11:05:01.136 3435-4341/? D/PowerManagerService: [api] acquire WakeLock flags=0x80 tag=Window:AOD uid=1000 pid=3435
10-12 11:05:01.146 3158-3198/? D/Sensorhubs: readContextData: 1, 1, 56, 1, 1, 1, 1
10-12 11:05:01.146 3435-3810/? D/SensorHubManager: onGetSensorHubDataLocked: library(7) = 1, 1, 56, 1, 1, 1, 1
10-12 11:05:01.146 3435-3809/? I/CAE: sendCmdToSensorHub(SensorHubCommManager.java:162) - -63, 14, 9, 5, 1,
10-12 11:05:01.146 3435-3809/? D/SensorHubManager: SendSensorHubData: send data = -63, 14, 9, 5, 1
10-12 11:05:01.146 3158-3199/? D/Sensorhubs: sendContextData: -63, 14, 9, 5, 1
10-12 11:05:01.146 4758-4758/? D/DefaultClockView: RootView invalidate()
10-12 11:05:01.146 3435-4200/? D/PowerManagerService: [api] acquire WakeLock flags=0x80 tag=Window:AOD uid=1000 pid=3435
10-12 11:05:01.146 3435-3809/? D/CAE: onGetSensorHubData(SensorHubParserProvider.java:92) - onGetSensorHubData Event [event buffer len :7], AP_SLEEP
10-12 11:05:01.146 3435-3809/? I/CAE: parse(SensorHubParserProvider.java:188) - buffer size = 7
10-12 11:05:01.146 3435-3809/? I/CAE: parse(SensorHubParserProvider.java:199) - 1, 1, 56, 1, 1, 1, 1,
10-12 11:05:01.146 3435-3809/? D/CAE: display(ContextProvider.java:375) - ================= DEVICE_PHYSICAL_CONTEXT_MONITOR =================
10-12 11:05:01.146 3435-3809/? I/CAE: display(ContextProvider.java:391) - AODReason=[1], AODStatus=[1], DataType=[1]
10-12 11:05:01.146 3435-3812/? D/SContextService: updateSContext() : event = Device Physical Context Monitor
10-12 11:05:01.156 4758-4758/? I/AODService: onSContextChanged: AODScreenShown state is already true
10-12 11:05:01.296 3435-3435/? D/PowerManagerService: [api] release WakeLock flags=0x80 tag=Window:AOD uid=1000 pid=3435 (0x0)
10-12 11:05:01.296 3435-3435/? I/libsuspend: !@autosuspend_wakeup_count_disable
10-12 11:05:01.296 3435-3435/? D/PowerManagerService: mDisplayReady: false
10-12 11:05:01.296 3435-3435/? I/libsuspend: !@autosuspend_wakeup_count_disable done
10-12 11:05:01.296 3435-3569/? D/DisplayPowerController: animateScreenStateChange[0]: target=4
10-12 11:05:01.296 3435-3569/? D/DisplayPowerController: [Dual Screen Compatible] state[0] :4
10-12 11:05:01.296 3435-3435/? D/PowerManagerService: [PWL] sb acquire: PowerManagerService.Display
10-12 11:05:01.296 3435-3569/? D/DisplayPowerController: getFinalBrightness : Summary is 1 -> 1
10-12 11:05:01.296 3435-3569/? D/DisplayPowerController: Animating brightness: target=1, rate=0 (PSM:false, AB limit:(-1 ~ -1) MB Limit:(-1 ~ -1))
10-12 11:05:01.296 3435-3579/? D/DisplayManagerService: !@display_state: DOZE -> DOZE_SUSPEND brightness: 1 -> 1
10-12 11:05:01.296 3004-3004/? D/SurfaceFlinger: Set power mode=3, type=0 flinger=0x7fb2403c00
10-12 11:05:01.296 3435-3565/? I/DisplayManagerService: Display device changed state: "Built-in Screen", DOZE_SUSPEND
10-12 11:05:01.296 3004-3004/? I/hwcomposer: int exynos_setPowerMode(hwc_composer_device_1*, int, int):: disp(0), mode(3)
10-12 11:05:01.296 3435-3565/? I/DisplayManagerService: Display device changed state: "ActivityViewVirtualDisplay", DOZE_SUSPEND
10-12 11:05:01.316 3435-3569/? D/DisplayPowerController: animateScreenStateChange[0]: target=4
10-12 11:05:01.316 3435-3569/? D/DisplayPowerController: [Dual Screen Compatible] state[0] :4
10-12 11:05:01.326 3435-3569/? I/libsuspend: !@autosuspend_wakeup_count_enable
10-12 11:05:01.316 3435-3569/? D/DisplayPowerController: getFinalBrightness : Summary is 1 -> 1
10-12 11:05:01.326 3435-3569/? I/libsuspend: !@autosuspend_wakeup_count_enable done
10-12 11:05:01.316 3435-3569/? D/DisplayPowerController: Animating brightness: target=1, rate=0 (PSM:false, AB limit:(-1 ~ -1) MB Limit:(-1 ~ -1))
10-12 11:05:01.316 3435-3569/? D/DisplayPowerController: animateScreenStateChange[0]: target=4
10-12 11:05:01.316 3435-3569/? D/DisplayPowerController: [Dual Screen Compatible] state[0] :4
10-12 11:05:01.326 3435-3569/? D/DisplayPowerController: getFinalBrightness : Summary is 1 -> 1
10-12 11:05:01.326 3435-3569/? D/DisplayPowerController: Animating brightness: target=1, rate=0 (PSM:false, AB limit:(-1 ~ -1) MB Limit:(-1 ~ -1))
10-12 11:05:01.326 3435-3569/? D/PowerManagerService: [s] DisplayPowerCallbacks : onStateChanged()
10-12 11:05:01.326 3435-3569/? D/PowerManagerService: mDisplayReady: true
10-12 11:05:01.326 3435-3569/? D/PowerManagerService: [PWL] sb release: PowerManagerService.Display
10-12 11:05:03.156 3435-3807/? V/AlarmManager: Expired Alarm result :4
10-12 11:05:03.206 29708-29708/? E/Zygote: v2
10-12 11:05:03.206 29708-29708/? I/libpersona: KNOX_SDCARD checking this for 10126
10-12 11:05:03.206 29708-29708/? I/libpersona: KNOX_SDCARD not a persona
10-12 11:05:03.206 29708-29708/? I/SELinux: Function: selinux_compare_spd_ram, index[1], SPD-policy is existed. and_ver=SEPF_SECMOBILE_6.0.1 ver=11
10-12 11:05:03.206 29708-29708/? W/SELinux: Function: selinux_compare_spd_ram, index[1], priority [2], priority version is VE=SEPF_SECMOBILE_6.0.1_0013
10-12 11:05:03.206 3435-3540/? I/ActivityManager: Start proc 29708:com.google.android.apps.photos/u0a126 for broadcast-3 com.google.android.apps.photos/.scheduler.AlarmReceiver
10-12 11:05:03.206 29708-29708/? E/Zygote: accessInfo : 0
10-12 11:05:03.206 3435-3846/? D/NetworkPolicy: isUidForegroundLocked: 10126, mScreenOn: false, uidstate: -1, mProxSensorScreenOff: false
10-12 11:05:03.216 29708-29708/? W/SELinux: SELinux: seapp_context_lookup: seinfo=untrusted, level=s0:c512,c768, pkgname=com.google.android.apps.photos
10-12 11:05:03.256 3435-3569/? D/PowerManagerService: [s] UserActivityState : 1 -> 2
10-12 11:05:03.256 29708-29708/? D/TimaKeyStoreProvider: TimaSignature is unavailable
10-12 11:05:03.256 29708-29708/? D/ActivityThread: Added TimaKeyStore provider
10-12 11:05:03.276 3435-4343/? V/BroadcastQueue: [background] Process cur broadcast BroadcastRecord{41f1385 u0 com.google.android.apps.photos.scheduler.ACTION_ALARM qIdx=4}, state= (APP_RECEIVE) DELIVERED for app ProcessRecord{70c05da 29708:com.google.android.apps.photos/u0a126}
10-12 11:05:03.286 3435-3846/? D/NetworkPolicy: isUidForegroundLocked: 10126, mScreenOn: false, uidstate: 11, mProxSensorScreenOff: false
10-12 11:05:03.296 29708-29708/? W/ResourcesManager: getTopLevelResources: /data/app/com.google.android.apps.photos-2/base.apk / 1.0 running in com.google.android.apps.photos rsrc of package com.google.android.apps.photos
10-12 11:05:03.296 3435-4803/? I/InjectionManagerService -AppFeature: getCoreFeaturePkgList :[]
10-12 11:05:03.296 29708-29708/? I/InjectionManager: Inside getClassLibPath + mLibMap{0=, 1=}
10-12 11:05:03.306 29708-29708/? D/ResourcesManager: For user 0 new overlays fetched Null
10-12 11:05:03.316 29708-29708/? I/InjectionManager: Inside getClassLibPath caller
10-12 11:05:03.576 29708-29708/? D/InjectionManager: InjectionManager
10-12 11:05:03.576 29708-29708/? D/InjectionManager: fillFeatureStoreMap com.google.android.apps.photos
10-12 11:05:03.576 29708-29708/? I/InjectionManager: Constructor com.google.android.apps.photos, Feature store :{}
10-12 11:05:03.576 29708-29708/? I/InjectionManager: featureStore :{}
10-12 11:05:03.616 3435-4825/? V/BroadcastQueue: [background] Process cur broadcast BroadcastRecord{b43a0e8 u0 com.google.android.gms.tron.ALARM qIdx=4}, state= (APP_RECEIVE) DELIVERED for app ProcessRecord{4a1217e 4718:com.google.android.gms/u0a19}
10-12 11:05:03.676 3435-3435/? V/BroadcastQueue: [background] Process cur broadcast BroadcastRecord{a47a500 u0 null qIdx=4}, state= (APP_RECEIVE) DELIVERED for app ProcessRecord{7fb4010 4276:com.google.android.gms.persistent/u0a19}
10-12 11:05:03.776 3435-3435/? I/BackgroundCompactionService: onStart. jobID=801
10-12 11:05:03.776 3435-3435/? I/BackgroundCompactionService: onStart done. jobID=801
10-12 11:05:03.786 3435-29726/? I/BackgroundCompactionService: Execute BGCompaction (type1). (24 times)
10-12 11:05:03.786 3435-29726/? I/BackgroundCompactionService: compact_memory command done
10-12 11:05:03.876 4276-29725/? D/SecWifiDisplayUtil: Metadata value : SecSettings2
10-12 11:05:03.886 4718-5035/? W/LocalPredictor: On wifi, but couldn't get security type
10-12 11:05:03.906 29733-29733/? E/Zygote: v2
10-12 11:05:03.906 29733-29733/? I/libpersona: KNOX_SDCARD checking this for 10126
10-12 11:05:03.906 29733-29733/? I/libpersona: KNOX_SDCARD not a persona
10-12 11:05:03.906 29733-29733/? I/SELinux: Function: selinux_compare_spd_ram, index[1], SPD-policy is existed. and_ver=SEPF_SECMOBILE_6.0.1 ver=11
10-12 11:05:03.906 29733-29733/? W/SELinux: Function: selinux_compare_spd_ram, index[1], priority [2], priority version is VE=SEPF_SECMOBILE_6.0.1_0013
10-12 11:05:03.916 29733-29733/? E/Zygote: accessInfo : 0
10-12 11:05:03.916 29733-29733/? W/SELinux: SELinux: seapp_context_lookup: seinfo=untrusted, level=s0:c512,c768, pkgname=com.google.android.apps.photos:CameraShortcut
10-12 11:05:03.916 3435-4343/? I/ActivityManager: Start proc 29733:com.google.android.apps.photos:CameraShortcut/u0a126 for service com.google.android.apps.photos/.camerashortcut.CameraShortcutServiceImpl
10-12 11:05:03.936 4718-5035/? W/Herrevad: Invalid mccmnc
10-12 11:05:03.946 29733-29733/? D/TimaKeyStoreProvider: TimaSignature is unavailable
10-12 11:05:03.946 29733-29733/? D/ActivityThread: Added TimaKeyStore provider
10-12 11:05:03.966 29733-29733/? W/ResourcesManager: getTopLevelResources: /data/app/com.google.android.apps.photos-2/base.apk / 1.0 running in com.google.android.apps.photos rsrc of package com.google.android.apps.photos
10-12 11:05:03.966 3435-4337/? I/InjectionManagerService -AppFeature: getCoreFeaturePkgList :[]
10-12 11:05:03.966 29733-29733/? I/InjectionManager: Inside getClassLibPath + mLibMap{0=, 1=}
10-12 11:05:03.976 29733-29733/? D/ResourcesManager: For user 0 new overlays fetched Null
10-12 11:05:03.976 29733-29733/? I/InjectionManager: Inside getClassLibPath caller
10-12 11:05:03.996 3435-4808/? D/ConnectivityService: returning getNetworkInfo for network type 0 : [type: MOBILE[] - MOBILE, state: DISCONNECTED/DISCONNECTED, reason: (unspecified), extra: (none), roaming: false, failover: false, isAvailable: true]
10-12 11:05:04.206 29733-29733/? D/InjectionManager: InjectionManager
10-12 11:05:04.206 29733-29733/? D/InjectionManager: fillFeatureStoreMap com.google.android.apps.photos
10-12 11:05:04.206 29733-29733/? I/InjectionManager: Constructor com.google.android.apps.photos, Feature store :{}
10-12 11:05:04.206 29733-29733/? I/InjectionManager: featureStore :{}
10-12 11:05:04.246 3435-3974/? I/ActivityManager: Killing 29011:com.google.android.partnersetup/u0a23 (adj 15): DHA:empty #33
10-12 11:05:04.276 3435-3474/? D/ActivityManager: isAutoRunBlockedApp:: com.google.android.partnersetup, Auto Run ON
10-12 11:05:06.166 3435-4154/? E/Watchdog: !@Sync 297 [10-12 11:05:06.172]
10-12 11:05:06.526 3435-4325/? D/BatteryService: !@BatteryListener : batteryPropertiesChanged!
10-12 11:05:06.526 3435-4325/? D/BatteryService: level:81, scale:100, status:2, health:2, present:true, voltage: 4185, temperature: 230, technology: Li-ion, AC powered:false, USB powered:true, POGO powered:false, Wireless powered:false, icon:17303413, invalid charger:0, maxChargingCurrent:0
10-12 11:05:06.526 3435-4325/? D/BatteryService: online:4, current avg:403, charge type:1, power sharing:false, high voltage charger:false, capacity:280000, batterySWSelfDischarging:false, current_now:359
10-12 11:05:06.526 3435-4325/? D/BatteryService: stay LED for charging
10-12 11:05:06.526 3435-3435/? D/BatteryService: Sending ACTION_BATTERY_CHANGED.
10-12 11:05:06.526 3435-3435/? I/MotionRecognitionService: Plugged
10-12 11:05:06.526 3435-3435/? D/MotionRecognitionService: cableConnection= 1
10-12 11:05:06.526 3435-3435/? D/MotionRecognitionService: setPowerConnected | current backoffstate = 1024 , state =1024
10-12 11:05:06.526 3435-3435/? D/MotionRecognitionService: skip setTransmitPower.
10-12 11:05:06.536 3435-3852/? D/WifiController: ApOrStaEnabledState msg.what= 155652
10-12 11:05:06.536 3931-3931/? D/KeyguardUpdateMonitor: received broadcast android.intent.action.BATTERY_CHANGED
10-12 11:05:06.536 3931-3931/? D/KeyguardUpdateMonitor: handleBatteryUpdate
10-12 11:05:06.546 3931-3931/? D/PowerUI: priorPlugType = 2 mPlugType = 2
10-12 11:05:06.546 3931-3931/? D/PowerUI.Notification: showChargingNotice oldChargingType : 1 currentChargingType : 1 oldChargingTime : 3988000 mChargingTime : 3988000
10-12 11:05:06.546 3931-3931/? D/PowerUI.Notification: There is no change about charging status, so return!
10-12 11:05:06.556 4449-4449/? D/CommonServiceConfiguration: getStringValueSetting
10-12 11:05:06.576 4449-4449/? D/BatteryMonitor: new battery level: 81
10-12 11:05:06.576 4758-4758/? D/BatteryController: saveBatteryData : level[81], status[2]
10-12 11:05:06.586 3931-3931/? D/BatteryMeterView: ACTION_BATTERY_CHANGED : level:81 status:2 health:2
10-12 11:05:06.586 3931-3931/? D/BatteryMeterView: ACTION_BATTERY_CHANGED : level:81 status:2 health:2
10-12 11:05:09.076 3435-4643/? I/ActivityManager: Killing 29040:com.samsung.svoice.sync/u0a40 (adj 15): DHA:empty #33
10-12 11:05:09.126 3435-4337/? D/ActivityManager: isAutoRunBlockedApp:: com.samsung.svoice.sync, Auto Run ON
10-12 11:05:09.256 3435-3569/? D/PowerManagerService: [s] UserActivityState : 2 -> 4
10-12 11:05:10.426 3435-6368/? D/SSRM:n: SIOP:: AP = 230, PST = 231 (W:10), CP = 192, CUR = 403, LCD = 1
10-12 11:05:10.536 3435-3446/? I/art: Background sticky concurrent mark sweep GC freed 122059(8MB) AllocSpace objects, 55(2MB) LOS objects, 18% free, 49MB/61MB, paused 3.456ms total 127.152ms
10-12 11:05:16.576 3435-3475/? D/BatteryService: !@BatteryListener : batteryPropertiesChanged!
10-12 11:05:16.576 3435-3475/? D/BatteryService: level:81, scale:100, status:2, health:2, present:true, voltage: 4183, temperature: 231, technology: Li-ion, AC powered:false, USB powered:true, POGO powered:false, Wireless powered:false, icon:17303413, invalid charger:0, maxChargingCurrent:0
10-12 11:05:16.576 3435-3475/? D/BatteryService: online:4, current avg:427, charge type:1, power sharing:false, high voltage charger:false, capacity:280000, batterySWSelfDischarging:false, current_now:474
10-12 11:05:16.576 3435-3475/? D/BatteryService: stay LED for charging
10-12 11:05:16.576 3435-3435/? D/BatteryService: Sending ACTION_BATTERY_CHANGED.
10-12 11:05:16.586 3435-3435/? I/MotionRecognitionService: Plugged
10-12 11:05:16.586 3435-3435/? D/MotionRecognitionService: cableConnection= 1
10-12 11:05:16.586 3435-3435/? D/MotionRecognitionService: setPowerConnected | current backoffstate = 1024 , state =1024
10-12 11:05:16.586 3435-3435/? D/MotionRecognitionService: skip setTransmitPower.
10-12 11:05:16.596 3435-3852/? D/WifiController: ApOrStaEnabledState msg.what= 155652
10-12 11:05:16.596 3931-3931/? D/KeyguardUpdateMonitor: received broadcast android.intent.action.BATTERY_CHANGED
10-12 11:05:16.596 3931-3931/? D/KeyguardUpdateMonitor: handleBatteryUpdate
10-12 11:05:16.596 3931-3931/? D/PowerUI: priorPlugType = 2 mPlugType = 2
10-12 11:05:16.596 3931-3931/? D/PowerUI.Notification: showChargingNotice oldChargingType : 1 currentChargingType : 1 oldChargingTime : 3988000 mChargingTime : 3988000
10-12 11:05:16.596 3931-3931/? D/PowerUI.Notification: There is no change about charging status, so return!
10-12 11:05:16.616 4449-4449/? D/CommonServiceConfiguration: getStringValueSetting
10-12 11:05:16.626 4758-4758/? D/BatteryController: saveBatteryData : level[81], status[2]
10-12 11:05:16.626 4449-4449/? D/BatteryMonitor: new battery level: 81
10-12 11:05:16.636 3931-3931/? D/BatteryMeterView: ACTION_BATTERY_CHANGED : level:81 status:2 health:2
10-12 11:05:16.636 3931-3931/? D/BatteryMeterView: ACTION_BATTERY_CHANGED : level:81 status:2 health:2
10-12 11:05:20.466 3435-6368/? D/SSRM:n: SIOP:: AP = 230, PST = 231 (W:10), CP = 191, CUR = 427, LCD = 1
10-12 11:05:22.756 3435-3821/? D/InputReader: Input event(5): value=1 when=8941500281000
10-12 11:05:22.756 3435-3821/? D/InputReader: !@notifyKey(172), action=0
10-12 11:05:22.756 3435-3821/? D/InputManager-JNI: !@interceptKeyBeforeQueueing(172), action=0, interactive=false
10-12 11:05:22.756 3435-3821/? D/CustomFrequencyManagerService: acquireDVFSLockLocked : type : DVFS_MIN_LIMIT frequency : 1144000 uid : 1000 pid : 3435 pkgName : WAKEUP_BOOSTER@30
10-12 11:05:22.756 3435-3821/? E/SamsungWindowManager: mCoreNumLockHelper.acquire
10-12 11:05:22.756 3435-3821/? D/CustomFrequencyManagerService: requestCPUCore:: CPUCore value is not in the permitted range. CoreNum = 2
10-12 11:05:22.756 3435-3821/? D/PowerManagerService: [api] [s] wakeUpWithReason (uid: 1000 pid: 3435) eventTime = 8941500 event = 1
10-12 11:05:22.766 3435-3821/? D/InputManager-JNI: setInteractive(true)
10-12 11:05:22.756 3435-3821/? I/PowerManagerService: !@[ps] Screen__On - 35 : wakeUpWithReason: 1 (uid: 1000 pid: 3435) (1)
10-12 11:05:22.756 3435-3821/? I/PowerManagerService: Waking up from dozing (uid 1000)...
10-12 11:05:22.766 3435-3821/? D/PowerManagerService: [PWL] sb acquire: PowerManagerService.Broadcasts
10-12 11:05:22.766 3435-3894/? D/NetworkPolicy: onScreenStateChanged, state: true, reason: 2
10-12 11:05:22.766 3435-3821/? D/PowerManagerService: [s] UserActivityState : 4 -> 1
10-12 11:05:22.766 3435-3821/? I/libsuspend: !@autosuspend_wakeup_count_disable
10-12 11:05:22.766 3435-3821/? D/PowerManagerService: mDisplayReady: false
10-12 11:05:22.766 3435-3821/? I/libsuspend: !@autosuspend_wakeup_count_disable done
10-12 11:05:22.766 3435-3821/? D/PowerManagerService: [PWL] sb acquire: PowerManagerService.Display
10-12 11:05:22.766 3435-3821/? D/InputManager-JNI: !@handleInterceptActions(172), action=0, wmActions=0
10-12 11:05:22.766 3435-3569/? D/DisplayPowerController: animateScreenStateChange[0]: target=2
10-12 11:05:22.766 3435-3821/? D/InputManager-JNI: Disable repeat for home key when device wake up
10-12 11:05:22.766 3435-3894/? V/KeyguardServiceDelegate: onStartedWakingUp()
10-12 11:05:22.766 3435-3569/? D/DisplayPowerController: [M OS] 0 REPORTED_TO_POLICY_SCREEN_OFF -> REPORTED_TO_POLICY_SCREEN_TURNING_ON.
10-12 11:05:22.766 3435-3569/? V/KeyguardServiceDelegate: onScreenTurnedOn(showListener = com.android.server.policy.PhoneWindowManager$2@f11798b)
10-12 11:05:22.766 3435-3569/? D/DisplayPowerController: mWindowManagerPolicy.screenTurningOn(mPendingScreenOnUnblocker, 0)
10-12 11:05:22.766 3435-3569/? D/DisplayPowerController: [Dual Screen Compatible] state[0] :2
10-12 11:05:22.766 3931-22757/? D/KeyguardViewMediator: onStartedWakingUp, seq = 36
10-12 11:05:22.766 3435-3569/? D/AutomaticBrightnessController: [DAB] no lux value from sensor manager
10-12 11:05:22.766 3931-22757/? D/KeyguardViewMediator: notifyStartedWakingUp
10-12 11:05:22.766 3435-3569/? D/DisplayPowerController: getFinalBrightness : Summary is 1 -> 1
10-12 11:05:22.766 3931-3931/? D/KeyguardViewMediator: handleNotifyWakingUp
10-12 11:05:22.766 3435-3569/? D/DisplayPowerController: Animating brightness: target=1, rate=2000 (PSM:false, AB limit:(-1 ~ -1) MB Limit:(-1 ~ -1), PendingAutoBrightness)
10-12 11:05:22.766 3435-3896/? W/CAE: setCAProperty(ContextAwareService.java:578) - [setProperty 01] Mutex is locked for AUTO_BRIGHTNESS
10-12 11:05:22.766 3435-3896/? D/AutomaticBrightnessController: [DAB] setLightSensorEnabled : registerListenerRunnable
10-12 11:05:22.766 3931-3931/? D/PhoneStatusBar: onUnlockHintStarted isSmartLock = false, isInSecureByLockTimeout=false
10-12 11:05:22.766 3435-3896/? I/CAE: setPropertyValue(AutoBrightnessRunner.java:129) - Mode = 0
10-12 11:05:22.766 3435-3579/? D/DisplayManagerService: !@display_state: DOZE_SUSPEND -> ON brightness: 1 -> 1
10-12 11:05:22.766 3435-3896/? I/CAE: sendCmdToSensorHub(SensorHubCommManager.java:162) - -63, 23, 48, 1, 0,
10-12 11:05:22.766 3435-3565/? I/DisplayManagerService: Display device changed state: "Built-in Screen", ON
10-12 11:05:22.766 3435-3896/? D/SensorHubManager: SendSensorHubData: send data = -63, 23, 48, 1, 0
10-12 11:05:22.766 3435-3565/? I/DisplayManagerService: Display device changed state: "ActivityViewVirtualDisplay", ON
10-12 11:05:22.766 3004-3004/? D/SurfaceFlinger: Set power mode=2, type=0 flinger=0x7fb2403c00
10-12 11:05:22.766 3004-3004/? I/hwcomposer: int exynos_setPowerMode(hwc_composer_device_1*, int, int):: disp(0), mode(2)
10-12 11:05:22.766 3158-3158/? D/Sensorhubs: sendContextData: -63, 23, 48, 1, 0
10-12 11:05:22.776 3931-4152/? D/KeyguardViewMediator: notifyScreenOn
10-12 11:05:22.786 3435-3569/? D/DisplayPowerController: animateScreenStateChange[0]: target=2
10-12 11:05:22.786 3435-3569/? V/KeyguardServiceDelegate: onScreenTurnedOn()
10-12 11:05:22.786 3435-3569/? D/DisplayPowerController: [Dual Screen Compatible] state[0] :2
10-12 11:05:22.786 3435-29770/? D/MISC PowerHAL: sysfs_write +: /sys/class/input/event1/device/enabled: 1
10-12 11:05:22.786 3435-3569/? D/DisplayPowerController: getFinalBrightness : Summary is 1 -> 1
10-12 11:05:22.786 3435-29769/? D/MISC PowerHAL: sysfs_write +: /sys/class/input/event0/device/enabled: 1
10-12 11:05:22.786 3435-3569/? D/DisplayPowerController: Animating brightness: target=1, rate=2000 (PSM:false, AB limit:(-1 ~ -1) MB Limit:(-1 ~ -1), PendingAutoBrightness)
10-12 11:05:22.786 3435-29769/? D/MISC PowerHAL: sysfs_write -: /sys/class/input/event0/device/enabled: 1
10-12 11:05:22.786 3435-3569/? D/DisplayPowerController: animateScreenStateChange[0]: target=2
10-12 11:05:22.786 3435-3896/? I/CAE: setCAProperty(ContextAwareService.java:583) - result : true
10-12 11:05:22.786 3435-3569/? D/DisplayPowerController: [Dual Screen Compatible] state[0] :2
10-12 11:05:22.786 3435-3565/? I/WindowManager: finishPostLayoutPolicyLw : mNightClock.hideLw by screenTurnedOn
10-12 11:05:22.786 3435-3569/? D/DisplayPowerController: getFinalBrightness : Summary is 1 -> 1
10-12 11:05:22.786 3435-3896/? W/CAE: setCAProperty(ContextAwareService.java:584) - [setProperty 02] Mutex is unlocked for AUTO_BRIGHTNESS
10-12 11:05:22.786 3435-3569/? D/DisplayPowerController: Animating brightness: target=1, rate=2000 (PSM:false, AB limit:(-1 ~ -1) MB Limit:(-1 ~ -1), PendingAutoBrightness)
10-12 11:05:22.786 3435-3896/? D/SContext.CaeProvider: setAttribute() : 0
10-12 11:05:22.786 3435-3569/? D/DisplayPowerController: [M OS] 0 Notify policy about screen turned on.
10-12 11:05:22.786 3435-3896/? W/CAE: registerCallback(ContextAwareService.java:144) - [regi 01] Mutex is locked for AUTO_BRIGHTNESS
10-12 11:05:22.786 3435-3569/? D/DisplayPowerController: [M OS] 0 REPORTED_TO_POLICY_SCREEN_TURNING_ON -> REPORTED_TO_POLICY_SCREEN_ON.
10-12 11:05:22.786 3435-3896/? V/CAE: start(ContextProvider.java:128)
10-12 11:05:22.786 3435-3569/? D/PowerManagerService: [s] DisplayPowerCallbacks : onStateChanged()
10-12 11:05:22.786 3435-3569/? D/PowerManagerService: mDisplayReady: true
10-12 11:05:22.796 3931-3941/? D/KeyguardViewMediator: notifyScreenTurnedOn
10-12 11:05:22.786 3435-3541/? W/ContextImpl: Calling a method in the system process without a qualified user: android.app.ContextImpl.startService:1305 com.android.server.policy.sec.SamsungPhoneWindowManager$22.run:4514 android.os.Handler.handleCallback:739 android.os.Handler.dispatchMessage:95 android.os.Looper.loop:158
10-12 11:05:22.796 3435-3896/? V/CAE: clear(AutoBrightnessRunner.java:297)
10-12 11:05:22.786 3435-3565/? V/WindowOrientationListener: setCurrentAppOrientation :1
10-12 11:05:22.796 3435-3896/? V/CAE: enable(AutoBrightnessRunner.java:256)
10-12 11:05:22.796 3435-3896/? I/CAE: sendCmdToSensorHub(SensorHubCommManager.java:162) - -79, 48, 0,
10-12 11:05:22.796 3435-3565/? V/WindowManager: rotationForOrientationLw(orient=1, last=0); user=0 sensorRotation=-1 mLidState=-1 mDockMode=0 mHdmiPlugged=false mMobileKeyboardEnabled=false displayId=0
10-12 11:05:22.796 3435-3896/? D/SensorHubManager: SendSensorHubData: send data = -79, 48, 0
10-12 11:05:22.796 3435-3541/? V/WindowManager: MSG_REQUEST_TRAVERSAL_BY_PWM
10-12 11:05:22.796 3435-3565/? D/InputDispatcher: Focus left window: 4758
10-12 11:05:22.796 3435-3565/? D/InputDispatcher: Focus entered window: 3931
10-12 11:05:22.796 3435-3565/? D/PowerManagerService: [api] setUserActivityTimeoutOverrideFromWindowManagerInternal: timeoutMillis: 10000
10-12 11:05:22.796 3435-3565/? D/PowerManagerService: [s] getScreenOffTimeoutLocked: 30000 -> 10000
10-12 11:05:22.796 3435-3565/? D/PowerManagerService: [api] setScreenDimDurationOverrideFromWindowManagerInternal: timeoutMillis: 0
10-12 11:05:22.796 3158-8639/? D/Sensorhubs: sendContextData: -79, 48, 0
10-12 11:05:22.796 4758-4758/? I/AODService: onStartCommand : action : com.samsung.android.app.aodservice.intent.action.AOD_SCREEN_ON
