10-12 11:06:14.406 3435-3845/? D/NetworkStatsRecorder: entry.iface is null
10-12 11:06:14.406 3435-3845/? D/NetworkStatsRecorder: entry.iface is null
10-12 11:06:14.406 3435-3845/? D/NetworkStatsRecorder: entry.iface is null
10-12 11:06:14.406 3435-3845/? D/NetworkStatsRecorder: entry.iface is null
10-12 11:06:14.406 3435-3845/? D/NetworkStatsRecorder: entry.iface is null
10-12 11:06:14.406 3435-3845/? D/NetworkStatsRecorder: entry.iface is null
10-12 11:06:14.406 3435-3845/? D/NetworkStatsRecorder: entry.iface is null
10-12 11:06:14.406 3435-3845/? D/NetworkStatsRecorder: entry.iface is null
10-12 11:06:14.406 3435-3845/? D/NetworkStatsRecorder: entry.iface is null
10-12 11:06:14.406 3435-3845/? D/NetworkStatsRecorder: entry.iface is null
10-12 11:06:14.406 3435-3845/? D/NetworkStatsRecorder: entry.iface is null
10-12 11:06:14.406 3435-3845/? D/NetworkStatsRecorder: entry.iface is null
10-12 11:06:14.406 3435-3845/? D/NetworkStatsRecorder: entry.iface is null
10-12 11:06:14.406 3435-3845/? D/NetworkStatsRecorder: entry.iface is null
10-12 11:06:14.416 29809-29886/? D/libEGL: eglTerminate EGLDisplay = 0xd83ff0d4
10-12 11:06:14.416 29809-29886/? D/libEGL: eglTerminate EGLDisplay = 0xd83ff0d4
10-12 11:06:14.416 29809-29886/? D/libEGL: eglTerminate EGLDisplay = 0xd83ff0d4
10-12 11:06:14.416 29809-29886/? D/libEGL: eglTerminate EGLDisplay = 0xd83ff0d4
10-12 11:06:14.416 29809-29886/? D/libEGL: eglTerminate EGLDisplay = 0xd83ff0d4
10-12 11:06:14.416 29809-29886/? D/libEGL: eglTerminate EGLDisplay = 0xd83ff0d4
10-12 11:06:14.416 29809-29886/? D/libEGL: eglTerminate EGLDisplay = 0xd83ff0d4
10-12 11:06:14.416 29809-29886/? D/libEGL: eglTerminate EGLDisplay = 0xd83ff0d4
10-12 11:06:14.416 29809-29886/? D/libEGL: eglTerminate EGLDisplay = 0xd83ff0d4
10-12 11:06:14.416 29809-29886/? D/libEGL: eglTerminate EGLDisplay = 0xd83ff0d4
10-12 11:06:14.416 29809-29886/? D/libEGL: eglTerminate EGLDisplay = 0xd83ff0d4
10-12 11:06:14.416 29809-29988/? W/cr_media: calling MediaCodec.release() on OMX.Exynos.avc.dec
10-12 11:06:14.416 3151-30078/? I/EXYNOS_BASE_COMP: [0xeb89c700][Exynos_OMX_ComponentStateSet] current:(OMX_StateExecuting) dest:(OMX_StateIdle)
10-12 11:06:14.416 29809-30077/? I/ACodec: [OMX.Exynos.avc.dec] Now Executing->Idle
10-12 11:06:14.416 3151-30081/? W/libexynosv4l2: failed to ioctl: VIDIOC_DQBUF (22 - Invalid argument)
10-12 11:06:14.416 3151-30078/? I/EXYNOS_BASE_COMP: [0xeb89c700][Exynos_OMX_ComponentStateSet]:567 OMX_EventCmdComplete
10-12 11:06:14.426 3151-30078/? I/EXYNOS_BASE_COMP: [0xeb89c700][Exynos_OMX_ComponentStateSet] current:(OMX_StateIdle) dest:(OMX_StateLoaded)
10-12 11:06:14.426 4327-4327/? D/Launcher: onNewIntent()
10-12 11:06:14.426 4327-4327/? D/Launcher: onNewIntent mPendingIntent is null startingSetting is false!!
10-12 11:06:14.426 4327-4327/? D/Launcher.HomeView: performOnHomePressed
10-12 11:06:14.426 4327-4327/? D/HomeScreenOptionMenu: onHomePressed() : false
10-12 11:06:14.426 4327-4327/? D/Launcher.Workspace: exitWidgetResizeMode. isClearResizeFrame is false
10-12 11:06:14.426 4327-4327/? D/Launcher: onRestart, Launcher: 61231026
10-12 11:06:14.426 3435-3974/? I/MediaFocusControl: AudioFocus abandonAudioFocus() from android.media.AudioManager$dd04f48org.chromium.content.browser.MediaSessionDelegate$389e1e1
10-12 11:06:14.426 29809-30077/? E/BufferQueueProducer: [SurfaceTexture-19-29809-3] cancelBuffer: BufferQueue has been abandoned
10-12 11:06:14.426 29809-30077/? E/BufferQueueProducer: [SurfaceTexture-19-29809-3] cancelBuffer: BufferQueue has been abandoned
10-12 11:06:14.426 29809-30077/? E/BufferQueueProducer: [SurfaceTexture-19-29809-3] cancelBuffer: BufferQueue has been abandoned
10-12 11:06:14.426 29809-30077/? E/BufferQueueProducer: [SurfaceTexture-19-29809-3] cancelBuffer: BufferQueue has been abandoned
10-12 11:06:14.426 29809-30077/? E/BufferQueueProducer: [SurfaceTexture-19-29809-3] cancelBuffer: BufferQueue has been abandoned
10-12 11:06:14.436 29809-30077/? E/BufferQueueProducer: [SurfaceTexture-19-29809-3] cancelBuffer: BufferQueue has been abandoned
10-12 11:06:14.436 29809-30077/? E/BufferQueueProducer: [SurfaceTexture-19-29809-3] cancelBuffer: BufferQueue has been abandoned
10-12 11:06:14.436 3435-3845/? D/NtpTrustedTime: currentTimeMillis() cache hit
10-12 11:06:14.436 3435-3845/? V/NetworkStats: performPollLocked() took 28ms
10-12 11:06:14.436 29809-30077/? E/BufferQueueProducer: [SurfaceTexture-19-29809-3] cancelBuffer: BufferQueue has been abandoned
10-12 11:06:14.436 29809-30077/? E/BufferQueueProducer: [SurfaceTexture-19-29809-3] cancelBuffer: BufferQueue has been abandoned
10-12 11:06:14.436 3151-30078/? I/EXYNOS_BASE_COMP: [0xeb89c700][Exynos_OMX_ComponentStateSet]:567 OMX_EventCmdComplete
10-12 11:06:14.436 29809-30077/? I/ACodec: [OMX.Exynos.avc.dec] Now Idle->Loaded
10-12 11:06:14.436 3435-3540/? V/MARsPolicyManager: updatePackagesScore PackageInfo name -- com.sec.android.app.launcher
10-12 11:06:14.436 29809-30077/? I/ACodec: [OMX.Exynos.avc.dec] Now Loaded
10-12 11:06:14.436 4327-4327/? D/Launcher: onStart, Launcher: 61231026
10-12 11:06:14.436 4327-4327/? D/Launcher.HomeView: onStart
10-12 11:06:14.436 3435-3846/? D/NtpTrustedTime: currentTimeMillis() cache hit
10-12 11:06:14.436 3435-3846/? D/NtpTrustedTime: currentTimeMillis() cache hit
10-12 11:06:14.436 4327-4327/? D/Launcher: onResume, Launcher: 61231026
10-12 11:06:14.436 29809-30077/? I/ACodec: [OMX.Exynos.avc.dec] Now uninitialized
10-12 11:06:14.436 29809-30077/? I/ACodec: [] Now kWhatShutdownCompleted event : 6991
10-12 11:06:14.446 3435-4200/? D/SettingsProvider: isChangeAllowed() : name = kids_home_mode
10-12 11:06:14.446 3435-4200/? D/SecContentProvider: query(), uri = 17 selection = isSettingsChangesAllowed
10-12 11:06:14.446 3435-4200/? D/SettingsProvider: edmUri: content://com.sec.knox.provider/RestrictionPolicy3
10-12 11:06:14.446 3435-4200/? D/SettingsProvider: projectionArgs: isSettingsChangesAllowed
10-12 11:06:14.446 3435-4200/? D/SettingsProvider: selectionArgs: false
10-12 11:06:14.446 3435-4200/? D/SettingsProvider: selectionArgs: 10065
10-12 11:06:14.446 3435-4200/? D/SettingsProvider: ret = -1
10-12 11:06:14.446 3435-3992/? D/PowerManagerService: [api] [s] userActivity : event: 0 flags: 0 (uid: 1000 pid: 3435) eventTime = 8993192
10-12 11:06:14.446 3435-3992/? D/PowerManagerService: [api] release WakeLock flags=0x2000000a tag=WindowManager uid=1000 pid=3435 (0x0)
10-12 11:06:14.446 3435-3992/? D/PowerManagerService: [api] applyWakeLockFlagsOnReleaseLocked : userActivityNoUpdateLocked is called : SCREEN_BRIGHT_WAKE_LOCK 'WindowManager' ON_AFTER_RELEASE (uid=1000, pid=3435, ws=WorkSource{10207}) (elapsedTime=2212)
10-12 11:06:14.446 4327-4327/? D/Launcher.HomeView: onResume
10-12 11:06:14.446 29809-30076/? I/MediaCodec: Codec shutdown complete
10-12 11:06:14.446 4327-4327/? D/capture: ---------checkFileExist land
10-12 11:06:14.446 4327-4327/? D/capture: currentOrientation: 1 mMainHomeScreenshot: false mMainHomeScreenshotLand: true
10-12 11:06:14.456 3435-3540/? V/BroadcastQueue: [background] Process cur broadcast BroadcastRecord{90c45ed u0 com.android.launcher.action.HOME_MODE_CHANGE qIdx=4}, state= (APP_RECEIVE) DELIVERED for app ProcessRecord{581c2e1 28597:com.sec.android.app.clockpackage/u0a86}
10-12 11:06:14.456 4327-4327/? D/MenuAppsGridFragment: onResume
10-12 11:06:14.456 3435-6368/? D/ConnectivityService: returning getNetworkInfo for network type 1 : [type: WIFI[] - WIFI, state: CONNECTED/CONNECTED, reason: (unspecified), extra: "WLAN-198160", roaming: false, failover: false, isAvailable: true]
10-12 11:06:14.456 4327-4327/? D/MenuAppsGridFragment: changeState: (new)NORMAL(old)NORMAL(force)false
10-12 11:06:14.456 4327-4327/? D/Launcher.MenuAppsGrid: updateGridSize:GRID_4x4 cellWidth:348 cellHeight:432
10-12 11:06:14.456 3435-3960/? V/WindowStateAnimator: Finishing drawing window Window{28238fe u0 d0 acr.browser.barebones/acr.browser.lightning.activity.MainActivity}: mDrawState=HAS_DRAWN
10-12 11:06:14.466 3151-3418/? I/APM::AudioPolicyManager: stopOutput() output 4, stream 3, session 30
10-12 11:06:14.476 3435-6368/? D/ConnectivityService: returning getNetworkInfo for network type 1 : [type: WIFI[] - WIFI, state: CONNECTED/CONNECTED, reason: (unspecified), extra: "WLAN-198160", roaming: false, failover: false, isAvailable: true]
10-12 11:06:14.476 3435-4341/? V/BroadcastQueue: [background] Process cur broadcast BroadcastRecord{90c45ed u0 com.android.launcher.action.HOME_MODE_CHANGE qIdx=4}, state= (APP_RECEIVE) DELIVERED for app ProcessRecord{581c2e1 28597:com.sec.android.app.clockpackage/u0a86}
10-12 11:06:14.476 3435-6368/? D/GameManagerService: identifyGamePackage. com.sec.android.app.launcher
10-12 11:06:14.476 4327-4327/? W/ResourcesManager: getTopLevelResources: /system/app/ClockPackage_M/ClockPackage_M.apk / 1.0 running in com.sec.android.app.launcher rsrc of package com.sec.android.app.clockpackage
10-12 11:06:14.476 4327-4327/? D/ResourcesManager: For user 0 new overlays fetched Null
10-12 11:06:14.486 3435-4341/? V/BroadcastQueue: [background] Process cur broadcast BroadcastRecord{90c45ed u0 com.android.launcher.action.HOME_MODE_CHANGE qIdx=4}, state= (APP_RECEIVE) DELIVERED for app ProcessRecord{581c2e1 28597:com.sec.android.app.clockpackage/u0a86}
10-12 11:06:14.486 4327-4327/? D/ApplicationPackageManager: we has com.sec.android.app.clockpackage class. reuse it
10-12 11:06:14.486 4327-4327/? W/ResourcesManager: getTopLevelResources: /system/app/ClockPackage_M/ClockPackage_M.apk / 1.0 running in com.sec.android.app.launcher rsrc of package com.sec.android.app.clockpackage
10-12 11:06:14.496 3435-4341/? V/BroadcastQueue: [background] Process cur broadcast BroadcastRecord{90c45ed u0 com.android.launcher.action.HOME_MODE_CHANGE qIdx=4}, state= (APP_RECEIVE) DELIVERED for app ProcessRecord{581c2e1 28597:com.sec.android.app.clockpackage/u0a86}
10-12 11:06:14.496 3435-6368/? D/ConnectivityService: returning getNetworkInfo for network type 1 : [type: WIFI[] - WIFI, state: CONNECTED/CONNECTED, reason: (unspecified), extra: "WLAN-198160", roaming: false, failover: false, isAvailable: true]
10-12 11:06:14.506 3435-6368/? D/GameManagerService: identifyGamePackage. com.sec.android.app.launcher
10-12 11:06:14.506 3435-6368/? D/GameManagerService: identifyGamePackage. com.sec.android.app.launcher
10-12 11:06:14.506 4327-4327/? W/ResourcesManager: getTopLevelResources: /system/app/SPlanner_M/SPlanner_M.apk / 1.0 running in com.sec.android.app.launcher rsrc of package com.android.calendar
10-12 11:06:14.506 4327-4327/? D/ResourcesManager: For user 0 new overlays fetched Null
10-12 11:06:14.506 4327-4327/? D/ApplicationPackageManager: we has com.android.calendar class. reuse it
10-12 11:06:14.516 4327-4327/? W/ResourcesManager: getTopLevelResources: /system/app/SPlanner_M/SPlanner_M.apk / 1.0 running in com.sec.android.app.launcher rsrc of package com.android.calendar
10-12 11:06:14.516 4327-4327/? D/Minikin: FontFamily bestFont == NULL, so return vacant FakedFont
10-12 11:06:14.516 4327-4327/? D/Minikin: FontFamily bestFont == NULL, so return vacant FakedFont
10-12 11:06:14.516 4327-4327/? D/Minikin: FontFamily bestFont == NULL, so return vacant FakedFont
10-12 11:06:14.526 3435-4337/? D/ActivityManager: post active user change for 0 fullscreen true isFloatingActivity() false isHomeActivity() true
10-12 11:06:14.526 3435-4337/? I/WallpaperManagerService: switchPersonaWallpaper is called for personaId-0
10-12 11:06:14.526 3435-4337/? D/KnoxTimeoutHandler: post home show event for user 0
10-12 11:06:14.526 3435-4337/? D/KnoxTimeoutHandler: postActiveUserChange [MsgParam] userId: 0 fullscreen is true showWhenlocked is false
10-12 11:06:14.526 3435-3435/? D/WallpaperManagerService: force update = false; persona id = 0; current user =0; current persona = 0
10-12 11:06:14.526 3435-3435/? D/KnoxTimeoutHandler: handleHomeShow for 0 and current 0
10-12 11:06:14.526 3435-3435/? D/KnoxTimeoutHandler: handleActiveUserChange [MsgParam] userId: 0 fullscreen is true showWhenlocked is false
10-12 11:06:14.526 3435-3435/? I/KnoxTimeoutHandler: Shared devices show user statefalse
10-12 11:06:14.526 3004-3004/? I/SurfaceFlinger: id=397 createSurf (1440x2560),1 flag=4, MauncherAct
10-12 11:06:14.536 3435-3541/? D/StatusBarManagerService: manageDisableList userId=0 what=0x0 pkg=Window{c31806e u0 d0 com.sec.android.app.launcher/com.sec.android.app.launcher.activities.LauncherActivity}
10-12 11:06:14.536 3931-3931/? D/PhoneStatusBar: setSystemUiVisibility vis=8600 mask=ffffffff oldVal=8700 newVal=8600 diff=100
10-12 11:06:14.536 3435-4200/? D/InputDispatcher: Focus entered window: 4327
10-12 11:06:14.536 4327-4638/? D/mali_winsys: EGLint new_window_surface(egl_winsys_display*, void*, EGLSurface, EGLConfig, egl_winsys_surface**, egl_color_buffer_format*, EGLBoolean) returns 0x3000, [1440x2560]-format:1
10-12 11:06:14.536 3435-3565/? D/PointerIcon: setMouseIconStyle1 pointerType: 1001 iconType:101 flag:0 pid:3435 uid:1000
10-12 11:06:14.536 3435-3565/? D/PointerIcon: setMouseCustomIcon IconType is same.101
10-12 11:06:14.556 3435-3446/? I/art: Background partial concurrent mark sweep GC freed 149698(9MB) AllocSpace objects, 30(600KB) LOS objects, 26% free, 45MB/61MB, paused 1.475ms total 184.414ms
10-12 11:06:14.576 3435-3821/? D/InputReader: Input event(5): value=1 when=8993320130000
10-12 11:06:14.576 3435-3821/? D/InputReader: !@notifyKey(116), action=0
10-12 11:06:14.576 3435-3821/? D/InputManager-JNI: !@interceptKeyBeforeQueueing(116), action=0, interactive=true
10-12 11:06:14.576 3435-3821/? D/InputManager-JNI: !@handleInterceptActions(116), action=0, wmActions=0
10-12 11:06:14.586 3435-4343/? V/WindowStateAnimator: Finishing drawing window Window{c31806e u0 d0 com.sec.android.app.launcher/com.sec.android.app.launcher.activities.LauncherActivity}: mDrawState=DRAW_PENDING
10-12 11:06:14.586 3931-3931/? D/WallpaperService: updateSurface:[forceRelayout]false[redrawNeeded]false
10-12 11:06:14.586 3931-3931/? D/ImageWallpaper: onVisibilityChanged:true
10-12 11:06:14.586 3435-4808/? D/InputMethodManagerService: windowGainedFocus mCurrentFocusedUserId - 0 and mSecureKeypadEnabled-false
10-12 11:06:14.586 3931-3931/? D/ImageWallpaper: drawFrame:false rotation:0 mLastRotation:0
10-12 11:06:14.586 3931-3931/? D/ImageWallpaper: drawFrame:[frame.width()]2240[frame.height()]2560
10-12 11:06:14.586 3931-3931/? D/ImageWallpaper: Suppressed drawFrame since redraw is not needed and offsets have not changed.
10-12 11:06:14.596 3435-3565/? D/KnoxTimeoutHandler: notifyActivityDrawn [MsgParam] userId: 0 fullscreen is true showWhenlocked is false
10-12 11:06:14.596 3435-3435/? D/KnoxTimeoutHandler: activityDrawn [MsgParam] userId: 0 fullscreen is true showWhenlocked is false
10-12 11:06:14.596 3435-3435/? I/KnoxTimeoutHandler: SD activityfalse
10-12 11:06:14.596 3004-3004/? D/libEGL: eglInitialize EGLDisplay = 0x7ff090b628
10-12 11:06:14.606 4327-4327/? I/Timeline: Timeline: Activity_idle id: android.os.BinderProxy@18bec95 time:8993349
10-12 11:06:14.606 8339-8339/? D/SamsungIME: IMPL finishInput
10-12 11:06:14.606 8339-8339/? D/SamsungIME: SwiftKeyWrapper writeDBdataToFileOnFinishInput
10-12 11:06:14.606 8339-8339/? D/SamsungIME: saveAndClear +
10-12 11:06:14.606 8339-8339/? D/SamsungIME: saveAndClear -
10-12 11:06:14.606 8339-8339/? D/SamsungIME: onStartInput: No inputType, No imeOption, isInputViewShown = false, isExtractViewShown = false, isShowInputRequested = false, isConfigChanged = false
10-12 11:06:14.606 3004-3013/? D/libEGL: eglTerminate EGLDisplay = 0x7fb2180e78
10-12 11:06:14.606 3004-3013/? D/libEGL: eglTerminate EGLDisplay = 0x7fb2180e78
10-12 11:06:14.636 3435-3870/? D/MdnieScenarioControlService: packageName : com.sec.android.app.launcher className : com.sec.android.app.launcher.activities.LauncherActivity
10-12 11:06:14.636 3435-3870/? I/MdnieScenarioControlService: mGameModeLauncher : false
10-12 11:06:14.636 3435-3870/? I/MdnieScenarioControlService: setUIMode
10-12 11:06:14.726 3435-3821/? D/InputReader: Input event(5): value=0 when=8993470098000
10-12 11:06:14.726 3435-3821/? D/InputReader: !@notifyKey(116), action=1
10-12 11:06:14.726 3435-3821/? D/InputManager-JNI: !@interceptKeyBeforeQueueing(116), action=1, interactive=true
10-12 11:06:14.726 3435-3821/? D/PowerManagerService: [api] [s] goToSleep: 4 (uid: 1000 pid: 3435) eventTime = 8993320
10-12 11:06:14.726 3435-3821/? I/PowerManagerService: !@[ps] Screen__Off - 35 : goToSleep: (uid: 1000 pid: 3435) (4)
10-12 11:06:14.726 3435-3821/? D/InputManager-JNI: setInteractive(false)
10-12 11:06:14.726 3435-3821/? I/PowerManagerService: Going to sleep due to power button (uid 1000)...
10-12 11:06:14.726 3435-3821/? D/InputManager-JNI: !@handleInterceptActions(116), action=1, wmActions=0
10-12 11:06:14.726 3435-3821/? D/PowerManagerService: mDisplayReady: false
10-12 11:06:14.726 3931-4982/? D/KeyguardViewMediator: onStartedGoingToSleep(2)
10-12 11:06:14.726 3435-3569/? D/DisplayPowerController: animateScreenStateChange[0]: target=1
10-12 11:06:14.726 3435-3569/? D/ColorFade: prepare: mode=4
10-12 11:06:14.726 3435-3894/? D/NetworkPolicy: onScreenStateChanged, state: false, reason: 2
10-12 11:06:14.726 3004-3004/? I/SurfaceFlinger: id=398 createSurf (1440x2560),2 flag=404, DolorFade
10-12 11:06:14.726 8339-8339/? D/SamsungIME: IMPL finishInput
10-12 11:06:14.726 8339-8339/? D/SamsungIME: SwiftKeyWrapper writeDBdataToFileOnFinishInput
10-12 11:06:14.726 8339-8339/? D/SamsungIME: saveAndClear +
10-12 11:06:14.726 8339-8339/? D/SamsungIME: saveAndClear -
10-12 11:06:14.726 8339-8339/? D/SamsungIME: onStartInput: No inputType, No imeOption, isInputViewShown = false, isExtractViewShown = false, isShowInputRequested = false, isConfigChanged = false
10-12 11:06:14.726 3931-4982/? E/KeyguardViewMediator: lockAfterTimeout = 5000 policyTimeout = 0
10-12 11:06:14.736 3931-4982/? D/KeyguardViewMediator: timeout : 5000
10-12 11:06:14.736 3435-3569/? D/mali_winsys: EGLint new_window_surface(egl_winsys_display*, void*, EGLSurface, EGLConfig, egl_winsys_surface**, egl_color_buffer_format*, EGLBoolean) returns 0x3000, [1440x2560]-format:1
10-12 11:06:14.736 3931-4982/? D/KeyguardViewMediator: doKeyguardLocked(null, true) - start
10-12 11:06:14.736 3931-4982/? D/FactoryTest: checkAutomationTestOption() : option=0
10-12 11:06:14.736 3931-4982/? D/FactoryTest: checkAutomationTestOption() : mode_screenlock=0
10-12 11:06:14.736 3931-4982/? D/KeyguardViewMediator: doKeyguardLocked(null, true) - end
10-12 11:06:14.736 3931-4982/? D/KeyguardViewMediator: notifyStartedGoingToSleep
10-12 11:06:14.736 3931-3931/? V/KeyguardFingerPrint: updateFingerprintListeningState(false)
10-12 11:06:14.736 3931-3931/? D/KeyguardFingerPrint: shouldListenForFingerprint ( FingerPrint is not enabled. )
10-12 11:06:14.736 3931-3931/? V/KeyguardUpdateMonitor: stopListeningForFingerprint()
10-12 11:06:14.736 3931-3931/? D/KeyguardViewMediator: handleNotifyStartedGoingToSleep
10-12 11:06:14.756 3435-3569/? D/libEGL: eglInitialize EGLDisplay = 0x7f580d3778
10-12 11:06:14.756 3435-3569/? D/libEGL: eglTerminate EGLDisplay = 0x7f580d38e8
10-12 11:06:14.766 3435-3569/? D/ColorFade: ColorFade is ready
10-12 11:06:14.766 3435-3569/? D/DisplayPowerController: ColorFade: onAnimationStart
10-12 11:06:14.766 3435-3569/? D/DisplayPowerController: [Dual Screen Compatible] state[0] :2
10-12 11:06:14.766 3435-3569/? D/DisplayPowerController: getFinalBrightness : Summary is 83 -> 83
10-12 11:06:14.786 3004-3004/? D/libEGL: eglInitialize EGLDisplay = 0x7ff090b628
10-12 11:06:14.796 3004-3004/? D/libEGL: eglInitialize EGLDisplay = 0x7ff090b628
10-12 11:06:14.816 3004-3004/? D/libEGL: eglInitialize EGLDisplay = 0x7ff090b628
10-12 11:06:14.846 3435-3540/? D/CustomFrequencyManagerService: releaseDVFSLockLocked : Getting Lock type frm List : DVFS_MIN_LIMIT frequency : 1872000 uid : 1000 pid : 3435 tag : ACTIVITY_RESUME_BOOSTER@3
10-12 11:06:14.846 3435-3540/? D/ActivityManager: mDVFSHelper.release()
10-12 11:06:14.846 3435-3540/? D/CustomFrequencyManagerService: acquireDVFSLockLocked : type : DVFS_MIN_LIMIT frequency : 1872000 uid : 1000 pid : 3435 pkgName : ACTIVITY_RESUME_BOOSTER@9
10-12 11:06:14.936 3004-3013/? I/SurfaceFlinger: id=390 Removed NainActivit (6/11)
10-12 11:06:14.936 3004-3015/? I/SurfaceFlinger: id=390 Removed NainActivit (-2/11)
10-12 11:06:14.946 3004-3004/? D/libEGL: eglTerminate EGLDisplay = 0x7ff090b748
10-12 11:06:15.006 3435-3565/? I/Timeline: Timeline: Activity_windows_visible id: ActivityRecord{b4378ba u0 com.sec.android.app.launcher/.activities.LauncherActivity t1} time:8993750
10-12 11:06:15.016 29809-29809/? V/ActivityThread: updateVisibility : ActivityRecord{ae1c090 token=android.os.BinderProxy@6e86fb5 {acr.browser.barebones/acr.browser.lightning.activity.MainActivity}} show : false
10-12 11:06:15.016 3435-3565/? D/KnoxTimeoutHandler: notifyActivityDrawn [MsgParam] userId: 0 fullscreen is true showWhenlocked is false
10-12 11:06:15.016 3435-3435/? D/KnoxTimeoutHandler: activityDrawn [MsgParam] userId: 0 fullscreen is true showWhenlocked is false
10-12 11:06:15.016 3435-3846/? D/NetworkPolicy: isUidForegroundLocked: 10207, mScreenOn: true, uidstate: 13, mProxSensorScreenOff: false
10-12 11:06:15.016 3435-3435/? I/KnoxTimeoutHandler: SD activityfalse
10-12 11:06:15.036 3004-3004/? D/libEGL: eglInitialize EGLDisplay = 0x7ff090b628
10-12 11:06:15.056 3435-3569/? D/DisplayPowerState: !@ [0] ColorFade entry
10-12 11:06:15.056 3435-3569/? D/PowerManagerService: [input device light] onColorFadeExit(false)
10-12 11:06:15.056 3435-3569/? D/DisplayPowerController: ColorFade: onAnimationEnd
10-12 11:06:15.056 3435-3897/? D/lights: lcd : 0 +
10-12 11:06:15.056 3435-3569/? D/DisplayPowerController: animateScreenStateChange[0]: target=1
10-12 11:06:15.056 3435-3569/? D/DisplayPowerController: [M OS] 0 REPORTED_TO_POLICY_SCREEN_* -> REPORTED_TO_POLICY_SCREEN_OFF.
10-12 11:06:15.056 4327-4327/? D/Launcher: onPause, Launcher: 61231026
10-12 11:06:15.056 4327-4327/? D/Launcher.HomeView: onPause
10-12 11:06:15.056 4327-4327/? D/Launcher.Workspace: exitWidgetResizeMode. isClearResizeFrame is false
10-12 11:06:15.056 3435-3897/? D/lights: lcd : 0 -
10-12 11:06:15.086 3435-3569/? D/SContextService: unregisterCallback() : Listener = android.hardware.scontext.SContextService$Listener@675958c, Service = Auto Rotation, used = 0
10-12 11:06:15.086 3435-3846/? D/NetworkPolicy: isUidForegroundLocked: 10068, mScreenOn: true, uidstate: 3, mProxSensorScreenOff: false
10-12 11:06:15.086 3435-3569/? W/CAE: unregisterCallback(ContextAwareService.java:206) - [unregi 01] Mutex is locked for AUTO_ROTATION
10-12 11:06:15.086 4327-4327/? V/ActivityThread: updateVisibility : ActivityRecord{559c4a4 token=android.os.BinderProxy@18bec95 {com.sec.android.app.launcher/com.sec.android.app.launcher.activities.LauncherActivity}} show : true
10-12 11:06:15.086 3435-3569/? V/CAE: stop(ContextProvider.java:155)
10-12 11:06:15.086 4327-4327/? D/Launcher.HomeView: onStop
10-12 11:06:15.086 4327-4327/? D/capture: ----destroy
10-12 11:06:15.096 3435-3569/? V/CAE: clear(AutoRotationRunner.java:182)
10-12 11:06:15.096 3435-3569/? V/CAE: disable(AutoRotationRunner.java:171)
10-12 11:06:15.096 3435-3569/? I/CAE: sendCmdToSensorHub(SensorHubCommManager.java:162) - -78, 7, 0, 0,
10-12 11:06:15.096 3435-3569/? D/SensorHubManager: SendSensorHubData: send data = -78, 7, 0, 0
10-12 11:06:15.096 3158-8639/? D/Sensorhubs: sendContextData: -78, 7, 0, 0
10-12 11:06:15.096 3435-3569/? D/CAE: getFaultDetectionResult(AutoRotationRunner.java:195) - true
10-12 11:06:15.096 3435-3569/? I/CAE: notifyCmdProcessResultObserver(ContextProvider.java:627) - CheckResult = 0, Cause = Success
10-12 11:06:15.106 3435-3569/? D/CAE: doCommendProcess(ContextAwareService.java:433) - complete notify the operation result.
10-12 11:06:15.106 3435-3569/? I/CAE: displayUsedCountForService(ContextAwareService.java:525) - totalCnt = 0, serviceCount = 0, subCollectionCount = 0
10-12 11:06:15.116 3435-3569/? D/CAE: showListenerList(ContextAwareService.java:366) - ===== Context Aware Service List =====
10-12 11:06:15.116 3435-3569/? I/CAE: showListenerList(ContextAwareService.java:375) - Listener : com.samsung.android.contextaware.manager.ContextAwareService$Listener@665895c, Service : ACTIVITY_TRACKER_CURRENT_INFO(1)
10-12 11:06:15.116 3435-3569/? I/CAE: showListenerList(ContextAwareService.java:375) - Listener : com.samsung.android.contextaware.manager.ContextAwareService$Listener@665895c, Service : ACTIVITY_TRACKER(1)
10-12 11:06:15.116 3435-3569/? I/CAE: showListenerList(ContextAwareService.java:375) - Listener : com.samsung.android.contextaware.manager.ContextAwareService$Listener@113f592, Service : AUTO_BRIGHTNESS(1)
10-12 11:06:15.116 3435-3569/? W/CAE: unregisterCallback(ContextAwareService.java:241) - [unregi 02] Mutex is unlocked for AUTO_ROTATION
10-12 11:06:15.116 3435-3569/? D/SContextService: .unregisterCallback : 3, client=
10-12 11:06:15.116 3435-3569/? D/SContextService: ===== SContext Service List =====
10-12 11:06:15.116 3435-3569/? D/SContextService: Listener : android.hardware.scontext.SContextService$Listener@b3e3b63, Service : Auto Brightness
10-12 11:06:15.116 3435-3569/? D/SContextService: Listener : android.hardware.scontext.SContextService$Listener@a4a4ea, Service : Activity Tracker
10-12 11:06:15.116 3435-3569/? D/SContextManager: .unregisterListener : listener = com.android.server.policy.WindowOrientationListener$OrientationSensorJudge@f322a22, service=Auto Rotation
10-12 11:06:15.116 3435-3569/? V/KeyguardServiceDelegate: onScreenTurnedOff()
10-12 11:06:15.116 3931-22757/? D/KeyguardViewMediator: notifyScreenTurnedOff
10-12 11:06:15.116 3931-3931/? D/KeyguardViewMediator: handleNotifyScreenTurnedOff
10-12 11:06:15.116 3931-3931/? D/vol.SecVolumeDialog: onScreenTurnedOff()
10-12 11:06:15.116 3931-3931/? D/vol.SecVolumeDialog: dismissH reason: 4
10-12 11:06:15.116 3931-3931/? D/vol.SecVolumeDialog: dismissH : false
10-12 11:06:15.116 3435-3569/? D/DisplayPowerController: mWindowManagerPolicy.screenTurnedOff(0)
10-12 11:06:15.116 3435-3569/? D/DisplayPowerController: [Dual Screen Compatible] state[0] :1
10-12 11:06:15.116 3435-3569/? D/PowerManagerUtil: fileWriteInt to /sys/class/tcon/tcon/auto_br, 0
10-12 11:06:15.116 3435-3896/? D/AutomaticBrightnessController: [DAB] setLightSensorEnabled : unregisterListenerRunnable
10-12 11:06:15.116 3435-3896/? D/SContextService: unregisterCallback() : Listener = android.hardware.scontext.SContextService$Listener@b3e3b63, Service = Auto Brightness, used = 0
10-12 11:06:15.116 3435-3541/? W/ContextImpl: Calling a method in the system process without a qualified user: android.app.ContextImpl.startService:1305 com.android.server.policy.sec.SamsungPhoneWindowManager$22.run:4514 android.os.Handler.handleCallback:739 android.os.Handler.dispatchMessage:95 android.os.Looper.loop:158
10-12 11:06:15.116 3435-3569/? D/PowerManagerUtil: fileWriteInt to /sys/class/backlight/panel/auto_brightness, 0
10-12 11:06:15.116 3435-3896/? W/CAE: unregisterCallback(ContextAwareService.java:206) - [unregi 01] Mutex is locked for AUTO_BRIGHTNESS
10-12 11:06:15.116 3435-3569/? D/PowerManagerUtil: fileWriteInt to /sys/class/mdnie/mdnie/auto_brightness, 0
10-12 11:06:15.116 3435-3896/? V/CAE: stop(ContextProvider.java:155)
10-12 11:06:15.116 3435-3569/? D/AutomaticBrightnessController: [DAB] no lux value from sensor manager
10-12 11:06:15.116 4758-4758/? I/AODService: onStartCommand : action : com.samsung.android.app.aodservice.intent.action.AOD_SCREEN_OFF
10-12 11:06:15.116 3435-3569/? D/DisplayPowerController: getFinalBrightness : Summary is 0 -> 0
10-12 11:06:15.116 3435-3896/? V/CAE: clear(AutoBrightnessRunner.java:297)
10-12 11:06:15.116 3435-3569/? D/DisplayPowerController: Animating brightness: target=0, rate=0 (PSM:false, AB limit:(-1 ~ -1) MB Limit:(-1 ~ -1))
10-12 11:06:15.116 4758-4758/? I/AODService: onCreate cause: [10-12 08:36:37.839][AOD:true, NightClock:false] (when Screen on ...)
10-12 11:06:15.116 3435-3569/? D/DisplayPowerController: animateScreenStateChange[0]: target=1
10-12 11:06:15.116 3435-3896/? V/CAE: disable(AutoBrightnessRunner.java:286)
10-12 11:06:15.116 3435-3569/? D/DisplayPowerController: [Dual Screen Compatible] state[0] :1
10-12 11:06:15.116 3435-3896/? I/CAE: sendCmdToSensorHub(SensorHubCommManager.java:162) - -78, 48, 0, 0,
10-12 11:06:15.116 3435-3569/? D/DisplayPowerController: getFinalBrightness : Summary is 0 -> 0
10-12 11:06:15.116 3435-3896/? D/SensorHubManager: SendSensorHubData: send data = -78, 48, 0, 0
10-12 11:06:15.116 3435-3569/? D/DisplayPowerController: Animating brightness: target=0, rate=0 (PSM:false, AB limit:(-1 ~ -1) MB Limit:(-1 ~ -1))
10-12 11:06:15.116 3158-3199/? D/Sensorhubs: sendContextData: -78, 48, 0, 0
10-12 11:06:15.116 3435-30090/? D/MISC PowerHAL: sysfs_write +: /sys/class/input/event0/device/enabled: 0
10-12 11:06:15.116 3435-30091/? D/MISC PowerHAL: sysfs_write +: /sys/class/input/event1/device/enabled: 0
10-12 11:06:15.116 3435-30090/? D/MISC PowerHAL: sysfs_write -: /sys/class/input/event0/device/enabled: 0
10-12 11:06:15.116 3435-30091/? D/MISC PowerHAL: sysfs_write -: /sys/class/input/event1/device/enabled: 0
10-12 11:06:15.116 3435-3579/? D/MISC PowerHAL: sysfs_write +: /sys/class/power_supply/battery/lcd: 0
10-12 11:06:15.116 3435-3579/? D/MISC PowerHAL: sysfs_write -: /sys/class/power_supply/battery/lcd: 0
10-12 11:06:15.116 3435-3579/? D/DisplayManagerService: !@display_state: ON -> OFF brightness: 0 -> 0
10-12 11:06:15.116 3004-3004/? D/SurfaceFlinger: Set power mode=0, type=0 flinger=0x7fb2403c00
10-12 11:06:15.116 3435-3565/? I/DisplayManagerService: Display device changed state: "Built-in Screen", OFF
10-12 11:06:15.116 3004-3004/? I/hwcomposer: int exynos_setPowerMode(hwc_composer_device_1*, int, int):: disp(0), mode(0)
10-12 11:06:15.116 3435-3565/? I/DisplayManagerService: Display device changed state: "ActivityViewVirtualDisplay", OFF
10-12 11:06:15.136 3435-3896/? D/CAE: getFaultDetectionResult(AutoBrightnessRunner.java:311) - true
10-12 11:06:15.136 3435-3896/? I/CAE: notifyCmdProcessResultObserver(ContextProvider.java:627) - CheckResult = 0, Cause = Success
10-12 11:06:15.146 3435-3435/? D/CustomFrequencyManagerService: releaseDVFSLockLocked : Getting Lock type frm List : DVFS_MIN_LIMIT frequency : 1872000 uid : 1000 pid : 3435 tag : ACTIVITY_RESUME_BOOSTER@9
10-12 11:06:15.146 3435-3896/? D/CAE: doCommendProcess(ContextAwareService.java:433) - complete notify the operation result.
10-12 11:06:15.146 3435-3896/? I/CAE: displayUsedCountForService(ContextAwareService.java:525) - totalCnt = 0, serviceCount = 0, subCollectionCount = 0
10-12 11:06:15.146 3435-3896/? D/CAE: showListenerList(ContextAwareService.java:366) - ===== Context Aware Service List =====
10-12 11:06:15.146 3435-3896/? I/CAE: showListenerList(ContextAwareService.java:375) - Listener : com.samsung.android.contextaware.manager.ContextAwareService$Listener@665895c, Service : ACTIVITY_TRACKER_CURRENT_INFO(1)
10-12 11:06:15.146 3435-3896/? I/CAE: showListenerList(ContextAwareService.java:375) - Listener : com.samsung.android.contextaware.manager.ContextAwareService$Listener@665895c, Service : ACTIVITY_TRACKER(1)
10-12 11:06:15.146 3435-3896/? W/CAE: unregisterCallback(ContextAwareService.java:241) - [unregi 02] Mutex is unlocked for AUTO_BRIGHTNESS
10-12 11:06:15.146 3435-3896/? D/SContextService: .unregisterCallback : 2, client=
10-12 11:06:15.146 3435-3896/? D/SContextService: ===== SContext Service List =====
10-12 11:06:15.146 3435-3896/? D/SContextService: Listener : android.hardware.scontext.SContextService$Listener@a4a4ea, Service : Activity Tracker
10-12 11:06:15.146 3435-3896/? D/SContextManager: .unregisterListener : listener = com.android.server.display.AutomaticBrightnessController$6@a8f2763, service=Auto Brightness
10-12 11:06:15.146 3435-3896/? D/PowerManagerUtil: Excessive delay in SensorHubAutoBrightnessEnabled::unregisterListener done: 32ms
10-12 11:06:15.156 3435-3974/? D/WifiDisplayAdapter: getWifiDisplayStatusLocked: result=WifiDisplayStatus{featureState=2, scanState=0, activeDisplayState=0, activeDisplay=null, displays=[], sessionInfo=WifiDisplaySessionInfo: Client/Owner: Client GroupId: Passphrase: SessionId: 0 IP Address: , connectedState=-1, networkQoS=0}
10-12 11:06:15.156 3931-3931/? D/ImageWallpaper: onVisibilityChanged:false
10-12 11:06:15.156 3435-4802/? D/CoverManagerWhiteLists: isAllowedToUse : SIGNATURE_MATCH
10-12 11:06:15.156 3931-3931/? D/ImageWallpaper: drawFrame:false rotation:0 mLastRotation:0
10-12 11:06:15.156 3931-3931/? D/ImageWallpaper: drawFrame:[frame.width()]2240[frame.height()]2560
10-12 11:06:15.156 3931-3931/? D/ImageWallpaper: Suppressed drawFrame since redraw is not needed and offsets have not changed.
10-12 11:06:15.156 4758-4758/? D/ScoverManager: registerListener
10-12 11:06:15.156 3435-4133/? D/CoverManagerWhiteLists: isAllowedToUse : SIGNATURE_MATCH
10-12 11:06:15.156 3435-4200/? D/CoverManagerWhiteLists: isAllowedToUse : SIGNATURE_MATCH
10-12 11:06:15.156 3435-4200/? D/CoverManager.StateNotifier: registerListenerCallback : binder = android.os.BinderProxy@304e92b, pid : 4758, uid : 10000, type : 1
10-12 11:06:15.156 3435-4343/? D/SensorService: SensorEventConnection::SocketBufferSize, SystemSocketBufferSize - 102400, 2097152
10-12 11:06:15.156 4758-20274/? D/AODService: onCreate register mSContextListener : com.samsung.android.app.aodservice.AODService$7@364f7c6
10-12 11:06:15.156 3435-3992/? W/CAE: setCAProperty(ContextAwareService.java:578) - [setProperty 01] Mutex is locked for DEVICE_PHYSICAL_CONTEXT_MONITOR
10-12 11:06:15.166 3435-3974/? I/Sensors: Light old sensor_state 0, new sensor_state : 512 en : 1
10-12 11:06:15.166 3435-3992/? I/CAE: sendCmdToSensorHub(SensorHubCommManager.java:162) - -63, 23, 56, 4, 0, 0, 0, 1, 2,
10-12 11:06:15.166 3435-3992/? D/SensorHubManager: SendSensorHubData: send data = -63, 23, 56, 4, 0, 0, 0, 1, 2
10-12 11:06:15.166 3158-3158/? D/Sensorhubs: sendContextData: -63, 23, 56, 4, 0, 0, 0, 1, 2
10-12 11:06:15.166 4758-4758/? D/SensorManager: registerListener :: 6, TMD4093 RGB Sensor, 200000, 0,
10-12 11:06:15.166 4758-4758/? D/AODService: registerBatteryReceiver
10-12 11:06:15.166 4758-4758/? D/BatteryController: saveBatteryData : level[81], status[2]
10-12 11:06:15.166 4758-4758/? D/AODService: Cover coverOpen[true], isBlackListCover(type)[false]
10-12 11:06:15.166 4758-4758/? D/AODService.ClockTimer: ClockTimer:start : true
10-12 11:06:15.166 4758-4758/? D/AODService.ClockTimer: observe start aod
10-12 11:06:15.166 4758-4758/? D/AODService.ClockTimer: notifyWakeUp
10-12 11:06:15.166 3435-3992/? I/CAE: setCAProperty(ContextAwareService.java:583) - result : true
10-12 11:06:15.166 4758-4758/? V/BatteryController: getBatteryLevel[81.0], batteryStatus[2]
10-12 11:06:15.166 3435-4825/? D/SettingsProvider: isChangeAllowed() : name = aod_show_state
10-12 11:06:15.166 3435-4825/? D/SettingsProvider: edmUri: content://com.sec.knox.provider/RestrictionPolicy3
10-12 11:06:15.166 3435-4825/? D/SettingsProvider: projectionArgs: isSettingsChangesAllowed
10-12 11:06:15.166 3435-4825/? D/SecContentProvider: query(), uri = 17 selection = isSettingsChangesAllowed
10-12 11:06:15.166 3435-4825/? D/SettingsProvider: selectionArgs: false
10-12 11:06:15.166 3435-4825/? D/SettingsProvider: selectionArgs: 10000
10-12 11:06:15.166 3435-4825/? D/SettingsProvider: ret = -1
10-12 11:06:15.166 3435-3992/? W/CAE: setCAProperty(ContextAwareService.java:584) - [setProperty 02] Mutex is unlocked for DEVICE_PHYSICAL_CONTEXT_MONITOR
10-12 11:06:15.166 4758-4758/? E/SettingsUtils: setAODShowState config = 1
10-12 11:06:15.166 4758-4758/? D/AlpmModeManager: setFirstStartALPM() initialize value
10-12 11:06:15.176 4758-4758/? D/AODService: createWindow
10-12 11:06:15.176 3435-3992/? W/CAE: registerCallback(ContextAwareService.java:144) - [regi 01] Mutex is locked for DEVICE_PHYSICAL_CONTEXT_MONITOR
10-12 11:06:15.176 3435-3992/? V/CAE: start(ContextProvider.java:128)
10-12 11:06:15.176 3435-3992/? V/CAE: clear(DevicePhysicalContextMonitorRunner.java:497)
10-12 11:06:15.176 3435-3992/? V/CAE: enable(DevicePhysicalContextMonitorRunner.java:471)
10-12 11:06:15.176 3435-3992/? I/CAE: sendCmdToSensorHub(SensorHubCommManager.java:162) - -79, 56, 0, 9, 6, 15,
10-12 11:06:15.176 3435-3992/? D/SensorHubManager: SendSensorHubData: send data = -79, 56, 0, 9, 6, 15
10-12 11:06:15.176 3158-8639/? D/Sensorhubs: sendContextData: -79, 56, 0, 9, 6, 15
10-12 11:06:15.176 3435-3992/? D/CAE: getFaultDetectionResult(DevicePhysicalContextMonitorRunner.java:521) - true
10-12 11:06:15.176 3435-3992/? I/CAE: notifyCmdProcessResultObserver(ContextProvider.java:627) - CheckResult = 0, Cause = Success
10-12 11:06:15.176 4758-4758/? I/AODUpdatePositionController: initPosition : X[45], Y[698] Rect(-50, 0 - 50, 920)
10-12 11:06:15.176 4758-4758/? D/Minikin: FontFamily bestFont == NULL, so return vacant FakedFont
10-12 11:06:15.176 4758-4758/? D/Minikin: FontFamily bestFont == NULL, so return vacant FakedFont
10-12 11:06:15.176 4758-4758/? D/Minikin: FontFamily bestFont == NULL, so return vacant FakedFont
10-12 11:06:15.186 4758-4758/? D/Minikin: FontFamily bestFont == NULL, so return vacant FakedFont
10-12 11:06:15.186 4758-4758/? D/Minikin: FontFamily bestFont == NULL, so return vacant FakedFont
10-12 11:06:15.186 4758-4758/? D/Minikin: FontFamily bestFont == NULL, so return vacant FakedFont
10-12 11:06:15.186 4758-4758/? D/Minikin: FontFamily bestFont == NULL, so return vacant FakedFont
10-12 11:06:15.186 4758-4758/? D/Minikin: FontFamily bestFont == NULL, so return vacant FakedFont
10-12 11:06:15.186 4758-4758/? D/Minikin: FontFamily bestFont == NULL, so return vacant FakedFont
10-12 11:06:15.186 4758-4758/? I/DefaultClockView: composeDefaultClockView: Selected clock = 0
10-12 11:06:15.186 3435-3992/? D/CAE: doCommendProcess(ContextAwareService.java:433) - complete notify the operation result.
10-12 11:06:15.186 4758-4758/? D/BatteryMeterView: BatteryMeterView
10-12 11:06:15.186 3435-3992/? I/CAE: displayUsedCountForService(ContextAwareService.java:525) - totalCnt = 1, serviceCount = 1, subCollectionCount = 0
10-12 11:06:15.186 3435-3992/? D/CAE: showListenerList(ContextAwareService.java:366) - ===== Context Aware Service List =====
10-12 11:06:15.186 3435-3992/? I/CAE: showListenerList(ContextAwareService.java:375) - Listener : com.samsung.android.contextaware.manager.ContextAwareService$Listener@665895c, Service : ACTIVITY_TRACKER_CURRENT_INFO(1)
10-12 11:06:15.186 3435-3992/? I/CAE: showListenerList(ContextAwareService.java:375) - Listener : com.samsung.android.contextaware.manager.ContextAwareService$Listener@665895c, Service : ACTIVITY_TRACKER(1)
10-12 11:06:15.186 3435-3992/? I/CAE: showListenerList(ContextAwareService.java:375) - Listener : com.samsung.android.contextaware.manager.ContextAwareService$Listener@445e1d2, Service : DEVICE_PHYSICAL_CONTEXT_MONITOR(1)
10-12 11:06:15.186 3435-3992/? W/CAE: registerCallback(ContextAwareService.java:180) - [regi 02] Mutex is unlocked for DEVICE_PHYSICAL_CONTEXT_MONITOR
10-12 11:06:15.186 3435-3992/? D/SContextService: .registerCallback : 2, client=
10-12 11:06:15.186 3435-3992/? D/SContextService: ===== SContext Service List =====
10-12 11:06:15.186 3435-3992/? D/SContextService: Listener : android.hardware.scontext.SContextService$Listener@a4a4ea, Service : Activity Tracker
10-12 11:06:15.186 3435-3992/? D/SContextService: Listener : android.hardware.scontext.SContextService$Listener@6fb52a3, Service : Device Physical Context Monitor
10-12 11:06:15.186 4758-20274/? D/SContextManager: .registerListener : listener = com.samsung.android.app.aodservice.AODService$7@364f7c6, service=Device Physical Context Monitor
10-12 11:06:15.196 4758-4758/? D/Minikin: FontFamily bestFont == NULL, so return vacant FakedFont
10-12 11:06:15.196 4758-4758/? D/Minikin: FontFamily bestFont == NULL, so return vacant FakedFont
10-12 11:06:15.196 4758-4758/? D/Minikin: FontFamily bestFont == NULL, so return vacant FakedFont
10-12 11:06:15.196 3435-3974/? W/CAE: setCAProperty(ContextAwareService.java:578) - [setProperty 01] Mutex is locked for DEVICE_PHYSICAL_CONTEXT_MONITOR
10-12 11:06:15.196 3435-3974/? I/CAE: sendCmdToSensorHub(SensorHubCommManager.java:162) - -63, 23, 56, 3, 1, 2, 88,
10-12 11:06:15.196 3435-3974/? D/SensorHubManager: SendSensorHubData: send data = -63, 23, 56, 3, 1, 2, 88
10-12 11:06:15.196 3158-3199/? D/Sensorhubs: sendContextData: -63, 23, 56, 3, 1, 2, 88
10-12 11:06:15.196 4758-4758/? D/DefaultClockView: LocalTime Pattern : HH:mm
10-12 11:06:15.196 4758-4758/? I/AODUpdatePositionController: updatePosition: start current clock, Current X[45] Current Y[698] NewPositionTimer[60]
10-12 11:06:15.196 4758-4758/? D/TimeViewHolder: onTimeUpdate: timeZone:libcore.util.ZoneInfo[id="Europe/Berlin",mRawOffset=3600000,mEarliestRawOffset=3600000,mUseDst=true,mDstSavings=3600000,transitions=144] isSplitHour:false isSingleView:false isAMPMonLeft:null time01: 11:06 time02: null ampm: null
10-12 11:06:15.196 3435-3974/? I/CAE: setCAProperty(ContextAwareService.java:583) - result : true
10-12 11:06:15.206 3435-3974/? W/CAE: setCAProperty(ContextAwareService.java:584) - [setProperty 02] Mutex is unlocked for DEVICE_PHYSICAL_CONTEXT_MONITOR
10-12 11:06:15.206 3435-4643/? W/CAE: setCAProperty(ContextAwareService.java:578) - [setProperty 01] Mutex is locked for DEVICE_PHYSICAL_CONTEXT_MONITOR
10-12 11:06:15.206 3435-4643/? I/CAE: sendCmdToSensorHub(SensorHubCommManager.java:162) - -63, 23, 56, 3, 2, 0, 3,
10-12 11:06:15.206 3435-4643/? D/SensorHubManager: SendSensorHubData: send data = -63, 23, 56, 3, 2, 0, 3
10-12 11:06:15.206 3158-3158/? D/Sensorhubs: sendContextData: -63, 23, 56, 3, 2, 0, 3
10-12 11:06:15.206 4758-4758/? D/RoamingTimeViewHolder: isDualClockSetting :: true isHomeTimeZoneExist :: false isEasyUxON :: false Utils.isRoaming(mContext) :: false
10-12 11:06:15.206 4758-4758/? D/RoamingTimeViewHolder: getHomeCalendar : No homecity_timezone, set as default : (libcore.util.ZoneInfo[id="Europe/Berlin",mRawOffset=3600000,mEarliestRawOffset=3600000,mUseDst=true,mDstSavings=3600000,transitions=144])
10-12 11:06:15.206 4758-4758/? D/RoamingTimeViewHolder: onTimeUpdate: isVisible:false timeZone:libcore.util.ZoneInfo[id="Europe/Berlin",mRawOffset=3600000,mEarliestRawOffset=3600000,mUseDst=true,mDstSavings=3600000,transitions=144] text:Wed, 12 Oct 11:06
10-12 11:06:15.206 4758-4758/? D/DefaultClockView: show
10-12 11:06:15.206 4758-4758/? D/ViewRootImpl: #1 mView = com.samsung.android.app.aodservice.nightclock.DefaultClockView{4a9274d V.E...... ......ID 0,0-0,0}
10-12 11:06:15.206 3435-4643/? I/CAE: setCAProperty(ContextAwareService.java:583) - result : true
10-12 11:06:15.206 3435-4643/? W/CAE: setCAProperty(ContextAwareService.java:584) - [setProperty 02] Mutex is unlocked for DEVICE_PHYSICAL_CONTEXT_MONITOR
10-12 11:06:15.206 3435-4200/? W/CAE: setCAProperty(ContextAwareService.java:578) - [setProperty 01] Mutex is locked for DEVICE_PHYSICAL_CONTEXT_MONITOR
10-12 11:06:15.206 3435-4133/? D/ISSUE_DEBUG: InputChannelName : 1cd0959 AOD
10-12 11:06:15.206 3435-4200/? I/CAE: sendCmdToSensorHub(SensorHubCommManager.java:162) - -63, 23, 56, 3, 3, 0, 60,
10-12 11:06:15.206 3435-3541/? D/StatusBarManagerService: manageDisableList userId=0 what=0x0 pkg=Window{1cd0959 u0 d0 AOD}
10-12 11:06:15.206 3435-4200/? D/SensorHubManager: SendSensorHubData: send data = -63, 23, 56, 3, 3, 0, 60
10-12 11:06:15.206 3158-8639/? D/Sensorhubs: sendContextData: -63, 23, 56, 3, 3, 0, 60
10-12 11:06:15.206 3435-4133/? D/InputDispatcher: Focus left window: 4327
10-12 11:06:15.206 3435-4133/? D/InputDispatcher: Focus entered window: 4758
10-12 11:06:15.206 3435-3565/? D/PointerIcon: setMouseIconStyle1 pointerType: 1001 iconType:101 flag:0 pid:3435 uid:1000
10-12 11:06:15.206 3435-3565/? D/PointerIcon: setMouseCustomIcon IconType is same.101
10-12 11:06:15.206 3931-3931/? D/PhoneStatusBar: setSystemUiVisibility vis=8000 mask=ffffffff oldVal=8600 newVal=8000 diff=600
10-12 11:06:15.216 3435-4200/? I/CAE: setCAProperty(ContextAwareService.java:583) - result : true
10-12 11:06:15.216 3435-4200/? W/CAE: setCAProperty(ContextAwareService.java:584) - [setProperty 02] Mutex is unlocked for DEVICE_PHYSICAL_CONTEXT_MONITOR
10-12 11:06:15.216 3435-3960/? W/CAE: setCAProperty(ContextAwareService.java:578) - [setProperty 01] Mutex is locked for DEVICE_PHYSICAL_CONTEXT_MONITOR
10-12 11:06:15.216 3435-3960/? I/CAE: sendCmdToSensorHub(SensorHubCommManager.java:162) - -63, 23, 56, 3, 4, 0, 1,
10-12 11:06:15.216 3435-3960/? D/SensorHubManager: SendSensorHubData: send data = -63, 23, 56, 3, 4, 0, 1
10-12 11:06:15.216 3158-3199/? D/Sensorhubs: sendContextData: -63, 23, 56, 3, 4, 0, 1
10-12 11:06:15.216 3435-3960/? I/CAE: setCAProperty(ContextAwareService.java:583) - result : true
10-12 11:06:15.216 3435-3960/? W/CAE: setCAProperty(ContextAwareService.java:584) - [setProperty 02] Mutex is unlocked for DEVICE_PHYSICAL_CONTEXT_MONITOR
10-12 11:06:15.216 3435-3474/? W/CAE: setCAProperty(ContextAwareService.java:578) - [setProperty 01] Mutex is locked for DEVICE_PHYSICAL_CONTEXT_MONITOR
10-12 11:06:15.216 3435-3474/? I/CAE: sendCmdToSensorHub(SensorHubCommManager.java:162) - -63, 23, 56, 4, 0, 0, 0, 110, 1,
10-12 11:06:15.216 3435-3474/? D/SensorHubManager: SendSensorHubData: send data = -63, 23, 56, 4, 0, 0, 0, 110, 1
10-12 11:06:15.216 3158-3158/? D/Sensorhubs: sendContextData: -63, 23, 56, 4, 0, 0, 0, 110, 1
10-12 11:06:15.226 3435-3474/? I/CAE: setCAProperty(ContextAwareService.java:583) - result : true
10-12 11:06:15.226 3435-3474/? W/CAE: setCAProperty(ContextAwareService.java:584) - [setProperty 02] Mutex is unlocked for DEVICE_PHYSICAL_CONTEXT_MONITOR
10-12 11:06:15.226 3435-3974/? W/CAE: setCAProperty(ContextAwareService.java:578) - [setProperty 01] Mutex is locked for DEVICE_PHYSICAL_CONTEXT_MONITOR
10-12 11:06:15.226 3435-3974/? I/CAE: sendCmdToSensorHub(SensorHubCommManager.java:162) - -63, 23, 56, 4, 0, 0, 0, 17, 2,
10-12 11:06:15.226 3435-3974/? D/SensorHubManager: SendSensorHubData: send data = -63, 23, 56, 4, 0, 0, 0, 17, 2
10-12 11:06:15.226 3158-8639/? D/Sensorhubs: sendContextData: -63, 23, 56, 4, 0, 0, 0, 17, 2
10-12 11:06:15.226 3435-3974/? I/CAE: setCAProperty(ContextAwareService.java:583) - result : true
10-12 11:06:15.236 29487-29498/? D/BadgeProvider: query, [selection] : null
10-12 11:06:15.236 3435-3974/? W/CAE: setCAProperty(ContextAwareService.java:584) - [setProperty 02] Mutex is unlocked for DEVICE_PHYSICAL_CONTEXT_MONITOR
10-12 11:06:15.236 4758-4758/? D/AODMissedEventController: [com.android.contacts] badgeCount : 0, [com.android.mms] badgeCount : 0
10-12 11:06:15.236 4758-4758/? I/AODService.ClockTimer: startAlarm : TICK
10-12 11:06:15.236 3435-4133/? V/AlarmManager: Add whitelist package alarm :PendingIntent{fc491e: PendingIntentRecord{5684f7e com.samsung.android.app.aodservice broadcastIntent}}
10-12 11:06:15.246 4758-4758/? I/AODService.ClockTimer: startAlarm : SLEEP
10-12 11:06:15.246 4758-4758/? V/AODService.ClockTimer: AOD Trigger: next AOD WAKEUP time is 9:0
10-12 11:06:15.246 4758-4758/? D/AODService.ClockTimer: startAlarm is canceled. triggerAtMillis = -1, currentTime = 1476263175256
10-12 11:06:15.246 4758-4758/? I/AODService.ClockTimer: stopAlarm : WAKEUP
10-12 11:06:15.246 3435-4803/? V/AlarmManager: remove PendingIntent] PendingIntent{4e675ff: PendingIntentRecord{55b18d7 com.samsung.android.app.aodservice broadcastIntent}}
10-12 11:06:15.246 4758-4758/? D/BatteryController: saveBatteryData : level[81], status[2]
10-12 11:06:15.276 3435-3870/? D/MdnieScenarioControlService: packageName : com.sec.android.app.launcher className : com.sec.android.app.launcher.activities.LauncherActivity
10-12 11:06:15.276 3435-3870/? I/MdnieScenarioControlService: mGameModeLauncher : false
10-12 11:06:15.276 3435-3870/? I/MdnieScenarioControlService: setUIMode
10-12 11:06:15.306 3435-3579/? D/SurfaceControl: Excessive delay in setPowerMode(): 185ms
10-12 11:06:15.306 3435-3579/? D/PowerManagerUtil: Excessive delay in !@display_state: OFF: 185ms
10-12 11:06:15.306 3435-3579/? D/PowerManagerUtil: Excessive delay in DisplayManagerInternal.requestDesiredDisplayState: 188ms
10-12 11:06:15.306 3435-3569/? D/DisplayPowerController: animateScreenStateChange[0]: target=1
10-12 11:06:15.306 3004-3004/? I/SurfaceFlinger: id=399 createSurf (1x1),1 flag=404, BOD
10-12 11:06:15.306 3435-3569/? D/DisplayPowerController: [Dual Screen Compatible] state[0] :1
10-12 11:06:15.306 3435-3569/? D/DisplayPowerController: getFinalBrightness : Summary is 0 -> 0
10-12 11:06:15.306 3435-3569/? D/DisplayPowerController: Animating brightness: target=0, rate=0 (PSM:false, AB limit:(-1 ~ -1) MB Limit:(-1 ~ -1))
10-12 11:06:15.306 3435-3569/? I/PowerManagerService: [PWL] Off : 0s ago
10-12 11:06:15.306 3435-3569/? I/libsuspend: !@autosuspend_wakeup_count_enable
10-12 11:06:15.306 3435-3569/? I/PowerManagerService: [PWL] PowerManagerService.WakeLocks: ref count=1
10-12 11:06:15.306 3435-3569/? I/libsuspend: !@autosuspend_wakeup_count_enable done
10-12 11:06:15.306 3435-3569/? I/PowerManagerService: [PWL] mWakeLockSummary : 0x1
10-12 11:06:15.306 3435-3569/? I/PowerManagerService: [PWL] PARTIAL_WAKE_LOCK 'AudioMix' (uid=1013, pid=0, ws=null) (elapsedTime=25559)
10-12 11:06:15.306 3435-3569/? I/PowerManagerService: [PWL] PARTIAL_WAKE_LOCK 'AlwaysOnDisplay_EnsureWorkingTime' (uid=10000, pid=4758, ws=null) (elapsedTime=147)
10-12 11:06:15.306 3435-3569/? I/PowerManagerService: [PWL] PowerManagerService.Display: ref count=2
10-12 11:06:15.306 3435-3569/? I/PowerManagerService: [PWL] mUserActivitySummary : 0x1
10-12 11:06:15.306 3435-3894/? D/PersonaManagerService: onfinishedGoingToSleep why = 2
10-12 11:06:15.306 3435-3569/? I/PowerManagerService: [PWL] mDisplayReady : false
10-12 11:06:15.306 3931-4980/? D/KeyguardViewMediator: onFinishedGoingToSleep(2)
