10-12 11:05:32.106 29809-29886/? D/libGLESv2: DTS_GLAPI : DTS is not allowed for Package : acr.browser.barebones
10-12 11:05:32.116 29809-29809/? W/cr_BindingManager: Cannot call determinedVisibility() - never saw a connection for the pid: 29809
10-12 11:05:32.136 29809-29847/? I/System.out: (HTTPLog)-Static: isSBSettingEnabled false
10-12 11:05:32.136 29809-29847/? I/System.out: (HTTPLog)-Static: isSBSettingEnabled false
10-12 11:05:32.156 29809-29850/? I/System.out: (HTTPLog)-Static: isSBSettingEnabled false
10-12 11:05:32.156 29809-29850/? I/System.out: (HTTPLog)-Static: isSBSettingEnabled false
10-12 11:05:32.166 3004-3015/? I/SurfaceFlinger: id=389 Removed carebones (4/10)
10-12 11:05:32.166 3004-3013/? I/SurfaceFlinger: id=389 Removed carebones (-2/10)
10-12 11:05:32.166 3931-3931/? D/ImageWallpaper: onVisibilityChanged:false
10-12 11:05:32.166 3931-3931/? D/ImageWallpaper: drawFrame:false rotation:0 mLastRotation:0
10-12 11:05:32.166 3931-3931/? D/ImageWallpaper: drawFrame:[frame.width()]2240[frame.height()]2560
10-12 11:05:32.166 3931-3931/? D/ImageWallpaper: Suppressed drawFrame since redraw is not needed and offsets have not changed.
10-12 11:05:32.186 3004-3004/? D/libEGL: eglTerminate EGLDisplay = 0x7ff090b748
10-12 11:05:32.296 29809-29848/? I/System.out: (HTTPLog)-Static: isSBSettingEnabled false
10-12 11:05:32.296 29809-29848/? I/System.out: (HTTPLog)-Static: isSBSettingEnabled false
10-12 11:05:32.316 3435-3435/? D/CustomFrequencyManagerService: releaseDVFSLockLocked : Getting Lock type frm List : DVFS_MIN_LIMIT frequency : 1872000 uid : 1000 pid : 3435 tag : ACTIVITY_RESUME_BOOSTER@9
10-12 11:05:32.316 3435-3435/? D/CustomFrequencyManagerService: FrequencyrequestList.getNextCStateDisableRequest, index: 1
10-12 11:05:32.416 29809-29849/? D/skia: --- SkImageDecoder::Factory returned null
10-12 11:05:32.416 29809-29849/? I/System.out: (HTTPLog)-Static: isSBSettingEnabled false
10-12 11:05:32.416 29809-29849/? I/System.out: (HTTPLog)-Static: isSBSettingEnabled false
10-12 11:05:32.456 29809-29847/? D/skia: --- SkImageDecoder::Factory returned null
10-12 11:05:32.466 29809-29847/? I/System.out: (HTTPLog)-Static: isSBSettingEnabled false
10-12 11:05:32.466 29809-29847/? I/System.out: (HTTPLog)-Static: isSBSettingEnabled false
10-12 11:05:32.476 29809-29850/? D/skia: --- SkImageDecoder::Factory returned null
10-12 11:05:32.476 29809-29850/? I/System.out: (HTTPLog)-Static: isSBSettingEnabled false
10-12 11:05:32.476 29809-29850/? I/System.out: (HTTPLog)-Static: isSBSettingEnabled false
10-12 11:05:32.576 3435-4643/? D/CustomFrequencyManagerService: releaseDVFSLockLocked : Getting Lock type frm List : DVFS_MIN_LIMIT frequency : 2600000 uid : 1000 pid : 3435 tag : LAUNCHER_APP_BOOSTER_CPU@14
10-12 11:05:32.606 4006-4006/? D/Recents: onTaskStackChanged
10-12 11:05:32.626 4006-4006/? W/ResourcesManager: getTopLevelResources: /data/app/acr.browser.barebones-1/base.apk / 1.0 running in com.android.systemui rsrc of package acr.browser.barebones
10-12 11:05:32.636 4006-4006/? D/ResourcesManager: For user 0 new overlays fetched Null
10-12 11:05:32.636 3435-6371/? W/ResourcesManager: getTopLevelResources: /data/app/acr.browser.barebones-1/base.apk / 1.0 running in null rsrc of package acr.browser.barebones
10-12 11:05:32.646 29809-29848/? D/skia: --- SkImageDecoder::Factory returned null
10-12 11:05:32.646 29809-29848/? I/System.out: (HTTPLog)-Static: isSBSettingEnabled false
10-12 11:05:32.646 29809-29848/? I/System.out: (HTTPLog)-Static: isSBSettingEnabled false
10-12 11:05:32.666 3435-3821/? D/InputReader: Input event(4): value=1 when=8951413476000
10-12 11:05:32.666 3435-3821/? D/InputReader: Input event(4): value=1 when=8951413476000
10-12 11:05:32.666 3435-3821/? I/InputReader: Touch event's action is 0x0 (deviceType=0) [pCnt=1, s=0.556 ] when=8951413476000
10-12 11:05:32.666 3435-3821/? D/InputReader: lastThreadEndTime = 8950315512212, currentThreadStartTime = 8950315515366, diff = 0
10-12 11:05:32.666 3435-3820/? I/InputDispatcher: Delivering touch to (3931): action: 0x4, toolType: 1
10-12 11:05:32.666 3435-3820/? I/InputDispatcher: Delivering touch to (29809): action: 0x0, toolType: 1
10-12 11:05:32.666 29809-29809/? D/ViewRootImpl: ViewPostImeInputStage processPointer 0
10-12 11:05:33.156 3435-6368/? D/SSRM:n: SIOP:: AP = 260, PST = 232 (W:6), CP = 196, CUR = 362, LCD = 83
10-12 11:05:33.216 3435-4341/? D/SecContentProvider: query(), uri = 15 selection = isClipboardAllowedAsUser
10-12 11:05:33.216 3435-4341/? D/SecContentProvider: query(), uri = 15 selection = isClipboardShareAllowedAsUser
10-12 11:05:33.216 29809-29809/? W/ClipboardExManager: hasData : 2, -1, null
10-12 11:05:33.216 3435-4808/? D/SecContentProvider: query(), uri = 15 selection = isClipboardAllowedAsUser
10-12 11:05:33.226 3435-4808/? D/SecContentProvider: query(), uri = 15 selection = isClipboardShareAllowedAsUser
10-12 11:05:33.226 3435-4808/? D/ClipboardExService: getLatestItem : false
10-12 11:05:33.226 3435-4808/? E/ClipboardDataMgr: in own condtnthis Text class. Value is http://edition.cnn.c 1476262114445
10-12 11:05:33.226 3435-4808/? E/ClipboardDataMgr: before return latestdatalthis Text class. Value is http://edition.cnn.c
10-12 11:05:33.226 3435-4808/? I/ClipboardExService: owner copy and paste cdData
10-12 11:05:33.226 3435-4802/? D/SecContentProvider: query(), uri = 15 selection = isClipboardAllowedAsUser
10-12 11:05:33.226 3435-4802/? D/SecContentProvider: query(), uri = 15 selection = isClipboardShareAllowedAsUser
10-12 11:05:33.246 29809-29809/? D/ViewRootImpl: #1 mView = android.widget.PopupWindow$PopupDecorView{5c102c6 V.E...... ......I. 0,0-0,0}
10-12 11:05:33.246 3435-3474/? D/ISSUE_DEBUG: InputChannelName : 1df729d PopupWindow:43f80a1
10-12 11:05:33.276 3004-3004/? I/SurfaceFlinger: id=391 createSurf (1x1),1 flag=4, QopupWindow
10-12 11:05:33.276 3435-4343/? D/WifiService: startScan by pid=4718, uid=10019
10-12 11:05:33.286 3435-3848/? I/WifiScanController: location is disabled
10-12 11:05:33.286 3435-3848/? D/WifiStateMachine: CMD_START_SCAN : scanLog.mLast - 1476263133292, scanLog.mStartTimeForBigdata - 1476255382124
10-12 11:05:33.286 3435-3848/? D/WifiStateMachine: CMD_START_SCAN : scanLog.mCountForBigdata - 35
10-12 11:05:33.286 3887-3887/? I/wpa_supplicant: wlan0: Setting scan request: 0 sec 0 usec
10-12 11:05:33.286 3887-3887/? I/wpa_supplicant: P2P: Current p2p state = IDLE
10-12 11:05:33.286 3887-3887/? I/wpa_supplicant: Scan requested (ret=0) - scan timeout 30 seconds
10-12 11:05:33.296 29809-29828/? D/mali_winsys: EGLint new_window_surface(egl_winsys_display*, void*, EGLSurface, EGLConfig, egl_winsys_surface**, egl_color_buffer_format*, EGLBoolean) returns 0x3000, [160x160]-format:1
10-12 11:05:33.306 29809-29809/? W/DisplayListCanvas: DisplayListCanvas is started on unbinded RenderNode (without mOwningView)
10-12 11:05:33.316 3435-4337/? V/WindowStateAnimator: Finishing drawing window Window{1df729d u0 d0 PopupWindow:43f80a1}: mDrawState=DRAW_PENDING
10-12 11:05:33.316 29809-29809/? D/ViewRootImpl: MSG_RESIZED_REPORT: ci=Rect(0, 0 - 0, 0) vi=Rect(0, 0 - 0, 0) or=1
10-12 11:05:33.326 3004-3004/? D/libEGL: eglInitialize EGLDisplay = 0x7ff090b628
10-12 11:05:33.326 3435-3565/? D/KnoxTimeoutHandler: notifyActivityDrawn [MsgParam] userId: 0 fullscreen is true showWhenlocked is false
10-12 11:05:33.326 3435-3435/? D/KnoxTimeoutHandler: activityDrawn [MsgParam] userId: 0 fullscreen is true showWhenlocked is false
10-12 11:05:33.326 3435-3435/? I/KnoxTimeoutHandler: SD activityfalse
10-12 11:05:33.336 3435-4200/? V/WindowStateAnimator: Finishing drawing window Window{1df729d u0 d0 PopupWindow:43f80a1}: mDrawState=HAS_DRAWN
10-12 11:05:33.356 29809-29809/? D/ViewRootImpl: #1 mView = android.widget.PopupWindow$PopupDecorView{3a545a V.E...... ......I. 0,0-0,0}
10-12 11:05:33.366 3435-4825/? D/ISSUE_DEBUG: InputChannelName : a54f23f PopupWindow:ff38c05
10-12 11:05:33.386 3004-3004/? I/SurfaceFlinger: id=392 createSurf (1x1),1 flag=4, QopupWindow
10-12 11:05:33.416 29809-29828/? D/mali_winsys: EGLint new_window_surface(egl_winsys_display*, void*, EGLSurface, EGLConfig, egl_winsys_surface**, egl_color_buffer_format*, EGLBoolean) returns 0x3000, [917x256]-format:1
10-12 11:05:33.426 29809-29809/? W/DisplayListCanvas: DisplayListCanvas is started on unbinded RenderNode (without mOwningView)
10-12 11:05:33.466 3435-4643/? V/WindowStateAnimator: Finishing drawing window Window{a54f23f u0 d0 PopupWindow:ff38c05}: mDrawState=DRAW_PENDING
10-12 11:05:33.466 29809-29809/? D/ViewRootImpl: MSG_RESIZED_REPORT: ci=Rect(0, 0 - 0, 0) vi=Rect(0, 0 - 0, 0) or=1
10-12 11:05:33.476 3435-3565/? D/KnoxTimeoutHandler: notifyActivityDrawn [MsgParam] userId: 0 fullscreen is true showWhenlocked is false
10-12 11:05:33.476 3435-3435/? D/KnoxTimeoutHandler: activityDrawn [MsgParam] userId: 0 fullscreen is true showWhenlocked is false
10-12 11:05:33.476 3004-3004/? D/libEGL: eglInitialize EGLDisplay = 0x7ff090b628
10-12 11:05:33.476 3435-3435/? I/KnoxTimeoutHandler: SD activityfalse
10-12 11:05:33.486 3435-4337/? V/WindowStateAnimator: Finishing drawing window Window{a54f23f u0 d0 PopupWindow:ff38c05}: mDrawState=HAS_DRAWN
10-12 11:05:33.486 3004-3004/? D/libEGL: eglInitialize EGLDisplay = 0x7ff090b628
10-12 11:05:33.506 3004-3004/? D/libEGL: eglInitialize EGLDisplay = 0x7ff090b628
10-12 11:05:33.806 3435-3821/? D/InputReader: Input event(4): value=0 when=8952554583000
10-12 11:05:33.806 3435-3821/? D/InputReader: Input event(4): value=0 when=8952554583000
10-12 11:05:33.806 3435-3821/? I/InputReader: Touch event's action is 0x1 (deviceType=0) [pCnt=1, s=] when=8952554583000
10-12 11:05:33.806 3435-3820/? I/InputDispatcher: Delivering touch to (29809): action: 0x1, toolType: 1
10-12 11:05:33.806 29809-29809/? D/ViewRootImpl: ViewPostImeInputStage processPointer 1
10-12 11:05:33.816 29809-29809/? D/ViewRootImpl: #3 mView = null
10-12 11:05:33.826 8339-8339/? D/SamsungIME: IMPL finishInput
10-12 11:05:33.826 8339-8339/? D/SamsungIME: SwiftKeyWrapper writeDBdataToFileOnFinishInput
10-12 11:05:33.826 8339-8339/? D/SamsungIME: saveAndClear +
10-12 11:05:33.826 8339-8339/? D/SamsungIME: saveAndClear -
10-12 11:05:33.836 3004-4000/? D/libEGL: eglTerminate EGLDisplay = 0x7facdfee78
10-12 11:05:33.836 3004-4000/? D/libEGL: eglTerminate EGLDisplay = 0x7facdfee78
10-12 11:05:33.836 29809-29809/? D/ViewRootImpl: #3 mView = null
10-12 11:05:33.836 3004-4502/? I/SurfaceFlinger: id=392 Removed QopupWindow (6/11)
10-12 11:05:33.836 3004-3015/? I/SurfaceFlinger: id=392 Removed QopupWindow (-2/11)
10-12 11:05:33.846 3004-3004/? D/libEGL: eglTerminate EGLDisplay = 0x7ff090b748
10-12 11:05:33.876 29809-29809/? I/Timeline: Timeline: Activity_idle id: android.os.BinderProxy@6e86fb5 time:8952627
10-12 11:05:33.886 4327-4327/? D/Launcher.HomeView: onStop
10-12 11:05:33.886 4327-4327/? D/capture: ----destroy
10-12 11:05:33.886 4327-4327/? V/ActivityThread: updateVisibility : ActivityRecord{559c4a4 token=android.os.BinderProxy@18bec95 {com.sec.android.app.launcher/com.sec.android.app.launcher.activities.LauncherActivity}} show : false
10-12 11:05:33.896 3435-3846/? D/NetworkPolicy: isUidForegroundLocked: 10068, mScreenOn: true, uidstate: 3, mProxSensorScreenOff: false
10-12 11:05:33.896 4327-4327/? D/Launcher: onTrimMemory. Level: 20
10-12 11:05:33.946 3004-3015/? I/SurfaceFlinger: id=391 Removed QopupWindow (4/10)
10-12 11:05:33.946 3004-4000/? I/SurfaceFlinger: id=391 Removed QopupWindow (-2/10)
10-12 11:05:33.956 3004-3004/? D/libEGL: eglTerminate EGLDisplay = 0x7ff090b748
10-12 11:05:34.156 3435-3870/? D/MdnieScenarioControlService: packageName : acr.browser.barebones className : acr.browser.lightning.activity.MainActivity
10-12 11:05:34.226 3143-3704/? D/Netd: Iface wlan0 link up
10-12 11:05:34.226 3435-3542/? D/Tethering: interfaceLinkStateChanged wlan0, true
10-12 11:05:34.226 3435-3542/? D/Tethering: interfaceStatusChanged wlan0, true
10-12 11:05:34.226 3887-3887/? I/wpa_supplicant: nl80211: Received scan results (2 BSSes)
10-12 11:05:34.226 3887-3887/? I/wpa_supplicant: enough signal to handover [9C.81.0C] level [-54][2462]
10-12 11:05:34.226 3435-3847/? D/WifiP2pService: InactiveState{ what=147461 }
10-12 11:05:34.226 3435-3847/? D/WifiP2pService: P2pEnabledState{ what=147461 }
10-12 11:05:34.226 3435-3847/? D/WifiP2pService: DefaultState{ what=147461 }
10-12 11:05:34.226 4449-7168/? D/PdnController: Interface Changed wlan0 link up
10-12 11:05:34.236 3435-3435/? I/CLocInfoService: ['16.5] External Intent Received android.net.wifi.SCAN_RESULTS
10-12 11:05:34.246 3435-3540/? V/BroadcastQueue: [background] Process cur broadcast BroadcastRecord{fbcb26a u-1 android.net.wifi.SCAN_RESULTS qIdx=4}, state= (APP_RECEIVE) DELIVERED for app ProcessRecord{84ccb49 3931:com.android.systemui/u0a62}
10-12 11:05:34.256 3435-3870/? I/MdnieScenarioControlService: mGameModeLauncher : false
10-12 11:05:34.256 3435-3870/? I/MdnieScenarioControlService: setUIMode
10-12 11:05:34.406 3435-3821/? D/InputReader: Input event(4): value=1 when=8953158653000
10-12 11:05:34.406 3435-3821/? D/InputReader: Input event(4): value=1 when=8953158653000
10-12 11:05:34.406 3435-3821/? I/InputReader: Touch event's action is 0x0 (deviceType=0) [pCnt=1, s=0.557 ] when=8953158653000
10-12 11:05:34.406 3435-3821/? D/InputReader: lastThreadEndTime = 8952554990480, currentThreadStartTime = 8952554995442, diff = 0
10-12 11:05:34.406 3435-3820/? I/InputDispatcher: Delivering touch to (3931): action: 0x4, toolType: 1
10-12 11:05:34.416 3435-3820/? I/InputDispatcher: Delivering touch to (29809): action: 0x0, toolType: 1
10-12 11:05:34.416 29809-29809/? D/ViewRootImpl: ViewPostImeInputStage processPointer 0
10-12 11:05:34.596 3435-3900/? W/System.err: remove failed: ENOENT (No such file or directory) : /data/system/recent_tasks/32_task.xml.bak
10-12 11:05:34.646 3435-6368/? D/GameManagerService: identifyGamePackage. acr.browser.barebones
10-12 11:05:34.916 3435-4802/? D/SecContentProvider: query(), uri = 15 selection = isClipboardAllowedAsUser
10-12 11:05:34.916 3435-4802/? D/SecContentProvider: query(), uri = 15 selection = isClipboardShareAllowedAsUser
10-12 11:05:34.916 29809-29809/? W/ClipboardExManager: hasData : 2, -1, null
10-12 11:05:34.916 3435-4343/? D/SecContentProvider: query(), uri = 15 selection = isClipboardAllowedAsUser
10-12 11:05:34.916 3435-4343/? D/SecContentProvider: query(), uri = 15 selection = isClipboardShareAllowedAsUser
10-12 11:05:34.926 3435-4343/? D/ClipboardExService: getLatestItem : false
10-12 11:05:34.926 3435-4343/? E/ClipboardDataMgr: in own condtnthis Text class. Value is http://edition.cnn.c 1476262114445
10-12 11:05:34.926 3435-4343/? E/ClipboardDataMgr: before return latestdatalthis Text class. Value is http://edition.cnn.c
10-12 11:05:34.926 3435-4343/? I/ClipboardExService: owner copy and paste cdData
10-12 11:05:34.926 3435-4825/? D/SecContentProvider: query(), uri = 15 selection = isClipboardAllowedAsUser
10-12 11:05:34.926 3435-4825/? D/SecContentProvider: query(), uri = 15 selection = isClipboardShareAllowedAsUser
10-12 11:05:34.936 29809-29809/? D/ViewRootImpl: #1 mView = android.widget.PopupWindow$PopupDecorView{c488075 V.E...... ......I. 0,0-0,0}
10-12 11:05:34.936 3435-4325/? D/ISSUE_DEBUG: InputChannelName : 6a907f8 PopupWindow:43f80a1
10-12 11:05:34.956 3004-3004/? I/SurfaceFlinger: id=393 createSurf (1x1),1 flag=4, QopupWindow
10-12 11:05:34.976 29809-29828/? D/mali_winsys: EGLint new_window_surface(egl_winsys_display*, void*, EGLSurface, EGLConfig, egl_winsys_surface**, egl_color_buffer_format*, EGLBoolean) returns 0x3000, [160x160]-format:1
10-12 11:05:34.976 29809-29809/? W/DisplayListCanvas: DisplayListCanvas is started on unbinded RenderNode (without mOwningView)
10-12 11:05:34.986 3004-3004/? D/libEGL: eglInitialize EGLDisplay = 0x7ff090b628
10-12 11:05:34.986 3435-4802/? V/WindowStateAnimator: Finishing drawing window Window{6a907f8 u0 d0 PopupWindow:43f80a1}: mDrawState=DRAW_PENDING
10-12 11:05:34.986 29809-29809/? D/ViewRootImpl: MSG_RESIZED_REPORT: ci=Rect(0, 0 - 0, 0) vi=Rect(0, 0 - 0, 0) or=1
10-12 11:05:34.986 3435-3565/? D/KnoxTimeoutHandler: notifyActivityDrawn [MsgParam] userId: 0 fullscreen is true showWhenlocked is false
10-12 11:05:34.986 3435-3435/? D/KnoxTimeoutHandler: activityDrawn [MsgParam] userId: 0 fullscreen is true showWhenlocked is false
10-12 11:05:34.986 3435-3435/? I/KnoxTimeoutHandler: SD activityfalse
10-12 11:05:34.996 3435-4343/? V/WindowStateAnimator: Finishing drawing window Window{6a907f8 u0 d0 PopupWindow:43f80a1}: mDrawState=HAS_DRAWN
10-12 11:05:35.036 29809-29809/? D/ViewRootImpl: #1 mView = android.widget.PopupWindow$PopupDecorView{399be47 V.E...... ......I. 0,0-0,0}
10-12 11:05:35.046 3435-3974/? D/ISSUE_DEBUG: InputChannelName : 8eb8b36 PopupWindow:d19e586
10-12 11:05:35.066 3004-3004/? I/SurfaceFlinger: id=394 createSurf (1x1),1 flag=4, QopupWindow
10-12 11:05:35.086 29809-29828/? D/mali_winsys: EGLint new_window_surface(egl_winsys_display*, void*, EGLSurface, EGLConfig, egl_winsys_surface**, egl_color_buffer_format*, EGLBoolean) returns 0x3000, [917x256]-format:1
10-12 11:05:35.096 29809-29809/? W/DisplayListCanvas: DisplayListCanvas is started on unbinded RenderNode (without mOwningView)
10-12 11:05:35.106 3435-4808/? V/WindowStateAnimator: Finishing drawing window Window{8eb8b36 u0 d0 PopupWindow:d19e586}: mDrawState=DRAW_PENDING
10-12 11:05:35.106 29809-29809/? D/ViewRootImpl: MSG_RESIZED_REPORT: ci=Rect(0, 0 - 0, 0) vi=Rect(0, 0 - 0, 0) or=1
10-12 11:05:35.116 3435-3565/? D/KnoxTimeoutHandler: notifyActivityDrawn [MsgParam] userId: 0 fullscreen is true showWhenlocked is false
10-12 11:05:35.116 3435-3435/? D/KnoxTimeoutHandler: activityDrawn [MsgParam] userId: 0 fullscreen is true showWhenlocked is false
10-12 11:05:35.116 3435-3435/? I/KnoxTimeoutHandler: SD activityfalse
10-12 11:05:35.116 3004-3004/? D/libEGL: eglInitialize EGLDisplay = 0x7ff090b628
10-12 11:05:35.116 3435-3475/? V/WindowStateAnimator: Finishing drawing window Window{8eb8b36 u0 d0 PopupWindow:d19e586}: mDrawState=HAS_DRAWN
10-12 11:05:35.136 3004-3004/? D/libEGL: eglInitialize EGLDisplay = 0x7ff090b628
10-12 11:05:35.146 3004-3004/? D/libEGL: eglInitialize EGLDisplay = 0x7ff090b628
10-12 11:05:35.396 3435-3821/? D/InputReader: Input event(4): value=0 when=8954139833000
10-12 11:05:35.396 3435-3821/? D/InputReader: Input event(4): value=0 when=8954139833000
10-12 11:05:35.396 3435-3821/? I/InputReader: Touch event's action is 0x1 (deviceType=0) [pCnt=1, s=] when=8954139833000
10-12 11:05:35.396 3435-3820/? I/InputDispatcher: Delivering touch to (29809): action: 0x1, toolType: 1
10-12 11:05:35.396 29809-29809/? D/ViewRootImpl: ViewPostImeInputStage processPointer 1
10-12 11:05:35.396 8339-8339/? E/SamsungIME: resetNeedToLoadHwrLibrary : 0
10-12 11:05:35.396 3435-3474/? D/CustomFrequencyManagerService: acquireDVFSLockLocked : type : DVFS_MIN_LIMIT frequency : 1976000 uid : 1000 pid : 3435 pkgName : com.sec.android.inputmethod@1
10-12 11:05:35.406 8339-8339/? D/SamsungIME: onStartInputView requsted restarting value = false
10-12 11:05:35.406 8339-8339/? D/SamsungIME: onStartInputView After call super - restarting value = false
10-12 11:05:35.406 8339-8339/? D/SamsungIME: disable handwriting input icon : handwriting is not enabled or improper edit field
10-12 11:05:35.406 8339-8339/? D/SamsungIME: [startInputView] info.inputType = 65553 info.imeOptions = 134217730
10-12 11:05:35.416 8339-8339/? I/SamsungIME: Update SetupWizard State usc : 1 pss : false
10-12 11:05:35.416 3435-3474/? D/SettingsProvider: isChangeAllowed() : name = onehand_direction
10-12 11:05:35.416 3435-3474/? D/SettingsProvider: edmUri: content://com.sec.knox.provider/RestrictionPolicy3
10-12 11:05:35.416 3435-3474/? D/SecContentProvider: query(), uri = 17 selection = isSettingsChangesAllowed
10-12 11:05:35.416 3435-3474/? D/SettingsProvider: projectionArgs: isSettingsChangesAllowed
10-12 11:05:35.416 3435-3474/? D/SettingsProvider: selectionArgs: false
10-12 11:05:35.416 3435-3474/? D/SettingsProvider: selectionArgs: 10138
10-12 11:05:35.416 3435-3474/? D/SettingsProvider: ret = -1
10-12 11:05:35.416 8339-8339/? D/SamsungIME: checkDynamicTouchRecognizedPrefValue mIsStaticTouchAreaPrefValue = false
10-12 11:05:35.416 8339-8339/? I/SamsungIME: Update SetupWizard State usc : 1 pss : false
10-12 11:05:35.416 8339-8339/? E/SamsungIME: lang.getLanguageCode():en, lang.getCountryCode():GB
10-12 11:05:35.416 8339-8339/? W/SamsungIME: makeSelectedLanguageList:en_GB;
10-12 11:05:35.416 8339-8339/? I/SamsungIME: [IMI] isChangedMainValues - bRetVal : true
10-12 11:05:35.416 8339-29896/? E/SamsungIME: sendInputLanguage() : en_GB, en_GB;
10-12 11:05:35.416 8339-8339/? D/SamsungIME: [AbstractKeyboardView] onDetachedFromWindow.
10-12 11:05:35.416 3435-4808/? D/SettingsProvider: isChangeAllowed() : name = sip_input_language
10-12 11:05:35.416 3435-4808/? D/SecContentProvider: query(), uri = 17 selection = isSettingsChangesAllowed
10-12 11:05:35.416 3435-4808/? D/SettingsProvider: edmUri: content://com.sec.knox.provider/RestrictionPolicy3
10-12 11:05:35.416 8339-8339/? D/SamsungIME: Magnification Enabled = false
10-12 11:05:35.416 3435-4808/? D/SettingsProvider: projectionArgs: isSettingsChangesAllowed
10-12 11:05:35.416 8339-8339/? D/SamsungIME: Dismiss ExpandCandiate
10-12 11:05:35.416 3435-4808/? D/SettingsProvider: selectionArgs: false
10-12 11:05:35.416 3435-4808/? D/SettingsProvider: selectionArgs: 10138
10-12 11:05:35.416 3435-4808/? D/SettingsProvider: ret = -1
10-12 11:05:35.416 3435-3960/? D/SettingsProvider: isChangeAllowed() : name = handwriting_language_list
10-12 11:05:35.416 3435-3960/? D/SecContentProvider: query(), uri = 17 selection = isSettingsChangesAllowed
10-12 11:05:35.416 3435-3960/? D/SettingsProvider: edmUri: content://com.sec.knox.provider/RestrictionPolicy3
10-12 11:05:35.416 8339-8339/? E/SamsungIME: lang.getLanguageCode():en, lang.getCountryCode():GB
10-12 11:05:35.416 3435-3960/? D/SettingsProvider: projectionArgs: isSettingsChangesAllowed
10-12 11:05:35.416 8339-8339/? W/SamsungIME: makeSelectedLanguageList:en_GB;
10-12 11:05:35.416 3435-3960/? D/SettingsProvider: selectionArgs: false
10-12 11:05:35.416 3435-3960/? D/SettingsProvider: selectionArgs: 10138
10-12 11:05:35.416 3435-3960/? D/SettingsProvider: ret = -1
10-12 11:05:35.416 8339-29897/? E/SamsungIME: sendInputLanguage() : en_GB, en_GB;
10-12 11:05:35.416 8339-8339/? D/SamsungIME: Dismiss ExpandCandiate
10-12 11:05:35.416 8339-8339/? D/SamsungIME: loadLanguageModels force = false
10-12 11:05:35.416 8339-8339/? W/System.err: mkdir failed: EEXIST (File exists) : /data/user/0/com.sec.android.inputmethod/app_SwiftKey/user
10-12 11:05:35.416 3435-4825/? D/SettingsProvider: isChangeAllowed() : name = sip_input_language
10-12 11:05:35.416 3435-4825/? D/SettingsProvider: edmUri: content://com.sec.knox.provider/RestrictionPolicy3
10-12 11:05:35.416 3435-4825/? D/SettingsProvider: projectionArgs: isSettingsChangesAllowed
10-12 11:05:35.416 3435-4825/? D/SecContentProvider: query(), uri = 17 selection = isSettingsChangesAllowed
10-12 11:05:35.416 3435-4825/? D/SettingsProvider: selectionArgs: false
10-12 11:05:35.416 3435-4825/? D/SettingsProvider: selectionArgs: 10138
10-12 11:05:35.416 3435-4825/? D/SettingsProvider: ret = -1
10-12 11:05:35.416 3435-3992/? D/SecContentProvider: query(), uri = 17 selection = isSettingsChangesAllowed
10-12 11:05:35.416 3435-3992/? D/SettingsProvider: isChangeAllowed() : name = handwriting_language_list
10-12 11:05:35.416 3435-3992/? D/SettingsProvider: edmUri: content://com.sec.knox.provider/RestrictionPolicy3
10-12 11:05:35.416 3435-3992/? D/SettingsProvider: projectionArgs: isSettingsChangesAllowed
10-12 11:05:35.416 3435-3992/? D/SettingsProvider: selectionArgs: false
10-12 11:05:35.416 3435-3992/? D/SettingsProvider: selectionArgs: 10138
10-12 11:05:35.416 3435-3992/? D/SettingsProvider: ret = -1
10-12 11:05:35.426 8339-8339/? D/SamsungIME: [loadLanguageModels] isChangePersonalizedData = false
10-12 11:05:35.426 8339-8339/? D/SamsungIME: [loadLanguageModels] loadLanguageforcely = false
10-12 11:05:35.426 8339-8339/? D/SamsungIME: Dismiss ExpandCandiate
10-12 11:05:35.426 8339-8339/? D/SamsungIME: loadLanguageModels force = false
10-12 11:05:35.426 8339-8339/? W/System.err: mkdir failed: EEXIST (File exists) : /data/user/0/com.sec.android.inputmethod/app_SwiftKey/user
10-12 11:05:35.426 8339-8339/? D/SamsungIME: [loadLanguageModels] isChangePersonalizedData = false
10-12 11:05:35.426 8339-8339/? D/SamsungIME: [loadLanguageModels] loadLanguageforcely = false
10-12 11:05:35.426 8339-8339/? I/SamsungIME: getCurrentKeyboard
10-12 11:05:35.426 8339-8339/? I/SamsungIME: getTextKeyboard
10-12 11:05:35.426 8339-8339/? I/SamsungIME: CarMode is off
10-12 11:05:35.426 8339-8339/? D/SamsungIME: mDisplayWidth is 1440
10-12 11:05:35.426 8339-8339/? D/SamsungIME: mDisplayHeight is 2560
10-12 11:05:35.426 8339-8339/? D/SamsungIME: isOrientationLandscape false
10-12 11:05:35.426 8339-8339/? D/SamsungIME: mDisplayWidth is 1440
10-12 11:05:35.426 8339-8339/? D/SamsungIME: mDisplayHeight is 2560
10-12 11:05:35.426 8339-8339/? D/SamsungIME: isOrientationLandscape false
10-12 11:05:35.436 8339-8339/? D/SamsungIME: mIsUseStaticTouchRecognizedArea = false
10-12 11:05:35.436 8339-8339/? D/SamsungIME: [SwiftkeyWrapper] currentLangauge : 1701726018
10-12 11:05:35.436 8339-8339/? D/SamsungIME: Skip dismiss ExpandCandidate. it will be post-invalidated later
10-12 11:05:35.436 8339-8339/? D/SamsungIME: startInputViewContinue : true true
10-12 11:05:35.436 8339-8339/? D/SamsungIME: [showDiscoverability] this is auto replacement discoverity popup
10-12 11:05:35.436 8339-8339/? D/SamsungIME: conditions for show dialog : true true true false
10-12 11:05:35.436 8339-8339/? D/SamsungIME: showDlgMsgBox : true true true
10-12 11:05:35.436 8339-8339/? D/SamsungIME: showDlgMsgBox inner condition : true true
10-12 11:05:35.436 8339-8339/? I/SamsungIME: [IMI] startInputView - caller pid : 29809, caller uid : 10207
10-12 11:05:35.436 8339-29900/? D/InputMethodFrameWorkUtils: InputMethodSubtype is found as local:en_GB
10-12 11:05:35.436 8339-29900/? D/InputMethodFrameWorkUtils: InputMethodSubtype is set as local:en_GB
10-12 11:05:35.436 3435-3475/? D/ApplicationPolicy: isStatusBarNotificationAllowedAsUser: packageName = android,userId = -1
10-12 11:05:35.436 3435-3435/? D/SettingsProvider: isChangeAllowed() : name = input_methods_subtype_history
10-12 11:05:35.436 3435-3435/? D/SettingsProvider: isChangeAllowed() : name = selected_input_method_subtype
10-12 11:05:35.436 8339-8339/? D/SamsungIME: onWindowShown
10-12 11:05:35.436 3435-3435/? D/ApplicationPolicy: isStatusBarNotificationAllowedAsUser: packageName = android,userId = -1
10-12 11:05:35.436 3435-3435/? D/MARsPolicyManager: NotificationListenerService OngoingNotificationPosted : android
10-12 11:05:35.436 3435-3435/? D/MARsPolicyManager: NotificationListenerService OngoingNotificationPosted : android
10-12 11:05:35.446 3435-3435/? D/InputMethodManagerService: [HARDWARE_KEYBOARD] (refreshImeWindowVis) mImeWindowVis= 3 inputVisible = truehaveHardKeyboard = false hardKeyShown = false
10-12 11:05:35.446 3435-3474/? D/ApplicationPolicy: isStatusBarNotificationAllowedAsUser: packageName = android,userId = -1
10-12 11:05:35.446 3435-3435/? D/MARsPolicyManager: NotificationListenerService OngoingNotificationPosted : android
10-12 11:05:35.446 3004-3004/? I/SurfaceFlinger: id=395 createSurf (1440x1384),1 flag=4, JnputMethod
10-12 11:05:35.456 8339-21199/? D/mali_winsys: EGLint new_window_surface(egl_winsys_display*, void*, EGLSurface, EGLConfig, egl_winsys_surface**, egl_color_buffer_format*, EGLBoolean) returns 0x3000, [1440x1384]-format:1
10-12 11:05:35.456 3931-3931/? D/KnoxNotification: ----- inflateViews : modified publicViewLocal -----
10-12 11:05:35.456 3931-3931/? D/KnoxNotification: ----- inflateViews : modified KnoxViewLocal -----
10-12 11:05:35.456 3931-3931/? D/NotificationStackScrollLayout: scroll range should be extended : 1600
10-12 11:05:35.456 3931-3931/? D/NotificationStackScrollLayout: scroll range should be extended : 1600
10-12 11:05:35.456 3931-3931/? D/PhoneStatusBar: setAreThereNotifications: N=3 any=true clearable=false
10-12 11:05:35.466 3931-3931/? D/PhoneStatusBar: setAreThereNotifications: N=3 any=true clearable=false
10-12 11:05:35.466 8339-8339/? D/SamsungIME: Skip dismiss ExpandCandidate. it will be post-invalidated later
10-12 11:05:35.466 3931-3931/? D/PhoneStatusBar: setAreThereNotifications: N=3 any=true clearable=false
10-12 11:05:35.466 8339-8339/? D/SamsungIME_UnifiedIME: AbstractCandidateLayout, getView position value is get view 0
10-12 11:05:35.466 8339-8339/? D/SamsungIME: < REMOVE TEST > isNextWordPredictionSymbol 1: true
10-12 11:05:35.466 8339-8339/? D/SamsungIME_UnifiedIME: AbstractCandidateLayout, getView position value is get view 1
10-12 11:05:35.466 8339-8339/? D/SamsungIME: < REMOVE TEST > isNextWordPredictionSymbol 1: true
10-12 11:05:35.466 8339-8339/? D/SamsungIME_UnifiedIME: AbstractCandidateLayout, getView position value is get view 2
10-12 11:05:35.466 8339-8339/? D/SamsungIME: < REMOVE TEST > isNextWordPredictionSymbol 1: true
10-12 11:05:35.466 3931-3931/? D/NotificationStackScrollLayout: scroll range should be extended : 1600
10-12 11:05:35.466 3931-3931/? D/NotificationStackScrollLayout: scroll range should be extended : 1600
10-12 11:05:35.466 3931-3931/? D/NotificationStackScrollLayout: scroll range should be extended : 1600
10-12 11:05:35.466 8339-8339/? E/SamsungIME: - onDraw() called
10-12 11:05:35.476 8339-8339/? I/SamsungIME: drawAllKey
10-12 11:05:35.496 8339-8339/? D/SamsungIME: disable handwriting input icon : handwriting is not enabled or improper edit field
10-12 11:05:35.496 8339-8339/? D/SamsungIME: disable handwriting input icon : handwriting is not enabled or improper edit field
10-12 11:05:35.496 8339-8339/? D/SamsungIME: disable handwriting input icon : handwriting is not enabled or improper edit field
10-12 11:05:35.496 8339-8339/? D/SamsungIME: disable handwriting input icon : handwriting is not enabled or improper edit field
10-12 11:05:35.506 3435-4337/? V/WindowStateAnimator: Finishing drawing window Window{c4bef86 u0 d0 InputMethod}: mDrawState=DRAW_PENDING
10-12 11:05:35.506 8339-8339/? E/SamsungIME: - onDraw() called
10-12 11:05:35.506 29809-29809/? D/ViewRootImpl: MSG_RESIZED: ci=Rect(0, 96 - 0, 1128) vi=Rect(0, 96 - 0, 1128) or=1
10-12 11:05:35.516 3004-3004/? D/libEGL: eglInitialize EGLDisplay = 0x7ff090b628
10-12 11:05:35.536 3004-3004/? D/libEGL: eglInitialize EGLDisplay = 0x7ff090b628
10-12 11:05:35.656 8339-8339/? D/SamsungIME: SwiftkeyWrapper-checkCurrentSequence : use IC
10-12 11:05:35.656 8339-8339/? D/SamsungIME: Skip dismiss ExpandCandidate. it will be post-invalidated later
10-12 11:05:35.666 8339-8339/? D/SamsungIME_UnifiedIME: AbstractCandidateLayout, getView position value is get view 0
10-12 11:05:35.666 8339-8339/? D/SamsungIME: < REMOVE TEST > isNextWordPredictionSymbol 1: true
10-12 11:05:35.666 8339-8339/? D/SamsungIME_UnifiedIME: AbstractCandidateLayout, getView position value is get view 1
10-12 11:05:35.666 8339-8339/? D/SamsungIME: < REMOVE TEST > isNextWordPredictionSymbol 1: true
10-12 11:05:35.666 8339-8339/? D/SamsungIME_UnifiedIME: AbstractCandidateLayout, getView position value is get view 2
10-12 11:05:35.666 8339-8339/? D/SamsungIME: < REMOVE TEST > isNextWordPredictionSymbol 1: true
10-12 11:05:35.746 3435-3821/? D/InputReader: Input event(4): value=1 when=8954491332000
10-12 11:05:35.746 3435-3821/? D/InputReader: Input event(4): value=1 when=8954491332000
10-12 11:05:35.746 3435-3821/? I/InputReader: Touch event's action is 0x0 (deviceType=0) [pCnt=1, s=0.558 ] when=8954491332000
10-12 11:05:35.746 3435-3821/? D/InputReader: lastThreadEndTime = 8954140301017, currentThreadStartTime = 8954140306094, diff = 0
10-12 11:05:35.746 3435-3820/? I/InputDispatcher: Delivering touch to (3931): action: 0x4, toolType: 1
10-12 11:05:35.746 3435-3820/? I/InputDispatcher: Delivering touch to (29809): action: 0x0, toolType: 1
10-12 11:05:35.746 29809-29809/? D/ViewRootImpl: ViewPostImeInputStage processPointer 0
10-12 11:05:35.806 3435-3960/? D/CustomFrequencyManagerService: releaseDVFSLockLocked : Getting Lock type frm List : DVFS_MIN_LIMIT frequency : 1976000 uid : 1000 pid : 3435 tag : com.sec.android.inputmethod@1
10-12 11:05:35.806 3435-3821/? D/InputReader: Input event(4): value=0 when=8954558476000
10-12 11:05:35.806 3435-3821/? D/InputReader: Input event(4): value=0 when=8954558476000
10-12 11:05:35.806 3435-3821/? I/InputReader: Touch event's action is 0x1 (deviceType=0) [pCnt=1, s=] when=8954558476000
10-12 11:05:35.806 3435-3820/? I/InputDispatcher: Delivering touch to (29809): action: 0x1, toolType: 1
10-12 11:05:35.816 29809-29809/? D/ViewRootImpl: ViewPostImeInputStage processPointer 1
10-12 11:05:35.816 29809-29809/? W/ClipboardExManager: getData : 2, -1, null
10-12 11:05:35.816 3435-4343/? D/SecContentProvider: query(), uri = 15 selection = isClipboardAllowedAsUser
10-12 11:05:35.816 3435-4343/? D/SecContentProvider: query(), uri = 15 selection = isClipboardShareAllowedAsUser
10-12 11:05:35.816 3435-4343/? D/ClipboardExService: getLatestItem : false
10-12 11:05:35.816 3435-4343/? E/ClipboardDataMgr: in own condtnthis Text class. Value is http://edition.cnn.c 1476262114445
10-12 11:05:35.816 3435-4343/? E/ClipboardDataMgr: before return latestdatalthis Text class. Value is http://edition.cnn.c
10-12 11:05:35.816 3435-4343/? I/ClipboardExService: owner copy and paste cdData
10-12 11:05:35.826 29809-29809/? D/ViewRootImpl: #3 mView = null
10-12 11:05:35.836 3004-3013/? D/libEGL: eglTerminate EGLDisplay = 0x7fb2180e78
10-12 11:05:35.836 3004-3013/? D/libEGL: eglTerminate EGLDisplay = 0x7fb2180e78
10-12 11:05:35.836 29809-29809/? D/ViewRootImpl: #3 mView = null
10-12 11:05:35.846 3004-3013/? I/SurfaceFlinger: id=394 Removed QopupWindow (7/12)
10-12 11:05:35.846 3004-4000/? I/SurfaceFlinger: id=394 Removed QopupWindow (-2/12)
10-12 11:05:35.846 29809-29902/? I/System.out: (HTTPLog)-Static: isSBSettingEnabled false
10-12 11:05:35.856 29809-29902/? I/System.out: (HTTPLog)-Static: isSBSettingEnabled false
10-12 11:05:35.856 29809-29809/? W/DisplayListCanvas: DisplayListCanvas is started on unbinded RenderNode (without mOwningView)
10-12 11:05:35.856 3143-3708/? D/EnterpriseController: netId is 0
10-12 11:05:35.856 3143-3708/? D/Netd: getNetworkForDns: using netid 502 for uid 10207
10-12 11:05:35.856 3004-3004/? D/libEGL: eglTerminate EGLDisplay = 0x7ff090b748
10-12 11:05:35.866 29809-29809/? D/AbsListView: Get MotionRecognitionManager
10-12 11:05:35.866 8339-8339/? E/SamsungIME: - onDraw() called
10-12 11:05:35.876 29809-29809/? D/ViewRootImpl: #1 mView = android.widget.PopupWindow$PopupDecorView{ff89fd3 V.E...... ......I. 0,0-0,0}
10-12 11:05:35.886 3435-4825/? D/ISSUE_DEBUG: InputChannelName : d979d09 PopupWindow:dc065c2
10-12 11:05:35.926 3004-3004/? I/SurfaceFlinger: id=396 createSurf (257x257),1 flag=4, QopupWindow
10-12 11:05:35.926 3004-3004/? D/libEGL: eglInitialize EGLDisplay = 0x7ff090b628
10-12 11:05:35.946 29809-29828/? D/mali_winsys: EGLint new_window_surface(egl_winsys_display*, void*, EGLSurface, EGLConfig, egl_winsys_surface**, egl_color_buffer_format*, EGLBoolean) returns 0x3000, [1696x257]-format:1
10-12 11:05:35.956 29809-29809/? D/ViewRootImpl: #3 mView = null
10-12 11:05:35.966 3435-3565/? D/KnoxTimeoutHandler: notifyActivityDrawn [MsgParam] userId: 0 fullscreen is true showWhenlocked is false
10-12 11:05:35.966 3435-3435/? D/KnoxTimeoutHandler: activityDrawn [MsgParam] userId: 0 fullscreen is true showWhenlocked is false
10-12 11:05:35.966 3435-3435/? I/KnoxTimeoutHandler: SD activityfalse
10-12 11:05:35.976 3004-4502/? I/SurfaceFlinger: id=393 Removed QopupWindow (4/12)
10-12 11:05:35.976 3004-4135/? I/SurfaceFlinger: id=396 Removed QopupWindow (5/11)
10-12 11:05:35.976 3004-4135/? I/SurfaceFlinger: id=393 Removed QopupWindow (-2/11)
10-12 11:05:35.976 3004-4135/? I/SurfaceFlinger: id=396 Removed QopupWindow (-2/11)
10-12 11:05:35.986 8339-8339/? D/SamsungIME: SwiftkeyWrapper-checkCurrentSequence : use IC
10-12 11:05:35.986 3004-3004/? D/libEGL: eglTerminate EGLDisplay = 0x7ff090b748
10-12 11:05:36.026 8339-8339/? D/SamsungIME: Skip dismiss ExpandCandidate. it will be post-invalidated later
10-12 11:05:36.036 8339-8339/? D/SamsungIME_UnifiedIME: AbstractCandidateLayout, getView position value is get view 0
10-12 11:05:36.166 3435-4154/? E/Watchdog: !@Sync 298 [10-12 11:05:36.174]
10-12 11:05:36.696 3435-4808/? D/BatteryService: !@BatteryListener : batteryPropertiesChanged!
10-12 11:05:36.696 3435-4808/? D/BatteryService: level:81, scale:100, status:2, health:2, present:true, voltage: 4165, temperature: 231, technology: Li-ion, AC powered:false, USB powered:true, POGO powered:false, Wireless powered:false, icon:17303413, invalid charger:0, maxChargingCurrent:0
10-12 11:05:36.696 3435-4808/? D/BatteryService: online:4, current avg:172, charge type:1, power sharing:false, high voltage charger:false, capacity:280000, batterySWSelfDischarging:false, current_now:285
10-12 11:05:36.696 3435-3435/? D/BatteryService: Sending ACTION_BATTERY_CHANGED.
10-12 11:05:36.696 3435-3435/? I/MotionRecognitionService: Plugged
10-12 11:05:36.696 3435-3435/? D/MotionRecognitionService: cableConnection= 1
10-12 11:05:36.696 3435-3435/? D/MotionRecognitionService: setPowerConnected | current backoffstate = 1024 , state =1024
10-12 11:05:36.696 3435-3435/? D/MotionRecognitionService: skip setTransmitPower.
10-12 11:05:36.706 3435-3852/? D/WifiController: ApOrStaEnabledState msg.what= 155652
10-12 11:05:36.706 3931-3931/? D/KeyguardUpdateMonitor: received broadcast android.intent.action.BATTERY_CHANGED
10-12 11:05:36.706 3931-3931/? D/KeyguardUpdateMonitor: handleBatteryUpdate
10-12 11:05:36.706 3931-3931/? D/PowerUI: priorPlugType = 2 mPlugType = 2
10-12 11:05:36.716 3931-3931/? D/PowerUI.Notification: showChargingNotice oldChargingType : 1 currentChargingType : 1 oldChargingTime : 3963000 mChargingTime : 3963000
10-12 11:05:36.716 3931-3931/? D/PowerUI.Notification: There is no change about charging status, so return!
10-12 11:05:36.726 4449-4449/? D/CommonServiceConfiguration: getStringValueSetting
10-12 11:05:36.736 4449-4449/? D/BatteryMonitor: new battery level: 81
10-12 11:05:36.746 3931-3931/? D/BatteryMeterView: ACTION_BATTERY_CHANGED : level:81 status:2 health:2
10-12 11:05:36.746 3931-3931/? D/BatteryMeterView: ACTION_BATTERY_CHANGED : level:81 status:2 health:2
10-12 11:05:36.976 3435-3821/? D/InputReader: Input event(4): value=1 when=8955721908000
10-12 11:05:36.976 3435-3821/? D/InputReader: Input event(4): value=1 when=8955721908000
10-12 11:05:36.976 3435-3821/? I/InputReader: Touch event's action is 0x0 (deviceType=0) [pCnt=1, s=0.559 ] when=8955721908000
10-12 11:05:36.976 3435-3821/? D/InputReader: lastThreadEndTime = 8954915102132, currentThreadStartTime = 8954915115132, diff = 0
10-12 11:05:36.976 3435-3820/? I/InputDispatcher: Delivering touch to (3931): action: 0x4, toolType: 1
10-12 11:05:36.976 3435-3820/? I/InputDispatcher: Delivering touch to (8339): action: 0x0, toolType: 1
10-12 11:05:36.976 8339-8339/? D/ViewRootImpl: ViewPostImeInputStage processPointer 0
10-12 11:05:36.976 8339-8339/? D/jisu: mMiniKeyboardOnScreen=false, pointerCount=1, action=0, eventTime8955721, index=0, id=0
10-12 11:05:36.976 8339-8572/? D/SamsungIME: vib call
10-12 11:05:36.976 8339-8572/? V/Vibrator: Called vibrate(int, int, AudioAttributes, MagnitudeTypes) API - PUID: 10138, repeat: -1, PackageName: com.sec.android.inputmethod, MagnitudeType: TouchMagnitude
10-12 11:05:36.976 8339-8572/? V/Vibrator: vibrate - PUID: 10138, PackageName: com.sec.android.inputmethod, type: 50025, repeat: -1, mag: 6000, AudioAttr : null
10-12 11:05:36.986 3435-4825/? V/VibratorService: vibratePatternMagnitude - package: com.sec.android.inputmethod, repeat: -1, token: android.os.BinderProxy@9400c5, mag: 6000
10-12 11:05:36.986 3435-4825/? D/VibratorService: Turning vibrator off
10-12 11:05:36.986 3435-29905/? D/VibratorService: vibratorOn() : 7ms, magnitude :6000
10-12 11:05:36.996 8339-8339/? D/jisu: mMiniKeyboardOnScreen=false, pointerCount=1, action=2, eventTime8955734, index=0, id=0
10-12 11:05:36.996 8339-8339/? E/SamsungIME: - onDraw() called
10-12 11:05:37.016 8339-8339/? D/jisu: mMiniKeyboardOnScreen=false, pointerCount=1, action=2, eventTime8955754, index=0, id=0
10-12 11:05:37.026 8339-8339/? D/jisu: mMiniKeyboardOnScreen=false, pointerCount=1, action=2, eventTime8955771, index=0, id=0
10-12 11:05:37.036 3435-3821/? D/InputReader: Input event(4): value=0 when=8955787884000
10-12 11:05:37.036 3435-3821/? D/InputReader: Input event(4): value=0 when=8955787884000
10-12 11:05:37.036 3435-3821/? I/InputReader: Touch event's action is 0x1 (deviceType=0) [pCnt=1, s=] when=8955787884000
10-12 11:05:37.036 3435-3820/? I/InputDispatcher: Delivering touch to (8339): action: 0x1, toolType: 1
10-12 11:05:37.036 8339-8339/? D/jisu: mMiniKeyboardOnScreen=false, pointerCount=1, action=2, eventTime8955772, index=0, id=0
10-12 11:05:37.036 8339-8339/? D/ViewRootImpl: ViewPostImeInputStage processPointer 1
10-12 11:05:37.036 8339-8339/? D/jisu: mMiniKeyboardOnScreen=false, pointerCount=1, action=1, eventTime8955787, index=0, id=0
10-12 11:05:37.046 8339-8339/? I/SamsungIME: [AKV] detectAndSendKey - index : 44, mCurrentInputMethod : 0, mInputLanguage : 1701726018
10-12 11:05:37.046 8339-8339/? D/SamsungIME: disable handwriting input icon : handwriting is not enabled or improper edit field
10-12 11:05:37.046 8339-8339/? D/SamsungIME: disable handwriting input icon : handwriting is not enabled or improper edit field
10-12 11:05:37.046 3435-4337/? E/BoostFramework: Exception java.lang.NullPointerException: Attempt to invoke virtual method 'java.lang.Object java.lang.reflect.Method.invoke(java.lang.Object, java.lang.Object[])' on a null object reference
10-12 11:05:37.046 8339-8339/? E/KeyboardInfoUtils: getInstance start
10-12 11:05:37.046 8339-8339/? E/KeyboardInfoUtils: sendSIPInformation state:6 isAbstractKeyboardView : true
10-12 11:05:37.046 3435-3435/? D/LightsService: [api] [SvcLED] turnOff:: id = 6 (uid: 1000 pid: 3435)
10-12 11:05:37.046 8339-8339/? E/KeyboardInfoUtils: sending null keyboardInfo as SIP is closed
10-12 11:05:37.056 3435-3435/? D/LightsService: [SvcLED] setSvcLedStateLocked:: SvcLEDState : 0x0 -> 0x0 | SvcLED(id=6) set Off
10-12 11:05:37.056 3435-3435/? D/EdgeLight: Turning off
10-12 11:05:37.056 3435-3576/? D/LightsService: [SvcLED] handleForcedSvcLEDTask()
10-12 11:05:37.056 8339-8339/? D/SamsungIME: onWindowHidden
10-12 11:05:37.056 3435-3576/? D/LightsService: [SvcLED] setSvcLedLightLocked :: Current SvcLED(id=5) maintains its priority right
10-12 11:05:37.056 8339-8339/? D/SamsungIME: notifyWindowStateChanged Window Hidden. AutoText consider to shutdown
10-12 11:05:37.056 3435-3435/? D/MARsPolicyManager: NotificationListenerService OngoingNotificationRemoved : android
10-12 11:05:37.056 3435-3435/? D/InputMethodManagerService: [HARDWARE_KEYBOARD] (refreshImeWindowVis) mImeWindowVis= 0 inputVisible = falsehaveHardKeyboard = false hardKeyShown = false
10-12 11:05:37.066 3931-3931/? D/NotificationStackScrollLayout: scroll range should be extended : 1600
10-12 11:05:37.066 3004-3015/? D/libEGL: eglTerminate EGLDisplay = 0x7fb1efee78
10-12 11:05:37.066 3004-3015/? D/libEGL: eglTerminate EGLDisplay = 0x7fb1efee78
10-12 11:05:37.066 3931-3931/? D/PhoneStatusBar: removeNotification key=-1|android|17040375|InputMethodManagerService_Noti|1000 old=StatusBarNotification(pkg=android user=UserHandle{-1} id=17040375 tag=InputMethodManagerService_Noti score=-20 key=-1|android|17040375|InputMethodManagerService_Noti|1000: Notification(pri=-2 contentView=android/0x10900a3 vibrate=null sound=null defaults=0x0 flags=0x1002 color=0x00000000 category=sys vis=PRIVATE secFlags=0x0 secPriority=0))
10-12 11:05:37.066 3931-3931/? D/PhoneStatusBar: setAreThereNotifications: N=2 any=true clearable=false
10-12 11:05:37.066 3931-3931/? D/NotificationStackScrollLayout: scroll range should be extended : 1600
10-12 11:05:37.086 29809-29909/? I/System.out: (HTTPLog)-Static: isSBSettingEnabled false
10-12 11:05:37.086 29809-29909/? I/System.out: (HTTPLog)-Static: isSBSettingEnabled false
10-12 11:05:37.086 29809-29809/? W/DisplayListCanvas: DisplayListCanvas is started on unbinded RenderNode (without mOwningView)
10-12 11:05:37.096 29809-29809/? D/ViewRootImpl: MSG_RESIZED: ci=Rect(0, 96 - 0, 0) vi=Rect(0, 96 - 0, 0) or=1
10-12 11:05:37.096 29809-29809/? W/IInputConnectionWrapper: getTextBeforeCursor on inactive InputConnection
10-12 11:05:37.096 8339-8339/? D/SamsungIME: SwiftkeyWrapper-checkCurrentSequence : use IC
10-12 11:05:37.116 29809-29809/? W/DisplayListCanvas: DisplayListCanvas is started on unbinded RenderNode (without mOwningView)
10-12 11:05:37.136 29809-29809/? W/IInputConnectionWrapper: getSelectedText on inactive InputConnection
10-12 11:05:37.146 29809-29809/? W/DisplayListCanvas: DisplayListCanvas is started on unbinded RenderNode (without mOwningView)
10-12 11:05:37.156 29809-29809/? W/IInputConnectionWrapper: getTextAfterCursor on inactive InputConnection
10-12 11:05:37.196 3143-3708/? D/EnterpriseController: netId is 0
10-12 11:05:37.196 3143-3708/? D/Netd: getNetworkForDns: using netid 502 for uid 10207
10-12 11:05:37.196 29809-29809/? W/IInputConnectionWrapper: getExtractedText on inactive InputConnection
10-12 11:05:37.216 29809-29809/? W/IInputConnectionWrapper: beginBatchEdit on inactive InputConnection
10-12 11:05:37.216 29809-29809/? W/IInputConnectionWrapper: endBatchEdit on inactive InputConnection
10-12 11:05:37.226 29809-29809/? W/DisplayListCanvas: DisplayListCanvas is started on unbinded RenderNode (without mOwningView)
10-12 11:05:37.236 29809-29809/? W/IInputConnectionWrapper: getExtractedText on inactive InputConnection
10-12 11:05:37.236 8339-8339/? E/SamsungIME: resetNeedToLoadHwrLibrary : 0
10-12 11:05:37.236 8339-8339/? D/SamsungIME: IMPL finishInput
10-12 11:05:37.236 8339-8339/? D/SamsungIME: SwiftKeyWrapper writeDBdataToFileOnFinishInput
10-12 11:05:37.236 8339-8339/? D/SamsungIME: saveAndClear +
10-12 11:05:37.236 8339-8339/? D/SamsungIME: saveAndClear -
10-12 11:05:37.266 8339-8339/? E/SamsungIME: resetNeedToLoadHwrLibrary : 0
10-12 11:05:37.296 8339-8339/? D/SamsungIME: SwiftkeyWrapper-checkCurrentSequence : use IC
10-12 11:05:37.376 3143-3708/? D/EnterpriseController: netId is 0
10-12 11:05:37.376 3143-3708/? D/Netd: getNetworkForDns: using netid 502 for uid 10207
10-12 11:05:37.386 3143-3708/? D/EnterpriseController: netId is 0
10-12 11:05:37.386 3143-3708/? D/Netd: getNetworkForDns: using netid 502 for uid 10207
10-12 11:05:37.386 29809-29809/? W/DisplayListCanvas: DisplayListCanvas is started on unbinded RenderNode (without mOwningView)
10-12 11:05:37.386 29809-29809/? W/cr_BindingManager: Cannot call determinedVisibility() - never saw a connection for the pid: 29809
10-12 11:05:37.396 3004-3015/? I/SurfaceFlinger: id=395 Removed JnputMethod (4/10)
10-12 11:05:37.406 3004-3013/? I/SurfaceFlinger: id=395 Removed JnputMethod (-2/10)
10-12 11:05:37.416 3004-3004/? D/libEGL: eglTerminate EGLDisplay = 0x7ff090b748
10-12 11:05:37.526 29809-29809/? W/DisplayListCanvas: DisplayListCanvas is started on unbinded RenderNode (without mOwningView)
10-12 11:05:37.696 3143-3708/? D/EnterpriseController: netId is 0
10-12 11:05:37.696 3143-3708/? D/Netd: getNetworkForDns: using netid 502 for uid 10207
10-12 11:05:37.706 3435-6368/? D/ConnectivityService: returning getNetworkInfo for network type 1 : [type: WIFI[] - WIFI, state: CONNECTED/CONNECTED, reason: (unspecified), extra: "WLAN-198160", roaming: false, failover: false, isAvailable: true]
10-12 11:05:37.936 29809-29809/? W/DisplayListCanvas: DisplayListCanvas is started on unbinded RenderNode (without mOwningView)
10-12 11:05:37.976 3143-3708/? D/EnterpriseController: netId is 0
10-12 11:05:37.976 3143-3708/? D/Netd: getNetworkForDns: using netid 502 for uid 10207
10-12 11:05:38.066 3435-3858/? D/ConnectivityService: updateCapabilities: oldCap = [ Transports: WIFI Capabilities: INTERNET&NOT_RESTRICTED&TRUSTED&NOT_VPN&VALIDATED LinkUpBandwidth>=1048576Kbps LinkDnBandwidth>=1048576Kbps SignalStrength: -64], newCap = [ Transports: WIFI Capabilities: INTERNET&NOT_RESTRICTED&TRUSTED&NOT_VPN LinkUpBandwidth>=1048576Kbps LinkDnBandwidth>=1048576Kbps SignalStrength: -62]
10-12 11:05:38.066 3435-3858/? D/ConnectivityService: rematching NetworkAgentInfo [WIFI () - 502]
10-12 11:05:38.066 3435-3858/? D/ConnectivityService: network has: NetworkAgentInfo{ ni{[type: WIFI[] - WIFI, state: CONNECTED/CONNECTED, reason: (unspecified), extra: "WLAN-198160", roaming: false, failover: false, isAvailable: true]} network{502} lp{{InterfaceName: wlan0 LinkAddresses: [fe80::ae5f:3eff:fe5a:4d38/64,192.168.2.117/24,2003:7a:4d12:82ae:ae5f:3eff:fe5a:4d38/64,2003:7a:4d12:82ae:bc25:b0a4:9c17:85bc/64,] Routes: [fe80::/64 -> :: wlan0,::/0 -> fe80::1 wlan0,2003:7a:4d12:82ae::/64 -> :: wlan0,192.168.2.0/24 -> 0.0.0.0 wlan0,0.0.0.0/0 -> 192.168.2.1 wlan0,] DnsAddresses: [192.168.2.1,] Domains: Speedport_W_921V_1_39_000 MTU: 0 TcpBufferSizes: 524288,1048576,2097120,524288,1048576,4194240}} nc{[ Transports: WIFI Capabilities: INTERNET&NOT_RESTRICTED&TRUSTED&NOT_VPN&VALIDATED LinkUpBandwidth>=1048576Kbps LinkDnBandwidth>=1048576Kbps SignalStrength: -62]} Score{60} everValidated{true} lastValidated{true} created{true} lingering{false} explicitlySelected{false} acceptUnvalidated{false} everCaptivePortalDetected{false} lastCaptivePortalDetected{false} }
10-12 11:05:38.076 3931-4137/? D/NetworkController: onReceive: intent=Intent { act=android.net.wifi.RSSI_CHANGED flg=0x4000010 bqHint=4 VirtualScreenParam=Params{mDisplayId=-1, null, mFlags=0x00000000)} (has extras) }
