10-12 11:05:22.796 4758-4758/? I/AODService: onCreate cause: [10-12 08:36:37.839][AOD:true, NightClock:false] (when Screen on ...)
10-12 11:05:22.806 3435-3896/? D/CAE: getFaultDetectionResult(AutoBrightnessRunner.java:311) - true
10-12 11:05:22.806 3435-3565/? D/PointerIcon: setMouseIconStyle1 pointerType: 1001 iconType:101 flag:0 pid:3435 uid:1000
10-12 11:05:22.806 3435-3541/? D/StatusBarManagerService: manageDisableList userId=0 what=0x0 pkg=Window{605dc1a u0 d0 StatusBar}
10-12 11:05:22.806 3435-3565/? D/PointerIcon: setMouseCustomIcon IconType is same.101
10-12 11:05:22.806 3435-3896/? I/CAE: notifyCmdProcessResultObserver(ContextProvider.java:627) - CheckResult = 0, Cause = Success
10-12 11:05:22.816 3435-4200/? D/PowerManagerService: [api] acquire WakeLock flags=0x80 tag=Window:StatusBar uid=1000 pid=3435
10-12 11:05:22.816 3435-3896/? D/CAE: doCommendProcess(ContextAwareService.java:433) - complete notify the operation result.
10-12 11:05:22.816 3931-3931/? V/KeyguardFingerPrint: updateFingerprintListeningState(false)
10-12 11:05:22.816 3435-3896/? I/CAE: displayUsedCountForService(ContextAwareService.java:525) - totalCnt = 1, serviceCount = 1, subCollectionCount = 0
10-12 11:05:22.816 3435-3896/? D/CAE: showListenerList(ContextAwareService.java:366) - ===== Context Aware Service List =====
10-12 11:05:22.816 3435-3896/? I/CAE: showListenerList(ContextAwareService.java:375) - Listener : com.samsung.android.contextaware.manager.ContextAwareService$Listener@665895c, Service : ACTIVITY_TRACKER_CURRENT_INFO(1)
10-12 11:05:22.816 3435-3896/? I/CAE: showListenerList(ContextAwareService.java:375) - Listener : com.samsung.android.contextaware.manager.ContextAwareService$Listener@574aa4b, Service : DEVICE_PHYSICAL_CONTEXT_MONITOR(1)
10-12 11:05:22.826 3435-3896/? D/PowerManagerUtil: Excessive delay in SensorHubAutoBrightnessEnabled::registerListener done: 58ms
10-12 11:05:22.816 3435-3896/? I/CAE: showListenerList(ContextAwareService.java:375) - Listener : com.samsung.android.contextaware.manager.ContextAwareService$Listener@113f592, Service : AUTO_BRIGHTNESS(1)
10-12 11:05:22.816 3435-3896/? W/CAE: registerCallback(ContextAwareService.java:180) - [regi 02] Mutex is unlocked for AUTO_BRIGHTNESS
10-12 11:05:22.816 3435-3896/? D/SContextService: .registerCallback : 2, client=
10-12 11:05:22.816 3435-3896/? D/SContextService: ===== SContext Service List =====
10-12 11:05:22.816 3435-3896/? D/SContextService: Listener : android.hardware.scontext.SContextService$Listener@f918c28, Service : Device Physical Context Monitor
10-12 11:05:22.816 3435-3896/? D/SContextService: Listener : android.hardware.scontext.SContextService$Listener@b3e3b63, Service : Auto Brightness
10-12 11:05:22.816 3435-3896/? D/SContextManager: .registerListener : listener = com.android.server.display.AutomaticBrightnessController$6@a8f2763, service=Auto Brightness
10-12 11:05:22.826 3931-3931/? D/KeyguardFingerPrint: shouldListenForFingerprint ( FingerPrint is not enabled. )
10-12 11:05:22.826 3931-3931/? V/KeyguardUpdateMonitor: stopListeningForFingerprint()
10-12 11:05:22.826 3435-3435/? D/LightsService: [api] [SvcLED] turnOff:: id = 5 (uid: 1000 pid: 3435)
10-12 11:05:22.826 3435-3576/? D/lights: led_pattern : 0 +
10-12 11:05:22.826 3435-3435/? D/LightsService: [SvcLED] setSvcLedStateLocked:: SvcLEDState : 0x10 -> 0x0 | SvcLED(id=5) set Off
10-12 11:05:22.826 3435-3435/? D/BatteryService: turn off LED
10-12 11:05:22.826 3435-3576/? D/LightsService: [SvcLED] handleForcedSvcLEDTask()
10-12 11:05:22.826 3435-3576/? D/lights: led_pattern : 0 -
10-12 11:05:22.826 3435-3576/? D/LightsService: [SvcLED] setSvcLedLightLocked :: Current SvcLED(id=5) maintains its priority right
10-12 11:05:22.836 4758-4758/? I/AlpmModeManager: stopAlpmMode: state = BLANK
10-12 11:05:22.836 4758-4758/? I/AlpmModeManager: handleAlpmModeOff: state = BLANK
10-12 11:05:22.836 3435-4643/? D/PowerManagerService: [api] release WakeLock flags=0x40 tag=AlpmModeManager uid=10000 pid=4758 (0x0)
10-12 11:05:22.836 4758-4758/? I/AlpmModeManager: handleAlpmModeOff: AlpmModeManager wakeLock [RELEASE]
10-12 11:05:22.836 4758-4758/? V/AlpmModeManager: handleAlpmModeOff: setDozeOverrideFromAod DISPLAY_STATE_UNKNOWN
10-12 11:05:22.836 3435-4200/? I/PowerManagerService: [api] setDozeOverrideFromAod AlpmHlpmSysfs = -1, screenState = 0, Brightness = 0, wakefulness = true
10-12 11:05:22.836 4758-4758/? D/AODService.ClockTimer: stop
10-12 11:05:22.836 3435-4200/? D/PowerManagerService: setDozeModeBySysfs: value is -1 , we ignore it.
10-12 11:05:22.846 4758-4758/? I/AODService.ClockTimer: stopAlarm : TICK
10-12 11:05:22.846 3435-3475/? V/AlarmManager: remove PendingIntent] PendingIntent{129a360: PendingIntentRecord{5684f7e com.samsung.android.app.aodservice broadcastIntent}}
10-12 11:05:22.846 4758-4758/? I/AODService.ClockTimer: stopAlarm : SLEEP
10-12 11:05:22.846 3435-3475/? V/AlarmManager: remove PendingIntent] PendingIntent{ac20019: PendingIntentRecord{733d3b2 com.samsung.android.app.aodservice broadcastIntent}}
10-12 11:05:22.846 4758-4758/? I/AODService.ClockTimer: stopAlarm : WAKEUP
10-12 11:05:22.846 3435-3974/? V/AlarmManager: remove PendingIntent] PendingIntent{cf7d8de: PendingIntentRecord{55b18d7 com.samsung.android.app.aodservice broadcastIntent}}
10-12 11:05:22.846 3435-4825/? D/SettingsProvider: isChangeAllowed() : name = aod_show_state
10-12 11:05:22.846 3435-4825/? D/SettingsProvider: edmUri: content://com.sec.knox.provider/RestrictionPolicy3
10-12 11:05:22.846 3435-4825/? D/SettingsProvider: projectionArgs: isSettingsChangesAllowed
10-12 11:05:22.846 3435-4825/? D/SettingsProvider: selectionArgs: false
10-12 11:05:22.846 3435-4825/? D/SettingsProvider: selectionArgs: 10000
10-12 11:05:22.846 3435-4825/? D/SecContentProvider: query(), uri = 17 selection = isSettingsChangesAllowed
10-12 11:05:22.846 3435-4825/? D/SettingsProvider: ret = -1
10-12 11:05:22.846 3931-3931/? D/KeyguardViewMediator: handleNotifyScreenTurningOn
10-12 11:05:22.846 3931-3931/? D/KeyguardEffectViewController: onScreenTurningOn
10-12 11:05:22.846 3931-3931/? D/KeyguardEffectViewController: ## mBackgroundView.onResume()
10-12 11:05:22.846 3931-3931/? D/KeyguardEffectViewLayered: onResume()
10-12 11:05:22.846 4758-4758/? E/SettingsUtils: setAODShowState config = 0
10-12 11:05:22.846 4758-4758/? D/ScoverManager: unregisterListener
10-12 11:05:22.846 3435-4343/? D/CoverManagerWhiteLists: isAllowedToUse : SIGNATURE_MATCH
10-12 11:05:22.846 3435-4802/? D/CoverManagerWhiteLists: isAllowedToUse : SIGNATURE_MATCH
10-12 11:05:22.846 3435-4802/? D/CoverManager.StateNotifier: unregisterCallback : binder = android.os.BinderProxy@54b60d, pid : 4758, uid : 10000
10-12 11:05:22.856 3435-4341/? I/Sensors: Light old sensor_state 512, new sensor_state : 0 en : 0
10-12 11:05:22.856 3931-3931/? D/KeyguardViewMediator: IKeyguardDrawnCallback.onDrawn()
10-12 11:05:22.856 3931-3931/? D/KeyguardViewMediator: handleNotifyScreenTurnedOn
10-12 11:05:22.856 3435-4337/? V/KeyguardServiceDelegate: **** SHOWN CALLED ****
10-12 11:05:22.856 3435-3541/? V/WindowManager: MSG_REQUEST_TRAVERSAL_BY_PWM
10-12 11:05:22.856 3931-3931/? D/SecKeyguardStatusView: onScreenTurnedOn()
10-12 11:05:22.856 3435-3541/? W/CAE: setCAProperty(ContextAwareService.java:578) - [setProperty 01] Mutex is locked for AUTO_ROTATION
10-12 11:05:22.856 3435-3541/? I/CAE: setPropertyValue(AutoRotationRunner.java:119) - Device Type = 0.0
10-12 11:05:22.856 3435-3541/? I/CAE: setCAProperty(ContextAwareService.java:583) - result : true
10-12 11:05:22.856 3435-29770/? D/MISC PowerHAL: sysfs_write -: /sys/class/input/event1/device/enabled: 1
10-12 11:05:22.856 3435-3541/? W/CAE: setCAProperty(ContextAwareService.java:584) - [setProperty 02] Mutex is unlocked for AUTO_ROTATION
10-12 11:05:22.856 3435-3541/? W/CAE: registerCallback(ContextAwareService.java:144) - [regi 01] Mutex is locked for AUTO_ROTATION
10-12 11:05:22.856 3435-3579/? D/MISC PowerHAL: sysfs_write +: /sys/class/power_supply/battery/lcd: 1
10-12 11:05:22.856 3435-3579/? D/MISC PowerHAL: sysfs_write -: /sys/class/power_supply/battery/lcd: 1
10-12 11:05:22.856 3435-3579/? D/PowerManagerService-JNI: Excessive delay in MISC setInteractive(true) while turning screen on: 69ms
10-12 11:05:22.856 4758-4758/? D/SensorManager: unregisterListener ::
10-12 11:05:22.856 3435-3541/? V/CAE: start(ContextProvider.java:128)
10-12 11:05:22.856 3435-3895/? D/lights: button : 1 +
10-12 11:05:22.856 3435-3579/? D/PowerManagerUtil: Excessive delay in nativeSetInteractive(true): 70ms
10-12 11:05:22.856 3435-3895/? D/lights: button : 1 -
10-12 11:05:22.856 3435-3579/? D/PowerManagerUtil: Excessive delay in DisplayManagerInternal.requestDesiredDisplayState: 93ms
10-12 11:05:22.856 3435-3541/? V/CAE: clear(AutoRotationRunner.java:182)
10-12 11:05:22.856 3435-3541/? V/CAE: enable(AutoRotationRunner.java:158)
10-12 11:05:22.856 3435-3435/? I/CAE: handleMessage(CaPowerManager.java:188) - AP_WAKEUP
10-12 11:05:22.856 3435-3541/? I/CAE: sendCmdToSensorHub(SensorHubCommManager.java:162) - -79, 7, 0, 0,
10-12 11:05:22.856 3435-3541/? D/SensorHubManager: SendSensorHubData: send data = -79, 7, 0, 0
10-12 11:05:22.856 3435-3435/? I/CAE: updateApPowerStatus(SensorHubParserProvider.java:443) - AP_WAKEUP
10-12 11:05:22.856 3158-3199/? D/Sensorhubs: sendContextData: -79, 7, 0, 0
10-12 11:05:22.856 3435-3435/? I/CAE: sendCmdToSensorHub(SensorHubCommManager.java:162) - -76, 13, -47, 0,
10-12 11:05:22.856 3435-3435/? D/SensorHubManager: SendSensorHubData: send data = -76, 13, -47, 0
10-12 11:05:22.866 4758-4758/? I/AlpmModeManager: handleUnblankDisplay: state = ALPM_OFF
10-12 11:05:22.866 3931-3931/? D/PhoneStatusBar: setSystemUiVisibility vis=8600 mask=ffffffff oldVal=8000 newVal=8600 diff=600
10-12 11:05:22.866 3158-3158/? D/Sensorhubs: sendContextData: -76, 13, -47, 0
10-12 11:05:22.866 3435-3435/? D/MotionRecognitionService: mReceiver.onReceive : ACTION_SCREEN_ON
10-12 11:05:22.866 3435-3541/? D/CAE: getFaultDetectionResult(AutoRotationRunner.java:195) - true
10-12 11:05:22.866 3435-3541/? I/CAE: notifyCmdProcessResultObserver(ContextProvider.java:627) - CheckResult = 0, Cause = Success
10-12 11:05:22.876 3435-3435/? D/UniversalCredentialManagerService: inside mBReciever onReceive : android.intent.action.SCREEN_ON
10-12 11:05:22.876 3435-3813/? E/MotionRecognitionService: handler : SCREEN_ON end
10-12 11:05:22.876 3435-3541/? D/CAE: doCommendProcess(ContextAwareService.java:433) - complete notify the operation result.
10-12 11:05:22.886 3435-3541/? I/CAE: displayUsedCountForService(ContextAwareService.java:525) - totalCnt = 1, serviceCount = 1, subCollectionCount = 0
10-12 11:05:22.886 3435-3541/? D/CAE: showListenerList(ContextAwareService.java:366) - ===== Context Aware Service List =====
10-12 11:05:22.886 3435-3541/? I/CAE: showListenerList(ContextAwareService.java:375) - Listener : com.samsung.android.contextaware.manager.ContextAwareService$Listener@665895c, Service : ACTIVITY_TRACKER_CURRENT_INFO(1)
10-12 11:05:22.886 3435-3541/? I/CAE: showListenerList(ContextAwareService.java:375) - Listener : com.samsung.android.contextaware.manager.ContextAwareService$Listener@574aa4b, Service : DEVICE_PHYSICAL_CONTEXT_MONITOR(1)
10-12 11:05:22.886 3435-3541/? I/CAE: showListenerList(ContextAwareService.java:375) - Listener : com.samsung.android.contextaware.manager.ContextAwareService$Listener@113f592, Service : AUTO_BRIGHTNESS(1)
10-12 11:05:22.886 3435-3435/? D/UniversalCredentialManagerService: ****MSG_LOCK_STATUS_UPDATE block started****
10-12 11:05:22.886 3435-3435/? D/UniversalCredentialManagerService: notifyChangeToPlugin is called for Lock status update...
10-12 11:05:22.886 3435-3435/? D/UcmService: notifyChangeToPlugin event 15
10-12 11:05:22.886 3435-3541/? I/CAE: showListenerList(ContextAwareService.java:375) - Listener : com.samsung.android.contextaware.manager.ContextAwareService$Listener@34f2abf, Service : AUTO_ROTATION(1)
10-12 11:05:22.886 3435-3435/? D/UcmService: checkCallerPermissionFor is called for method-notifyChangeToPlugin
10-12 11:05:22.886 3435-3435/? I/UcmService: checkIfNotify for cs Name = com.sec.smartcard.manager:com.samsung.ucs.agent.baiMobile Package name = com.sec.smartcard.manager
10-12 11:05:22.886 3435-3435/? D/UcmService: notifying to unmanaged plugin
10-12 11:05:22.886 3435-3541/? W/CAE: registerCallback(ContextAwareService.java:180) - [regi 02] Mutex is unlocked for AUTO_ROTATION
10-12 11:05:22.886 3435-3541/? D/SContextService: .registerCallback : 3, client=
10-12 11:05:22.886 3435-3541/? D/SContextService: ===== SContext Service List =====
10-12 11:05:22.886 3435-3541/? D/SContextService: Listener : android.hardware.scontext.SContextService$Listener@f918c28, Service : Device Physical Context Monitor
10-12 11:05:22.886 3435-3541/? D/SContextService: Listener : android.hardware.scontext.SContextService$Listener@b3e3b63, Service : Auto Brightness
10-12 11:05:22.886 3435-3541/? D/SContextService: Listener : android.hardware.scontext.SContextService$Listener@675958c, Service : Auto Rotation
10-12 11:05:22.886 3435-3541/? D/SContextManager: .registerListener : listener = com.android.server.policy.WindowOrientationListener$OrientationSensorJudge@f322a22, service=Auto Rotation
10-12 11:05:22.886 4356-4382/? E/ucsBai_agentService: notifyChange NOT SUPPORTED
10-12 11:05:22.886 3435-4643/? D/SContextService: unregisterCallback() : Listener = android.hardware.scontext.SContextService$Listener@f918c28, Service = Device Physical Context Monitor, used = 0
10-12 11:05:22.886 3435-3435/? D/UcmService: agentService com.sec.smartcard.manager:com.samsung.ucs.agent.baiMobile notify status - 0
10-12 11:05:22.886 3435-3435/? D/UcmService: agentService status-0
10-12 11:05:22.886 3435-3435/? I/UcmService: checkIfNotify for cs Name = com.samsung.ucs.agent.ese:eSE Credential Storage Package name = com.samsung.ucs.agent.ese
10-12 11:05:22.886 3435-3435/? D/UcmService: notifying to managed plugin
10-12 11:05:22.886 3435-3435/? D/UcmService: checkIfNotify: Valid userid - 0
10-12 11:05:22.886 3435-3435/? D/PolicyManager: PolicyManager.isStorageEnabled() for userId = 0
10-12 11:05:22.886 3435-3435/? D/UniversalCredentialManagerService: checkCallerPermissionFor is called for method-isCredentialStorageManagedAsUser
10-12 11:05:22.886 3435-3435/? D/UniversalCredentialManagerService: isCredentialStorageManagedAsUser is called....
10-12 11:05:22.886 3435-4643/? W/CAE: unregisterCallback(ContextAwareService.java:206) - [unregi 01] Mutex is locked for DEVICE_PHYSICAL_CONTEXT_MONITOR
10-12 11:05:22.886 3435-3435/? D/PolicyManager: PolicyManager.isStorageEnabled() result = false
10-12 11:05:22.886 3435-3435/? D/UcmService: agentService com.samsung.ucs.agent.ese:eSE Credential Storage not notified
10-12 11:05:22.886 3435-3435/? D/UcmService: agentService status-0
10-12 11:05:22.886 3435-3435/? I/UcmService: checkIfNotify for cs Name = com.samsung.ucs.agent.boot:com.samsung.ucs.agent.boot Package name = com.samsung.ucs.agent.boot
10-12 11:05:22.886 3435-3435/? D/UcmService: notifying to unmanaged plugin
10-12 11:05:22.886 4385-4407/? D/BootAgentService: notifyChange eventId-15
10-12 11:05:22.886 3435-4643/? V/CAE: stop(ContextProvider.java:155)
10-12 11:05:22.886 3435-4643/? V/CAE: clear(DevicePhysicalContextMonitorRunner.java:497)
10-12 11:05:22.886 3435-4643/? V/CAE: disable(DevicePhysicalContextMonitorRunner.java:486)
10-12 11:05:22.886 3435-4643/? I/CAE: sendCmdToSensorHub(SensorHubCommManager.java:162) - -78, 56, 0, 0,
10-12 11:05:22.886 3435-4643/? D/SensorHubManager: SendSensorHubData: send data = -78, 56, 0, 0
10-12 11:05:22.896 3435-3435/? D/UcmService: agentService com.samsung.ucs.agent.boot:com.samsung.ucs.agent.boot notify status - -1
10-12 11:05:22.896 3435-3435/? D/UcmService: agentService status--1
10-12 11:05:22.896 3435-3435/? D/UniversalCredentialManagerService: ****MSG_LOCK_STATUS_UPDATE block ended****
10-12 11:05:22.896 3158-8639/? D/Sensorhubs: sendContextData: -78, 56, 0, 0
10-12 11:05:22.896 3435-4643/? D/CAE: getFaultDetectionResult(DevicePhysicalContextMonitorRunner.java:521) - true
10-12 11:05:22.896 3435-4643/? I/CAE: notifyCmdProcessResultObserver(ContextProvider.java:627) - CheckResult = 0, Cause = Success
10-12 11:05:22.906 3435-3435/? I/WifiTrafficPoller: evaluateTrafficStatsPolling
10-12 11:05:22.906 3435-4643/? D/CAE: doCommendProcess(ContextAwareService.java:433) - complete notify the operation result.
10-12 11:05:22.906 3435-4643/? I/CAE: displayUsedCountForService(ContextAwareService.java:525) - totalCnt = 0, serviceCount = 0, subCollectionCount = 0
10-12 11:05:22.906 3435-4643/? D/CAE: showListenerList(ContextAwareService.java:366) - ===== Context Aware Service List =====
10-12 11:05:22.906 3435-4643/? I/CAE: showListenerList(ContextAwareService.java:375) - Listener : com.samsung.android.contextaware.manager.ContextAwareService$Listener@665895c, Service : ACTIVITY_TRACKER_CURRENT_INFO(1)
10-12 11:05:22.906 3435-4643/? I/CAE: showListenerList(ContextAwareService.java:375) - Listener : com.samsung.android.contextaware.manager.ContextAwareService$Listener@113f592, Service : AUTO_BRIGHTNESS(1)
10-12 11:05:22.906 3435-4643/? I/CAE: showListenerList(ContextAwareService.java:375) - Listener : com.samsung.android.contextaware.manager.ContextAwareService$Listener@34f2abf, Service : AUTO_ROTATION(1)
10-12 11:05:22.906 3435-4643/? W/CAE: unregisterCallback(ContextAwareService.java:241) - [unregi 02] Mutex is unlocked for DEVICE_PHYSICAL_CONTEXT_MONITOR
10-12 11:05:22.906 3435-4643/? D/SContextService: .unregisterCallback : 3, client=
10-12 11:05:22.906 3435-4643/? D/SContextService: ===== SContext Service List =====
10-12 11:05:22.906 3435-4643/? D/SContextService: Listener : android.hardware.scontext.SContextService$Listener@b3e3b63, Service : Auto Brightness
10-12 11:05:22.906 3435-4643/? D/SContextService: Listener : android.hardware.scontext.SContextService$Listener@675958c, Service : Auto Rotation
10-12 11:05:22.916 4758-19773/? D/SContextManager: .unregisterListener : listener = com.samsung.android.app.aodservice.AODService$7@364f7c6, service=Device Physical Context Monitor
10-12 11:05:22.916 3435-3848/? D/WifiStateMachine: handleScreenStateChanged, screen on, start periodic scan !!!
10-12 11:05:22.916 3435-3848/? D/WifiNative-wlan0: callSECApiBoolean - ID [11]
10-12 11:05:22.916 3887-3887/? I/wpa_supplicant: STOP_PERIODIC_SCAN command
10-12 11:05:22.916 3435-3435/? D/NotificationService: ACTION_SCREEN_ON
10-12 11:05:22.916 3435-3435/? D/LightsService: [api] [SvcLED] turnOff:: id = 6 (uid: 1000 pid: 3435)
10-12 11:05:22.916 3435-3435/? D/LightsService: [SvcLED] setSvcLedStateLocked:: SvcLEDState : 0x0 -> 0x0 | SvcLED(id=6) set Off
10-12 11:05:22.916 3435-3435/? D/EdgeLight: Turning off
10-12 11:05:22.916 3435-3576/? D/LightsService: [SvcLED] handleForcedSvcLEDTask()
10-12 11:05:22.916 3435-3576/? D/LightsService: [SvcLED] setSvcLedLightLocked :: Current SvcLED(id=5) maintains its priority right
10-12 11:05:22.926 3151-3599/? D/audio_hw_primary: adev_set_parameters: enter: kvpairs: screen_state=on
10-12 11:05:22.926 3435-3435/? V/AlarmManager: remove PendingIntent] PendingIntent{2b5e58a: PendingIntentRecord{61ef7fb android broadcastIntent}}
10-12 11:05:22.946 3435-3435/? I/MdnieScenarioControlService: action : android.intent.action.SCREEN_ON
10-12 11:05:22.946 3435-3435/? I/MdnieScenarioControlService: mGameModeLauncher : false
10-12 11:05:22.946 3435-3848/? E/WifiNative-wlan0: do suspend false
10-12 11:05:22.956 3435-3435/? I/MdnieScenarioControlService: setUIMode
10-12 11:05:22.956 3435-3848/? D/WifiStateMachine: analyze kernel wifi wakelock
10-12 11:05:22.956 3435-3848/? D/WifiStateMachine: file not found /proc/wakelocks
10-12 11:05:22.966 3435-3821/? D/InputReader: Input event(5): value=0 when=8941710112000
10-12 11:05:22.966 3435-3821/? D/InputReader: !@notifyKey(172), action=1
10-12 11:05:22.966 3435-3821/? D/InputManager-JNI: !@interceptKeyBeforeQueueing(172), action=1, interactive=true
10-12 11:05:22.966 3435-3821/? D/InputManager-JNI: !@handleInterceptActions(172), action=1, wmActions=1
10-12 11:05:22.966 3435-3820/? D/VoIPInterfaceManager: isVoIPRinging()...
10-12 11:05:22.966 3435-3820/? I/WindowManager: Ignoring HOME; down is not pressed.
10-12 11:05:22.966 3435-3820/? D/VoIPInterfaceManager: isVoIPRunningAndDeregi()...
10-12 11:05:22.966 3435-3820/? D/VoIPInterfaceManager: Not exist call session
10-12 11:05:22.966 3435-3852/? D/WifiController: ApOrStaEnabledState msg.what= 155650
10-12 11:05:22.966 3435-3435/? D/WifiService: ACTION_SCREEN_ON, checkSensorStatus !!
10-12 11:05:22.966 3435-3435/? E/SContext.CaeProvider: setAttribute() : attribute is null!
10-12 11:05:22.966 3435-3852/? V/AlarmManager: remove PendingIntent] PendingIntent{405942e: PendingIntentRecord{31a4bcf android broadcastIntent}}
10-12 11:05:22.966 3435-3435/? W/CAE: registerCallback(ContextAwareService.java:144) - [regi 01] Mutex is locked for ACTIVITY_TRACKER
10-12 11:05:22.966 3435-3435/? V/CAE: start(ContextProvider.java:128)
10-12 11:05:22.966 3435-3435/? V/CAE: clear(ActivityTrackerRunner.java:108)
10-12 11:05:22.976 3435-3435/? V/CAE: enable(ActivityTrackerRunner.java:84)
10-12 11:05:22.976 3435-3435/? I/CAE: sendCmdToSensorHub(SensorHubCommManager.java:162) - -79, 26, 0, 0, 0, 0, 0, 0, 0, 0, 9, 5, 22,
10-12 11:05:22.976 3435-3435/? D/SensorHubManager: SendSensorHubData: send data = -79, 26, 0, 0, 0, 0, 0, 0, 0, 0, 9, 5, 22
10-12 11:05:22.976 3158-3199/? D/Sensorhubs: sendContextData: -79, 26, 0, 0, 0, 0, 0, 0, 0, 0, 9, 5, 22
10-12 11:05:22.976 3158-3198/? D/Sensorhubs: readContextData: 1, 1, 48, 0, 0, 0, 83, 0, 0, 0, 9
10-12 11:05:22.976 3435-3810/? D/SensorHubManager: onGetSensorHubDataLocked: library(11) = 1, 1, 48, 0, 0, 0, 83, 0, 0, 0, 9
10-12 11:05:22.976 3435-3809/? D/CAE: onGetSensorHubData(SensorHubParserProvider.java:92) - onGetSensorHubData Event [event buffer len :11], AP_WAKEUP
10-12 11:05:22.976 3435-3809/? I/CAE: parse(SensorHubParserProvider.java:188) - buffer size = 11
10-12 11:05:22.976 3435-3809/? I/CAE: parse(SensorHubParserProvider.java:199) - 1, 1, 48, 0, 0, 0, 83, 0, 0, 0, 9,
10-12 11:05:22.976 3435-3809/? D/CAE: display(ContextProvider.java:375) - ================= AUTO_BRIGHTNESS =================
10-12 11:05:22.976 3435-3896/? D/AutomaticBrightnessController: [DAB] onSensorHubChanged : 1st lux = 9.0, 1st candela = 83.0
10-12 11:05:22.976 3435-3809/? I/CAE: display(ContextProvider.java:391) - Candela=[83], AmbientLux=[9]
10-12 11:05:22.976 3435-3896/? D/AutomaticBrightnessController: [DAB] updateAutoBrightnessSEC : 83(82.8067) 0.0 < 9.0 < 61.0 (0.0)
10-12 11:05:22.976 3435-3812/? D/SContextService: updateSContext() : event = Auto Brightness
10-12 11:05:22.976 3435-3896/? D/AutomaticBrightnessController: mCallbacks.updateBrightness()
10-12 11:05:22.976 3435-3896/? D/PowerManagerUtil: fileWriteInt to /sys/class/tcon/tcon/auto_br, 1
10-12 11:05:22.976 3435-3435/? D/CAE: getFaultDetectionResult(ActivityTrackerRunner.java:154) - true
10-12 11:05:22.976 3435-3569/? D/DisplayPowerController: animateScreenStateChange[0]: target=2
10-12 11:05:22.976 3435-3435/? I/CAE: notifyCmdProcessResultObserver(ContextProvider.java:627) - CheckResult = 0, Cause = Success
10-12 11:05:22.976 3435-3569/? D/DisplayPowerController: [Dual Screen Compatible] state[0] :2
10-12 11:05:22.976 3435-3897/? D/lights: lcd : 83 +
10-12 11:05:22.976 3435-3569/? D/PowerManagerUtil: fileWriteInt to /sys/class/lcd/panel/lux, 9
10-12 11:05:22.976 3435-3896/? D/PowerManagerUtil: fileWriteInt to /sys/class/backlight/panel/auto_brightness, 1
10-12 11:05:22.976 3435-3569/? D/DisplayPowerController: getFinalBrightness : Summary is 83 -> 83
10-12 11:05:22.976 3435-3569/? D/SettingsProvider: isChangeAllowed() : name = brightness_pms_marker_screen
10-12 11:05:22.976 3435-3569/? D/DisplayPowerController: Tracking Direct to etc : 83
10-12 11:05:22.976 3435-3569/? D/DisplayPowerController: Animating brightness: target=83, rate=0 (PSM:false, AB limit:(-1 ~ -1) MB Limit:(-1 ~ -1))
10-12 11:05:22.976 3435-3569/? D/DisplayPowerController: animateScreenStateChange[0]: target=2
10-12 11:05:22.976 3435-3569/? D/DisplayPowerController: [Dual Screen Compatible] state[0] :2
10-12 11:05:22.976 3435-3569/? D/DisplayPowerController: getFinalBrightness : Summary is 83 -> 83
10-12 11:05:22.976 3435-3569/? D/DisplayPowerController: Animating brightness: target=83, rate=500 (PSM:false, AB limit:(-1 ~ -1) MB Limit:(-1 ~ -1))
10-12 11:05:22.986 3435-3435/? D/CAE: doCommendProcess(ContextAwareService.java:433) - complete notify the operation result.
10-12 11:05:22.996 3435-3435/? I/CAE: displayUsedCountForService(ContextAwareService.java:525) - totalCnt = 1, serviceCount = 1, subCollectionCount = 0
10-12 11:05:22.996 3435-3435/? D/CAE: showListenerList(ContextAwareService.java:366) - ===== Context Aware Service List =====
10-12 11:05:22.996 3435-3435/? I/CAE: showListenerList(ContextAwareService.java:375) - Listener : com.samsung.android.contextaware.manager.ContextAwareService$Listener@665895c, Service : ACTIVITY_TRACKER_CURRENT_INFO(1)
10-12 11:05:22.996 3435-3435/? I/CAE: showListenerList(ContextAwareService.java:375) - Listener : com.samsung.android.contextaware.manager.ContextAwareService$Listener@665895c, Service : ACTIVITY_TRACKER(1)
10-12 11:05:22.996 3435-3435/? I/CAE: showListenerList(ContextAwareService.java:375) - Listener : com.samsung.android.contextaware.manager.ContextAwareService$Listener@113f592, Service : AUTO_BRIGHTNESS(1)
10-12 11:05:22.996 3435-3435/? I/CAE: showListenerList(ContextAwareService.java:375) - Listener : com.samsung.android.contextaware.manager.ContextAwareService$Listener@34f2abf, Service : AUTO_ROTATION(1)
10-12 11:05:22.996 3435-3435/? W/CAE: registerCallback(ContextAwareService.java:180) - [regi 02] Mutex is unlocked for ACTIVITY_TRACKER
10-12 11:05:22.996 3435-3435/? D/SContextService: .registerCallback : 3, client=
10-12 11:05:22.996 3435-3435/? D/SContextService: ===== SContext Service List =====
10-12 11:05:22.996 3435-3435/? D/SContextService: Listener : android.hardware.scontext.SContextService$Listener@b3e3b63, Service : Auto Brightness
10-12 11:05:22.996 3435-3435/? D/SContextService: Listener : android.hardware.scontext.SContextService$Listener@675958c, Service : Auto Rotation
10-12 11:05:22.996 3435-3435/? D/SContextService: Listener : android.hardware.scontext.SContextService$Listener@a4a4ea, Service : Activity Tracker
10-12 11:05:22.996 3435-3435/? D/SContextManager: .registerListener : listener = com.android.server.wifi.WifiServiceImpl$11@9e984d5, service=Activity Tracker
10-12 11:05:22.996 3435-3435/? W/CAE: getContextInfo(ContextAwareService.java:457) - [getContext 01] Mutex is locked for ACTIVITY_TRACKER_CURRENT_INFO
10-12 11:05:22.996 3435-3435/? V/CAE: enable(ActivityTrackerCurrentInfoRunner.java:178)
10-12 11:05:22.996 3435-3435/? V/CAE: clear(ActivityTrackerCurrentInfoRunner.java:202)
10-12 11:05:22.996 3435-3435/? I/CAE: sendCmdToSensorHub(SensorHubCommManager.java:162) - -72, 26, 1, 0,
10-12 11:05:22.996 3435-3435/? D/SensorHubManager: SendSensorHubData: send data = -72, 26, 1, 0
10-12 11:05:22.996 3158-3158/? D/Sensorhubs: sendContextData: -72, 26, 1, 0
10-12 11:05:22.996 3435-3435/? D/CAE: getFaultDetectionResult(ActivityTrackerCurrentInfoRunner.java:214) - true
10-12 11:05:22.996 3435-3435/? I/CAE: notifyCmdProcessResultObserver(ContextProvider.java:627) - CheckResult = 0, Cause = Success
10-12 11:05:23.006 3435-3896/? D/PowerManagerUtil: fileWriteInt to /sys/class/mdnie/mdnie/auto_brightness, 1
10-12 11:05:23.016 3435-3435/? W/CAE: getContextInfo(ContextAwareService.java:511) - [getContext 02] Mutex is unlocked for ACTIVITY_TRACKER_CURRENT_INFO
10-12 11:05:23.016 3435-3435/? D/SContextService: requestToUpdate() : service = Activity Tracker
10-12 11:05:23.016 3435-3435/? D/SContextManager: .requestToUpdate : listener = com.android.server.wifi.WifiServiceImpl$11@9e984d5, service=Activity Tracker
10-12 11:05:23.016 3435-3435/? D/PowerManagerService: [api] release WakeLock flags=0x80 tag=Window:StatusBar uid=1000 pid=3435 (0x0)
10-12 11:05:23.016 3931-3931/? V/StatusBar.BrightnessController: BRIGHTNESS_PMS_MARKER_SCREEN changed
10-12 11:05:23.016 3931-3931/? V/StatusBar.BrightnessController: updateSlider = 83
10-12 11:05:23.016 3435-3565/? D/IpRemoteDisplayController: intent received android.intent.action.SCREEN_ON
10-12 11:05:23.016 3435-3565/? D/IpRemoteDisplayController: Bridge Server is not available
10-12 11:05:23.026 3435-3897/? D/lights: lcd : 83 -
10-12 11:05:23.026 3435-3897/? D/DisplayPowerState: Tracking!!: 83
10-12 11:05:23.026 3435-3897/? D/SettingsProvider: isChangeAllowed() : name = brightness_pms_marker_screen
10-12 11:05:23.026 3435-3569/? D/DisplayPowerController: animateScreenStateChange[0]: target=2
10-12 11:05:23.026 3435-3569/? D/DisplayPowerController: [Dual Screen Compatible] state[0] :2
10-12 11:05:23.026 3435-3569/? D/DisplayPowerController: getFinalBrightness : Summary is 83 -> 83
10-12 11:05:23.026 3435-3569/? D/DisplayPowerController: Animating brightness: target=83, rate=500 (PSM:false, AB limit:(-1 ~ -1) MB Limit:(-1 ~ -1))
10-12 11:05:23.026 3435-3846/? D/NetworkPolicy: MSG_SCREEN_ON_CHANGED: 1
10-12 11:05:23.026 3435-3846/? D/NetworkPolicy: isUidForegroundLocked: 10007, mScreenOn: true, uidstate: 0, mProxSensorScreenOff: false
10-12 11:05:23.026 3435-3846/? D/NetworkPolicy: isUidForegroundLocked: 10062, mScreenOn: true, uidstate: 0, mProxSensorScreenOff: false
10-12 11:05:23.036 4758-4758/? D/AODService: dismissWindow
10-12 11:05:23.036 4758-4758/? D/DefaultClockView: dismiss
10-12 11:05:23.046 3158-3198/? D/Sensorhubs: readContextData: 1, 1, 26, 1, 1, -13, 79, 70, -1, 0
10-12 11:05:23.046 3435-3535/? D/GpsLocationProvider: receive broadcast intent, action: android.intent.action.SCREEN_ON
10-12 11:05:23.046 3435-3810/? D/SensorHubManager: onGetSensorHubDataLocked: library(10) = 1, 1, 26, 1, 1, -13, 79, 70, -1, 0
10-12 11:05:23.046 3435-3809/? D/CAE: onGetSensorHubData(SensorHubParserProvider.java:92) - onGetSensorHubData Event [event buffer len :10], AP_WAKEUP
10-12 11:05:23.046 3435-3809/? I/CAE: parse(SensorHubParserProvider.java:188) - buffer size = 10
10-12 11:05:23.046 3435-3809/? I/CAE: parse(SensorHubParserProvider.java:199) - 1, 1, 26, 1, 1, -13, 79, 70, -1, 0,
10-12 11:05:23.046 3435-3809/? D/CAE: display(ContextProvider.java:375) - ================= ACTIVITY_TRACKER =================
10-12 11:05:23.046 3435-3809/? I/CAE: display(ContextProvider.java:391) - Accuracy=[0], OperationMode=[0], ActivityType=[-1], TimeStamp=[1476263122758]
10-12 11:05:23.046 3435-3812/? D/SContextService: updateSContext() : event = Activity Tracker
10-12 11:05:23.046 3435-3435/? D/WifiService: mActivityTrackerListener: onSContextChanged(): 25
10-12 11:05:23.046 3004-3013/? D/libEGL: eglTerminate EGLDisplay = 0x7fb2180e78
10-12 11:05:23.046 3004-3013/? D/libEGL: eglTerminate EGLDisplay = 0x7fb2180e78
10-12 11:05:23.046 4758-4758/? D/ViewRootImpl: #3 mView = null
10-12 11:05:23.056 3004-4135/? I/SurfaceFlinger: id=387 Removed BOD (8/10)
10-12 11:05:23.056 3931-3931/? I/ViewCaptureUtil: Capture the lockscreen
10-12 11:05:23.056 3158-3198/? D/Sensorhubs: readContextData: 1, 1, 26, 1, 1, -13, 79, -106, 0, 2
10-12 11:05:23.056 3435-3810/? D/SensorHubManager: onGetSensorHubDataLocked: library(10) = 1, 1, 26, 1, 1, -13, 79, -106, 0, 2
10-12 11:05:23.056 3004-3013/? I/SurfaceFlinger: id=387 Removed BOD (-2/10)
10-12 11:05:23.056 3435-3809/? D/CAE: onGetSensorHubData(SensorHubParserProvider.java:92) - onGetSensorHubData Event [event buffer len :10], AP_WAKEUP
10-12 11:05:23.056 3435-3809/? I/CAE: parse(SensorHubParserProvider.java:188) - buffer size = 10
10-12 11:05:23.056 3435-3809/? I/CAE: parse(SensorHubParserProvider.java:199) - 1, 1, 26, 1, 1, -13, 79, -106, 0, 2,
10-12 11:05:23.056 3435-3809/? D/CAE: display(ContextProvider.java:375) - ================= ACTIVITY_TRACKER =================
10-12 11:05:23.056 3435-3809/? I/CAE: display(ContextProvider.java:391) - Accuracy=[2], OperationMode=[0], ActivityType=[0], TimeStamp=[1476263122838]
10-12 11:05:23.066 3435-3812/? D/SContextService: updateSContext() : event = Activity Tracker
10-12 11:05:23.066 4228-4228/? D/FusedLocationReceiver: BroadcastReceiver : ACTION_SCREEN_ON
10-12 11:05:23.066 3004-3004/? D/libEGL: eglTerminate EGLDisplay = 0x7ff090b748
10-12 11:05:23.066 3435-3435/? D/WifiStateMachine: setWifiScanMove bMove = 0
10-12 11:05:23.066 3435-3435/? D/WifiService: mActivityTrackerListener: onSContextChanged(): 25
10-12 11:05:23.066 3435-3435/? I/WifiStateMachine: not vehicle, sendMessageDelayed CMD_SET_SCAN_MOVE with 0
10-12 11:05:23.066 3435-3435/? D/WifiService: ACTIVITY_STATUS_UNKNOWN
10-12 11:05:23.066 3435-3435/? D/PersonaManagerService: ACTION_SCREEN_ON onReceive
10-12 11:05:23.066 3435-3435/? D/WifiService: setWifiScanWithSensor bMove = 0
10-12 11:05:23.066 3435-3604/? D/PersonaManagerServiceHandler: MSG_ACTION_SCREEN_ON called
10-12 11:05:23.076 3435-3848/? I/WifiStateMachine: DriverStartedState :: CMD_SET_SCAN_MOVE(0)
10-12 11:05:23.076 3887-3887/? I/wpa_supplicant: @@wpa_supplicant_set_scan_move : set [0]
10-12 11:05:23.076 3435-3960/? D/CoverManagerWhiteLists: isAllowedToUse : SIGNATURE_MATCH
10-12 11:05:23.076 4300-4300/? I/NfcService: When receiving ACTION_SCREEN_ON, S view cover is already opened. So screenState is ON_LOCKED by isKeyguardLocked()
10-12 11:05:23.086 4300-16785/? D/NfcService: call the applyRouting
10-12 11:05:23.096 3931-4137/? D/NetworkController.MobileSignalController(0/2147483643): onDataActivity: direction=0
10-12 11:05:23.116 3435-3435/? V/AlarmManager: remove PendingIntent] PendingIntent{a2d3b75: PendingIntentRecord{662f40b android broadcastIntent}}
10-12 11:05:23.116 3435-3435/? V/AlarmManager: remove PendingIntent] PendingIntent{ede270a: PendingIntentRecord{3acdb59 android broadcastIntent}}
10-12 11:05:23.126 5352-5352/? D/BtGatt.GattService: LCD turned on
10-12 11:05:23.126 5352-5468/? D/BtGatt.ScanManager: handleLcdOnIntent
10-12 11:05:23.126 5352-5468/? D/BtGatt.ScanManager: handleLcdOnIntent
10-12 11:05:23.136 3435-6368/? D/SSRM:n: SIOP:: AP = 230, PST = 231 (W:14), CP = 191, CUR = 427, LCD = 83
10-12 11:05:23.156 3435-3435/? I/SurveyLogManager: mDeviceInfo.mScreen = true
10-12 11:05:23.156 3435-6368/? D/ConnectivityService: returning getNetworkInfo for network type 1 : [type: WIFI[] - WIFI, state: CONNECTED/CONNECTED, reason: (unspecified), extra: "WLAN-198160", roaming: false, failover: false, isAvailable: true]
10-12 11:05:23.166 3435-3540/? V/BroadcastQueue: [background] Process cur broadcast BroadcastRecord{755b3db u-1 com.samsung.ssrm.SCREEN_ON qIdx=4}, state= (APP_RECEIVE) DELIVERED for app ProcessRecord{473ff77 29668:com.sec.android.daemonapp/u0a156}
10-12 11:05:23.176 29668-29668/? D/[WeatherWidget(1240)]  AutoRefreshReceiver: {[43EB1C024052B99D53E991930172379618B5A73E0169704C31B2E0FEC15ABF0DB061C2705E75ED5606D9FFD69F6B37E13822B2991EFA2872858E1E2BB615A6BC25C1BB37530DE4B9994E9888EE083816]}
10-12 11:05:23.176 29668-29668/? D/[WeatherWidget(1240)]  AutoRefresh: {[8FD2E506F874D7163C71C5FD167729A3F1524692913D8374891649955E8C59A90C19ED8315B58731AC2FE7582D4006FA]}
10-12 11:05:23.176 4300-16785/? D/SecNfcJni: RoutingManager::commitRouting
10-12 11:05:23.176 4300-5758/? D/SecNfcJni: RoutingManager::nfaEeCallback: NFA_EE_UPDATED_EVT
10-12 11:05:23.176 4300-16785/? D/NfcService: index : 0
10-12 11:05:23.176 4300-16785/? D/NfcService: index : 1
10-12 11:05:23.176 4300-16785/? D/NfcService: index : 2
10-12 11:05:23.186 3435-4200/? V/BroadcastQueue: [background] Process cur broadcast BroadcastRecord{755b3db u-1 com.samsung.ssrm.SCREEN_ON qIdx=4}, state= (APP_RECEIVE) DELIVERED for app ProcessRecord{473ff77 29668:com.sec.android.daemonapp/u0a156}
10-12 11:05:23.186 29668-29668/? D/[WeatherWidget(1240)]  WeatherScreenReceiver: {[AE44B1CAE710C9799F38EE823B33FC6FDEAF5CF1F84C7C2D7C42190D3C2DE6A81416E92586372C9712C4D2BD025FBC09C229D81C93196B2AA28F22D563A30C15]}
10-12 11:05:23.186 29668-29668/? D/[WeatherWidget(1240)]  WidgetCount: {[65C2FDBB08E09D2E8E78BEFE0D618279BC32024A311F60279E75A9FD2AD8BED1]}
10-12 11:05:23.186 29668-29668/? D/[WeatherWidget(1240)]  WidgetCount: {[51D05FFECDA2C35BD99FAAEAA7B9A3010D9284A6D928381A583BDA90BA7C2F53]}
10-12 11:05:23.186 29668-29668/? D/[WeatherWidget(1240)]  WidgetCount: {[502B47DCCC86E9CC3B1575521C4AAB2431587AC1D5E86417064C05A49AEE87E93C2369A490E0A73E2E13F354053945EDBB21C4CD8A3EBF0F7283FA379E9CB00E]}
10-12 11:05:23.186 29668-29668/? D/[WeatherWidget(1240)]  WidgetCount: {[29F12EEF03899EE7AFF5C26031AC6881D49E2751002F9BF9065215948B126C8B67A603081AFD7572E245036EFA4646822C52CA5D0A7E6FBB74AF4A20DEEE1ADB]}
10-12 11:05:23.186 29668-29668/? D/[WeatherWidget(1240)]  WidgetCount: {[94FE874B988134D025F3FBCB5D18D32C6BFFA07CC26ED032CDDCAD81A32CA1EE9D5D68565BD63D6DE4CE7DEDE5C0DD0060B0B1D9B0769BFE6E03AA4054808513]}
10-12 11:05:23.186 6748-6748/? I/BeaconManager: BeaconManager.onReceive - receive Action : android.intent.action.SCREEN_ON
10-12 11:05:23.186 6748-6748/? D/BeaconManager: BeaconManager.onReceive - end
10-12 11:05:23.186 6748-6791/? I/BeaconManager: BeaconManager.BeaconManagerWorkHandler - BroadcastReceiver onReceive start
10-12 11:05:23.186 6748-6791/? D/BeaconManager: BeaconManager.mScreenObserver - action:android.intent.action.SCREEN_ON
10-12 11:05:23.186 6748-6791/? D/BeaconManager: AppControlManager.screenOnIntentReceived - start
10-12 11:05:23.186 6748-6791/? D/BeaconManager: AppControlManager.screenOnIntentReceived - end
10-12 11:05:23.186 6748-6791/? D/BeaconManager: EasySetupManager.screenOnIntentReceived - start
10-12 11:05:23.186 6748-6791/? D/BeaconManager: EasySetupManager.screenOnIntentReceived - end
10-12 11:05:23.186 6748-6791/? D/BeaconManager: BleScanHelper.screenOnIntentReceived - start
10-12 11:05:23.196 6748-6791/? D/BeaconManager: BleScanHelper.mBroadcastReceiver - Action: android.intent.action.SCREEN_ON, user: 0
10-12 11:05:23.196 6748-6791/? V/BeaconManager: BleScanHelper.startBleScan - startBleScan
10-12 11:05:23.196 6748-6791/? D/BluetoothAdapter: STATE_BLE_ON
10-12 11:05:23.196 6748-6791/? D/BeaconManager: BleScanHelper.screenOnIntentReceived - end
10-12 11:05:23.196 6748-6791/? I/BeaconManager: BeaconManager.BeaconManagerWorkHandler - BroadcastReceiver onReceive end
10-12 11:05:23.196 6748-6798/? D/BeaconManager: BleScanHelper.MSG_CALL_START_LESCAN - ($)
10-12 11:05:23.206 8339-8339/? E/SamsungIME: invoke(): method is null
10-12 11:05:23.206 6748-6798/? D/BluetoothAdapter: STATE_BLE_ON
10-12 11:05:23.206 6748-6798/? D/BluetoothAdapter: STATE_BLE_ON
10-12 11:05:23.206 6748-6798/? D/BluetoothAdapter: appoCount is = 0
10-12 11:05:23.206 6748-6798/? I/BeaconManager: BleScanHelper.directStopLeScan - call BleScanner.stopScan()
10-12 11:05:23.206 6748-6798/? D/BluetoothAdapter: STATE_BLE_ON
10-12 11:05:23.206 6748-6798/? D/BluetoothAdapter: appoCount is = 0
10-12 11:05:23.206 6748-6798/? D/BluetoothAdapter: STATE_BLE_ON
10-12 11:05:23.206 6748-6798/? D/BluetoothLeScanner: Stop Scan
10-12 11:05:23.216 5352-5365/? D/BtGatt.GattService: [GSIM LOG]: getCallingProcessName: com.samsung.android.beaconmanager
10-12 11:05:23.216 5352-5365/? D/BtGatt.GattService: [GSIM LOG]: getCallingProcessName: com.samsung.android.beaconmanager
10-12 11:05:23.216 5352-5365/? D/BtGatt.GattService: stopScan() - queue size =1
10-12 11:05:23.216 5352-5486/? E/BtGatt.GattService: [GSIM LOG]: gsimLogHandler: com.samsung.android.beaconmanager, msg: MESSAGE_STOP_SCAN
10-12 11:05:23.216 5352-5486/? D/BtGatt.GattService: [GSIM LOG]: gsimLogHandler: prevDate: 12, currDate: 12
10-12 11:05:23.216 5352-5486/? D/BtGatt.GattService: [GSIM LOG]: updateScanTime: 1
10-12 11:05:23.216 5352-5364/? D/BtGatt.GattService: unregisterClient() - clientIf=5
10-12 11:05:23.216 5352-5468/? D/BtGatt.ScanManager: stop scan
10-12 11:05:23.216 5352-5468/? D/BtGatt.ScanManager: delete FilterIndex - 10
10-12 11:05:23.216 3435-4803/? V/AlarmManager: remove PendingIntent] PendingIntent{2ac7e78: PendingIntentRecord{5a8b9c0 com.android.bluetooth broadcastIntent}}
10-12 11:05:23.226 5352-5486/? D/BtGatt.GattService: [GSIM LOG]: com.samsung.android.beaconmanager@Custom, R time : 148 => 149
10-12 11:05:23.226 5352-5437/? D/BtGatt.GattService: onScanFilterParamsConfigured() - clientIf=5, status=0, action=1, availableSpace=31
10-12 11:05:23.226 5352-5437/? D/BtGatt.ScanManager: callback done for clientIf - 5 status - 0
10-12 11:05:23.226 5352-5468/? D/BtGatt.ScanManager: delete FilterIndex - 11
10-12 11:05:23.226 5352-5437/? D/BtGatt.GattService: onScanFilterParamsConfigured() - clientIf=5, status=0, action=1, availableSpace=32
10-12 11:05:23.226 5352-5437/? D/BtGatt.ScanManager: callback done for clientIf - 5 status - 0
10-12 11:05:23.226 5352-5468/? D/BtGatt.ScanManager: configureRegularScanParams() - queue=0
10-12 11:05:23.226 5352-5468/? D/BtGatt.ScanManager: configureRegularScanParams() - ScanSetting Scan mode=-2147483648 mLastConfiguredScanSetting=100
10-12 11:05:23.226 5352-5468/? D/BtGatt.ScanManager: configureRegularScanParams() - queue emtpy, scan stopped
10-12 11:05:23.236 5352-5486/? D/BtGatt.GattService: [GSIM LOG]: com.samsung.android.beaconmanager@Custom, A time : 148 => 149
10-12 11:05:23.236 5352-5486/? D/BtGatt.GattService: [GSIM LOG]: remove : com.samsung.android.beaconmanager at BLE_SCAN_ACTUAL_DB
10-12 11:05:23.236 5352-5486/? D/BtGatt.GattService: [GSIM LOG]: remove : com.samsung.android.beaconmanager at BLE_SCAN_REQUESTED_DB
10-12 11:05:23.236 3435-3894/? D/PowerManagerService: [PWL] sb release: PowerManagerService.Broadcasts
10-12 11:05:23.246 3435-3974/? V/AlarmManager: remove PendingIntent] PendingIntent{aca9951: PendingIntentRecord{5a8b9c0 com.android.bluetooth broadcastIntent}}
10-12 11:05:23.246 3435-3992/? V/AlarmManager: remove PendingIntent] PendingIntent{8a025b6: PendingIntentRecord{5a8b9c0 com.android.bluetooth broadcastIntent}}
10-12 11:05:23.246 3435-4803/? V/AlarmManager: remove PendingIntent] PendingIntent{871b2b7: PendingIntentRecord{5a8b9c0 com.android.bluetooth broadcastIntent}}
10-12 11:05:23.246 3435-29776/? I/BatteryStatsDumper: In refreshStats isReason Screen ON/OFF: true
10-12 11:05:23.256 3435-29776/? D/BluetoothAdapter: STATE_BLE_ON
10-12 11:05:23.256 3435-4802/? V/AlarmManager: remove PendingIntent] PendingIntent{d670a24: PendingIntentRecord{5a8b9c0 com.android.bluetooth broadcastIntent}}
10-12 11:05:23.256 3435-4325/? V/AlarmManager: remove PendingIntent] PendingIntent{5ce798d: PendingIntentRecord{5a8b9c0 com.android.bluetooth broadcastIntent}}
10-12 11:05:23.256 3435-4343/? V/AlarmManager: remove PendingIntent] PendingIntent{200e742: PendingIntentRecord{5a8b9c0 com.android.bluetooth broadcastIntent}}
10-12 11:05:23.266 3435-29776/? D/BatteryStatsImpl: poolsize= 1, curBatteryRealtime= 43730000, mUpdateTime= 0, mTimeout= 0, mNesting= 0, mTotalTime= 0
10-12 11:05:23.266 3435-3992/? V/AlarmManager: remove PendingIntent] PendingIntent{fe4c353: PendingIntentRecord{5a8b9c0 com.android.bluetooth broadcastIntent}}
10-12 11:05:23.266 3435-4803/? V/AlarmManager: remove PendingIntent] PendingIntent{d1ca490: PendingIntentRecord{5a8b9c0 com.android.bluetooth broadcastIntent}}
10-12 11:05:23.316 3435-29776/? D/BatteryStatsImpl: poolsize= 1, curBatteryRealtime= 43730000, mUpdateTime= 0, mTimeout= 0, mNesting= 0, mTotalTime= 0
10-12 11:05:23.316 6748-6798/? I/BeaconManager: BleScanHelper.startBleScan - Start filter Scan(SCREEN_ON)
10-12 11:05:23.316 6748-6798/? D/BluetoothLeScanner: Start Scan
10-12 11:05:23.316 6748-6798/? D/BluetoothAdapter: STATE_BLE_ON
10-12 11:05:23.316 6748-6798/? D/BluetoothAdapter: appoCount is = 0
10-12 11:05:23.316 6748-6798/? D/BluetoothAdapter: STATE_BLE_ON
10-12 11:05:23.316 6748-6798/? D/BluetoothAdapter: STATE_BLE_ON
10-12 11:05:23.316 3435-29776/? I/BatteryStatsDumper: Previous Battery Level: 81 Current Level: 81 Delta: 0
10-12 11:05:23.326 6748-6798/? D/BluetoothAdapter: STATE_BLE_ON
10-12 11:05:23.326 6748-6798/? D/BluetoothAdapter: appoCount is = 0
10-12 11:05:23.326 5352-5364/? D/BtGatt.GattService: registerClient() - UUID=c458fccd-82d3-4379-a5ac-1140aeb8db04
10-12 11:05:23.366 5352-5437/? D/BtGatt.GattService: onClientRegistered() - UUID=c458fccd-82d3-4379-a5ac-1140aeb8db04, clientIf=5
10-12 11:05:23.366 6748-24809/? D/BluetoothLeScanner: onClientRegistered() - status=0 clientIf=5
10-12 11:05:23.366 5352-16840/? D/BtGatt.GattService: start scan with filters
10-12 11:05:23.366 5352-16840/? D/BluetoothAdapter: STATE_BLE_ON
10-12 11:05:23.366 5352-16840/? D/BluetoothAdapter: appoCount is = 0
10-12 11:05:23.376 5352-16840/? D/BluetoothAdapter: STATE_BLE_ON
10-12 11:05:23.376 5352-16840/? D/BtGatt.GattService: getScanSettings
10-12 11:05:23.376 5352-16840/? D/BtGatt.GattService: Is it foreground application = false
10-12 11:05:23.376 5352-16840/? D/BtGatt.GattService: Its a background application running with Low Power scan mode
10-12 11:05:23.376 5352-16840/? D/BtGatt.GattService: [GSIM LOG]: getActualScanMode (100/5 vs -2147483648/0)
10-12 11:05:23.376 5352-16840/? D/BtGatt.GattService: [GSIM LOG]: getCallingProcessName: com.samsung.android.beaconmanager
10-12 11:05:23.376 5352-16840/? D/BtGatt.GattService: [GSIM LOG]: getCallingProcessName: com.samsung.android.beaconmanager
10-12 11:05:23.386 5352-5486/? E/BtGatt.GattService: [GSIM LOG]: gsimLogHandler: com.samsung.android.beaconmanager, msg: MESSAGE_START_SCAN
10-12 11:05:23.386 5352-5486/? D/BtGatt.GattService: [GSIM LOG]: gsimLogHandler: prevDate: 12, currDate: 12
10-12 11:05:23.386 5352-5468/? D/BtGatt.ScanManager: handling starting scan
10-12 11:05:23.386 5352-5468/? D/BluetoothAdapter: STATE_BLE_ON
10-12 11:05:23.386 5352-5468/? D/BluetoothAdapter: STATE_BLE_ON
10-12 11:05:23.386 5352-5468/? D/BluetoothAdapter: appoCount is = 0
10-12 11:05:23.386 5352-5468/? D/BluetoothAdapter: STATE_BLE_ON
10-12 11:05:23.386 5352-5468/? D/BluetoothAdapter: STATE_BLE_ON
10-12 11:05:23.386 5352-5468/? D/BluetoothAdapter: appoCount is = 0
10-12 11:05:23.386 5352-5468/? D/BluetoothAdapter: STATE_BLE_ON
10-12 11:05:23.386 5352-5468/? D/BluetoothAdapter: STATE_BLE_ON
10-12 11:05:23.386 5352-5468/? D/BluetoothAdapter: appoCount is = 0
10-12 11:05:23.396 5352-5437/? D/BtGatt.GattService: onScanFilterEnableDisabled() - clientIf=5, status=0, action=1
10-12 11:05:23.396 3435-4200/? V/AlarmManager: remove PendingIntent] PendingIntent{6b62189: PendingIntentRecord{5a8b9c0 com.android.bluetooth broadcastIntent}}
10-12 11:05:23.396 5352-5437/? D/BtGatt.ScanManager: callback done for clientIf - 5 status - 0
10-12 11:05:23.396 5352-5468/? D/BtGatt.ScanManager: set filter index= 12 for clientIf= 5
10-12 11:05:23.396 5352-5468/? D/BtGatt.ScanManager: addFilterToController: 5
10-12 11:05:23.396 5352-5486/? D/BtGatt.GattService: [GSIM LOG]: increaseScanCount : com.samsung.android.beaconmanager : 72
10-12 11:05:23.396 5352-5486/? D/BtGatt.GattService: [GSIM LOG]: increaseScanCount : com.samsung.android.beaconmanager, com.samsung.android.beaconmanager
10-12 11:05:23.396 3158-3198/? D/Sensorhubs: readContextData: 1, 1, 26, 1, 1, -13, 80, -21, 0, 1
10-12 11:05:23.396 3435-3810/? D/SensorHubManager: onGetSensorHubDataLocked: library(10) = 1, 1, 26, 1, 1, -13, 80, -21, 0, 1
10-12 11:05:23.396 3435-3809/? D/CAE: onGetSensorHubData(SensorHubParserProvider.java:92) - onGetSensorHubData Event [event buffer len :10], AP_WAKEUP
10-12 11:05:23.396 3435-3809/? I/CAE: parse(SensorHubParserProvider.java:188) - buffer size = 10
10-12 11:05:23.396 3435-3809/? I/CAE: parse(SensorHubParserProvider.java:199) - 1, 1, 26, 1, 1, -13, 80, -21, 0, 1,
10-12 11:05:23.396 3435-4337/? V/AlarmManager: remove PendingIntent] PendingIntent{2ba358e: PendingIntentRecord{5a8b9c0 com.android.bluetooth broadcastIntent}}
10-12 11:05:23.396 5352-5437/? D/BtGatt.GattService: onScanFilterConfig() - clientIf=5, action = 0 status = 0, filterType=5, availableSpace=47
10-12 11:05:23.396 5352-5437/? D/BtGatt.ScanManager: callback done for clientIf - 5 status - 0
10-12 11:05:23.396 5352-5468/? D/BtGatt.ScanManager: High Rssi Filter value is = -128
10-12 11:05:23.396 5352-5468/? D/BtGatt.ScanManager: Low Rssi Filter value is = -128
10-12 11:05:23.396 3435-3435/? D/WifiService: mActivityTrackerListener: onSContextChanged(): 25
10-12 11:05:23.396 5352-5468/? D/BtGatt.ScanManager: configureFilterParamter 500 10000 1 0highRssiThreshold = -128lowRssiThreshold = -128matchmode is =1
10-12 11:05:23.396 3435-3435/? D/WifiService: ACTIVITY_STATUS_UNKNOWN
10-12 11:05:23.396 3435-3809/? D/CAE: display(ContextProvider.java:375) - ================= ACTIVITY_TRACKER =================
10-12 11:05:23.396 3435-3809/? I/CAE: display(ContextProvider.java:391) - Accuracy=[1], OperationMode=[0], ActivityType=[0], TimeStamp=[1476263123179]
10-12 11:05:23.396 3435-3812/? D/SContextService: updateSContext() : event = Activity Tracker
10-12 11:05:23.406 5352-5437/? D/BtGatt.GattService: onScanFilterParamsConfigured() - clientIf=5, status=0, action=0, availableSpace=31
10-12 11:05:23.406 5352-5437/? D/BtGatt.ScanManager: callback done for clientIf - 5 status - 0
10-12 11:05:23.406 5352-5468/? D/BtGatt.ScanManager: set filter index= 13 for clientIf= 5
10-12 11:05:23.406 5352-5468/? D/BtGatt.ScanManager: addFilterToController: 5
10-12 11:05:23.406 5352-5486/? D/BtGatt.GattService: [GSIM LOG]: increaseScanCount 4 Battery : com.samsung.android.beaconmanager : 3
10-12 11:05:23.406 3435-3475/? V/AlarmManager: remove PendingIntent] PendingIntent{f6e41af: PendingIntentRecord{5a8b9c0 com.android.bluetooth broadcastIntent}}
10-12 11:05:23.406 5352-5486/? D/BtGatt.GattService: [GSIM LOG]: setScanTime : com.samsung.android.beaconmanager : 24604385
10-12 11:05:23.406 5352-5486/? D/BtGatt.GattService: [GSIM LOG]: setRequestedScanType : com.samsung.android.beaconmanager : 100
10-12 11:05:23.406 5352-5486/? D/BtGatt.GattService: [GSIM LOG]: setActualScanType : com.samsung.android.beaconmanager : 100
10-12 11:05:23.406 5352-5486/? D/BtGatt.GattService: [GSIM LOG]: updateScanTime: 0
