10-12 11:06:05.906 3435-3820/? I/InputDispatcher: Delivering touch to (3931): action: 0x4, toolType: 1
10-12 11:06:05.906 3435-3820/? I/InputDispatcher: Delivering touch to (29809): action: 0x0, toolType: 1
10-12 11:06:05.916 29809-29809/? D/ViewRootImpl: ViewPostImeInputStage processPointer 0
10-12 11:06:05.936 3435-3821/? D/InputReader: Input event(4): value=0 when=8984682511000
10-12 11:06:05.936 3435-3821/? D/InputReader: Input event(4): value=0 when=8984682511000
10-12 11:06:05.936 3435-3821/? I/InputReader: Touch event's action is 0x1 (deviceType=0) [pCnt=1, s=] when=8984682511000
10-12 11:06:05.936 3435-3820/? I/InputDispatcher: Delivering touch to (29809): action: 0x1, toolType: 1
10-12 11:06:05.936 29809-29809/? D/ViewRootImpl: ViewPostImeInputStage processPointer 1
10-12 11:06:05.966 3435-3992/? I/MediaFocusControl: AudioFocus requestAudioFocus() from android.media.AudioManager$dd04f48org.chromium.content.browser.MediaSessionDelegate$389e1e1 req=1flags=0x0
10-12 11:06:05.976 3435-4808/? D/PowerManagerService: [api] acquire WakeLock flags=0x2000000a tag=WindowManager uid=1000 pid=3435
10-12 11:06:06.166 3435-4154/? E/Watchdog: !@Sync 299 [10-12 11:06:06.175]
10-12 11:06:06.216 29809-29886/? D/libEGL: eglInitialize EGLDisplay = 0xd83feff4
10-12 11:06:06.376 29809-29809/? W/DisplayListCanvas: DisplayListCanvas is started on unbinded RenderNode (without mOwningView)
10-12 11:06:06.416 29809-29809/? W/cr_BindingManager: Cannot call determinedVisibility() - never saw a connection for the pid: 29809
10-12 11:06:06.466 29809-29809/? W/DisplayListCanvas: DisplayListCanvas is started on unbinded RenderNode (without mOwningView)
10-12 11:06:06.476 29809-29886/? D/libEGL: eglInitialize EGLDisplay = 0xd83feff4
10-12 11:06:06.526 3143-3708/? D/EnterpriseController: netId is 0
10-12 11:06:06.526 3143-3708/? D/Netd: getNetworkForDns: using netid 502 for uid 10207
10-12 11:06:06.546 29809-29809/? I/chromium: [INFO:CONSOLE(2)] ">FW 06:06 Flash detection failed on ActiveX method", source: http://cvp1.cdn.turner.com/xslo/cvp/ads/freewheel/js/0/AdManager.js (2)
10-12 11:06:06.546 29809-29809/? I/chromium: [INFO:CONSOLE(2)] ">FW 06:06 Context.submitRequest: sending request to http://bea4.cnn.com/ad/p/1?prof=48804%3Aturner_html5&nw=48804&caid=cnn-politics%2F2016%2F10%2F07%2Fdonald-trump-women-lewd-comments-origwx-cs.cnn&vdur=166&csid=edition.cnn.com_mobile_mobileweb_politics&cd=360%2C640&vclr=js-6.1.0-r10810-201505040406&resp=json&orig=http%3A%2F%2Fedition.cnn.com&cbfn=tv.freewheel.SDK._instanceQueue%5B'Context_1'%5D.requestComplete&flag=%2Bplay-uapl%2Bsltp%2Bemcr%2Bunka%2Bunks%2Bfbad%2Bslcb%2Bnucr%2Baeti%2Brema%2Bvicb;849=cap&transactionID=14762631384216657347535914&guID=57fdfce207dab10a3c8cd14c7f01c324&krux_user=&refdom=other&JFF=cap&5NC=cap&DJ9=cap&WN=cap&7WN=cap&8WX=cap&DJ4=cap&BPP=cap&DHX=cap&55G=cap&5G1=cap&91X=cap&_fw_cvp_player=html5&inFocus=true&_fw_h_x_flash_version=0%2C0%2C0%2C0&_fw_dpr=4.00;slid=cnn_CNNNext_Player_Background_desktop_1&ptgt=s&envp=g_js&w=1900&h=1100&slau=CNNNext_Player_Background&adUnit=CNNNext_Player_Background&flag=%2Bcmpn&prct=text%2Fhtml_doc_lit_mobile%2Ctext%2Fhtml_doc_ref timeout 5", source: http://cvp1.cdn.turner.com/xslo/cvp/ads/freewheel/js/0/AdManager.js (2)
10-12 11:06:06.556 29809-29886/? D/libEGL: eglInitialize EGLDisplay = 0xd83feff4
10-12 11:06:06.566 29809-29809/? W/DisplayListCanvas: DisplayListCanvas is started on unbinded RenderNode (without mOwningView)
10-12 11:06:06.576 29809-29886/? D/libEGL: eglInitialize EGLDisplay = 0xd83feff4
10-12 11:06:06.616 29809-29886/? D/libEGL: eglInitialize EGLDisplay = 0xd83feff4
10-12 11:06:06.696 29809-29886/? D/libEGL: eglInitialize EGLDisplay = 0xd83feff4
10-12 11:06:06.716 29809-29809/? I/chromium: [INFO:CONSOLE(2)] ">FW 06:06 SurveyExtension.start()", source: http://cvp1.cdn.turner.com/xslo/cvp/ads/freewheel/js/0/AdManager.js (2)
10-12 11:06:06.716 29809-29886/? D/libEGL: eglInitialize EGLDisplay = 0xd83feff4
10-12 11:06:06.766 29809-29809/? I/chromium: [INFO:CONSOLE(2)] ">FW 06:06 Ad request succeeded", source: http://cvp1.cdn.turner.com/xslo/cvp/ads/freewheel/js/0/AdManager.js (2)
10-12 11:06:06.766 29809-29809/? I/chromium: [INFO:CONSOLE(2)] ">FW 06:06 VideoStateExtension is disabled.", source: http://cvp1.cdn.turner.com/xslo/cvp/ads/freewheel/js/0/AdManager.js (2)
10-12 11:06:06.766 29809-29809/? I/chromium: [INFO:CONSOLE(2)] ">FW 06:06 Context.dispatchEvent onRequestComplete", source: http://cvp1.cdn.turner.com/xslo/cvp/ads/freewheel/js/0/AdManager.js (2)
10-12 11:06:06.776 29809-29886/? D/libEGL: eglInitialize EGLDisplay = 0xd83feff4
10-12 11:06:06.816 29809-29886/? D/libEGL: eglInitialize EGLDisplay = 0xd83feff4
10-12 11:06:06.886 29809-29886/? D/libEGL: eglInitialize EGLDisplay = 0xd83feff4
10-12 11:06:06.906 3435-4337/? D/BatteryService: !@BatteryListener : batteryPropertiesChanged!
10-12 11:06:06.906 3435-4337/? D/BatteryService: level:81, scale:100, status:2, health:2, present:true, voltage: 4130, temperature: 233, technology: Li-ion, AC powered:false, USB powered:true, POGO powered:false, Wireless powered:false, icon:17303413, invalid charger:0, maxChargingCurrent:0
10-12 11:06:06.906 3435-4337/? D/BatteryService: online:4, current avg:170, charge type:1, power sharing:false, high voltage charger:false, capacity:280000, batterySWSelfDischarging:false, current_now:-52
10-12 11:06:06.906 3435-3435/? D/BatteryService: Sending ACTION_BATTERY_CHANGED.
10-12 11:06:06.906 3435-3435/? I/MotionRecognitionService: Plugged
10-12 11:06:06.906 3435-3435/? D/MotionRecognitionService: cableConnection= 1
10-12 11:06:06.906 3435-3435/? D/MotionRecognitionService: setPowerConnected | current backoffstate = 1024 , state =1024
10-12 11:06:06.906 3435-3435/? D/MotionRecognitionService: skip setTransmitPower.
10-12 11:06:06.906 3435-3852/? D/WifiController: ApOrStaEnabledState msg.what= 155652
10-12 11:06:06.906 3931-3931/? D/KeyguardUpdateMonitor: received broadcast android.intent.action.BATTERY_CHANGED
10-12 11:06:06.906 3931-3931/? D/KeyguardUpdateMonitor: handleBatteryUpdate
10-12 11:06:06.906 3931-3931/? D/PowerUI: priorPlugType = 2 mPlugType = 2
10-12 11:06:06.916 3931-3931/? D/PowerUI.Notification: showChargingNotice oldChargingType : 1 currentChargingType : 1 oldChargingTime : 3963000 mChargingTime : 3963000
10-12 11:06:06.916 3931-3931/? D/PowerUI.Notification: There is no change about charging status, so return!
10-12 11:06:06.916 29809-29886/? D/libEGL: eglInitialize EGLDisplay = 0xd83feff4
10-12 11:06:06.926 3931-3931/? D/BatteryMeterView: ACTION_BATTERY_CHANGED : level:81 status:2 health:2
10-12 11:06:06.936 3931-3931/? D/BatteryMeterView: ACTION_BATTERY_CHANGED : level:81 status:2 health:2
10-12 11:06:06.936 4449-4449/? D/CommonServiceConfiguration: getStringValueSetting
10-12 11:06:06.936 4449-4449/? D/BatteryMonitor: new battery level: 81
10-12 11:06:06.956 29809-29886/? D/libEGL: eglInitialize EGLDisplay = 0xd83feff4
10-12 11:06:06.986 29809-29886/? D/libEGL: eglInitialize EGLDisplay = 0xd83feff4
10-12 11:06:07.016 29809-29886/? D/libEGL: eglInitialize EGLDisplay = 0xd83feff4
10-12 11:06:07.016 3158-3198/? D/Sensorhubs: readContextData: 1, 1, 7, -1
10-12 11:06:07.016 3435-3810/? D/SensorHubManager: onGetSensorHubDataLocked: library(4) = 1, 1, 7, -1
10-12 11:06:07.016 3435-3809/? D/CAE: onGetSensorHubData(SensorHubParserProvider.java:92) - onGetSensorHubData Event [event buffer len :4], AP_WAKEUP
10-12 11:06:07.016 3435-3809/? I/CAE: parse(SensorHubParserProvider.java:188) - buffer size = 4
10-12 11:06:07.016 3435-3809/? I/CAE: parse(SensorHubParserProvider.java:199) - 1, 1, 7, -1,
10-12 11:06:07.026 3435-3809/? D/CAE: display(ContextProvider.java:375) - ================= AUTO_ROTATION =================
10-12 11:06:07.026 3435-3809/? I/CAE: display(ContextProvider.java:391) - Angle=[-1]
10-12 11:06:07.026 3435-3812/? D/SContextService: updateSContext() : event = Auto Rotation
10-12 11:06:07.026 3435-3435/? V/WindowOrientationListener: OrientationSensorJudge.onSContextChanged, Rotation: -1
10-12 11:06:07.026 29809-29809/? I/chromium: [INFO:CONSOLE(2)] ">FW 06:07 Slot.play PREROLL", source: http://cvp1.cdn.turner.com/xslo/cvp/ads/freewheel/js/0/AdManager.js (2)
10-12 11:06:07.046 29809-29809/? I/chromium: [INFO:CONSOLE(2)] ">FW 06:07 Context.dispatchEvent onSlotStarted", source: http://cvp1.cdn.turner.com/xslo/cvp/ads/freewheel/js/0/AdManager.js (2)
10-12 11:06:07.046 29809-29809/? I/chromium: [INFO:CONSOLE(2)] ">FW 06:07 Slot.playNextAdInstance PREROLL", source: http://cvp1.cdn.turner.com/xslo/cvp/ads/freewheel/js/0/AdManager.js (2)
10-12 11:06:07.066 3143-3708/? D/EnterpriseController: netId is 0
10-12 11:06:07.066 3143-3708/? D/Netd: getNetworkForDns: using netid 502 for uid 10207
10-12 11:06:07.066 29809-29809/? I/chromium: [INFO:CONSOLE(2)] ">FW 06:07 VastTranslator Checking CompanionSlots, length = 0, rendererController.getCompanionSlots().length = 0, AdInstance.getCompanionSlots.length = 0", source: http://cvp1.cdn.turner.com/xslo/cvp/ads/freewheel/js/0/AdManager.js (2)
10-12 11:06:07.066 29809-29809/? I/chromium: [INFO:CONSOLE(2)] ">FW 06:07 VastTranslator ExpectedDrivingContentType:video/mp4, ExpectedDrivingAPI:None", source: http://cvp1.cdn.turner.com/xslo/cvp/ads/freewheel/js/0/AdManager.js (2)
10-12 11:06:07.066 29809-29809/? I/chromium: [INFO:CONSOLE(2)] ">FW 06:07 VastTranslator AdInstance.getActiveCreativeRendition().getWrapperUrl()=https://an.facebook.com/v1/instream/vast.xml?placementid=1656853444637049_1659573381031722&pageurl=http://edition.cnn.com/videos/politics/2016/10/07/donald-trump-women-lewd-comments-origwx-cs.cnn&maxaddurationms=16000, getWrapperType()=external/vast-2", source: http://cvp1.cdn.turner.com/xslo/cvp/ads/freewheel/js/0/AdManager.js (2)
10-12 11:06:07.066 29809-29809/? I/chromium: [INFO:CONSOLE(2)] ">FW 06:07 VastTranslator will load vast xml, asyncAjax:false", source: http://cvp1.cdn.turner.com/xslo/cvp/ads/freewheel/js/0/AdManager.js (2)
10-12 11:06:07.066 29809-29809/? I/chromium: [INFO:CONSOLE(352)] "Synchronous XMLHttpRequest on the main thread is deprecated because of its detrimental effects to the end user's experience. For more help, check https://xhr.spec.whatwg.org/.", source: http://cvp1.cdn.turner.com/xslo/cvp/ads/freewheel/js/0/AdManager.js (352)
10-12 11:06:07.086 3435-3992/? D/PowerManagerService: [api] [s] userActivity : event: 0 flags: 0 (uid: 1000 pid: 3435) eventTime = 8985831
10-12 11:06:07.086 3435-3992/? D/PowerManagerService: [api] release WakeLock flags=0x2000000a tag=WindowManager uid=1000 pid=3435 (0x0)
10-12 11:06:07.086 3435-3992/? D/PowerManagerService: [api] applyWakeLockFlagsOnReleaseLocked : userActivityNoUpdateLocked is called : SCREEN_BRIGHT_WAKE_LOCK 'WindowManager' ON_AFTER_RELEASE (uid=1000, pid=3435, ws=WorkSource{10207}) (elapsedTime=1106)
10-12 11:06:07.486 29809-29809/? I/chromium: [INFO:CONSOLE(2)] ">FW 06:07 VastTranslator.VastParser parseAdData()", source: http://cvp1.cdn.turner.com/xslo/cvp/ads/freewheel/js/0/AdManager.js (2)
10-12 11:06:07.486 29809-29809/? I/chromium: [INFO:CONSOLE(2)] ">FW 06:07 FAIL VastTranslator _e_parse ", source: http://cvp1.cdn.turner.com/xslo/cvp/ads/freewheel/js/0/AdManager.js (2)
10-12 11:06:07.506 29809-29809/? I/chromium: [INFO:CONSOLE(2)] ">FW 06:07 Context.dispatchEvent adEvent", source: http://cvp1.cdn.turner.com/xslo/cvp/ads/freewheel/js/0/AdManager.js (2)
10-12 11:06:07.516 29809-29809/? I/chromium: [INFO:CONSOLE(2)] ">FW 06:07 Context.dispatchEvent adEvent", source: http://cvp1.cdn.turner.com/xslo/cvp/ads/freewheel/js/0/AdManager.js (2)
10-12 11:06:07.526 29809-29809/? I/chromium: [INFO:CONSOLE(2)] ">FW 06:07 Slot.playNextAdInstance PREROLL", source: http://cvp1.cdn.turner.com/xslo/cvp/ads/freewheel/js/0/AdManager.js (2)
10-12 11:06:07.526 29809-29809/? I/chromium: [INFO:CONSOLE(2)] ">FW 06:07 VastTranslator Checking CompanionSlots, length = 0, rendererController.getCompanionSlots().length = 0, AdInstance.getCompanionSlots.length = 0", source: http://cvp1.cdn.turner.com/xslo/cvp/ads/freewheel/js/0/AdManager.js (2)
10-12 11:06:07.526 29809-29809/? I/chromium: [INFO:CONSOLE(2)] ">FW 06:07 VastTranslator ExpectedDrivingContentType:video/mp4, ExpectedDrivingAPI:None", source: http://cvp1.cdn.turner.com/xslo/cvp/ads/freewheel/js/0/AdManager.js (2)
10-12 11:06:07.526 29809-29809/? I/chromium: [INFO:CONSOLE(2)] ">FW 06:07 VastTranslator AdInstance.getActiveCreativeRendition().getWrapperUrl()=http://px2ii-acp4g.ads.tremorhub.com/ad/tag?adCode=px2ii-ctxli&playerWidth=360&playerHeight=640&mediaId=106341301&srcPageUrl=http://edition.cnn.com/videos/politics/2016/10/07/donald-trump-women-lewd-comments-origwx-cs.cnn, getWrapperType()=external/vast-2", source: http://cvp1.cdn.turner.com/xslo/cvp/ads/freewheel/js/0/AdManager.js (2)
10-12 11:06:07.536 29809-29809/? I/chromium: [INFO:CONSOLE(2)] ">FW 06:07 VastTranslator will load vast xml, asyncAjax:false", source: http://cvp1.cdn.turner.com/xslo/cvp/ads/freewheel/js/0/AdManager.js (2)
10-12 11:06:07.536 3143-3708/? D/EnterpriseController: netId is 0
10-12 11:06:07.536 3143-3708/? D/Netd: getNetworkForDns: using netid 502 for uid 10207
10-12 11:06:08.276 3435-3858/? D/ConnectivityService: updateCapabilities: oldCap = [ Transports: WIFI Capabilities: INTERNET&NOT_RESTRICTED&TRUSTED&NOT_VPN&VALIDATED LinkUpBandwidth>=1048576Kbps LinkDnBandwidth>=1048576Kbps SignalStrength: -62], newCap = [ Transports: WIFI Capabilities: INTERNET&NOT_RESTRICTED&TRUSTED&NOT_VPN LinkUpBandwidth>=1048576Kbps LinkDnBandwidth>=1048576Kbps SignalStrength: -65]
10-12 11:06:08.276 3435-3858/? D/ConnectivityService: rematching NetworkAgentInfo [WIFI () - 502]
10-12 11:06:08.286 3435-3858/? D/ConnectivityService: network has: NetworkAgentInfo{ ni{[type: WIFI[] - WIFI, state: CONNECTED/CONNECTED, reason: (unspecified), extra: "WLAN-198160", roaming: false, failover: false, isAvailable: true]} network{502} lp{{InterfaceName: wlan0 LinkAddresses: [fe80::ae5f:3eff:fe5a:4d38/64,192.168.2.117/24,2003:7a:4d12:82ae:ae5f:3eff:fe5a:4d38/64,2003:7a:4d12:82ae:bc25:b0a4:9c17:85bc/64,] Routes: [fe80::/64 -> :: wlan0,::/0 -> fe80::1 wlan0,2003:7a:4d12:82ae::/64 -> :: wlan0,192.168.2.0/24 -> 0.0.0.0 wlan0,0.0.0.0/0 -> 192.168.2.1 wlan0,] DnsAddresses: [192.168.2.1,] Domains: Speedport_W_921V_1_39_000 MTU: 0 TcpBufferSizes: 524288,1048576,2097120,524288,1048576,4194240}} nc{[ Transports: WIFI Capabilities: INTERNET&NOT_RESTRICTED&TRUSTED&NOT_VPN&VALIDATED LinkUpBandwidth>=1048576Kbps LinkDnBandwidth>=1048576Kbps SignalStrength: -65]} Score{60} everValidated{true} lastValidated{true} created{true} lingering{false} explicitlySelected{false} acceptUnvalidated{false} everCaptivePortalDetected{false} lastCaptivePortalDetected{false} }
10-12 11:06:08.286 3931-4137/? D/NetworkController: onReceive: intent=Intent { act=android.net.wifi.RSSI_CHANGED flg=0x4000010 bqHint=4 VirtualScreenParam=Params{mDisplayId=-1, null, mFlags=0x00000000)} (has extras) }
10-12 11:06:08.316 3435-3858/? D/ConnectivityService: Network NetworkAgentInfo [WIFI () - 502] was already satisfying request 1. No change.
10-12 11:06:08.326 3931-3931/? D/QSTileView: handleLabelStateChanged() label = Wi-Fi cellWidth 272
10-12 11:06:08.326 3435-3858/? D/ConnectivityService: checking if request is: NetworkRequest [ id=10, legacyType=-1, [ Capabilities: INTERNET&NOT_RESTRICTED&TRUSTED&NOT_VPN] ] satisfies: true nri.isRequest: false
10-12 11:06:08.336 3435-3858/? D/ConnectivityService: checking if request is: NetworkRequest [ id=3, legacyType=-1, [] ] satisfies: true nri.isRequest: false
10-12 11:06:08.346 3435-3858/? D/ConnectivityService: checking if request is: NetworkRequest [ id=4, legacyType=-1, [ Transports: CELLULAR Capabilities: INTERNET&NOT_RESTRICTED&TRUSTED&NOT_VPN] ] satisfies: false nri.isRequest: false
10-12 11:06:08.356 29809-29809/? I/chromium: [INFO:CONSOLE(2)] ">FW 06:08 VastTranslator.VastParser parseAdData()", source: http://cvp1.cdn.turner.com/xslo/cvp/ads/freewheel/js/0/AdManager.js (2)
10-12 11:06:08.356 3435-3858/? D/ConnectivityService: checking if request is: NetworkRequest [ id=32, legacyType=-1, [ Capabilities: INTERNET&NOT_RESTRICTED&TRUSTED] ] satisfies: true nri.isRequest: false
10-12 11:06:08.366 29809-29809/? I/chromium: [INFO:CONSOLE(2)] ">FW 06:08 VastTranslator.VastParser getVastVersion(2.0)", source: http://cvp1.cdn.turner.com/xslo/cvp/ads/freewheel/js/0/AdManager.js (2)
10-12 11:06:08.366 3435-3858/? D/ConnectivityService: checking if request is: NetworkRequest [ id=5, legacyType=-1, [ Transports: WIFI Capabilities: INTERNET&NOT_RESTRICTED&TRUSTED&NOT_VPN] ] satisfies: true nri.isRequest: false
10-12 11:06:08.376 29809-29809/? I/chromium: [INFO:CONSOLE(2)] ">FW 06:08 VastTranslator.VastAdPackage parse([object Object])", source: http://cvp1.cdn.turner.com/xslo/cvp/ads/freewheel/js/0/AdManager.js (2)
10-12 11:06:08.376 3435-3858/? D/ConnectivityService: checking if request is: NetworkRequest [ id=34, legacyType=-1, [ Capabilities: INTERNET&NOT_RESTRICTED&TRUSTED] ] satisfies: true nri.isRequest: false
10-12 11:06:08.376 3435-3858/? D/ConnectivityService: notifyType CAP_CHANGED for NetworkAgentInfo [WIFI () - 502]
10-12 11:06:08.376 3435-3858/? D/ConnectivityService: sending notification for NetworkRequest [ id=1, legacyType=-1, [ Capabilities: INTERNET&NOT_RESTRICTED&TRUSTED&NOT_VPN] ]
10-12 11:06:08.376 3435-3858/? D/ConnectivityService: sending notification for NetworkRequest [ id=3, legacyType=-1, [] ]
10-12 11:06:08.376 3435-3858/? D/ConnectivityService: sending notification CAP_CHANGED for NetworkRequest [ id=3, legacyType=-1, [] ]
10-12 11:06:08.376 3435-3858/? D/ConnectivityService: sending notification for NetworkRequest [ id=5, legacyType=-1, [ Transports: WIFI Capabilities: INTERNET&NOT_RESTRICTED&TRUSTED&NOT_VPN] ]
10-12 11:06:08.386 3435-3858/? D/ConnectivityService: sending notification CAP_CHANGED for NetworkRequest [ id=5, legacyType=-1, [ Transports: WIFI Capabilities: INTERNET&NOT_RESTRICTED&TRUSTED&NOT_VPN] ]
10-12 11:06:08.386 3435-3858/? D/ConnectivityService: sending notification for NetworkRequest [ id=10, legacyType=-1, [ Capabilities: INTERNET&NOT_RESTRICTED&TRUSTED&NOT_VPN] ]
10-12 11:06:08.386 3435-3858/? D/ConnectivityService: sending notification CAP_CHANGED for NetworkRequest [ id=10, legacyType=-1, [ Capabilities: INTERNET&NOT_RESTRICTED&TRUSTED&NOT_VPN] ]
10-12 11:06:08.386 3435-3858/? D/ConnectivityService: sending notification for NetworkRequest [ id=32, legacyType=-1, [ Capabilities: INTERNET&NOT_RESTRICTED&TRUSTED] ]
10-12 11:06:08.386 3435-3858/? D/ConnectivityService: sending notification CAP_CHANGED for NetworkRequest [ id=32, legacyType=-1, [ Capabilities: INTERNET&NOT_RESTRICTED&TRUSTED] ]
10-12 11:06:08.386 29809-29809/? I/chromium: [INFO:CONSOLE(2)] ">FW 06:08 VastTranslator.l parse()", source: http://cvp1.cdn.turner.com/xslo/cvp/ads/freewheel/js/0/AdManager.js (2)
10-12 11:06:08.386 3435-3858/? D/ConnectivityService: sending notification for NetworkRequest [ id=34, legacyType=-1, [ Capabilities: INTERNET&NOT_RESTRICTED&TRUSTED] ]
10-12 11:06:08.386 3435-3858/? D/ConnectivityService: sending notification CAP_CHANGED for NetworkRequest [ id=34, legacyType=-1, [ Capabilities: INTERNET&NOT_RESTRICTED&TRUSTED] ]
10-12 11:06:08.396 29809-29809/? I/chromium: [INFO:CONSOLE(2)] ">FW 06:08 VastTranslator.l parseTrackingEvents", source: http://cvp1.cdn.turner.com/xslo/cvp/ads/freewheel/js/0/AdManager.js (2)
10-12 11:06:08.396 29809-29809/? I/chromium: [INFO:CONSOLE(2)] ">FW 06:08 VastTranslator.VastParser parseAdData(): 0inline ads, 1 wrapper ads.", source: http://cvp1.cdn.turner.com/xslo/cvp/ads/freewheel/js/0/AdManager.js (2)
10-12 11:06:08.396 29809-29809/? I/chromium: [INFO:CONSOLE(2)] ">FW 06:08 VastTranslator.VastParser parseAdData(): no usable ads found in vast response!!!", source: http://cvp1.cdn.turner.com/xslo/cvp/ads/freewheel/js/0/AdManager.js (2)
10-12 11:06:08.396 29809-29809/? I/chromium: [INFO:CONSOLE(2)] ">FW 06:08 VastTranslator.VastParser testWrapperForRedirect(pk)", source: http://cvp1.cdn.turner.com/xslo/cvp/ads/freewheel/js/0/AdManager.js (2)
10-12 11:06:08.396 29809-29809/? I/chromium: [INFO:CONSOLE(2)] ">FW 06:08 VastTranslator.VastAdPackage testAndUpdateWrapperForRedirect()", source: http://cvp1.cdn.turner.com/xslo/cvp/ads/freewheel/js/0/AdManager.js (2)
10-12 11:06:08.396 29809-29809/? I/chromium: [INFO:CONSOLE(2)] ">FW 06:08 VastTranslator.VastParser selectUsableAdsCompanionSlots(pk)", source: http://cvp1.cdn.turner.com/xslo/cvp/ads/freewheel/js/0/AdManager.js (2)
10-12 11:06:08.396 29809-29809/? I/chromium: [INFO:CONSOLE(2)] ">FW 06:08 VastTranslator.VastParser testAndUpdatePackageForPageSlots(pk,isCompanion) isCompanion = true", source: http://cvp1.cdn.turner.com/xslo/cvp/ads/freewheel/js/0/AdManager.js (2)
10-12 11:06:08.406 29809-29809/? I/chromium: [INFO:CONSOLE(2)] ">FW 06:08 VastTranslator.VastAdPackage testAndUpdatePackageForPageSlots(true), ads are , slots are ", source: http://cvp1.cdn.turner.com/xslo/cvp/ads/freewheel/js/0/AdManager.js (2)
10-12 11:06:08.406 29809-29809/? I/chromium: [INFO:CONSOLE(2)] ">FW 06:08 VastTranslator.VastAdPackage matchAdsToSlots(ads=, slots=)", source: http://cvp1.cdn.turner.com/xslo/cvp/ads/freewheel/js/0/AdManager.js (2)
10-12 11:06:08.406 29809-29809/? I/chromium: [INFO:CONSOLE(2)] ">FW 06:08 VastTranslator.VastAdPackage matchAdsToSlots: winningAd:null winningSlot:null ratio:1", source: http://cvp1.cdn.turner.com/xslo/cvp/ads/freewheel/js/0/AdManager.js (2)
10-12 11:06:08.406 29809-29809/? I/chromium: [INFO:CONSOLE(2)] ">FW 06:08 VastTranslator scheduleVastAds", source: http://cvp1.cdn.turner.com/xslo/cvp/ads/freewheel/js/0/AdManager.js (2)
10-12 11:06:08.406 29809-29809/? I/chromium: [INFO:CONSOLE(2)] ">FW 06:08 VastTranslator scheduleVastAds(), no ads scheduled, redirect to downstream Secondary Ad Server", source: http://cvp1.cdn.turner.com/xslo/cvp/ads/freewheel/js/0/AdManager.js (2)
10-12 11:06:08.406 29809-29809/? I/chromium: [INFO:CONSOLE(2)] ">FW 06:08 VastTranslator scheduleRedirect", source: http://cvp1.cdn.turner.com/xslo/cvp/ads/freewheel/js/0/AdManager.js (2)
10-12 11:06:08.416 29809-29809/? I/chromium: [INFO:CONSOLE(2)] ">FW 06:08 VastTranslator.VastAdPackage getTrackingEventsOfWrapper", source: http://cvp1.cdn.turner.com/xslo/cvp/ads/freewheel/js/0/AdManager.js (2)
10-12 11:06:08.416 29809-29809/? I/chromium: [INFO:CONSOLE(2)] ">FW 06:08 VastTranslator.VastAdPackage getAdsByTargetType", source: http://cvp1.cdn.turner.com/xslo/cvp/ads/freewheel/js/0/AdManager.js (2)
10-12 11:06:08.426 29809-29809/? I/chromium: [INFO:CONSOLE(2)] ">FW 06:08 VastTranslator initTrackingEvents()", source: http://cvp1.cdn.turner.com/xslo/cvp/ads/freewheel/js/0/AdManager.js (2)
10-12 11:06:08.426 29809-29809/? I/chromium: [INFO:CONSOLE(2)] ">FW 06:08 VastTranslator augmentCallbacks(defaultImpression, IMPRESSION, ), empty callbacks", source: http://cvp1.cdn.turner.com/xslo/cvp/ads/freewheel/js/0/AdManager.js (2)
10-12 11:06:08.426 29809-29809/? I/chromium: [INFO:CONSOLE(2)] ">FW 06:08 VastTranslator augmentCallbacks(defaultImpression, IMPRESSION, ), empty callbacks", source: http://cvp1.cdn.turner.com/xslo/cvp/ads/freewheel/js/0/AdManager.js (2)
10-12 11:06:08.426 29809-29809/? I/chromium: [INFO:CONSOLE(2)] ">FW 06:08 VastTranslator augmentCallbacks(firstQuartile, IMPRESSION, ), empty callbacks", source: http://cvp1.cdn.turner.com/xslo/cvp/ads/freewheel/js/0/AdManager.js (2)
10-12 11:06:08.426 29809-29809/? I/chromium: [INFO:CONSOLE(2)] ">FW 06:08 VastTranslator augmentCallbacks(midPoint, IMPRESSION, ), empty callbacks", source: http://cvp1.cdn.turner.com/xslo/cvp/ads/freewheel/js/0/AdManager.js (2)
10-12 11:06:08.426 29809-29809/? I/chromium: [INFO:CONSOLE(2)] ">FW 06:08 VastTranslator augmentCallbacks(thirdQuartile, IMPRESSION, ), empty callbacks", source: http://cvp1.cdn.turner.com/xslo/cvp/ads/freewheel/js/0/AdManager.js (2)
10-12 11:06:08.426 29809-29809/? I/chromium: [INFO:CONSOLE(2)] ">FW 06:08 VastTranslator augmentCallbacks(complete, IMPRESSION, ), empty callbacks", source: http://cvp1.cdn.turner.com/xslo/cvp/ads/freewheel/js/0/AdManager.js (2)
10-12 11:06:08.426 29809-29809/? I/chromium: [INFO:CONSOLE(2)] ">FW 06:08 VastTranslator augmentCallbacks(_mute, STANDARD, ), empty callbacks", source: http://cvp1.cdn.turner.com/xslo/cvp/ads/freewheel/js/0/AdManager.js (2)
10-12 11:06:08.426 29809-29809/? I/chromium: [INFO:CONSOLE(2)] ">FW 06:08 VastTranslator augmentCallbacks(_un-mute, STANDARD, ), empty callbacks", source: http://cvp1.cdn.turner.com/xslo/cvp/ads/freewheel/js/0/AdManager.js (2)
10-12 11:06:08.426 29809-29809/? I/chromium: [INFO:CONSOLE(2)] ">FW 06:08 VastTranslator augmentCallbacks(_pause, STANDARD, ), empty callbacks", source: http://cvp1.cdn.turner.com/xslo/cvp/ads/freewheel/js/0/AdManager.js (2)
10-12 11:06:08.426 29809-29809/? I/chromium: [INFO:CONSOLE(2)] ">FW 06:08 VastTranslator augmentCallbacks(_resume, STANDARD, ), empty callbacks", source: http://cvp1.cdn.turner.com/xslo/cvp/ads/freewheel/js/0/AdManager.js (2)
10-12 11:06:08.426 29809-29809/? I/chromium: [INFO:CONSOLE(2)] ">FW 06:08 VastTranslator augmentCallbacks(_rewind, STANDARD, ), empty callbacks", source: http://cvp1.cdn.turner.com/xslo/cvp/ads/freewheel/js/0/AdManager.js (2)
10-12 11:06:08.426 29809-29809/? I/chromium: [INFO:CONSOLE(2)] ">FW 06:08 VastTranslator augmentCallbacks(_expand, STANDARD, ), empty callbacks", source: http://cvp1.cdn.turner.com/xslo/cvp/ads/freewheel/js/0/AdManager.js (2)
10-12 11:06:08.426 29809-29809/? I/chromium: [INFO:CONSOLE(2)] ">FW 06:08 VastTranslator augmentCallbacks(_collapse, STANDARD, ), empty callbacks", source: http://cvp1.cdn.turner.com/xslo/cvp/ads/freewheel/js/0/AdManager.js (2)
10-12 11:06:08.426 29809-29809/? I/chromium: [INFO:CONSOLE(2)] ">FW 06:08 VastTranslator augmentCallbacks(_expand, STANDARD, ), empty callbacks", source: http://cvp1.cdn.turner.com/xslo/cvp/ads/freewheel/js/0/AdManager.js (2)
10-12 11:06:08.426 29809-29809/? I/chromium: [INFO:CONSOLE(2)] ">FW 06:08 VastTranslator augmentCallbacks(_close, STANDARD, ), empty callbacks", source: http://cvp1.cdn.turner.com/xslo/cvp/ads/freewheel/js/0/AdManager.js (2)
10-12 11:06:08.436 29809-29809/? I/chromium: [INFO:CONSOLE(2)] ">FW 06:08 VastTranslator augmentCallbacks(_accept-invitation, STANDARD, ), empty callbacks", source: http://cvp1.cdn.turner.com/xslo/cvp/ads/freewheel/js/0/AdManager.js (2)
10-12 11:06:08.436 29809-29809/? I/chromium: [INFO:CONSOLE(2)] ">FW 06:08 VastTranslator initErrorTrackings()", source: http://cvp1.cdn.turner.com/xslo/cvp/ads/freewheel/js/0/AdManager.js (2)
10-12 11:06:08.436 29809-29809/? I/chromium: [INFO:CONSOLE(2)] ">FW 06:08 VastTranslator augmentCallbacks(_e_unknown, ERROR, http://sync.mathtag.com/sync/img?mt_exid=59&redir=http://partners.tremorhub.com%2Fsync%3FUIMM%3D%5BMM_UUID%5D&rid=fae51b017c70450496f3b7ddf7736f9e)", source: http://cvp1.cdn.turner.com/xslo/cvp/ads/freewheel/js/0/AdManager.js (2)
10-12 11:06:08.436 29809-29809/? I/chromium: [INFO:CONSOLE(2)] ">FW 06:08 VastTranslator.VastAdPackage getClickThroughOfWrapper", source: http://cvp1.cdn.turner.com/xslo/cvp/ads/freewheel/js/0/AdManager.js (2)
10-12 11:06:08.436 29809-29809/? I/chromium: [INFO:CONSOLE(2)] ">FW 06:08 VastTranslator.VastAdPackage getAdsByTargetType", source: http://cvp1.cdn.turner.com/xslo/cvp/ads/freewheel/js/0/AdManager.js (2)
10-12 11:06:08.436 29809-29809/? I/chromium: [INFO:CONSOLE(2)] ">FW 06:08 VastTranslator.VastAdPackage getClickTrackingsOfWrapper", source: http://cvp1.cdn.turner.com/xslo/cvp/ads/freewheel/js/0/AdManager.js (2)
10-12 11:06:08.436 29809-29809/? I/chromium: [INFO:CONSOLE(2)] ">FW 06:08 VastTranslator.VastAdPackage getAdsByTargetType", source: http://cvp1.cdn.turner.com/xslo/cvp/ads/freewheel/js/0/AdManager.js (2)
10-12 11:06:08.436 29809-29809/? I/chromium: [INFO:CONSOLE(2)] ">FW 06:08 VastTranslator.VastAdPackage getCustomClicksOfWrapper", source: http://cvp1.cdn.turner.com/xslo/cvp/ads/freewheel/js/0/AdManager.js (2)
10-12 11:06:08.436 29809-29809/? I/chromium: [INFO:CONSOLE(2)] ">FW 06:08 VastTranslator.VastAdPackage getAdsByTargetType", source: http://cvp1.cdn.turner.com/xslo/cvp/ads/freewheel/js/0/AdManager.js (2)
10-12 11:06:08.436 29809-29809/? I/chromium: [INFO:CONSOLE(2)] ">FW 06:08 VastTranslator.VastAdPackage getImpressionOfWrapper", source: http://cvp1.cdn.turner.com/xslo/cvp/ads/freewheel/js/0/AdManager.js (2)
10-12 11:06:08.436 29809-29809/? I/chromium: [INFO:CONSOLE(2)] ">FW 06:08 VastTranslator.VastAdPackage getAdsByTargetType", source: http://cvp1.cdn.turner.com/xslo/cvp/ads/freewheel/js/0/AdManager.js (2)
10-12 11:06:08.446 29809-29809/? I/chromium: [INFO:CONSOLE(2)] ">FW 06:08 VastTranslator initClickAndImpressionEvents", source: http://cvp1.cdn.turner.com/xslo/cvp/ads/freewheel/js/0/AdManager.js (2)
10-12 11:06:08.446 29809-29809/? I/chromium: [INFO:CONSOLE(2)] ">FW 06:08 VastTranslator augmentCallbacks(defaultImpression, IMPRESSION, ), empty callbacks", source: http://cvp1.cdn.turner.com/xslo/cvp/ads/freewheel/js/0/AdManager.js (2)
10-12 11:06:08.446 29809-29809/? I/chromium: [INFO:CONSOLE(2)] ">FW 06:08 VastTranslator scheduleRedirect, schedule companion for redirect ad ", source: http://cvp1.cdn.turner.com/xslo/cvp/ads/freewheel/js/0/AdManager.js (2)
10-12 11:06:08.446 29809-29809/? I/chromium: [INFO:CONSOLE(2)] ">FW 06:08 AdInstance.play null", source: http://cvp1.cdn.turner.com/xslo/cvp/ads/freewheel/js/0/AdManager.js (2)
10-12 11:06:08.446 29809-29809/? I/chromium: [INFO:CONSOLE(2)] ">FW 06:08 Slot.playNextAdInstance PREROLL", source: http://cvp1.cdn.turner.com/xslo/cvp/ads/freewheel/js/0/AdManager.js (2)
10-12 11:06:08.446 29809-29809/? I/chromium: [INFO:CONSOLE(2)] ">FW 06:08 VastTranslator Checking CompanionSlots, length = 0, rendererController.getCompanionSlots().length = 0, AdInstance.getCompanionSlots.length = 0", source: http://cvp1.cdn.turner.com/xslo/cvp/ads/freewheel/js/0/AdManager.js (2)
10-12 11:06:08.446 29809-29809/? I/chromium: [INFO:CONSOLE(2)] ">FW 06:08 VastTranslator ExpectedDrivingContentType:video/mp4, ExpectedDrivingAPI:None", source: http://cvp1.cdn.turner.com/xslo/cvp/ads/freewheel/js/0/AdManager.js (2)
10-12 11:06:08.446 29809-29809/? I/chromium: [INFO:CONSOLE(2)] ">FW 06:08 VastTranslator AdInstance.getActiveCreativeRendition().getWrapperUrl()=http://partners.tremorhub.com/syncnoad?rid=fae51b017c70450496f3b7ddf7736f9e&p=appnexus%2Cgoogle%2Cdataxu%2Ceyeview%2Ctremornet%2Crocketfuel%2CadapTV%2Caudiencescience%2CTubeMogul-GP%2C_dmp_turbine%2CBidswitch%2Cdynadmic%2CVideology%2Ccentro%2Cvideoamp%2Cconversant%2Cthetradedesk%2CTapAd%2CSundaySky%2Cbeeswax%2C1%2Cignitionone%2CBidTheatre&uid=592aee451ae84cecbda3f61f916f4ac6&init=true, getWrapperType()=external/vast-2", source: http://cvp1.cdn.turner.com/xslo/cvp/ads/freewheel/js/0/AdManager.js (2)
10-12 11:06:08.446 29809-29809/? I/chromium: [INFO:CONSOLE(2)] ">FW 06:08 VastTranslator will load vast xml, asyncAjax:false", source: http://cvp1.cdn.turner.com/xslo/cvp/ads/freewheel/js/0/AdManager.js (2)
10-12 11:06:08.456 3143-3708/? D/EnterpriseController: netId is 0
10-12 11:06:08.456 3143-3708/? D/Netd: getNetworkForDns: using netid 502 for uid 10207
10-12 11:06:08.766 29809-29809/? I/chromium: [INFO:CONSOLE(2)] ">FW 06:08 VastTranslator.VastParser parseAdData()", source: http://cvp1.cdn.turner.com/xslo/cvp/ads/freewheel/js/0/AdManager.js (2)
10-12 11:06:08.766 29809-29809/? I/chromium: [INFO:CONSOLE(2)] ">FW 06:08 FAIL VastTranslator _e_parse ", source: http://cvp1.cdn.turner.com/xslo/cvp/ads/freewheel/js/0/AdManager.js (2)
10-12 11:06:08.766 29809-29809/? I/chromium: [INFO:CONSOLE(2)] ">FW 06:08 Context.dispatchEvent adEvent", source: http://cvp1.cdn.turner.com/xslo/cvp/ads/freewheel/js/0/AdManager.js (2)
10-12 11:06:08.766 29809-29809/? I/chromium: [INFO:CONSOLE(2)] ">FW 06:08 Context.dispatchEvent adEvent", source: http://cvp1.cdn.turner.com/xslo/cvp/ads/freewheel/js/0/AdManager.js (2)
10-12 11:06:08.766 29809-29809/? I/chromium: [INFO:CONSOLE(2)] ">FW 06:08 Slot.playNextAdInstance PREROLL", source: http://cvp1.cdn.turner.com/xslo/cvp/ads/freewheel/js/0/AdManager.js (2)
10-12 11:06:08.776 29809-29809/? I/chromium: [INFO:CONSOLE(2)] ">FW 06:08 VastTranslator Checking CompanionSlots, length = 0, rendererController.getCompanionSlots().length = 0, AdInstance.getCompanionSlots.length = 0", source: http://cvp1.cdn.turner.com/xslo/cvp/ads/freewheel/js/0/AdManager.js (2)
10-12 11:06:08.776 29809-29809/? I/chromium: [INFO:CONSOLE(2)] ">FW 06:08 VastTranslator ExpectedDrivingContentType:video/mp4, ExpectedDrivingAPI:None", source: http://cvp1.cdn.turner.com/xslo/cvp/ads/freewheel/js/0/AdManager.js (2)
10-12 11:06:08.776 29809-29809/? I/chromium: [INFO:CONSOLE(2)] ">FW 06:08 VastTranslator AdInstance.getActiveCreativeRendition().getWrapperUrl()=http://optimized-by.rubiconproject.com/a/api/vast.xml?account_id=11016&site_id=67202&zone_id=317124&size_id=201&width=360&height=640&tg_c.language=, getWrapperType()=external/vast-2", source: http://cvp1.cdn.turner.com/xslo/cvp/ads/freewheel/js/0/AdManager.js (2)
10-12 11:06:08.776 29809-29809/? I/chromium: [INFO:CONSOLE(2)] ">FW 06:08 VastTranslator will load vast xml, asyncAjax:false", source: http://cvp1.cdn.turner.com/xslo/cvp/ads/freewheel/js/0/AdManager.js (2)
10-12 11:06:08.776 3143-3708/? D/EnterpriseController: netId is 0
10-12 11:06:08.776 3143-3708/? D/Netd: getNetworkForDns: using netid 502 for uid 10207
10-12 11:06:08.996 29809-29809/? I/chromium: [INFO:CONSOLE(2)] ">FW 06:09 VastTranslator.VastParser parseAdData()", source: http://cvp1.cdn.turner.com/xslo/cvp/ads/freewheel/js/0/AdManager.js (2)
10-12 11:06:08.996 29809-29809/? I/chromium: [INFO:CONSOLE(2)] ">FW 06:09 FAIL VastTranslator _e_parse ", source: http://cvp1.cdn.turner.com/xslo/cvp/ads/freewheel/js/0/AdManager.js (2)
10-12 11:06:08.996 29809-29809/? I/chromium: [INFO:CONSOLE(2)] ">FW 06:09 Context.dispatchEvent adEvent", source: http://cvp1.cdn.turner.com/xslo/cvp/ads/freewheel/js/0/AdManager.js (2)
10-12 11:06:09.006 29809-29809/? I/chromium: [INFO:CONSOLE(2)] ">FW 06:09 Context.dispatchEvent adEvent", source: http://cvp1.cdn.turner.com/xslo/cvp/ads/freewheel/js/0/AdManager.js (2)
10-12 11:06:09.006 29809-29809/? I/chromium: [INFO:CONSOLE(2)] ">FW 06:09 Slot.playNextAdInstance PREROLL", source: http://cvp1.cdn.turner.com/xslo/cvp/ads/freewheel/js/0/AdManager.js (2)
10-12 11:06:09.006 29809-29809/? I/chromium: [INFO:CONSOLE(2)] ">FW 06:09 VastTranslator Checking CompanionSlots, length = 0, rendererController.getCompanionSlots().length = 0, AdInstance.getCompanionSlots.length = 0", source: http://cvp1.cdn.turner.com/xslo/cvp/ads/freewheel/js/0/AdManager.js (2)
10-12 11:06:09.006 29809-29809/? I/chromium: [INFO:CONSOLE(2)] ">FW 06:09 VastTranslator ExpectedDrivingContentType:text/js_ref, ExpectedDrivingAPI:VPAID", source: http://cvp1.cdn.turner.com/xslo/cvp/ads/freewheel/js/0/AdManager.js (2)
10-12 11:06:09.006 29809-29809/? I/chromium: [INFO:CONSOLE(2)] ">FW 06:09 VastTranslator AdInstance.getActiveCreativeRendition().getWrapperUrl()=https://ima3vpaid.appspot.com/?adTagUrl=https%3A%2F%2Fgoogleads.g.doubleclick.net%2Fpagead%2Fads%3Fclient%3Dca-video-pub-8566795000208645%26slotname%3D1508319315%26ad_type%3Dstandardvideo%26description_url%3Dhttp%253A%252F%252Fedition.cnn.com%252F%26max_ad_duration%3D15000%26videoad_start_delay%3D0&type=all, getWrapperType()=external/vast-2", source: http://cvp1.cdn.turner.com/xslo/cvp/ads/freewheel/js/0/AdManager.js (2)
10-12 11:06:09.006 29809-29809/? I/chromium: [INFO:CONSOLE(2)] ">FW 06:09 VastTranslator will load vast xml, asyncAjax:false", source: http://cvp1.cdn.turner.com/xslo/cvp/ads/freewheel/js/0/AdManager.js (2)
10-12 11:06:09.016 3143-3708/? D/EnterpriseController: netId is 0
10-12 11:06:09.016 3143-3708/? D/Netd: getNetworkForDns: using netid 502 for uid 10207
10-12 11:06:09.386 29809-29809/? I/chromium: [INFO:CONSOLE(2)] ">FW 06:09 VastTranslator.VastParser parseAdData()", source: http://cvp1.cdn.turner.com/xslo/cvp/ads/freewheel/js/0/AdManager.js (2)
10-12 11:06:09.396 29809-29809/? I/chromium: [INFO:CONSOLE(2)] ">FW 06:09 VastTranslator.VastParser getVastVersion(2.0)", source: http://cvp1.cdn.turner.com/xslo/cvp/ads/freewheel/js/0/AdManager.js (2)
10-12 11:06:09.406 29809-29809/? I/chromium: [INFO:CONSOLE(2)] ">FW 06:09 VastTranslator.VastAdPackage parse([object Object])", source: http://cvp1.cdn.turner.com/xslo/cvp/ads/freewheel/js/0/AdManager.js (2)
10-12 11:06:09.406 29809-29809/? I/chromium: [INFO:CONSOLE(2)] ">FW 06:09 VastTranslator.l parse()", source: http://cvp1.cdn.turner.com/xslo/cvp/ads/freewheel/js/0/AdManager.js (2)
10-12 11:06:09.416 29809-29809/? I/chromium: [INFO:CONSOLE(2)] ">FW 06:09 VastTranslator.VastRendition init(https://imasdk.googleapis.com/flash/sdkloader/vpaid1adsdk.swf?adTagUrl=https%3A%2F%2Fgoogleads.g.doubleclick.net%2Fpagead%2Fads%3Fclient%3Dca-video-pub-8566795000208645%26slotname%3D1508319315%26ad_type%3Dstandardvideo%26description_url%3Dhttp%253A%252F%252Fedition.cnn.com%252F%26max_ad_duration%3D15000%26videoad_start_delay%3D0&type=all,640,480,application/x-shockwave-flash,,NaN,VPAID,)", source: http://cvp1.cdn.turner.com/xslo/cvp/ads/freewheel/js/0/AdManager.js (2)
10-12 11:06:09.416 29809-29809/? I/chromium: [INFO:CONSOLE(2)] ">FW 06:09 VastTranslator.VastRendition init(https://imasdk.googleapis.com/js/sdkloader/vpaid_adapter.js?adTagUrl=https%3A%2F%2Fgoogleads.g.doubleclick.net%2Fpagead%2Fads%3Fclient%3Dca-video-pub-8566795000208645%26slotname%3D1508319315%26ad_type%3Dstandardvideo%26description_url%3Dhttp%253A%252F%252Fedition.cnn.com%252F%26max_ad_duration%3D15000%26videoad_start_delay%3D0&type=all,640,480,application/javascript,,NaN,VPAID,)", source: http://cvp1.cdn.turner.com/xslo/cvp/ads/freewheel/js/0/AdManager.js (2)
10-12 11:06:09.416 29809-29809/? I/chromium: [INFO:CONSOLE(2)] ">FW 06:09 VastTranslator.VastParser parseAdData(): 1inline ads, 0 wrapper ads.", source: http://cvp1.cdn.turner.com/xslo/cvp/ads/freewheel/js/0/AdManager.js (2)
10-12 11:06:09.416 29809-29809/? I/chromium: [INFO:CONSOLE(2)] ">FW 06:09 VastTranslator.VastParser selectUsableAdsForDrivingSlot()", source: http://cvp1.cdn.turner.com/xslo/cvp/ads/freewheel/js/0/AdManager.js (2)
10-12 11:06:09.416 29809-29809/? I/chromium: [INFO:CONSOLE(2)] ">FW 06:09 VastTranslator.VastParser testAndUpdatePackageForTemporalSlot(pk,isLinear), isLinear = true", source: http://cvp1.cdn.turner.com/xslo/cvp/ads/freewheel/js/0/AdManager.js (2)
10-12 11:06:09.426 29809-29809/? I/chromium: [INFO:CONSOLE(2)] ">FW 06:09 VastTranslator.VastAdPackage testAndUpdatePackageForTemporalSlot(true)", source: http://cvp1.cdn.turner.com/xslo/cvp/ads/freewheel/js/0/AdManager.js (2)
10-12 11:06:09.426 29809-29809/? I/chromium: [INFO:CONSOLE(2)] ">FW 06:09 VastTranslator.VastAdPackage testAndUpdatePackageForTemporalSlot(), ads.length = 1", source: http://cvp1.cdn.turner.com/xslo/cvp/ads/freewheel/js/0/AdManager.js (2)
10-12 11:06:09.426 29809-29809/? I/chromium: [INFO:CONSOLE(2)] ">FW 06:09 VastTranslator.VastAdPackage findRenditionGroupByContentType:l, renditions:url:https://imasdk.googleapis.com/flash/sdkloader/vpaid1adsdk.swf?adTagUrl=https%3A%2F%2Fgoogleads.g.doubleclick.net%2Fpagead%2Fads%3Fclient%3Dca-video-pub-8566795000208645%26slotname%3D1508319315%26ad_type%3Dstandardvideo%26description_url%3Dhttp%253A%252F%252Fedition.cnn.com%252F%26max_ad_duration%3D15000%26videoad_start_delay%3D0&type=all,code:null,width:640,height:480,creativeType:application/x-shockwave-flash,resourceType:,bitrate:NaN,creativeApi:VPAID,clickThrough:null,clickTrackings:,customClicks:,creativeData:null,url:https://imasdk.googleapis.com/js/sdkloader/vpaid_adapter.js?adTagUrl=https%3A%2F%2Fgoogleads.g.doubleclick.net%2Fpagead%2Fads%3Fclient%3Dca-video-pub-8566795000208645%26slotname%3D1508319315%26ad_type%3Dstandardvideo%26description_url%3Dhttp%253A%252F%252Fedition.cnn.com%252F%26max_ad_duration%3D15000%26videoad_start_delay%3D0&type=all,code:null,width:640,height:480,creativeType:application/javascript,resourceType:,bitrate:NaN,creativeApi:VPAID,clickThrough:null,clickTrackings:,customClicks:,creativeData:null", source: http://cvp1.cdn.turner.com/xslo/cvp/ads/freewheel/js/0/AdManager.js (2)
10-12 11:06:09.426 29809-29809/? I/chromium: [INFO:CONSOLE(2)] ">FW 06:09 VastTranslator.VastAdPackage testAndUpdatePackageForTemporalSlot() : found driving ad and renditions group: url:https://imasdk.googleapis.com/flash/sdkloader/vpaid1adsdk.swf?adTagUrl=https%3A%2F%2Fgoogleads.g.doubleclick.net%2Fpagead%2Fads%3Fclient%3Dca-video-pub-8566795000208645%26slotname%3D1508319315%26ad_type%3Dstandardvideo%26description_url%3Dhttp%253A%252F%252Fedition.cnn.com%252F%26max_ad_duration%3D15000%26videoad_start_delay%3D0&type=all,code:null,width:640,height:480,creativeType:application/x-shockwave-flash,resourceType:,bitrate:NaN,creativeApi:VPAID,clickThrough:null,clickTrackings:,customClicks:,creativeData:null,url:https://imasdk.googleapis.com/js/sdkloader/vpaid_adapter.js?adTagUrl=https%3A%2F%2Fgoogleads.g.doubleclick.net%2Fpagead%2Fads%3Fclient%3Dca-video-pub-8566795000208645%26slotname%3D1508319315%26ad_type%3Dstandardvideo%26description_url%3Dhttp%253A%252F%252Fedition.cnn.com%252F%26max_ad_duration%3D15000%26videoad_start_delay%3D0&type=all,code:null,width:640,height:480,creativeType:application/javascript,resourceType:,bitrate:NaN,creativeApi:VPAID,clickThrough:null,clickTrackings:,customClicks:,creativeData:null", source: http://cvp1.cdn.turner.com/xslo/cvp/ads/freewheel/js/0/AdManager.js (2)
10-12 11:06:09.426 29809-29809/? I/chromium: [INFO:CONSOLE(2)] ">FW 06:09 VastTranslator.VastParser parseAdData(): package for driving slot is found!!!", source: http://cvp1.cdn.turner.com/xslo/cvp/ads/freewheel/js/0/AdManager.js (2)
10-12 11:06:09.426 29809-29809/? I/chromium: [INFO:CONSOLE(2)] ">FW 06:09 VastTranslator scheduleVastAds", source: http://cvp1.cdn.turner.com/xslo/cvp/ads/freewheel/js/0/AdManager.js (2)
10-12 11:06:09.436 29809-29809/? I/chromium: [INFO:CONSOLE(2)] ">FW 06:09 VastTranslator scheduleVastAds(), ads returned from vast response, going to schedule them", source: http://cvp1.cdn.turner.com/xslo/cvp/ads/freewheel/js/0/AdManager.js (2)
10-12 11:06:09.436 29809-29809/? I/chromium: [INFO:CONSOLE(2)] ">FW 06:09 VastTranslator scheduleVastAds(), ads returned from vast response, going to schedule them with driving ad", source: http://cvp1.cdn.turner.com/xslo/cvp/ads/freewheel/js/0/AdManager.js (2)
10-12 11:06:09.436 29809-29809/? I/chromium: [INFO:CONSOLE(2)] ">FW 06:09 VastTranslator scheduleAdPackage()", source: http://cvp1.cdn.turner.com/xslo/cvp/ads/freewheel/js/0/AdManager.js (2)
10-12 11:06:09.436 29809-29809/? I/chromium: [INFO:CONSOLE(2)] ">FW 06:09 VastTranslator ", source: http://cvp1.cdn.turner.com/xslo/cvp/ads/freewheel/js/0/AdManager.js (2)
10-12 11:06:09.436 29809-29809/? I/chromium: [INFO:CONSOLE(2)] ">FW 06:09 VastTranslator initTemporalAdInstance", source: http://cvp1.cdn.turner.com/xslo/cvp/ads/freewheel/js/0/AdManager.js (2)
10-12 11:06:09.436 29809-29809/? I/chromium: [INFO:CONSOLE(2)] ">FW 06:09 VastTranslator vastRenditions:url:https://imasdk.googleapis.com/flash/sdkloader/vpaid1adsdk.swf?adTagUrl=https%3A%2F%2Fgoogleads.g.doubleclick.net%2Fpagead%2Fads%3Fclient%3Dca-video-pub-8566795000208645%26slotname%3D1508319315%26ad_type%3Dstandardvideo%26description_url%3Dhttp%253A%252F%252Fedition.cnn.com%252F%26max_ad_duration%3D15000%26videoad_start_delay%3D0&type=all,code:null,width:640,height:480,creativeType:application/x-shockwave-flash,resourceType:,bitrate:NaN,creativeApi:VPAID,clickThrough:null,clickTrackings:,customClicks:,creativeData:null,url:https://imasdk.googleapis.com/js/sdkloader/vpaid_adapter.js?adTagUrl=https%3A%2F%2Fgoogleads.g.doubleclick.net%2Fpagead%2Fads%3Fclient%3Dca-video-pub-8566795000208645%26slotname%3D1508319315%26ad_type%3Dstandardvideo%26description_url%3Dhttp%253A%252F%252Fedition.cnn.com%252F%26max_ad_duration%3D15000%26videoad_start_delay%3D0&type=all,code:null,width:640,height:480,creativeType:application/javascript,resourceType:,bitrate:NaN,creativeApi:VPAID,clickThrough:null,clickTrackings:,customClicks:,creativeData:null", source: http://cvp1.cdn.turner.com/xslo/cvp/ads/freewheel/js/0/AdManager.js (2)
10-12 11:06:09.446 29809-29809/? I/chromium: [INFO:CONSOLE(2)] ">FW 06:09 VastTranslator initTemporalAdInstance() set rendition/asset [vastRd.creativeApi,vastAd.duration,vastRd.width,vastRd.height,vastRd.url,assetContentType,vastRd.creativeType] = VPAID,30,640,480,https://imasdk.googleapis.com/flash/sdkloader/vpaid1adsdk.swf?adTagUrl=https%3A%2F%2Fgoogleads.g.doubleclick.net%2Fpagead%2Fads%3Fclient%3Dca-video-pub-8566795000208645%26slotname%3D1508319315%26ad_type%3Dstandardvideo%26description_url%3Dhttp%253A%252F%252Fedition.cnn.com%252F%26max_ad_duration%3D15000%26videoad_start_delay%3D0&type=all,application/x-shockwave-flash,application/x-shockwave-flash", source: http://cvp1.cdn.turner.com/xslo/cvp/ads/freewheel/js/0/AdManager.js (2)
10-12 11:06:09.446 29809-29809/? I/chromium: [INFO:CONSOLE(2)] ">FW 06:09 VastTranslator adjustMatchedRendition 5208481, contentType application/x-shockwave-flash, creativeAPI VPAID, preference 6", source: http://cvp1.cdn.turner.com/xslo/cvp/ads/freewheel/js/0/AdManager.js (2)
10-12 11:06:09.446 29809-29809/? I/chromium: [INFO:CONSOLE(2)] ">FW 06:09 VastTranslator initTemporalAdInstance() set rendition/asset [vastRd.creativeApi,vastAd.duration,vastRd.width,vastRd.height,vastRd.url,assetContentType,vastRd.creativeType] = VPAID,30,640,480,https://imasdk.googleapis.com/js/sdkloader/vpaid_adapter.js?adTagUrl=https%3A%2F%2Fgoogleads.g.doubleclick.net%2Fpagead%2Fads%3Fclient%3Dca-video-pub-8566795000208645%26slotname%3D1508319315%26ad_type%3Dstandardvideo%26description_url%3Dhttp%253A%252F%252Fedition.cnn.com%252F%26max_ad_duration%3D15000%26videoad_start_delay%3D0&type=all,application/javascript,application/javascript", source: http://cvp1.cdn.turner.com/xslo/cvp/ads/freewheel/js/0/AdManager.js (2)
10-12 11:06:09.446 29809-29809/? I/chromium: [INFO:CONSOLE(2)] ">FW 06:09 VastTranslator adjustMatchedRendition 5208481, contentType text/js_ref, creativeAPI VPAID, preference 10", source: http://cvp1.cdn.turner.com/xslo/cvp/ads/freewheel/js/0/AdManager.js (2)
10-12 11:06:09.446 29809-29809/? I/chromium: [INFO:CONSOLE(2)] ">FW 06:09 VastTranslator.l get trackingEvents()", source: http://cvp1.cdn.turner.com/xslo/cvp/ads/freewheel/js/0/AdManager.js (2)
10-12 11:06:09.446 29809-29809/? I/chromium: [INFO:CONSOLE(2)] ">FW 06:09 VastTranslator initTrackingEvents()", source: http://cvp1.cdn.turner.com/xslo/cvp/ads/freewheel/js/0/AdManager.js (2)
10-12 11:06:09.456 29809-29809/? I/chromium: [INFO:CONSOLE(2)] ">FW 06:09 VastTranslator initErrorTrackings()", source: http://cvp1.cdn.turner.com/xslo/cvp/ads/freewheel/js/0/AdManager.js (2)
10-12 11:06:09.456 29809-29809/? I/chromium: [INFO:CONSOLE(2)] ">FW 06:09 VastTranslator augmentCallbacks(_e_unknown, ERROR, ), empty callbacks", source: http://cvp1.cdn.turner.com/xslo/cvp/ads/freewheel/js/0/AdManager.js (2)
10-12 11:06:09.456 29809-29809/? I/chromium: [INFO:CONSOLE(2)] ">FW 06:09 VastTranslator initClickAndImpressionEvents", source: http://cvp1.cdn.turner.com/xslo/cvp/ads/freewheel/js/0/AdManager.js (2)
10-12 11:06:09.456 29809-29809/? I/chromium: [INFO:CONSOLE(2)] ">FW 06:09 VastTranslator augmentCallbacks(defaultImpression, IMPRESSION, ), empty callbacks", source: http://cvp1.cdn.turner.com/xslo/cvp/ads/freewheel/js/0/AdManager.js (2)
10-12 11:06:09.456 29809-29809/? I/chromium: [INFO:CONSOLE(2)] ">FW 06:09 AdInstance.play null", source: http://cvp1.cdn.turner.com/xslo/cvp/ads/freewheel/js/0/AdManager.js (2)
10-12 11:06:09.456 29809-29809/? I/chromium: [INFO:CONSOLE(2)] ">FW 06:09 Slot.playNextAdInstance PREROLL", source: http://cvp1.cdn.turner.com/xslo/cvp/ads/freewheel/js/0/AdManager.js (2)
10-12 11:06:09.456 29809-29809/? I/chromium: [INFO:CONSOLE(2)] ">FW 06:09 VPAIDRenderer start()", source: http://cvp1.cdn.turner.com/xslo/cvp/ads/freewheel/js/0/AdManager.js (2)
10-12 11:06:09.466 29809-29809/? I/chromium: [INFO:CONSOLE(2)] ">FW 06:09 loadCreativeAsset(https://imasdk.googleapis.com/js/sdkloader/vpaid_adapter.js?adTagUrl=https%3A%2F%2Fgoogleads.g.doubleclick.net%2Fpagead%2Fads%3Fclient%3Dca-video-pub-8566795000208645%26slotname%3D1508319315%26ad_type%3Dstandardvideo%26description_url%3Dhttp%253A%252F%252Fedition.cnn.com%252F%26max_ad_duration%3D15000%26videoad_start_delay%3D0&type=all)", source: http://cvp1.cdn.turner.com/xslo/cvp/ads/freewheel/js/0/AdManager.js (2)
10-12 11:06:09.486 29809-29809/? W/DisplayListCanvas: DisplayListCanvas is started on unbinded RenderNode (without mOwningView)
10-12 11:06:09.486 3143-3708/? D/EnterpriseController: netId is 0
10-12 11:06:09.486 3143-3708/? D/Netd: getNetworkForDns: using netid 502 for uid 10207
10-12 11:06:09.486 29809-29809/? I/chromium: [INFO:CONSOLE(2)] ">FW 06:09 Wait for loadCreativeAsset for 10000ms", source: http://cvp1.cdn.turner.com/xslo/cvp/ads/freewheel/js/0/AdManager.js (2)
10-12 11:06:09.486 29809-29809/? I/chromium: [INFO:CONSOLE(2)] ">FW 06:09 Auto play site section nonTemporal slots", source: http://cvp1.cdn.turner.com/xslo/cvp/ads/freewheel/js/0/AdManager.js (2)
10-12 11:06:09.486 29809-29809/? I/chromium: [INFO:CONSOLE(2)] ">FW 06:09 Slot.play DISPLAY", source: http://cvp1.cdn.turner.com/xslo/cvp/ads/freewheel/js/0/AdManager.js (2)
10-12 11:06:09.486 29809-29809/? I/chromium: [INFO:CONSOLE(2)] ">FW 06:09 Context.dispatchEvent onSlotStarted", source: http://cvp1.cdn.turner.com/xslo/cvp/ads/freewheel/js/0/AdManager.js (2)
10-12 11:06:09.486 29809-29809/? I/chromium: [INFO:CONSOLE(2)] ">FW 06:09 Slot.playNextAdInstance DISPLAY", source: http://cvp1.cdn.turner.com/xslo/cvp/ads/freewheel/js/0/AdManager.js (2)
10-12 11:06:09.486 29809-29809/? I/chromium: [INFO:CONSOLE(2)] ">FW 06:09 Context.dispatchEvent onSlotEnded", source: http://cvp1.cdn.turner.com/xslo/cvp/ads/freewheel/js/0/AdManager.js (2)
10-12 11:06:09.506 3143-3708/? D/EnterpriseController: netId is 0
