0, mViewHeight = 96
10-12 10:55:06.576 3931-3931/? D/KeyguardEffectViewLayered: mBitmapImageList size = 3
10-12 10:55:06.576 3931-3931/? D/KeyguardEffectViewLayered: DENSITY = 1.0
10-12 10:55:06.586 3931-3931/? D/PhoneStatusBar/KeyguardBottomAreaView: updateCameraVisibility isCameraDisabledByDpm=false
10-12 10:55:06.586 3931-3931/? D/KeyguardViewBase: show()
10-12 10:55:06.586 3931-3931/? D/KeyguardSecurityModel: getSecurityMode( getActivePasswordQuality = 196608 , currentuser = 0
10-12 10:55:06.586 3931-3931/? V/KeyguardSecurityView: showPrimarySecurityScreen(turningOff=false)
10-12 10:55:06.586 3931-3931/? D/KeyguardSecurityView: showSecurityScreen(PIN)
10-12 10:55:06.586 3931-3931/? D/KeyguardUpdateMonitor: onKeyguardVisibilityChanged(true)
10-12 10:55:06.606 3931-3931/? V/KeyguardFingerPrint: updateFingerprintListeningState(false)
10-12 10:55:06.606 3931-3931/? D/KeyguardFingerPrint: shouldListenForFingerprint ( FingerPrint is not enabled. )
10-12 10:55:06.606 3931-3931/? V/KeyguardUpdateMonitor: stopListeningForFingerprint()
10-12 10:55:06.606 3931-3931/? D/KeyguardViewMediator: adjustStatusBarLocked: mShowing=true mOccluded=false isSecure=true --> flags=0x3200000
10-12 10:55:06.606 3435-4643/? D/StatusBarManagerService: manageDisableList userId=0 what=0x3200000 pkg=com.android.systemui
10-12 10:55:06.616 3435-4337/? D/PowerManagerService: [api] [s] userActivity : event: 0 flags: 0 (uid: 10062 pid: 3931) eventTime = 8325362
10-12 10:55:06.616 3931-3931/? D/KeyguardViewMediator: onSdpLocked :: Inside...
10-12 10:55:06.616 3931-3931/? D/KeyguardViewMediator: isPwdChangeRequested :: false
10-12 10:55:06.616 3931-3931/? D/KeyguardViewMediator: onSdpLocked :: Lock SDP for User 0
10-12 10:55:06.616 3931-3931/? V/KeyguardDisplayManager: show (false)
10-12 10:55:06.616 3435-3974/? E/SdpServiceKeeper: isLicensed {pid:3931 uid:10062 userid:0 doPkg:null}
10-12 10:55:06.616 3435-3974/? E/SdpServiceKeeper: System app. Skip license activation
10-12 10:55:06.616 3435-4825/? E/SdpServiceKeeper: isLicensed {pid:3931 uid:10062 userid:0 doPkg:null}
10-12 10:55:06.616 3435-4825/? E/SdpServiceKeeper: System app. Skip license activation
10-12 10:55:06.626 3435-4825/? D/SdpManagerService: lockInternal 0
10-12 10:55:06.626 3435-4825/? E/SDP.CRYPTO: On Locked OK, id 0
10-12 10:55:06.626 3435-4825/? D/SdpManagerService: clearCachedMasterKey (CMK) 0
10-12 10:55:06.626 3435-4825/? E/SdpManagerService: sendBroadcastAsUser(INTENT_SDP_STATE_CHANGED, state:1)
10-12 10:55:06.626 3931-29507/? D/KeyguardViewMediator: lockSdp :: Lock SDP Successful...!
10-12 10:55:06.636 3435-3540/? V/BroadcastQueue: [foreground] Process cur broadcast BroadcastRecord{a6b57ff u0 com.sec.sdp.SDP_STATE_CHANGED qIdx=2}, state= (APP_RECEIVE) DELIVERED for app ProcessRecord{9d51ed7 29195:com.sec.android.app.sbrowser/u0a131}
10-12 10:55:06.636 3435-3474/? E/SdpServiceKeeper: isLicensed {pid:29195 uid:10131 userid:0 doPkg:null}
10-12 10:55:06.636 3435-3474/? E/SdpServiceKeeper: White listed. Skip license activation
10-12 10:55:06.646 29195-29195/? E/SdpStateChangedReceiver: com.sec.enterprise.knox.sdp.exception.SdpEngineNotExistsException
10-12 10:55:06.656 3004-3015/? D/libEGL: eglTerminate EGLDisplay = 0x7fb1efee78
10-12 10:55:06.656 3004-3015/? D/libEGL: eglTerminate EGLDisplay = 0x7fb1efee78
10-12 10:55:06.656 3931-4134/? D/mali_winsys: EGLint new_window_surface(egl_winsys_display*, void*, EGLSurface, EGLConfig, egl_winsys_surface**, egl_color_buffer_format*, EGLBoolean) returns 0x3000, [1440x2560]-format:1
10-12 10:55:06.656 3931-3931/? D/KeyguardEffectViewController: onLayoutChange() v: com.android.keyguard.effect.EffectBehindView{abeda2e I.E...... ......ID 0,0-1440,2560 #7f0e0330 app:id/keyguard_effect_behind}, bottom : 2560, oldBottom : 96
10-12 10:55:06.656 3931-3931/? D/KeyguardEffectViewController: mShowing=true, mOccluded=false, mKeyguardFadingAway=false, match_parent=true
10-12 10:55:06.656 3931-3931/? D/NotificationStackScrollLayout: scroll range should be extended : 884
10-12 10:55:06.666 3931-3931/? D/StatusBar-Window: fnf=false sanc=true, kni=false, sbf=true
10-12 10:55:06.666 3931-3931/? D/CoverUI: applyFocusableFlag() : Remove SAMSUNG_FLAG_SVIEW_COVER
10-12 10:55:06.666 3931-3931/? D/StatusBarWindowManager: forceCollapsed : false isKeyguardShowingAndNotOccluded() : true panelVisible : true keyguardFadingAway : false bouncerShowing : false headsUpShowing : false
10-12 10:55:06.666 3931-3931/? D/CoverUI: applyHeight h = -1, oc = true, fa = false, ac = false, sc = false
10-12 10:55:07.126 3435-4133/? V/WindowStateAnimator: Finishing drawing window Window{605dc1a u0 d0 StatusBar}: mDrawState=DRAW_PENDING
10-12 10:55:07.146 3004-3004/? D/libEGL: eglInitialize EGLDisplay = 0x7ff090b628
10-12 10:55:07.146 3004-3004/? D/libEGL: eglTerminate EGLDisplay = 0x7ff090b6b8
10-12 10:55:07.156 3931-3931/? D/KeyguardCircleAffordanceView: setPreviewView: mRight=false,preview=android.widget.RelativeLayout{a4d0c63 I.E...... ......ID 0,0-0,0}
10-12 10:55:07.156 3931-3931/? V/KeyguardBottomAreaShortcutView: mLeftAffordanceView preview = android.widget.RelativeLayout{a4d0c63 I.E...... ......ID 0,0-0,0}
10-12 10:55:07.156 3931-3931/? D/KeyguardCircleAffordanceView: setPreviewView: mRight=true,preview=android.widget.AbsoluteLayout{426a060 I.E...... ......ID 0,0-0,0}
10-12 10:55:07.156 3931-3931/? V/KeyguardBottomAreaShortcutView: mRightAffordanceView preview = android.widget.AbsoluteLayout{426a060 I.E...... ......ID 0,0-0,0}
10-12 10:55:07.156 3931-3931/? D/KeyguardUpdateMonitor: handleKeyguardReset
10-12 10:55:07.156 3931-3931/? V/KeyguardFingerPrint: updateFingerprintListeningState(false)
10-12 10:55:07.156 3931-3931/? D/KeyguardFingerPrint: shouldListenForFingerprint ( FingerPrint is not enabled. )
10-12 10:55:07.156 3931-3931/? V/KeyguardUpdateMonitor: stopListeningForFingerprint()
10-12 10:55:07.156 3931-3931/? D/PhoneStatusBar: adjustDisableFlags:false, false, true, false, false, 1
10-12 10:55:07.156 3931-3931/? D/PhoneStatusBar: disable: < expand ICONS alerts SYSTEM_INFO back HOME* RECENT* clock SEARCH* quick_settings
> 10-12 10:55:07.156 3931-3931/? D/ViewRootImpl: MSG_RESIZED_REPORT: ci=Rect(0, 0 - 0, 0) vi=Rect(0, 0 - 0, 0) or=1
10-12 10:55:07.186 3931-3931/? D/KeyguardEffectViewController: onLayoutChange() v: com.android.keyguard.effect.EffectBehindView{abeda2e V.E...... ......I. 0,0-1440,2560 #7f0e0330 app:id/keyguard_effect_behind}, bottom : 2560, oldBottom : 2560
10-12 10:55:07.216 3435-4803/? V/WindowStateAnimator: Finishing drawing window Window{605dc1a u0 d0 StatusBar}: mDrawState=READY_TO_SHOW
10-12 10:55:07.226 3931-3931/? D/Recents: handleProxyCall type=3
10-12 10:55:07.226 4006-4006/? D/Recents: handleProxyCall type=3
10-12 10:55:07.246 3004-3004/? D/libEGL: eglInitialize EGLDisplay = 0x7ff090b628
10-12 10:55:07.276 3004-3004/? D/libEGL: eglInitialize EGLDisplay = 0x7ff090b628
10-12 10:55:12.136 3435-3807/? V/AlarmManager: Expired Alarm result :8
10-12 10:55:12.806 3435-6368/? D/SSRM:n: SIOP:: AP = 270, PST = 285 (W:10), CP = 225, CUR = 325, LCD = 1
10-12 10:55:13.166 3435-4337/? D/BatteryService: !@BatteryListener : batteryPropertiesChanged!
10-12 10:55:13.166 3435-4337/? D/BatteryService: level:79, scale:100, status:2, health:2, present:true, voltage: 4143, temperature: 252, technology: Li-ion, AC powered:false, USB powered:true, POGO powered:false, Wireless powered:false, icon:17303413, invalid charger:0, maxChargingCurrent:0
10-12 10:55:13.166 3435-4337/? D/BatteryService: online:4, current avg:384, charge type:1, power sharing:false, high voltage charger:false, capacity:280000, batterySWSelfDischarging:false, current_now:475
10-12 10:55:13.166 3435-4337/? D/BatteryService: stay LED for charging
10-12 10:55:13.166 3435-3435/? D/BatteryService: Sending ACTION_BATTERY_CHANGED.
10-12 10:55:13.166 3435-3435/? I/MotionRecognitionService: Plugged
10-12 10:55:13.166 3435-3435/? D/MotionRecognitionService: cableConnection= 1
10-12 10:55:13.166 3435-3435/? D/MotionRecognitionService: setPowerConnected | current backoffstate = 1024 , state =1024
10-12 10:55:13.166 3435-3435/? D/MotionRecognitionService: skip setTransmitPower.
10-12 10:55:13.176 3435-3852/? D/WifiController: ApOrStaEnabledState msg.what= 155652
10-12 10:55:13.176 3931-3931/? D/KeyguardUpdateMonitor: received broadcast android.intent.action.BATTERY_CHANGED
10-12 10:55:13.176 3931-3931/? D/KeyguardUpdateMonitor: handleBatteryUpdate
10-12 10:55:13.186 3931-3931/? D/PowerUI: priorPlugType = 2 mPlugType = 2
10-12 10:55:13.186 3931-3931/? D/PowerUI.Notification: showChargingNotice oldChargingType : 1 currentChargingType : 1 oldChargingTime : 4629000 mChargingTime : 4604000
10-12 10:55:13.186 3931-3931/? D/PowerUI.Notification: showChargingNotification()
10-12 10:55:13.206 4449-4449/? D/CommonServiceConfiguration: getStringValueSetting
10-12 10:55:13.206 3435-3474/? D/ApplicationPolicy: isStatusBarNotificationAllowedAsUser: packageName = com.android.systemui,userId = -1
10-12 10:55:13.216 4449-4449/? D/BatteryMonitor: new battery level: 79
10-12 10:55:13.216 3931-3931/? D/BatteryMeterView: ACTION_BATTERY_CHANGED : level:79 status:2 health:2
10-12 10:55:13.216 3931-3931/? D/BatteryMeterView: ACTION_BATTERY_CHANGED : level:79 status:2 health:2
10-12 10:55:13.216 4758-4758/? D/BatteryController: saveBatteryData : level[79], status[2]
10-12 10:55:13.226 3435-3435/? D/MARsPolicyManager: NotificationListenerService OngoingNotificationPosted : com.android.systemui
10-12 10:55:13.256 3931-3931/? W/ResourcesManager: getTopLevelResources: /system/priv-app/SystemUI/SystemUI.apk / 1.0 running in com.android.systemui rsrc of package com.android.systemui
10-12 10:55:13.266 3931-3931/? D/PhoneStatusBar: setAreThereNotifications: N=2 any=true clearable=false
10-12 10:55:15.126 3435-3807/? V/AlarmManager: Expired Alarm result :8
10-12 10:55:22.866 3435-6368/? D/SSRM:n: SIOP:: AP = 260, PST = 282 (W:10), CP = 222, CUR = 384, LCD = 1
10-12 10:55:23.216 3435-4825/? D/BatteryService: !@BatteryListener : batteryPropertiesChanged!
10-12 10:55:23.216 3435-4825/? D/BatteryService: level:79, scale:100, status:2, health:2, present:true, voltage: 4145, temperature: 251, technology: Li-ion, AC powered:false, USB powered:true, POGO powered:false, Wireless powered:false, icon:17303413, invalid charger:0, maxChargingCurrent:0
10-12 10:55:23.216 3435-4825/? D/BatteryService: online:4, current avg:422, charge type:1, power sharing:false, high voltage charger:false, capacity:280000, batterySWSelfDischarging:false, current_now:449
10-12 10:55:23.216 3435-4825/? D/BatteryService: stay LED for charging
10-12 10:55:23.226 3435-3435/? D/BatteryService: Sending ACTION_BATTERY_CHANGED.
10-12 10:55:23.226 3435-3435/? I/MotionRecognitionService: Plugged
10-12 10:55:23.226 3435-3435/? D/MotionRecognitionService: cableConnection= 1
10-12 10:55:23.226 3435-3435/? D/MotionRecognitionService: setPowerConnected | current backoffstate = 1024 , state =1024
10-12 10:55:23.226 3435-3435/? D/MotionRecognitionService: skip setTransmitPower.
10-12 10:55:23.236 3435-3852/? D/WifiController: ApOrStaEnabledState msg.what= 155652
10-12 10:55:23.236 3931-3931/? D/KeyguardUpdateMonitor: received broadcast android.intent.action.BATTERY_CHANGED
10-12 10:55:23.236 3931-3931/? D/KeyguardUpdateMonitor: handleBatteryUpdate
10-12 10:55:23.236 3931-3931/? D/PowerUI: priorPlugType = 2 mPlugType = 2
10-12 10:55:23.246 3931-3931/? D/PowerUI.Notification: showChargingNotice oldChargingType : 1 currentChargingType : 1 oldChargingTime : 4604000 mChargingTime : 4604000
10-12 10:55:23.246 3931-3931/? D/PowerUI.Notification: There is no change about charging status, so return!
10-12 10:55:23.266 4449-4449/? D/CommonServiceConfiguration: getStringValueSetting
10-12 10:55:23.276 4449-4449/? D/BatteryMonitor: new battery level: 79
10-12 10:55:23.276 4758-4758/? D/BatteryController: saveBatteryData : level[79], status[2]
10-12 10:55:23.296 3931-3931/? D/BatteryMeterView: ACTION_BATTERY_CHANGED : level:79 status:2 health:2
10-12 10:55:23.296 3931-3931/? D/BatteryMeterView: ACTION_BATTERY_CHANGED : level:79 status:2 health:2
10-12 10:55:27.256 18118-18118/? I/GrammarCompilationSvcCt: #startService for null, APP_NAMES.
10-12 10:55:27.286 18118-29517/? I/ContextCompilationHandl: Compiling grammar for: en-GB, type=APP_NAMES
10-12 10:55:27.286 18118-29517/? I/ContextCompilationHandl: No grammar compilation resources for VOICE_ACTIONS_COMPILER, aborting.
10-12 10:55:32.716 3435-3807/? V/AlarmManager: Expired Alarm result :4
10-12 10:55:32.736 3435-3540/? V/BroadcastQueue: [background] Process cur broadcast BroadcastRecord{a27751b u0 null qIdx=4}, state= (APP_RECEIVE) DELIVERED for app ProcessRecord{7fb4010 4276:com.google.android.gms.persistent/u0a19}
10-12 10:55:32.766 3435-3846/? D/NetworkPolicy: isUidForegroundLocked: 10019, mScreenOn: false, uidstate: 3, mProxSensorScreenOff: false
10-12 10:55:32.766 3435-3846/? D/NetworkPolicy: isUidForegroundLocked: 10019, mScreenOn: false, uidstate: 3, mProxSensorScreenOff: false
10-12 10:55:32.796 3435-4802/? V/AlarmManager: remove PendingIntent] PendingIntent{49634d0: PendingIntentRecord{6b7c7ef com.google.android.gms broadcastIntent}}
10-12 10:55:32.856 3435-3435/? I/BackgroundCompactionService: onStart. jobID=801
10-12 10:55:32.856 3435-3435/? I/BackgroundCompactionService: onStart done. jobID=801
10-12 10:55:32.856 3435-29519/? I/BackgroundCompactionService: Execute BGCompaction (type1). (23 times)
10-12 10:55:32.856 3435-29519/? I/BackgroundCompactionService: compact_memory command done
10-12 10:55:32.886 4276-29518/? D/SecWifiDisplayUtil: Metadata value : SecSettings2
10-12 10:55:32.916 3435-6368/? D/SSRM:n: SIOP:: AP = 260, PST = 279 (W:10), CP = 220, CUR = 422, LCD = 1
10-12 10:55:33.276 3435-3960/? D/BatteryService: !@BatteryListener : batteryPropertiesChanged!
10-12 10:55:33.276 3435-3960/? D/BatteryService: level:79, scale:100, status:2, health:2, present:true, voltage: 4122, temperature: 251, technology: Li-ion, AC powered:false, USB powered:true, POGO powered:false, Wireless powered:false, icon:17303413, invalid charger:0, maxChargingCurrent:0
10-12 10:55:33.276 3435-3960/? D/BatteryService: online:4, current avg:416, charge type:1, power sharing:false, high voltage charger:false, capacity:280000, batterySWSelfDischarging:false, current_now:197
10-12 10:55:33.276 3435-3960/? D/BatteryService: stay LED for charging
10-12 10:55:33.276 3435-3435/? D/BatteryService: Sending ACTION_BATTERY_CHANGED.
10-12 10:55:33.286 3435-3435/? I/MotionRecognitionService: Plugged
10-12 10:55:33.286 3435-3435/? D/MotionRecognitionService: cableConnection= 1
10-12 10:55:33.286 3435-3435/? D/MotionRecognitionService: setPowerConnected | current backoffstate = 1024 , state =1024
10-12 10:55:33.286 3435-3435/? D/MotionRecognitionService: skip setTransmitPower.
10-12 10:55:33.286 3435-3852/? D/WifiController: ApOrStaEnabledState msg.what= 155652
10-12 10:55:33.296 3931-3931/? D/KeyguardUpdateMonitor: received broadcast android.intent.action.BATTERY_CHANGED
10-12 10:55:33.296 3931-3931/? D/PowerUI: priorPlugType = 2 mPlugType = 2
10-12 10:55:33.296 3931-3931/? D/PowerUI.Notification: showChargingNotice oldChargingType : 1 currentChargingType : 1 oldChargingTime : 4604000 mChargingTime : 4582000
10-12 10:55:33.296 3931-3931/? D/PowerUI.Notification: showChargingNotification()
10-12 10:55:33.316 4449-4449/? D/CommonServiceConfiguration: getStringValueSetting
10-12 10:55:33.326 3435-3974/? D/ApplicationPolicy: isStatusBarNotificationAllowedAsUser: packageName = com.android.systemui,userId = -1
10-12 10:55:33.326 3931-3931/? D/KeyguardUpdateMonitor: handleBatteryUpdate
10-12 10:55:33.326 4449-4449/? D/BatteryMonitor: new battery level: 79
10-12 10:55:33.336 4758-4758/? D/BatteryController: saveBatteryData : level[79], status[2]
10-12 10:55:33.336 3931-3931/? D/BatteryMeterView: ACTION_BATTERY_CHANGED : level:79 status:2 health:2
10-12 10:55:33.336 3931-3931/? D/BatteryMeterView: ACTION_BATTERY_CHANGED : level:79 status:2 health:2
10-12 10:55:33.336 3435-3435/? D/MARsPolicyManager: NotificationListenerService OngoingNotificationPosted : com.android.systemui
10-12 10:55:33.366 3931-3931/? W/ResourcesManager: getTopLevelResources: /system/priv-app/SystemUI/SystemUI.apk / 1.0 running in com.android.systemui rsrc of package com.android.systemui
10-12 10:55:33.376 3931-3931/? D/PhoneStatusBar: setAreThereNotifications: N=2 any=true clearable=false
10-12 10:55:36.136 3435-4154/? E/Watchdog: !@Sync 278 [10-12 10:55:36.139]
10-12 10:55:42.766 3435-3846/? D/NetworkPolicy: isUidForegroundLocked: 10019, mScreenOn: false, uidstate: 3, mProxSensorScreenOff: false
10-12 10:55:42.766 3435-3846/? D/NetworkPolicy: isUidForegroundLocked: 10019, mScreenOn: false, uidstate: 3, mProxSensorScreenOff: false
10-12 10:55:42.966 3435-6368/? D/SSRM:n: SIOP:: AP = 260, PST = 276 (W:14), CP = 219, CUR = 416, LCD = 1
10-12 10:55:43.326 3435-4825/? D/BatteryService: !@BatteryListener : batteryPropertiesChanged!
10-12 10:55:43.326 3435-4825/? D/BatteryService: level:79, scale:100, status:2, health:2, present:true, voltage: 4146, temperature: 250, technology: Li-ion, AC powered:false, USB powered:true, POGO powered:false, Wireless powered:false, icon:17303413, invalid charger:0, maxChargingCurrent:0
10-12 10:55:43.326 3435-4825/? D/BatteryService: online:4, current avg:431, charge type:1, power sharing:false, high voltage charger:false, capacity:280000, batterySWSelfDischarging:false, current_now:479
10-12 10:55:43.326 3435-4825/? D/BatteryService: stay LED for charging
10-12 10:55:43.326 3435-3435/? D/BatteryService: Sending ACTION_BATTERY_CHANGED.
10-12 10:55:43.336 3435-3435/? I/MotionRecognitionService: Plugged
10-12 10:55:43.336 3435-3435/? D/MotionRecognitionService: cableConnection= 1
10-12 10:55:43.336 3435-3435/? D/MotionRecognitionService: setPowerConnected | current backoffstate = 1024 , state =1024
10-12 10:55:43.336 3435-3435/? D/MotionRecognitionService: skip setTransmitPower.
10-12 10:55:43.346 3435-3852/? D/WifiController: ApOrStaEnabledState msg.what= 155652
10-12 10:55:43.346 3931-3931/? D/KeyguardUpdateMonitor: received broadcast android.intent.action.BATTERY_CHANGED
10-12 10:55:43.346 3931-3931/? D/KeyguardUpdateMonitor: handleBatteryUpdate
10-12 10:55:43.346 3931-3931/? D/PowerUI: priorPlugType = 2 mPlugType = 2
10-12 10:55:43.346 3931-3931/? D/PowerUI.Notification: showChargingNotice oldChargingType : 1 currentChargingType : 1 oldChargingTime : 4582000 mChargingTime : 4582000
10-12 10:55:43.346 3931-3931/? D/PowerUI.Notification: There is no change about charging status, so return!
10-12 10:55:43.366 4449-4449/? D/CommonServiceConfiguration: getStringValueSetting
10-12 10:55:43.376 4449-4449/? D/BatteryMonitor: new battery level: 79
10-12 10:55:43.376 4758-4758/? D/BatteryController: saveBatteryData : level[79], status[2]
10-12 10:55:43.376 3931-3931/? D/BatteryMeterView: ACTION_BATTERY_CHANGED : level:79 status:2 health:2
10-12 10:55:43.376 3931-3931/? D/BatteryMeterView: ACTION_BATTERY_CHANGED : level:79 status:2 health:2
10-12 10:55:50.316 27886-27901/? I/Quasar: start to send events
10-12 10:55:53.006 3435-6368/? D/SSRM:n: SIOP:: AP = 260, PST = 269 (W:14), CP = 217, CUR = 431, LCD = 1
10-12 10:55:53.096 4116-4144/? D/ContactsProvider_EventLog: contents_sample_state: [ contacts(15) data(105) accounts({com.google (2)=15}) accounts deleted({}) calls([]) ] contents_sample_state: [ agr({[2]=15}) ]
10-12 10:55:53.386 3435-4803/? D/BatteryService: !@BatteryListener : batteryPropertiesChanged!
10-12 10:55:53.386 3435-4803/? D/BatteryService: level:79, scale:100, status:2, health:2, present:true, voltage: 4146, temperature: 250, technology: Li-ion, AC powered:false, USB powered:true, POGO powered:false, Wireless powered:false, icon:17303413, invalid charger:0, maxChargingCurrent:0
10-12 10:55:53.386 3435-4803/? D/BatteryService: online:4, current avg:444, charge type:1, power sharing:false, high voltage charger:false, capacity:280000, batterySWSelfDischarging:false, current_now:420
10-12 10:55:53.386 3435-4803/? D/BatteryService: stay LED for charging
10-12 10:55:53.386 3435-3435/? D/BatteryService: Sending ACTION_BATTERY_CHANGED.
10-12 10:55:53.396 3435-3435/? I/MotionRecognitionService: Plugged
10-12 10:55:53.396 3435-3435/? D/MotionRecognitionService: cableConnection= 1
10-12 10:55:53.396 3435-3435/? D/MotionRecognitionService: setPowerConnected | current backoffstate = 1024 , state =1024
10-12 10:55:53.396 3435-3435/? D/MotionRecognitionService: skip setTransmitPower.
10-12 10:55:53.396 3435-3852/? D/WifiController: ApOrStaEnabledState msg.what= 155652
10-12 10:55:53.406 3931-3931/? D/KeyguardUpdateMonitor: received broadcast android.intent.action.BATTERY_CHANGED
10-12 10:55:53.406 3931-3931/? D/KeyguardUpdateMonitor: handleBatteryUpdate
10-12 10:55:53.406 3931-3931/? D/PowerUI: priorPlugType = 2 mPlugType = 2
10-12 10:55:53.406 3931-3931/? D/PowerUI.Notification: showChargingNotice oldChargingType : 1 currentChargingType : 1 oldChargingTime : 4582000 mChargingTime : 4582000
10-12 10:55:53.406 3931-3931/? D/PowerUI.Notification: There is no change about charging status, so return!
10-12 10:55:53.426 4449-4449/? D/CommonServiceConfiguration: getStringValueSetting
10-12 10:55:53.446 4758-4758/? D/BatteryController: saveBatteryData : level[79], status[2]
10-12 10:55:53.446 4449-4449/? D/BatteryMonitor: new battery level: 79
10-12 10:55:53.456 3931-3931/? D/BatteryMeterView: ACTION_BATTERY_CHANGED : level:79 status:2 health:2
10-12 10:55:53.456 3931-3931/? D/BatteryMeterView: ACTION_BATTERY_CHANGED : level:79 status:2 health:2
10-12 10:55:59.996 3435-3807/? V/AlarmManager: Expired Alarm result :8
10-12 10:56:00.956 3435-3807/? V/AlarmManager: Expired Alarm result :4
10-12 10:56:00.956 3435-3807/? V/AlarmManager: Send whitelist package alarm :PendingIntent{44ff536: PendingIntentRecord{5684f7e com.samsung.android.app.aodservice broadcastIntent}}
10-12 10:56:00.966 3931-3931/? D/KeyguardUpdateMonitor: received broadcast android.intent.action.TIME_TICK
10-12 10:56:00.966 3931-3931/? D/KeyguardUpdateMonitor: handleTimeUpdate
10-12 10:56:00.986 3931-3931/? D/Clock: received broadcast android.intent.action.TIME_TICK
10-12 10:56:01.046 3931-3931/? D/DateView: received broadcast android.intent.action.TIME_TICK
10-12 10:56:01.076 4758-4758/? D/AODService.ClockTimer: onReceive : com.samsung.android.app.aodservice.ClockTimer.TICK, mWakeUp = true
10-12 10:56:01.076 4758-4758/? V/BatteryController: getBatteryLevel[79.0], batteryStatus[2]
10-12 10:56:01.076 3435-4325/? W/CAE: setCAProperty(ContextAwareService.java:578) - [setProperty 01] Mutex is locked for DEVICE_PHYSICAL_CONTEXT_MONITOR
10-12 10:56:01.076 3435-4325/? I/CAE: setPropertyValue(DevicePhysicalContextMonitorRunner.java:155) - Get status
10-12 10:56:01.076 3435-4325/? I/CAE: sendCmdToSensorHub(SensorHubCommManager.java:162) - -72, 56, 1, 1,
10-12 10:56:01.076 3435-4325/? D/SensorHubManager: SendSensorHubData: send data = -72, 56, 1, 1
10-12 10:56:01.076 3158-3199/? D/Sensorhubs: sendContextData: -72, 56, 1, 1
10-12 10:56:01.086 3435-4325/? I/CAE: setCAProperty(ContextAwareService.java:583) - result : true
10-12 10:56:01.086 3435-4325/? W/CAE: setCAProperty(ContextAwareService.java:584) - [setProperty 02] Mutex is unlocked for DEVICE_PHYSICAL_CONTEXT_MONITOR
10-12 10:56:01.086 3435-4325/? D/SContextService: requestToUpdate() : service = Device Physical Context Monitor
10-12 10:56:01.086 4758-4758/? D/SContextManager: .requestToUpdate : listener = com.samsung.android.app.aodservice.AODService$7@364f7c6, service=Device Physical Context Monitor
10-12 10:56:01.086 4758-4758/? I/AlpmModeManager: startAlpmMode : state = BLANK
10-12 10:56:01.086 4758-4758/? D/DefaultClockView: Window showed. Time views updating
10-12 10:56:01.086 3435-4133/? D/PowerManagerService: [api] acquire WakeLock flags=0x80 tag=Window:AOD uid=1000 pid=3435
10-12 10:56:01.086 3435-4133/? I/libsuspend: !@autosuspend_wakeup_count_disable
10-12 10:56:01.086 3435-4133/? D/PowerManagerService: mDisplayReady: false
10-12 10:56:01.086 3435-4133/? I/libsuspend: !@autosuspend_wakeup_count_disable done
10-12 10:56:01.086 3435-3569/? D/DisplayPowerController: animateScreenStateChange[0]: target=3
10-12 10:56:01.086 4758-4758/? D/AODUpdatePositionController: updatePosition: direction[5] updatePosition: X[-35] Y[861] NewPositionTimer[59]
10-12 10:56:01.086 3435-4133/? D/PowerManagerService: [PWL] sb acquire: PowerManagerService.Display
10-12 10:56:01.086 3435-3569/? D/DisplayPowerController: [Dual Screen Compatible] state[0] :3
10-12 10:56:01.086 3435-3569/? D/DisplayPowerController: getFinalBrightness : Summary is 1 -> 1
10-12 10:56:01.086 3435-3569/? D/DisplayPowerController: Animating brightness: target=1, rate=2000 (PSM:false, AB limit:(-1 ~ -1) MB Limit:(-1 ~ -1))
10-12 10:56:01.086 3435-3579/? D/DisplayManagerService: !@display_state: DOZE_SUSPEND -> DOZE brightness: 1 -> 1
10-12 10:56:01.086 3004-3004/? D/SurfaceFlinger: Set power mode=1, type=0 flinger=0x7fb2403c00
10-12 10:56:01.086 3435-3565/? I/DisplayManagerService: Display device changed state: "Built-in Screen", DOZE
10-12 10:56:01.086 3004-3004/? I/hwcomposer: int exynos_setPowerMode(hwc_composer_device_1*, int, int):: disp(0), mode(1)
10-12 10:56:01.086 3435-3565/? I/DisplayManagerService: Display device changed state: "ActivityViewVirtualDisplay", DOZE
10-12 10:56:01.086 4758-4758/? D/DefaultClockView: LocalTime Pattern : HH:mm
10-12 10:56:01.096 4758-4758/? D/TimeViewHolder: onTimeUpdate: timeZone:libcore.util.ZoneInfo[id="Europe/Berlin",mRawOffset=3600000,mEarliestRawOffset=3600000,mUseDst=true,mDstSavings=3600000,transitions=144] isSplitHour:false isSingleView:false isAMPMonLeft:null time01: 10:56 time02: null ampm: null
10-12 10:56:01.106 3435-3569/? I/libsuspend: !@autosuspend_wakeup_count_enable
10-12 10:56:01.106 3435-3569/? D/DisplayPowerController: animateScreenStateChange[0]: target=3
10-12 10:56:01.106 3435-3569/? I/libsuspend: !@autosuspend_wakeup_count_enable done
10-12 10:56:01.106 3435-3569/? D/DisplayPowerController: [Dual Screen Compatible] state[0] :3
10-12 10:56:01.106 3435-3569/? D/DisplayPowerController: getFinalBrightness : Summary is 1 -> 1
10-12 10:56:01.106 3435-3569/? D/DisplayPowerController: Animating brightness: target=1, rate=2000 (PSM:false, AB limit:(-1 ~ -1) MB Limit:(-1 ~ -1))
10-12 10:56:01.106 3435-3569/? D/DisplayPowerController: animateScreenStateChange[0]: target=3
10-12 10:56:01.106 3435-3569/? D/DisplayPowerController: [Dual Screen Compatible] state[0] :3
10-12 10:56:01.106 3435-3569/? D/DisplayPowerController: getFinalBrightness : Summary is 1 -> 1
10-12 10:56:01.106 3435-3569/? D/DisplayPowerController: Animating brightness: target=1, rate=2000 (PSM:false, AB limit:(-1 ~ -1) MB Limit:(-1 ~ -1))
10-12 10:56:01.106 3435-3569/? D/PowerManagerService: [s] DisplayPowerCallbacks : onStateChanged()
10-12 10:56:01.106 3435-3569/? D/PowerManagerService: mDisplayReady: true
10-12 10:56:01.106 3435-3569/? D/PowerManagerService: [PWL] sb release: PowerManagerService.Display
10-12 10:56:01.106 3158-3198/? D/Sensorhubs: readContextData: 1, 1, 56, 1, 1, 1, 1
10-12 10:56:01.106 3435-3810/? D/SensorHubManager: onGetSensorHubDataLocked: library(7) = 1, 1, 56, 1, 1, 1, 1
10-12 10:56:01.106 3435-3809/? I/CAE: sendCmdToSensorHub(SensorHubCommManager.java:162) - -63, 14, 8, 56, 1,
10-12 10:56:01.106 3435-3809/? D/SensorHubManager: SendSensorHubData: send data = -63, 14, 8, 56, 1
10-12 10:56:01.116 3158-3158/? D/Sensorhubs: sendContextData: -63, 14, 8, 56, 1
10-12 10:56:01.116 4758-4758/? D/RoamingTimeViewHolder: isDualClockSetting :: true isHomeTimeZoneExist :: false isEasyUxON :: false Utils.isRoaming(mContext) :: false
10-12 10:56:01.116 4758-4758/? D/RoamingTimeViewHolder: getHomeCalendar : No homecity_timezone, set as default : (libcore.util.ZoneInfo[id="Europe/Berlin",mRawOffset=3600000,mEarliestRawOffset=3600000,mUseDst=true,mDstSavings=3600000,transitions=144])
10-12 10:56:01.116 4758-4758/? D/RoamingTimeViewHolder: onTimeUpdate: isVisible:false timeZone:libcore.util.ZoneInfo[id="Europe/Berlin",mRawOffset=3600000,mEarliestRawOffset=3600000,mUseDst=true,mDstSavings=3600000,transitions=144] text:Wed, 12 Oct 10:56
10-12 10:56:01.116 4758-4758/? I/AODService.ClockTimer: startAlarm : TICK
10-12 10:56:01.116 3435-4200/? V/AlarmManager: Add whitelist package alarm :PendingIntent{8db1ce7: PendingIntentRecord{5684f7e com.samsung.android.app.aodservice broadcastIntent}}
10-12 10:56:01.116 3435-3809/? D/CAE: onGetSensorHubData(SensorHubParserProvider.java:92) - onGetSensorHubData Event [event buffer len :7], AP_SLEEP
10-12 10:56:01.116 3435-3809/? I/CAE: parse(SensorHubParserProvider.java:188) - buffer size = 7
10-12 10:56:01.116 3435-3809/? I/CAE: parse(SensorHubParserProvider.java:199) - 1, 1, 56, 1, 1, 1, 1,
10-12 10:56:01.116 3435-3809/? D/CAE: display(ContextProvider.java:375) - ================= DEVICE_PHYSICAL_CONTEXT_MONITOR =================
10-12 10:56:01.116 4758-4758/? I/AlpmModeManager: handleUnblankDisplay: state = BLANK
10-12 10:56:01.116 4758-4758/? V/AlpmModeManager: updateAlpmMode: setDoze [DISPLAY_STATE_DOZE_SUSPEND]
10-12 10:56:01.116 3435-3809/? I/CAE: display(ContextProvider.java:391) - AODReason=[1], AODStatus=[1], DataType=[1]
10-12 10:56:01.116 3435-3812/? D/SContextService: updateSContext() : event = Device Physical Context Monitor
10-12 10:56:01.116 3435-4802/? I/PowerManagerService: [api] setDozeOverrideFromAod AlpmHlpmSysfs = -1, screenState = 4, Brightness = 0, wakefulness = false
10-12 10:56:01.116 3435-4802/? D/PowerManagerService: setDozeModeBySysfs: value is -1 , we ignore it.
10-12 10:56:01.126 3435-3974/? D/PowerManagerService: [api] acquire WakeLock flags=0x80 tag=Window:AOD uid=1000 pid=3435
10-12 10:56:01.126 4758-4758/? D/DefaultClockView: RootView invalidate()
10-12 10:56:01.126 3435-4337/? D/PowerManagerService: [api] acquire WakeLock flags=0x80 tag=Window:AOD uid=1000 pid=3435
10-12 10:56:01.126 4758-4758/? I/AODService: onSContextChanged: AODScreenShown state is already true
10-12 10:56:01.276 3435-3435/? D/PowerManagerService: [api] release WakeLock flags=0x80 tag=Window:AOD uid=1000 pid=3435 (0x0)
10-12 10:56:01.276 3435-3435/? I/libsuspend: !@autosuspend_wakeup_count_disable
10-12 10:56:01.276 3435-3435/? D/PowerManagerService: mDisplayReady: false
10-12 10:56:01.276 3435-3435/? I/libsuspend: !@autosuspend_wakeup_count_disable done
10-12 10:56:01.276 3435-3569/? D/DisplayPowerController: animateScreenStateChange[0]: target=4
10-12 10:56:01.276 3004-3004/? D/SurfaceFlinger: Set power mode=3, type=0 flinger=0x7fb2403c00
10-12 10:56:01.276 3435-3435/? D/PowerManagerService: [PWL] sb acquire: PowerManagerService.Display
10-12 10:56:01.276 3435-3569/? D/DisplayPowerController: [Dual Screen Compatible] state[0] :4
10-12 10:56:01.286 3004-3004/? I/hwcomposer: int exynos_setPowerMode(hwc_composer_device_1*, int, int):: disp(0), mode(3)
10-12 10:56:01.276 3435-3569/? D/DisplayPowerController: getFinalBrightness : Summary is 1 -> 1
10-12 10:56:01.276 3435-3569/? D/DisplayPowerController: Animating brightness: target=1, rate=0 (PSM:false, AB limit:(-1 ~ -1) MB Limit:(-1 ~ -1))
10-12 10:56:01.276 3435-3579/? D/DisplayManagerService: !@display_state: DOZE -> DOZE_SUSPEND brightness: 1 -> 1
10-12 10:56:01.276 3435-3565/? I/DisplayManagerService: Display device changed state: "Built-in Screen", DOZE_SUSPEND
10-12 10:56:01.286 3435-3565/? I/DisplayManagerService: Display device changed state: "ActivityViewVirtualDisplay", DOZE_SUSPEND
10-12 10:56:01.306 3435-3569/? D/DisplayPowerController: animateScreenStateChange[0]: target=4
10-12 10:56:01.306 3435-3569/? D/DisplayPowerController: [Dual Screen Compatible] state[0] :4
10-12 10:56:01.306 3435-3569/? D/DisplayPowerController: getFinalBrightness : Summary is 1 -> 1
10-12 10:56:01.306 3435-3569/? I/libsuspend: !@autosuspend_wakeup_count_enable
10-12 10:56:01.306 3435-3569/? D/DisplayPowerController: Animating brightness: target=1, rate=0 (PSM:false, AB limit:(-1 ~ -1) MB Limit:(-1 ~ -1))
10-12 10:56:01.306 3435-3569/? I/libsuspend: !@autosuspend_wakeup_count_enable done
10-12 10:56:01.306 3435-3569/? D/DisplayPowerController: animateScreenStateChange[0]: target=4
10-12 10:56:01.306 3435-3569/? D/DisplayPowerController: [Dual Screen Compatible] state[0] :4
10-12 10:56:01.306 3435-3569/? D/DisplayPowerController: getFinalBrightness : Summary is 1 -> 1
10-12 10:56:01.306 3435-3569/? D/DisplayPowerController: Animating brightness: target=1, rate=0 (PSM:false, AB limit:(-1 ~ -1) MB Limit:(-1 ~ -1))
10-12 10:56:01.306 3435-3569/? D/PowerManagerService: [s] DisplayPowerCallbacks : onStateChanged()
10-12 10:56:01.306 3435-3569/? D/PowerManagerService: mDisplayReady: true
10-12 10:56:01.306 3435-3569/? D/PowerManagerService: [PWL] sb release: PowerManagerService.Display
10-12 10:56:03.056 3435-6368/? D/SSRM:n: SIOP:: AP = 250, PST = 266 (W:14), CP = 215, CUR = 444, LCD = 1
10-12 10:56:03.436 3435-4643/? D/BatteryService: !@BatteryListener : batteryPropertiesChanged!
10-12 10:56:03.436 3435-4643/? D/BatteryService: level:79, scale:100, status:2, health:2, present:true, voltage: 4140, temperature: 249, technology: Li-ion, AC powered:false, USB powered:true, POGO powered:false, Wireless powered:false, icon:17303413, invalid charger:0, maxChargingCurrent:0
10-12 10:56:03.436 3435-4643/? D/BatteryService: online:4, current avg:445, charge type:1, power sharing:false, high voltage charger:false, capacity:280000, batterySWSelfDischarging:false, current_now:351
10-12 10:56:03.436 3435-4643/? D/BatteryService: stay LED for charging
10-12 10:56:03.446 3435-3435/? D/BatteryService: Sending ACTION_BATTERY_CHANGED.
10-12 10:56:03.446 3435-3435/? I/MotionRecognitionService: Plugged
10-12 10:56:03.446 3435-3435/? D/MotionRecognitionService: cableConnection= 1
10-12 10:56:03.446 3435-3435/? D/MotionRecognitionService: setPowerConnected | current backoffstate = 1024 , state =1024
10-12 10:56:03.446 3435-3435/? D/MotionRecognitionService: skip setTransmitPower.
10-12 10:56:03.456 3435-3852/? D/WifiController: ApOrStaEnabledState msg.what= 155652
10-12 10:56:03.456 3931-3931/? D/KeyguardUpdateMonitor: received broadcast android.intent.action.BATTERY_CHANGED
10-12 10:56:03.456 3931-3931/? D/KeyguardUpdateMonitor: handleBatteryUpdate
10-12 10:56:03.456 3931-3931/? D/PowerUI: priorPlugType = 2 mPlugType = 2
10-12 10:56:03.466 3931-3931/? D/PowerUI.Notification: showChargingNotice oldChargingType : 1 currentChargingType : 1 oldChargingTime : 4582000 mChargingTime : 4557000
10-12 10:56:03.466 3931-3931/? D/PowerUI.Notification: showChargingNotification()
10-12 10:56:03.476 4449-4449/? D/CommonServiceConfiguration: getStringValueSetting
10-12 10:56:03.486 3435-4808/? D/ApplicationPolicy: isStatusBarNotificationAllowedAsUser: packageName = com.android.systemui,userId = -1
10-12 10:56:03.486 4449-4449/? D/BatteryMonitor: new battery level: 79
10-12 10:56:03.496 3931-3931/? D/BatteryMeterView: ACTION_BATTERY_CHANGED : level:79 status:2 health:2
10-12 10:56:03.496 3931-3931/? D/BatteryMeterView: ACTION_BATTERY_CHANGED : level:79 status:2 health:2
10-12 10:56:03.496 4758-4758/? D/BatteryController: saveBatteryData : level[79], status[2]
10-12 10:56:03.506 3435-3435/? D/MARsPolicyManager: NotificationListenerService OngoingNotificationPosted : com.android.systemui
10-12 10:56:03.536 3931-3931/? W/ResourcesManager: getTopLevelResources: /system/priv-app/SystemUI/SystemUI.apk / 1.0 running in com.android.systemui rsrc of package com.android.systemui
10-12 10:56:03.556 3931-3931/? D/PhoneStatusBar: setAreThereNotifications: N=2 any=true clearable=false
10-12 10:56:06.136 3435-4154/? E/Watchdog: !@Sync 279 [10-12 10:56:06.141]
10-12 10:56:13.116 3435-6368/? D/SSRM:n: SIOP:: AP = 250, PST = 263 (W:14), CP = 214, CUR = 445, LCD = 1
10-12 10:56:13.496 3435-4808/? D/BatteryService: !@BatteryListener : batteryPropertiesChanged!
10-12 10:56:13.496 3435-4808/? D/BatteryService: level:79, scale:100, status:2, health:2, present:true, voltage: 4152, temperature: 248, technology: Li-ion, AC powered:false, USB powered:true, POGO powered:false, Wireless powered:false, icon:17303413, invalid charger:0, maxChargingCurrent:0
10-12 10:56:13.496 3435-4808/? D/BatteryService: online:4, current avg:447, charge type:1, power sharing:false, high voltage charger:false, capacity:280000, batterySWSelfDischarging:false, current_now:475
10-12 10:56:13.496 3435-4808/? D/BatteryService: stay LED for charging
10-12 10:56:13.496 3435-3435/? D/BatteryService: Sending ACTION_BATTERY_CHANGED.
10-12 10:56:13.506 3435-3435/? I/MotionRecognitionService: Plugged
10-12 10:56:13.506 3435-3435/? D/MotionRecognitionService: cableConnection= 1
10-12 10:56:13.506 3435-3435/? D/MotionRecognitionService: setPowerConnected | current backoffstate = 1024 , state =1024
10-12 10:56:13.506 3435-3435/? D/MotionRecognitionService: skip setTransmitPower.
10-12 10:56:13.506 3435-3852/? D/WifiController: ApOrStaEnabledState msg.what= 155652
10-12 10:56:13.516 3931-3931/? D/KeyguardUpdateMonitor: received broadcast android.intent.action.BATTERY_CHANGED
10-12 10:56:13.516 3931-3931/? D/KeyguardUpdateMonitor: handleBatteryUpdate
10-12 10:56:13.516 3931-3931/? D/PowerUI: priorPlugType = 2 mPlugType = 2
10-12 10:56:13.516 3931-3931/? D/PowerUI.Notification: showChargingNotice oldChargingType : 1 currentChargingType : 1 oldChargingTime : 4557000 mChargingTime : 4557000
10-12 10:56:13.516 3931-3931/? D/PowerUI.Notification: There is no change about charging status, so return!
10-12 10:56:13.536 4449-4449/? D/CommonServiceConfiguration: getStringValueSetting
10-12 10:56:13.546 4449-4449/? D/BatteryMonitor: new battery level: 79
10-12 10:56:13.556 4758-4758/? D/BatteryController: saveBatteryData : level[79], status[2]
10-12 10:56:13.566 3931-3931/? D/BatteryMeterView: ACTION_BATTERY_CHANGED : level:79 status:2 health:2
10-12 10:56:13.566 3931-3931/? D/BatteryMeterView: ACTION_BATTERY_CHANGED : level:79 status:2 health:2
10-12 10:56:23.166 3435-6368/? D/SSRM:n: SIOP:: AP = 250, PST = 260 (W:14), CP = 214, CUR = 447, LCD = 1
10-12 10:56:23.556 3435-4341/? D/BatteryService: !@BatteryListener : batteryPropertiesChanged!
10-12 10:56:23.556 3435-4341/? D/BatteryService: level:79, scale:100, status:2, health:2, present:true, voltage: 4153, temperature: 248, technology: Li-ion, AC powered:false, USB powered:true, POGO powered:false, Wireless powered:false, icon:17303413, invalid charger:0, maxChargingCurrent:0
10-12 10:56:23.556 3435-4341/? D/BatteryService: online:4, current avg:443, charge type:1, power sharing:false, high voltage charger:false, capacity:280000, batterySWSelfDischarging:false, current_now:471
10-12 10:56:23.556 3435-4341/? D/BatteryService: stay LED for charging
10-12 10:56:23.556 3435-3435/? D/BatteryService: Sending ACTION_BATTERY_CHANGED.
10-12 10:56:23.566 3435-3435/? I/MotionRecognitionService: Plugged
10-12 10:56:23.566 3435-3435/? D/MotionRecognitionService: cableConnection= 1
10-12 10:56:23.566 3435-3435/? D/MotionRecognitionService: setPowerConnected | current backoffstate = 1024 , state =1024
10-12 10:56:23.566 3435-3435/? D/MotionRecognitionService: skip setTransmitPower.
10-12 10:56:23.566 3435-3852/? D/WifiController: ApOrStaEnabledState msg.what= 155652
10-12 10:56:23.566 3931-3931/? D/KeyguardUpdateMonitor: received broadcast android.intent.action.BATTERY_CHANGED
10-12 10:56:23.566 3931-3931/? D/KeyguardUpdateMonitor: handleBatteryUpdate
10-12 10:56:23.576 3931-3931/? D/PowerUI: priorPlugType = 2 mPlugType = 2
10-12 10:56:23.576 3931-3931/? D/PowerUI.Notification: showChargingNotice oldChargingType : 1 currentChargingType : 1 oldChargingTime : 4557000 mChargingTime : 4532000
10-12 10:56:23.576 3931-3931/? D/PowerUI.Notification: showChargingNotification()
10-12 10:56:23.586 4449-4449/? D/CommonServiceConfiguration: getStringValueSetting
10-12 10:56:23.596 3435-4343/? D/ApplicationPolicy: isStatusBarNotificationAllowedAsUser: packageName = com.android.systemui,userId = -1
10-12 10:56:23.596 4449-4449/? D/BatteryMonitor: new battery level: 79
10-12 10:56:23.606 3931-3931/? D/BatteryMeterView: ACTION_BATTERY_CHANGED : level:79 status:2 health:2
10-12 10:56:23.606 3931-3931/? D/BatteryMeterView: ACTION_BATTERY_CHANGED : level:79 status:2 health:2
10-12 10:56:23.606 4758-4758/? D/BatteryController: saveBatteryData : level[79], status[2]
10-12 10:56:23.606 3435-3435/? D/MARsPolicyManager: NotificationListenerService OngoingNotificationPosted : com.android.systemui
10-12 10:56:23.636 3931-3931/? W/ResourcesManager: getTopLevelResources: /system/priv-app/SystemUI/SystemUI.apk / 1.0 running in com.android.systemui rsrc of package com.android.systemui
10-12 10:56:23.646 3931-3931/? D/PhoneStatusBar: setAreThereNotifications: N=2 any=true clearable=false
10-12 10:56:32.876 3435-3807/? V/AlarmManager: Expired Alarm result :8
10-12 10:56:33.226 3435-6368/? D/SSRM:n: SIOP:: AP = 250, PST = 259 (W:14), CP = 212, CUR = 443, LCD = 1
10-12 10:56:33.616 3435-4133/? D/BatteryService: !@BatteryListener : batteryPropertiesChanged!
10-12 10:56:33.616 3435-4133/? D/BatteryService: level:79, scale:100, status:2, health:2, present:true, voltage: 4145, temperature: 247, technology: Li-ion, AC powered:false, USB powered:true, POGO powered:false, Wireless powered:false, icon:17303413, invalid charger:0, maxChargingCurrent:0
10-12 10:56:33.616 3435-4133/? D/BatteryService: online:4, current avg:447, charge type:1, power sharing:false, high voltage charger:false, capacity:280000, batterySWSelfDischarging:false, current_now:353
10-12 10:56:33.616 3435-4133/? D/BatteryService: stay LED for charging
10-12 10:56:33.616 3435-3435/? D/BatteryService: Sending ACTION_BATTERY_CHANGED.
10-12 10:56:33.616 3435-3435/? I/MotionRecognitionService: Plugged
10-12 10:56:33.616 3435-3435/? D/MotionRecognitionService: cableConnection= 1
10-12 10:56:33.616 3435-3435/? D/MotionRecognitionService: setPowerConnected | current backoffstate = 1024 , state =1024
10-12 10:56:33.616 3435-3435/? D/MotionRecognitionService: skip setTransmitPower.
10-12 10:56:33.626 3435-3852/? D/WifiController: ApOrStaEnabledState msg.what= 155652
10-12 10:56:33.626 3931-3931/? D/KeyguardUpdateMonitor: received broadcast android.intent.action.BATTERY_CHANGED
10-12 10:56:33.636 3931-3931/? D/PowerUI: priorPlugType = 2 mPlugType = 2
10-12 10:56:33.626 3931-3931/? D/KeyguardUpdateMonitor: handleBatteryUpdate
10-12 10:56:33.636 3931-3931/? D/PowerUI.Notification: showChargingNotice oldChargingType : 1 currentChargingType : 1 oldChargingTime : 4532000 mChargingTime : 4532000
10-12 10:56:33.636 3931-3931/? D/PowerUI.Notification: There is no change about charging status, so return!
10-12 10:56:33.646 4449-4449/? D/CommonServiceConfiguration: getStringValueSetting
10-12 10:56:33.656 4449-4449/? D/BatteryMonitor: new battery level: 79
10-12 10:56:33.656 4758-4758/? D/BatteryController: saveBatteryData : level[79], status[2]
10-12 10:56:33.686 3931-3931/? D/BatteryMeterView: ACTION_BATTERY_CHANGED : level:79 status:2 health:2
10-12 10:56:33.686 3931-3931/? D/BatteryMeterView: ACTION_BATTERY_CHANGED : level:79 status:2 health:2
10-12 10:56:34.526 3435-3799/? D/TimaService: TIMA: TimaService scheduler is intialized.
10-12 10:56:34.526 3435-3799/? D/TimaService: TIMA: checkEvent, operation: 50000 subject: 10000
10-12 10:56:34.526 3435-3798/? D/TimaService: TimaServiceHandler.handleMessage what =1
10-12 10:56:36.136 3435-4154/? E/Watchdog: !@Sync 280 [10-12 10:56:36.143]
10-12 10:56:37.726 3435-3799/? I/TLC_TIMA_PKM_measure_kernel: TIMA: response_id = 3
10-12 10:56:37.726 3435-3799/? I/TLC_TIMA_PKM_measure_kernel: TIMA: response ret = 0, result_ondemand = MSG=Kernel Verification Success;
10-12 10:56:37.726 3435-3799/? D/TimaService: TIMA MEASUREMENT Result: TIMA_STATUS=0;MSG=Kernel Verification Success;
10-12 10:56:37.726 3435-3799/? D/TimaService: TIMA MEASUREMENT success status: TIMA_STATUS=0;MSG=Kernel Verification Success;
10-12 10:56:43.286 3435-6368/? D/SSRM:n: SIOP:: AP = 250, PST = 257 (W:14), CP = 211, CUR = 447, LCD = 1
10-12 10:56:43.676 3435-3474/? D/BatteryService: !@BatteryListener : batteryPropertiesChanged!
10-12 10:56:43.676 3435-3474/? D/BatteryService: level:79, scale:100, status:2, health:2, present:true, voltage: 4154, temperature: 247, technology: Li-ion, AC powered:false, USB powered:true, POGO powered:false, Wireless powered:false, icon:17303413, invalid charger:0, maxChargingCurrent:0
10-12 10:56:43.676 3435-3474/? D/BatteryService: online:4, current avg:448, charge type:1, power sharing:false, high voltage charger:false, capacity:280000, batterySWSelfDischarging:false, current_now:475
10-12 10:56:43.676 3435-3474/? D/BatteryService: stay LED for charging
10-12 10:56:43.676 3435-3435/? D/BatteryService: Sending ACTION_BATTERY_CHANGED.
10-12 10:56:43.676 3435-3435/? I/MotionRecognitionService: Plugged
10-12 10:56:43.676 3435-3435/? D/MotionRecognitionService: cableConnection= 1
10-12 10:56:43.676 3435-3435/? D/MotionRecognitionService: setPowerConnected | current backoffstate = 1024 , state =1024
10-12 10:56:43.676 3435-3435/? D/MotionRecognitionService: skip setTransmitPower.
10-12 10:56:43.686 3435-3852/? D/WifiController: ApOrStaEnabledState msg.what= 155652
10-12 10:56:43.686 3931-3931/? D/KeyguardUpdateMonitor: received broadcast android.intent.action.BATTERY_CHANGED
10-12 10:56:43.686 3931-3931/? D/KeyguardUpdateMonitor: handleBatteryUpdate
10-12 10:56:43.686 3931-3931/? D/PowerUI: priorPlugType = 2 mPlugType = 2
10-12 10:56:43.696 3931-3931/? D/PowerUI.Notification: showChargingNotice oldChargingType : 1 currentChargingType : 1 oldChargingTime : 4532000 mChargingTime : 4510000
10-12 10:56:43.696 3931-3931/? D/PowerUI.Notification: showChargingNotification()
10-12 10:56:43.716 4449-4449/? D/CommonServiceConfiguration: getStringValueSetting
10-12 10:56:43.716 3435-4802/? D/ApplicationPolicy: isStatusBarNotificationAllowedAsUser: packageName = com.android.systemui,userId = -1
10-12 10:56:43.726 4449-4449/? D/BatteryMonitor: new battery level: 79
10-12 10:56:43.726 3931-3931/? D/BatteryMeterView: ACTION_BATTERY_CHANGED : level:79 status:2 health:2
10-12 10:56:43.726 3931-3931/? D/BatteryMeterView: ACTION_BATTERY_CHANGED : level:79 status:2 health:2
10-12 10:56:43.726 4758-4758/? D/BatteryController: saveBatteryData : level[79], status[2]
10-12 10:56:43.736 3435-3435/? D/MARsPolicyManager: NotificationListenerService OngoingNotificationPosted : com.android.systemui
10-12 10:56:43.766 3931-3931/? W/ResourcesManager: getTopLevelResources: /system/priv-app/SystemUI/SystemUI.apk / 1.0 running in com.android.systemui rsrc of package com.android.systemui
10-12 10:56:43.776 3931-3931/? D/PhoneStatusBar: setAreThereNotifications: N=2 any=true clearable=false
10-12 10:56:47.416 3143-3703/? E/NetlinkEvent: NetlinkEvent::FindParam(): Parameter 'LABEL' not found
10-12 10:56:48.236 3143-3703/? E/NetlinkEvent: NetlinkEvent::FindParam(): Parameter 'LABEL' not found
10-12 10:56:50.326 27886-27901/? I/Quasar: start to send events
10-12 10:56:53.206 4116-4144/? D/ContactsProvider_EventLog: contents_sample_state: [ contacts(15) data(105) accounts({com.google (2)=15}) accounts deleted({}) calls([]) ] contents_sample_state: [ agr({[2]=15}) ]
10-12 10:56:53.326 3435-6368/? D/SSRM:n: SIOP:: AP = 250, PST = 255 (W:14), CP = 210, CUR = 448, LCD = 1
10-12 10:56:53.356 4116-4144/? E/ContactsProvider_EventLog: Flush buffer to file cnt : 5 size : 2Kb duration : 146ms lastUpdatedAfter : 146951ms
10-12 10:56:53.736 3435-4337/? D/BatteryService: !@BatteryListener : batteryPropertiesChanged!
10-12 10:56:53.736 3435-4337/? D/BatteryService: level:79, scale:100, status:2, health:2, present:true, voltage: 4145, temperature: 246, technology: Li-ion, AC powered:false, USB powered:true, POGO powered:false, Wireless powered:false, icon:17303413, invalid charger:0, maxChargingCurrent:0
10-12 10:56:53.736 3435-4337/? D/BatteryService: online:4, current avg:445, charge type:1, power sharing:false, high voltage charger:false, capacity:280000, batterySWSelfDischarging:false, current_now:347
10-12 10:56:53.736 3435-4337/? D/BatteryService: stay LED for charging
10-12 10:56:53.736 3435-3435/? D/BatteryService: Sending ACTION_BATTERY_CHANGED.
10-12 10:56:53.746 3435-3435/? I/MotionRecognitionService: Plugged
10-12 10:56:53.746 3435-3435/? D/MotionRecognitionService: cableConnection= 1
10-12 10:56:53.746 3435-3435/? D/MotionRecognitionService: setPowerConnected | current backoffstate = 1024 , state =1024
10-12 10:56:53.746 3435-3435/? D/MotionRecognitionService: skip setTransmitPower.
10-12 10:56:53.746 3435-3852/? D/WifiController: ApOrStaEnabledState msg.what= 155652
10-12 10:56:53.756 3931-3931/? D/KeyguardUpdateMonitor: received broadcast android.intent.action.BATTERY_CHANGED
10-12 10:56:53.756 3931-3931/? D/KeyguardUpdateMonitor: handleBatteryUpdate
10-12 10:56:53.756 3931-3931/? D/PowerUI: priorPlugType = 2 mPlugType = 2
10-12 10:56:53.756 3931-3931/? D/PowerUI.Notification: showChargingNotice oldChargingType : 1 currentChargingType : 1 oldChargingTime : 4510000 mChargingTime : 4510000
10-12 10:56:53.756 3931-3931/? D/PowerUI.Notification: There is no change about charging status, so return!
10-12 10:56:53.786 4449-4449/? D/CommonServiceConfiguration: getStringValueSetting
10-12 10:56:53.796 4449-4449/? D/BatteryMonitor: new battery level: 79
10-12 10:56:53.796 4758-4758/? D/BatteryController: saveBatteryData : level[79], status[2]
10-12 10:56:53.806 3931-3931/? D/BatteryMeterView: ACTION_BATTERY_CHANGED : level:79 status:2 health:2
10-12 10:56:53.806 3931-3931/? D/BatteryMeterView: ACTION_BATTERY_CHANGED : level:79 status:2 health:2
10-12 10:56:59.996 3435-3807/? V/AlarmManager: Expired Alarm result :8
10-12 10:57:00.116 3435-3807/? V/AlarmManager: Expired Alarm result :4
10-12 10:57:00.116 3435-3807/? V/AlarmManager: Send whitelist package alarm :PendingIntent{8db1ce7: PendingIntentRecord{5684f7e com.samsung.android.app.aodservice broadcastIntent}}
