10-12 11:04:49.826 3435-4803/? D/SContextService: Listener : android.hardware.scontext.SContextService$Listener@696811, Service : Activity Tracker
10-12 11:04:49.826 3435-4803/? D/SContextService: Listener : android.hardware.scontext.SContextService$Listener@f918c28, Service : Device Physical Context Monitor
10-12 11:04:49.826 4758-16834/? D/SContextManager: .registerListener : listener = com.samsung.android.app.aodservice.AODService$7@364f7c6, service=Device Physical Context Monitor
10-12 11:04:49.826 4758-4758/? I/AODUpdatePositionController: initPosition : X[22], Y[202] Rect(-50, 0 - 50, 920)
10-12 11:04:49.826 3435-4343/? W/CAE: setCAProperty(ContextAwareService.java:578) - [setProperty 01] Mutex is locked for DEVICE_PHYSICAL_CONTEXT_MONITOR
10-12 11:04:49.826 3435-4343/? I/CAE: sendCmdToSensorHub(SensorHubCommManager.java:162) - -63, 23, 56, 3, 1, 2, 88,
10-12 11:04:49.826 3435-4343/? D/SensorHubManager: SendSensorHubData: send data = -63, 23, 56, 3, 1, 2, 88
10-12 11:04:49.826 3158-8639/? D/Sensorhubs: sendContextData: -63, 23, 56, 3, 1, 2, 88
10-12 11:04:49.826 4758-4758/? D/Minikin: FontFamily bestFont == NULL, so return vacant FakedFont
10-12 11:04:49.826 4758-4758/? D/Minikin: FontFamily bestFont == NULL, so return vacant FakedFont
10-12 11:04:49.826 4758-4758/? D/Minikin: FontFamily bestFont == NULL, so return vacant FakedFont
10-12 11:04:49.826 3887-3887/? I/wpa_supplicant: Scan requested (ret=0) - scan timeout 30 seconds
10-12 11:04:49.836 4758-4758/? D/Minikin: FontFamily bestFont == NULL, so return vacant FakedFont
10-12 11:04:49.836 4758-4758/? D/Minikin: FontFamily bestFont == NULL, so return vacant FakedFont
10-12 11:04:49.836 4758-4758/? D/Minikin: FontFamily bestFont == NULL, so return vacant FakedFont
10-12 11:04:49.836 3435-4343/? I/CAE: setCAProperty(ContextAwareService.java:583) - result : true
10-12 11:04:49.836 3435-4343/? W/CAE: setCAProperty(ContextAwareService.java:584) - [setProperty 02] Mutex is unlocked for DEVICE_PHYSICAL_CONTEXT_MONITOR
10-12 11:04:49.836 4758-4758/? D/Minikin: FontFamily bestFont == NULL, so return vacant FakedFont
10-12 11:04:49.836 4758-4758/? D/Minikin: FontFamily bestFont == NULL, so return vacant FakedFont
10-12 11:04:49.836 4758-4758/? D/Minikin: FontFamily bestFont == NULL, so return vacant FakedFont
10-12 11:04:49.836 3435-3992/? W/CAE: setCAProperty(ContextAwareService.java:578) - [setProperty 01] Mutex is locked for DEVICE_PHYSICAL_CONTEXT_MONITOR
10-12 11:04:49.836 3435-3992/? I/CAE: sendCmdToSensorHub(SensorHubCommManager.java:162) - -63, 23, 56, 3, 2, 0, 3,
10-12 11:04:49.836 3435-3992/? D/SensorHubManager: SendSensorHubData: send data = -63, 23, 56, 3, 2, 0, 3
10-12 11:04:49.836 3158-3199/? D/Sensorhubs: sendContextData: -63, 23, 56, 3, 2, 0, 3
10-12 11:04:49.846 4758-4758/? I/DefaultClockView: composeDefaultClockView: Selected clock = 0
10-12 11:04:49.846 3435-3992/? I/CAE: setCAProperty(ContextAwareService.java:583) - result : true
10-12 11:04:49.846 3435-3992/? W/CAE: setCAProperty(ContextAwareService.java:584) - [setProperty 02] Mutex is unlocked for DEVICE_PHYSICAL_CONTEXT_MONITOR
10-12 11:04:49.846 3435-3475/? W/CAE: setCAProperty(ContextAwareService.java:578) - [setProperty 01] Mutex is locked for DEVICE_PHYSICAL_CONTEXT_MONITOR
10-12 11:04:49.846 3435-3475/? I/CAE: sendCmdToSensorHub(SensorHubCommManager.java:162) - -63, 23, 56, 3, 3, 0, 60,
10-12 11:04:49.846 3435-3475/? D/SensorHubManager: SendSensorHubData: send data = -63, 23, 56, 3, 3, 0, 60
10-12 11:04:49.846 3158-3158/? D/Sensorhubs: sendContextData: -63, 23, 56, 3, 3, 0, 60
10-12 11:04:49.856 3435-3475/? I/CAE: setCAProperty(ContextAwareService.java:583) - result : true
10-12 11:04:49.856 3435-3475/? W/CAE: setCAProperty(ContextAwareService.java:584) - [setProperty 02] Mutex is unlocked for DEVICE_PHYSICAL_CONTEXT_MONITOR
10-12 11:04:49.856 4758-4758/? D/BatteryMeterView: BatteryMeterView
10-12 11:04:49.856 3435-4200/? W/CAE: setCAProperty(ContextAwareService.java:578) - [setProperty 01] Mutex is locked for DEVICE_PHYSICAL_CONTEXT_MONITOR
10-12 11:04:49.856 3435-4200/? I/CAE: sendCmdToSensorHub(SensorHubCommManager.java:162) - -63, 23, 56, 3, 4, 0, 1,
10-12 11:04:49.856 3435-4200/? D/SensorHubManager: SendSensorHubData: send data = -63, 23, 56, 3, 4, 0, 1
10-12 11:04:49.856 3158-8639/? D/Sensorhubs: sendContextData: -63, 23, 56, 3, 4, 0, 1
10-12 11:04:49.856 3435-4200/? I/CAE: setCAProperty(ContextAwareService.java:583) - result : true
10-12 11:04:49.856 3435-4200/? W/CAE: setCAProperty(ContextAwareService.java:584) - [setProperty 02] Mutex is unlocked for DEVICE_PHYSICAL_CONTEXT_MONITOR
10-12 11:04:49.866 3435-4325/? W/CAE: setCAProperty(ContextAwareService.java:578) - [setProperty 01] Mutex is locked for DEVICE_PHYSICAL_CONTEXT_MONITOR
10-12 11:04:49.866 3435-4325/? I/CAE: sendCmdToSensorHub(SensorHubCommManager.java:162) - -63, 23, 56, 4, 0, 0, 0, 110, 1,
10-12 11:04:49.866 3435-4325/? D/SensorHubManager: SendSensorHubData: send data = -63, 23, 56, 4, 0, 0, 0, 110, 1
10-12 11:04:49.866 3158-3199/? D/Sensorhubs: sendContextData: -63, 23, 56, 4, 0, 0, 0, 110, 1
10-12 11:04:49.866 3435-4325/? I/CAE: setCAProperty(ContextAwareService.java:583) - result : true
10-12 11:04:49.866 3435-4325/? W/CAE: setCAProperty(ContextAwareService.java:584) - [setProperty 02] Mutex is unlocked for DEVICE_PHYSICAL_CONTEXT_MONITOR
10-12 11:04:49.866 3435-3474/? W/CAE: setCAProperty(ContextAwareService.java:578) - [setProperty 01] Mutex is locked for DEVICE_PHYSICAL_CONTEXT_MONITOR
10-12 11:04:49.866 3435-3474/? I/CAE: sendCmdToSensorHub(SensorHubCommManager.java:162) - -63, 23, 56, 4, 0, 0, 0, 17, 2,
10-12 11:04:49.866 3435-3474/? D/SensorHubManager: SendSensorHubData: send data = -63, 23, 56, 4, 0, 0, 0, 17, 2
10-12 11:04:49.866 3158-3158/? D/Sensorhubs: sendContextData: -63, 23, 56, 4, 0, 0, 0, 17, 2
10-12 11:04:49.876 3435-3474/? I/CAE: setCAProperty(ContextAwareService.java:583) - result : true
10-12 11:04:49.876 3435-3474/? W/CAE: setCAProperty(ContextAwareService.java:584) - [setProperty 02] Mutex is unlocked for DEVICE_PHYSICAL_CONTEXT_MONITOR
10-12 11:04:49.876 4758-4758/? D/Minikin: FontFamily bestFont == NULL, so return vacant FakedFont
10-12 11:04:49.876 4758-4758/? D/Minikin: FontFamily bestFont == NULL, so return vacant FakedFont
10-12 11:04:49.876 4758-4758/? D/Minikin: FontFamily bestFont == NULL, so return vacant FakedFont
10-12 11:04:49.876 4758-4758/? D/DefaultClockView: LocalTime Pattern : HH:mm
10-12 11:04:49.876 4758-4758/? I/AODUpdatePositionController: updatePosition: start current clock, Current X[22] Current Y[202] NewPositionTimer[60]
10-12 11:04:49.886 4758-4758/? D/TimeViewHolder: onTimeUpdate: timeZone:libcore.util.ZoneInfo[id="Europe/Berlin",mRawOffset=3600000,mEarliestRawOffset=3600000,mUseDst=true,mDstSavings=3600000,transitions=144] isSplitHour:false isSingleView:false isAMPMonLeft:null time01: 11:04 time02: null ampm: null
10-12 11:04:49.886 4758-4758/? D/RoamingTimeViewHolder: isDualClockSetting :: true isHomeTimeZoneExist :: false isEasyUxON :: false Utils.isRoaming(mContext) :: false
10-12 11:04:49.886 4758-4758/? D/RoamingTimeViewHolder: getHomeCalendar : No homecity_timezone, set as default : (libcore.util.ZoneInfo[id="Europe/Berlin",mRawOffset=3600000,mEarliestRawOffset=3600000,mUseDst=true,mDstSavings=3600000,transitions=144])
10-12 11:04:49.886 4758-4758/? D/RoamingTimeViewHolder: onTimeUpdate: isVisible:false timeZone:libcore.util.ZoneInfo[id="Europe/Berlin",mRawOffset=3600000,mEarliestRawOffset=3600000,mUseDst=true,mDstSavings=3600000,transitions=144] text:Wed, 12 Oct 11:04
10-12 11:04:49.886 4758-4758/? D/DefaultClockView: show
10-12 11:04:49.896 4758-4758/? D/ViewRootImpl: #1 mView = com.samsung.android.app.aodservice.nightclock.DefaultClockView{1e3cc20 V.E...... ......ID 0,0-0,0}
10-12 11:04:49.896 3435-4803/? D/ISSUE_DEBUG: InputChannelName : 62ea2e6 AOD
10-12 11:04:49.896 3435-3541/? D/StatusBarManagerService: manageDisableList userId=0 what=0x0 pkg=Window{62ea2e6 u0 d0 AOD}
10-12 11:04:49.896 3435-4803/? D/InputDispatcher: Focus left window: 3931
10-12 11:04:49.896 3435-4803/? D/InputDispatcher: Focus entered window: 4758
10-12 11:04:49.896 3435-3565/? D/PointerIcon: setMouseIconStyle1 pointerType: 1001 iconType:101 flag:0 pid:3435 uid:1000
10-12 11:04:49.896 3435-3565/? D/PointerIcon: setMouseCustomIcon IconType is same.101
10-12 11:04:49.896 3931-3931/? D/PhoneStatusBar: setSystemUiVisibility vis=8000 mask=ffffffff oldVal=8600 newVal=8000 diff=600
10-12 11:04:49.906 3435-3579/? D/SurfaceControl: Excessive delay in setPowerMode(): 177ms
10-12 11:04:49.906 3435-3579/? D/PowerManagerUtil: Excessive delay in !@display_state: OFF: 177ms
10-12 11:04:49.906 3435-3579/? D/PowerManagerUtil: Excessive delay in DisplayManagerInternal.requestDesiredDisplayState: 188ms
10-12 11:04:49.906 3435-3569/? D/DisplayPowerController: animateScreenStateChange[0]: target=1
10-12 11:04:49.906 3435-3569/? D/DisplayPowerController: [Dual Screen Compatible] state[0] :1
10-12 11:04:49.906 3435-3569/? D/DisplayPowerController: getFinalBrightness : Summary is 0 -> 0
10-12 11:04:49.906 3435-3569/? I/libsuspend: !@autosuspend_wakeup_count_enable
10-12 11:04:49.906 3435-3569/? D/DisplayPowerController: Animating brightness: target=0, rate=0 (PSM:false, AB limit:(-1 ~ -1) MB Limit:(-1 ~ -1))
10-12 11:04:49.906 3435-3569/? I/libsuspend: !@autosuspend_wakeup_count_enable done
10-12 11:04:49.906 3435-3569/? I/PowerManagerService: [PWL] Off : 0s ago
10-12 11:04:49.906 3435-3569/? I/PowerManagerService: [PWL] PowerManagerService.WakeLocks: ref count=1
10-12 11:04:49.906 3435-3569/? I/PowerManagerService: [PWL] mWakeLockSummary : 0x1
10-12 11:04:49.906 3435-3569/? I/PowerManagerService: [PWL] PARTIAL_WAKE_LOCK 'AlwaysOnDisplay_EnsureWorkingTime' (uid=10000, pid=4758, ws=null) (elapsedTime=125)
10-12 11:04:49.906 3435-3569/? I/PowerManagerService: [PWL] PowerManagerService.Display: ref count=2
10-12 11:04:49.906 3435-3569/? I/PowerManagerService: [PWL] mUserActivitySummary : 0x4
10-12 11:04:49.906 3435-3569/? I/PowerManagerService: [PWL] mDisplayReady : false
10-12 11:04:49.906 3435-3569/? D/DisplayPowerController: animateScreenStateChange[0]: target=1
10-12 11:04:49.906 3435-3569/? D/DisplayPowerController: [Dual Screen Compatible] state[0] :1
10-12 11:04:49.906 3435-3569/? D/DisplayPowerController: getFinalBrightness : Summary is 0 -> 0
10-12 11:04:49.906 3435-3569/? D/DisplayPowerController: Animating brightness: target=0, rate=0 (PSM:false, AB limit:(-1 ~ -1) MB Limit:(-1 ~ -1))
10-12 11:04:49.906 3435-3894/? D/PersonaManagerService: onfinishedGoingToSleep why = 3
10-12 11:04:49.906 3435-3569/? D/PowerManagerService: [s] DisplayPowerCallbacks : onStateChanged()
10-12 11:04:49.906 3931-4152/? D/KeyguardViewMediator: onFinishedGoingToSleep(3)
10-12 11:04:49.906 3435-3569/? D/PowerManagerService: mDisplayReady: true
10-12 11:04:49.906 3931-4152/? D/KeyguardViewMediator: notifyFinishedGoingToSleep
10-12 11:04:49.906 3435-3569/? D/PowerManagerService: [PWL] sb release: PowerManagerService.Display
10-12 11:04:49.906 3931-4152/? E/KeyguardViewMediator: resetStateLocked
10-12 11:04:49.906 3435-3569/? D/PowerManagerService: handleSandman : startDreaming: true (canDreamLocked: false canDozeLocked: true)
10-12 11:04:49.906 3931-3931/? D/KeyguardViewMediator: handleNotifyFinishedGoingToSleep
10-12 11:04:49.906 3435-3569/? D/PowerManagerService: handleSandman : startDream(true)
10-12 11:04:49.906 3435-3604/? D/PersonaManagerServiceHandler: MSG_ACTION_SCREEN_OFF called
10-12 11:04:49.906 3435-3569/? E/PowerManagerService: handleSandman : startDreaming, but isDreaming false
10-12 11:04:49.906 3931-3931/? D/KeyguardEffectViewController: onScreenTurnedOff
10-12 11:04:49.906 3435-3569/? I/PowerManagerService: Sleeping (uid 1000)...
10-12 11:04:49.906 3931-3931/? D/KeyguardEffectViewController: ## mBackgroundView.onPause()
10-12 11:04:49.906 3435-3569/? D/PowerManagerService: [s] UserActivityState : 4 -> 0
10-12 11:04:49.906 3931-3931/? D/KeyguardEffectViewLayered: onPause()
10-12 11:04:49.906 3435-3569/? D/PowerManagerService: [PWL] sb acquire: PowerManagerService.Broadcasts
10-12 11:04:49.906 3931-3931/? D/KeyguardViewMediator: handleReset
10-12 11:04:49.906 3931-3931/? D/StatusBarKeyguardViewManager: showBouncerOrKeyguard
10-12 11:04:49.916 4006-4006/? D/Recents_RecentsActivity: Screen off broadcast is received
10-12 11:04:49.916 4006-4006/? D/Recents_RecentsActivity: clearWindowFlag is getting called
10-12 11:04:49.916 4006-4006/? D/Recents_RecentsActivity: dismissRecentsToHome, animated=false
10-12 11:04:49.916 3931-3931/? D/KeyguardSecurityModel: getSecurityMode( getActivePasswordQuality = 196608 , currentuser = 0
10-12 11:04:49.916 3931-3931/? D/PhoneStatusBar: showKeyguard
10-12 11:04:49.916 4758-4758/? W/ResourcesManager: getTopLevelResources: /system/priv-app/SecMms_Epic_Common/SecMms_Epic_Common.apk / 1.0 running in com.samsung.android.app.aodservice rsrc of package com.android.mms
10-12 11:04:49.916 3931-3931/? D/PhoneStatusBar: setBarState: state - 1
10-12 11:04:49.916 3931-3931/? D/StatusBar-Window: fnf=false sanc=true, kni=false, sbf=true
10-12 11:04:49.916 3931-3931/? D/CoverUI: applyFocusableFlag() : Remove SAMSUNG_FLAG_SVIEW_COVER
10-12 11:04:49.916 3931-3931/? D/StatusBarWindowManager: forceCollapsed : false isKeyguardShowingAndNotOccluded() : true panelVisible : true keyguardFadingAway : false bouncerShowing : false headsUpShowing : false
10-12 11:04:49.916 3931-3931/? D/CoverUI: applyHeight h = -1, oc = true, fa = false, ac = false, sc = false
10-12 11:04:49.916 3931-3931/? I/PhoneStatusBar: updateKeyguardState 1 to 1
10-12 11:04:49.926 4758-4758/? D/ResourcesManager: For user 0 new overlays fetched Null
10-12 11:04:49.926 4758-4758/? W/ResourcesManager: getTopLevelResources: /data/app/com.google.android.talk-1/base.apk / 1.0 running in com.samsung.android.app.aodservice rsrc of package com.google.android.talk
10-12 11:04:49.936 4758-4758/? D/ResourcesManager: For user 0 new overlays fetched Null
10-12 11:04:49.936 3435-3435/? D/LightsService: [api] [SvcLED] setFlashing :: id = 5, color = 0, mode = 10, onMS = 0, offMS = 0, (uid: 1000 pid: 3435)
10-12 11:04:49.936 3435-3435/? D/LightsService: [SvcLED] setSvcLedStateLocked:: SvcLEDState : 0x0 -> 0x10 | SvcLED(id=5) set On
10-12 11:04:49.936 3435-3435/? D/SensorService: SensorEventConnection::SocketBufferSize, SystemSocketBufferSize - 102400, 2097152
10-12 11:04:49.936 3931-3931/? D/PanelView: updateQsState
10-12 11:04:49.936 3931-3931/? D/KeyguardSwipeHelper: reset()
10-12 11:04:49.936 3435-3576/? D/LightsService: [SvcLED] onSensorChanged::light value = 12
10-12 11:04:49.936 3931-3931/? D/KeyguardUnlockEventHandler: reset()
10-12 11:04:49.936 3435-3435/? D/BatteryService: turn on LED for charging
10-12 11:04:49.936 3931-3931/? D/KeyguardSwipeHelper: resetChildViewVI()
10-12 11:04:49.936 3435-3435/? D/SensorManager: registerListener :: 6, TMD4093 RGB Sensor, 200000, 0,
10-12 11:04:49.946 3435-3576/? D/SensorManager: unregisterListener ::
10-12 11:04:49.946 3435-3576/? D/lights: led_pattern : 1 +
10-12 11:04:49.946 3931-3931/? D/StatusBar: LSSN:1
10-12 11:04:49.946 3931-3931/? E/LSO: LSO Service is not yet ready!!!
10-12 11:04:49.946 3435-3576/? D/lights: led_pattern : 1 -
10-12 11:04:49.946 3435-3576/? D/LightsService: [SvcLED] setSvcLedLightLocked :: Current SvcLED(id=5) maintains its priority right
10-12 11:04:49.946 3435-3576/? V/AlarmManager: remove PendingIntent] PendingIntent{ed5070: PendingIntentRecord{a2d8fe9 android broadcastIntent}}
10-12 11:04:49.946 3931-3931/? D/PanelView: setKeyguardBottomAreaVisibility() prevState=1, newState - 1 goingToShade - false
10-12 11:04:49.956 3931-3931/? D/PanelView: updateQsState
10-12 11:04:49.966 29487-29499/? D/BadgeProvider: query, [selection] : null
10-12 11:04:49.986 3435-3435/? I/CAE: handleMessage(CaPowerManager.java:182) - AP_SLEEP
10-12 11:04:49.986 3435-3435/? I/CAE: updateApPowerStatus(SensorHubParserProvider.java:443) - AP_SLEEP
10-12 11:04:49.986 4758-4758/? D/AODMissedEventController: [com.android.contacts] badgeCount : 0, [com.android.mms] badgeCount : 0
10-12 11:04:49.986 3435-3435/? I/CAE: sendCmdToSensorHub(SensorHubCommManager.java:162) - -76, 13, -46, 0,
10-12 11:04:49.986 3435-3435/? D/SensorHubManager: SendSensorHubData: send data = -76, 13, -46, 0
10-12 11:04:49.986 3435-3992/? V/AlarmManager: Add whitelist package alarm :PendingIntent{b61a027: PendingIntentRecord{5684f7e com.samsung.android.app.aodservice broadcastIntent}}
10-12 11:04:49.986 4758-4758/? I/AODService.ClockTimer: startAlarm : TICK
10-12 11:04:49.986 3158-8639/? D/Sensorhubs: sendContextData: -76, 13, -46, 0
10-12 11:04:49.986 3435-3435/? I/CAE: sendCmdToSensorHub(SensorHubCommManager.java:162) - -63, 14, 9, 4, 49,
10-12 11:04:49.986 3435-3435/? D/SensorHubManager: SendSensorHubData: send data = -63, 14, 9, 4, 49
10-12 11:04:49.986 3158-3199/? D/Sensorhubs: sendContextData: -63, 14, 9, 4, 49
10-12 11:04:49.986 4758-4758/? I/AODService.ClockTimer: startAlarm : SLEEP
10-12 11:04:49.986 3931-3931/? D/KeyguardSecurityModel: getSecurityMode( getActivePasswordQuality = 196608 , currentuser = 0
10-12 11:04:49.996 3931-3931/? D/PhoneStatusBar: adjustDisableFlags:false, false, true, false, false, 1
10-12 11:04:49.996 3931-3931/? D/PhoneStatusBar: Make expanded visible: expanded visible=true
10-12 11:04:49.996 3931-3931/? D/StatusBar-Window: fnf=false sanc=true, kni=false, sbf=true
10-12 11:04:49.996 3931-3931/? D/CoverUI: applyFocusableFlag() : Remove SAMSUNG_FLAG_SVIEW_COVER
10-12 11:04:49.996 3931-3931/? D/StatusBarWindowManager: forceCollapsed : false isKeyguardShowingAndNotOccluded() : true panelVisible : true keyguardFadingAway : false bouncerShowing : false headsUpShowing : false
10-12 11:04:49.996 3931-3931/? D/CoverUI: applyHeight h = -1, oc = true, fa = false, ac = false, sc = false
10-12 11:04:49.996 4758-4758/? V/AODService.ClockTimer: AOD Trigger: next AOD WAKEUP time is 9:0
10-12 11:04:49.996 4758-4758/? D/AODService.ClockTimer: startAlarm is canceled. triggerAtMillis = -1, currentTime = 1476263090006
10-12 11:04:49.996 4758-4758/? I/AODService.ClockTimer: stopAlarm : WAKEUP
10-12 11:04:49.996 3435-3435/? D/MotionRecognitionService: mReceiver.onReceive : ACTION_SCREEN_OFF
10-12 11:04:49.996 3435-4133/? V/AlarmManager: remove PendingIntent] PendingIntent{c8742d4: PendingIntentRecord{55b18d7 com.samsung.android.app.aodservice broadcastIntent}}
10-12 11:04:49.996 3435-3813/? D/MotionRecognitionService: Screen off setAccIntStatus
10-12 11:04:49.996 3435-3813/? E/MotionRecognitionService: handler : SCREEN_OFF end
10-12 11:04:49.996 4758-4758/? D/BatteryController: saveBatteryData : level[81], status[2]
10-12 11:04:50.006 3004-3004/? I/SurfaceFlinger: id=387 createSurf (1440x2560),1 flag=404, BOD
10-12 11:04:50.006 3435-4343/? V/WindowOrientationListener: setCurrentAppOrientation :5
10-12 11:04:50.006 3435-4343/? V/WindowManager: rotationForOrientationLw(orient=5, last=0); user=0 sensorRotation=-1 mLidState=-1 mDockMode=0 mHdmiPlugged=false mMobileKeyboardEnabled=false displayId=0
10-12 11:04:50.006 3931-3931/? D/StatusBar.BrightnessController: setListening = true
10-12 11:04:50.016 3931-3931/? D/KeyguardEffectViewLayered: reset()
10-12 11:04:50.016 3931-3931/? D/KeyguardEffectViewLayered: init()
10-12 11:04:50.016 3931-3931/? D/KeyguardEffectViewLayered: mViewWidth = 1440, mViewHeight = 2560
10-12 11:04:50.016 3931-3931/? D/KeyguardEffectViewLayered: mBitmapImageList size = 3
10-12 11:04:50.016 3931-3931/? D/KeyguardEffectViewLayered: DENSITY = 1.0
10-12 11:04:50.016 4758-8207/? D/mali_winsys: EGLint new_window_surface(egl_winsys_display*, void*, EGLSurface, EGLConfig, egl_winsys_surface**, egl_color_buffer_format*, EGLBoolean) returns 0x3000, [1440x2560]-format:1
10-12 11:04:50.026 3931-3931/? D/PhoneStatusBar/KeyguardBottomAreaView: updateCameraVisibility isCameraDisabledByDpm=false
10-12 11:04:50.026 3931-3931/? D/KeyguardViewBase: show()
10-12 11:04:50.026 3435-3960/? D/InputMethodManagerService: windowGainedFocus mCurrentFocusedUserId - 0 and mSecureKeypadEnabled-false
10-12 11:04:50.026 8339-8339/? D/SamsungIME: IMPL finishInput
10-12 11:04:50.026 8339-8339/? D/SamsungIME: SwiftKeyWrapper writeDBdataToFileOnFinishInput
10-12 11:04:50.026 8339-8339/? D/SamsungIME: saveAndClear +
10-12 11:04:50.026 8339-8339/? D/SamsungIME: saveAndClear -
10-12 11:04:50.026 8339-8339/? D/SamsungIME: onStartInput: No inputType, No imeOption, isInputViewShown = false, isExtractViewShown = false, isShowInputRequested = false, isConfigChanged = false
10-12 11:04:50.036 3435-3435/? D/UniversalCredentialManagerService: inside mBReciever onReceive : android.intent.action.SCREEN_OFF
10-12 11:04:50.046 3435-3435/? D/UniversalCredentialManagerService: ****MSG_LOCK_STATUS_UPDATE block started****
10-12 11:04:50.046 3435-3435/? D/UniversalCredentialManagerService: notifyChangeToPlugin is called for Lock status update...
10-12 11:04:50.046 3435-3435/? D/UcmService: notifyChangeToPlugin event 15
10-12 11:04:50.046 3435-3435/? D/UcmService: checkCallerPermissionFor is called for method-notifyChangeToPlugin
10-12 11:04:50.046 3435-3435/? I/UcmService: checkIfNotify for cs Name = com.sec.smartcard.manager:com.samsung.ucs.agent.baiMobile Package name = com.sec.smartcard.manager
10-12 11:04:50.046 3435-3435/? D/UcmService: notifying to unmanaged plugin
10-12 11:04:50.046 4356-4382/? E/ucsBai_agentService: notifyChange NOT SUPPORTED
10-12 11:04:50.046 3435-3435/? D/UcmService: agentService com.sec.smartcard.manager:com.samsung.ucs.agent.baiMobile notify status - 0
10-12 11:04:50.046 3435-3435/? D/UcmService: agentService status-0
10-12 11:04:50.046 3435-3435/? I/UcmService: checkIfNotify for cs Name = com.samsung.ucs.agent.ese:eSE Credential Storage Package name = com.samsung.ucs.agent.ese
10-12 11:04:50.046 3435-3435/? D/UcmService: notifying to managed plugin
10-12 11:04:50.046 3435-3565/? V/WindowAnimator: hide by NightClock Window{605dc1a u0 d0 StatusBar}
10-12 11:04:50.046 3435-3435/? D/UcmService: checkIfNotify: Valid userid - 0
10-12 11:04:50.046 3435-3435/? D/PolicyManager: PolicyManager.isStorageEnabled() for userId = 0
10-12 11:04:50.046 3435-3435/? D/UniversalCredentialManagerService: checkCallerPermissionFor is called for method-isCredentialStorageManagedAsUser
10-12 11:04:50.046 3435-3435/? D/UniversalCredentialManagerService: isCredentialStorageManagedAsUser is called....
10-12 11:04:50.046 3435-3435/? D/PolicyManager: PolicyManager.isStorageEnabled() result = false
10-12 11:04:50.046 3435-3435/? D/UcmService: agentService com.samsung.ucs.agent.ese:eSE Credential Storage not notified
10-12 11:04:50.046 3435-3435/? D/UcmService: agentService status-0
10-12 11:04:50.046 3435-3435/? I/UcmService: checkIfNotify for cs Name = com.samsung.ucs.agent.boot:com.samsung.ucs.agent.boot Package name = com.samsung.ucs.agent.boot
10-12 11:04:50.046 3435-3435/? D/UcmService: notifying to unmanaged plugin
10-12 11:04:50.046 4385-4407/? D/BootAgentService: notifyChange eventId-15
10-12 11:04:50.046 3435-3435/? D/UcmService: agentService com.samsung.ucs.agent.boot:com.samsung.ucs.agent.boot notify status - -1
10-12 11:04:50.046 3435-3435/? D/UcmService: agentService status--1
10-12 11:04:50.046 3435-3435/? D/UniversalCredentialManagerService: ****MSG_LOCK_STATUS_UPDATE block ended****
10-12 11:04:50.046 3435-3787/? I/Sensors: #>LightSensor r=16 g=10 b=10 c=22 atime=245 again=64 lux=9
10-12 11:04:50.046 4758-4758/? D/ViewRootImpl: MSG_RESIZED_REPORT: ci=Rect(0, 0 - 0, 0) vi=Rect(0, 0 - 0, 0) or=1
10-12 11:04:50.056 4758-4758/? W/DisplayListCanvas: DisplayListCanvas is started on unbinded RenderNode (without mOwningView)
10-12 11:04:50.066 3435-3540/? V/BroadcastQueue: [background] Process cur broadcast BroadcastRecord{fec3c7d u-1 com.samsung.settings.action.directaccess.CLOSE_DIALOG qIdx=4}, state= (APP_RECEIVE) DELIVERED for app ProcessRecord{c02f138 28514:com.samsung.android.SettingsReceiver/1000}
10-12 11:04:50.066 3435-4341/? V/WindowStateAnimator: Finishing drawing window Window{62ea2e6 u0 d0 AOD}: mDrawState=DRAW_PENDING
10-12 11:04:50.076 3435-3565/? D/PowerManagerService: [api] setUserActivityTimeoutOverrideFromWindowManagerInternal: timeoutMillis: -1
10-12 11:04:50.076 3435-3565/? D/PowerManagerService: [api] setScreenDimDurationOverrideFromWindowManagerInternal: timeoutMillis: -1
10-12 11:04:50.076 3435-3435/? I/WifiTrafficPoller: evaluateTrafficStatsPolling
10-12 11:04:50.076 3004-3004/? D/libEGL: eglInitialize EGLDisplay = 0x7ff090b628
10-12 11:04:50.096 3435-3848/? D/WifiStateMachine: handleScreenStateChanged, screen off, set scan interval as max value !!!
10-12 11:04:50.096 3435-3848/? D/WifiNative-wlan0: callSECApiVoid - ID [19]
10-12 11:04:50.096 3887-3887/? I/wpa_supplicant: set PERIODIC_SCAN_INTERVAL_MAX to 128sec !!!
10-12 11:04:50.106 3435-3848/? E/WifiNative-wlan0: do suspend true
10-12 11:04:50.106 3435-3435/? D/NotificationService: ACTION_SCREEN_OFF
10-12 11:04:50.106 3435-3435/? D/SensorService: SensorEventConnection::SocketBufferSize, SystemSocketBufferSize - 102400, 2097152
10-12 11:04:50.106 3435-3435/? D/LightsService: [api] [SvcLED] turnOff:: id = 6 (uid: 1000 pid: 3435)
10-12 11:04:50.106 3435-3435/? D/SensorManager: registerListener :: 6, TMD4093 RGB Sensor, 200000, 0,
10-12 11:04:50.106 3435-3435/? D/LightsService: [SvcLED] setSvcLedStateLocked:: SvcLEDState : 0x10 -> 0x10 | SvcLED(id=6) set Off
10-12 11:04:50.106 3435-3435/? D/EdgeLight: Turning off
10-12 11:04:50.106 3435-3576/? D/LightsService: [SvcLED] onSensorChanged::light value = 9
10-12 11:04:50.106 3435-3576/? D/SensorManager: unregisterListener ::
10-12 11:04:50.106 3435-3576/? D/LightsService: [SvcLED] setSvcLedLightLocked :: Current SvcLED(id=5) maintains its priority right
10-12 11:04:50.106 3435-3576/? V/AlarmManager: remove PendingIntent] PendingIntent{ed5070: PendingIntentRecord{a2d8fe9 android broadcastIntent}}
10-12 11:04:50.116 3931-3931/? D/KeyguardSecurityModel: getSecurityMode( getActivePasswordQuality = 196608 , currentuser = 0
10-12 11:04:50.116 3931-3931/? V/KeyguardSecurityView: showPrimarySecurityScreen(turningOff=false)
10-12 11:04:50.116 3931-3931/? D/KeyguardSecurityView: showSecurityScreen(PIN)
10-12 11:04:50.116 3151-4875/? D/audio_hw_primary: adev_set_parameters: enter: kvpairs: screen_state=off
10-12 11:04:50.126 3931-3931/? D/SecKeyguardStatusView: onFinishedGoingToSleep() why=3
10-12 11:04:50.126 3931-3931/? V/KeyguardFingerPrint: updateFingerprintListeningState(false)
10-12 11:04:50.126 3931-3931/? D/KeyguardFingerPrint: shouldListenForFingerprint ( FingerPrint is not enabled. )
10-12 11:04:50.126 3931-3931/? V/KeyguardUpdateMonitor: stopListeningForFingerprint()
10-12 11:04:50.146 3435-3435/? I/MdnieScenarioControlService: action : android.intent.action.SCREEN_OFF
10-12 11:04:50.156 3435-3435/? I/FingerprintService: onReceive: android.intent.action.SCREEN_OFF
10-12 11:04:50.156 3435-3435/? I/BackgroundCompactionService: Schedule Type1 BGCompaction
10-12 11:04:50.166 3931-3931/? D/KeyguardUpdateMonitor: handleKeyguardReset
10-12 11:04:50.166 3931-3931/? V/KeyguardFingerPrint: updateFingerprintListeningState(false)
10-12 11:04:50.166 3931-3931/? D/KeyguardFingerPrint: shouldListenForFingerprint ( FingerPrint is not enabled. )
10-12 11:04:50.166 3931-3931/? V/KeyguardUpdateMonitor: stopListeningForFingerprint()
10-12 11:04:50.166 3435-3435/? D/WifiService: ACTION_SCREEN_OFF, mSContextManager.unregisterListener !!
10-12 11:04:50.166 3435-3435/? D/SContextService: unregisterCallback() : Listener = android.hardware.scontext.SContextService$Listener@696811, Service = Activity Tracker, used = 0
10-12 11:04:50.166 3435-3852/? D/WifiController: ApOrStaEnabledState msg.what= 155651
10-12 11:04:50.166 3435-3435/? W/CAE: unregisterCallback(ContextAwareService.java:206) - [unregi 01] Mutex is locked for ACTIVITY_TRACKER
10-12 11:04:50.166 3435-3435/? V/CAE: stop(ContextProvider.java:155)
10-12 11:04:50.166 3435-3435/? V/CAE: clear(ActivityTrackerRunner.java:108)
10-12 11:04:50.166 3435-3435/? V/CAE: disable(ActivityTrackerRunner.java:96)
10-12 11:04:50.166 3435-3435/? I/CAE: sendCmdToSensorHub(SensorHubCommManager.java:162) - -78, 26, 0, 0, 0, 0, 0, 0, 0, 0,
10-12 11:04:50.166 3435-3435/? D/SensorHubManager: SendSensorHubData: send data = -78, 26, 0, 0, 0, 0, 0, 0, 0, 0
10-12 11:04:50.166 3158-3158/? D/Sensorhubs: sendContextData: -78, 26, 0, 0, 0, 0, 0, 0, 0, 0
10-12 11:04:50.176 3435-3435/? D/CAE: getFaultDetectionResult(ActivityTrackerRunner.java:154) - true
10-12 11:04:50.176 3435-3435/? I/CAE: notifyCmdProcessResultObserver(ContextProvider.java:627) - CheckResult = 0, Cause = Success
10-12 11:04:50.196 3435-3435/? D/CAE: doCommendProcess(ContextAwareService.java:433) - complete notify the operation result.
10-12 11:04:50.196 3435-3435/? I/CAE: displayUsedCountForService(ContextAwareService.java:525) - totalCnt = 0, serviceCount = 0, subCollectionCount = 0
10-12 11:04:50.196 3435-3435/? D/CAE: showListenerList(ContextAwareService.java:366) - ===== Context Aware Service List =====
10-12 11:04:50.196 3435-3435/? I/CAE: showListenerList(ContextAwareService.java:375) - Listener : com.samsung.android.contextaware.manager.ContextAwareService$Listener@665895c, Service : ACTIVITY_TRACKER_CURRENT_INFO(1)
10-12 11:04:50.196 3435-3435/? I/CAE: showListenerList(ContextAwareService.java:375) - Listener : com.samsung.android.contextaware.manager.ContextAwareService$Listener@574aa4b, Service : DEVICE_PHYSICAL_CONTEXT_MONITOR(1)
10-12 11:04:50.196 3435-3435/? W/CAE: unregisterCallback(ContextAwareService.java:241) - [unregi 02] Mutex is unlocked for ACTIVITY_TRACKER
10-12 11:04:50.196 3435-3435/? D/SContextService: .unregisterCallback : 2, client=
10-12 11:04:50.196 3435-3435/? D/SContextService: ===== SContext Service List =====
10-12 11:04:50.196 3435-3435/? D/SContextService: Listener : android.hardware.scontext.SContextService$Listener@f918c28, Service : Device Physical Context Monitor
10-12 11:04:50.196 3435-3435/? D/SContextManager: .unregisterListener : listener = com.android.server.wifi.WifiServiceImpl$11@ade5038, service=Activity Tracker
10-12 11:04:50.206 3435-3565/? D/IpRemoteDisplayController: intent received android.intent.action.SCREEN_OFF
10-12 11:04:50.206 3435-3565/? D/IpRemoteDisplayController: Bridge Server is not available
10-12 11:04:50.216 3435-3435/? D/NetworkPolicy: mScreenReceiver: ACTION_SCREEN_OFF, extra: 3
10-12 11:04:50.216 3435-3846/? D/NetworkPolicy: MSG_SCREEN_ON_CHANGED: 3
10-12 11:04:50.216 3435-3846/? D/NetworkPolicy: isUidForegroundLocked: 10007, mScreenOn: false, uidstate: 0, mProxSensorScreenOff: false
10-12 11:04:50.216 3435-3846/? D/NetworkPolicy: isUidForegroundLocked: 10062, mScreenOn: false, uidstate: 0, mProxSensorScreenOff: false
10-12 11:04:50.226 3435-3787/? I/Sensors: #>LightSensor r=16 g=10 b=10 c=22 atime=245 again=64 lux=9
10-12 11:04:50.226 3435-3535/? D/GpsLocationProvider: receive broadcast intent, action: android.intent.action.SCREEN_OFF
10-12 11:04:50.256 4228-4228/? D/FusedLocationReceiver: BroadcastReceiver : ACTION_SCREEN_OFF
10-12 11:04:50.266 4300-16756/? D/NfcService: call the applyRouting
10-12 11:04:50.286 3931-4137/? D/NetworkController.MobileSignalController(0/2147483643): onDataActivity: direction=0
10-12 11:04:50.326 27886-27901/? I/Quasar: start to send events
10-12 11:04:50.336 5352-5352/? D/BtGatt.GattService: LCD turned off
10-12 11:04:50.346 5352-5468/? D/BtGatt.ScanManager: handleLcdOffIntent
10-12 11:04:50.346 5352-5468/? D/BtGatt.ScanManager: handleLcdOffIntent : thresholdScanValue is = 10 mLastConfiguredScanValue =5
10-12 11:04:50.356 3435-6368/? D/SSRM:n: SIOP:: AP = 240, PST = 230 (W:10), CP = 192, CUR = 398, LCD = 0
10-12 11:04:50.366 3435-3435/? I/SurveyLogManager: mDeviceInfo.mScreen = false
10-12 11:04:50.366 4300-16756/? D/NfcService: index : 0
10-12 11:04:50.366 4300-16756/? D/NfcService: index : 1
10-12 11:04:50.366 4300-16756/? D/NfcService: index : 2
10-12 11:04:50.376 3435-6368/? D/ConnectivityService: returning getNetworkInfo for network type 1 : [type: WIFI[] - WIFI, state: CONNECTED/CONNECTED, reason: (unspecified), extra: "WLAN-198160", roaming: false, failover: false, isAvailable: true]
10-12 11:04:50.386 6748-6748/? I/BeaconManager: BeaconManager.onReceive - receive Action : android.intent.action.SCREEN_OFF
10-12 11:04:50.386 6748-6748/? D/BeaconManager: BeaconManager.onReceive - end
10-12 11:04:50.386 6748-6791/? I/BeaconManager: BeaconManager.BeaconManagerWorkHandler - BroadcastReceiver onReceive start
10-12 11:04:50.386 6748-6791/? D/BeaconManager: BeaconManager.mScreenObserver - action:android.intent.action.SCREEN_OFF
10-12 11:04:50.386 6748-6791/? D/BeaconManager: AppControlManager.screenOnIntentReceived - start
10-12 11:04:50.386 6748-6791/? D/BeaconManager: AppControlManager.screenOnIntentReceived - end
10-12 11:04:50.386 6748-6791/? D/BeaconManager: EasySetupManager.screenOnIntentReceived - start
10-12 11:04:50.386 6748-6791/? D/BeaconManager: EasySetupManager.screenOnIntentReceived - end
10-12 11:04:50.386 6748-6791/? D/BeaconManager: BleScanHelper.screenOnIntentReceived - start
10-12 11:04:50.396 8339-8339/? E/SamsungIME: invoke(): method is null
10-12 11:04:50.406 6748-6791/? D/BeaconManager: BleScanHelper.mBroadcastReceiver - Action: android.intent.action.SCREEN_OFF, user: 0
10-12 11:04:50.406 6748-6791/? V/BeaconManager: BleScanHelper.startBleScan - startBleScan
10-12 11:04:50.406 3435-3787/? I/Sensors: #>LightSensor r=16 g=10 b=10 c=22 atime=245 again=64 lux=9
10-12 11:04:50.406 6748-6791/? D/BluetoothAdapter: STATE_BLE_ON
10-12 11:04:50.406 6748-6791/? D/BeaconManager: BleScanHelper.screenOnIntentReceived - end
10-12 11:04:50.406 6748-6791/? I/BeaconManager: BeaconManager.BeaconManagerWorkHandler - BroadcastReceiver onReceive end
10-12 11:04:50.406 6748-6798/? D/BeaconManager: BleScanHelper.MSG_CALL_START_LESCAN - ($)
10-12 11:04:50.406 6748-6798/? D/BluetoothAdapter: STATE_BLE_ON
10-12 11:04:50.406 6748-6798/? D/BluetoothAdapter: STATE_BLE_ON
10-12 11:04:50.406 6748-6798/? D/BluetoothAdapter: appoCount is = 0
10-12 11:04:50.406 6748-6798/? I/BeaconManager: BleScanHelper.directStopLeScan - call BleScanner.stopScan()
10-12 11:04:50.416 6748-6798/? D/BluetoothAdapter: STATE_BLE_ON
10-12 11:04:50.416 6748-6798/? D/BluetoothAdapter: appoCount is = 0
10-12 11:04:50.416 6748-6798/? D/BluetoothAdapter: STATE_BLE_ON
10-12 11:04:50.416 6748-6798/? D/BluetoothLeScanner: Stop Scan
10-12 11:04:50.426 5352-16840/? D/BtGatt.GattService: [GSIM LOG]: getCallingProcessName: com.samsung.android.beaconmanager
10-12 11:04:50.426 5352-16840/? D/BtGatt.GattService: [GSIM LOG]: getCallingProcessName: com.samsung.android.beaconmanager
10-12 11:04:50.426 5352-16840/? D/BtGatt.GattService: stopScan() - queue size =1
10-12 11:04:50.426 5352-5486/? E/BtGatt.GattService: [GSIM LOG]: gsimLogHandler: com.samsung.android.beaconmanager, msg: MESSAGE_STOP_SCAN
10-12 11:04:50.426 5352-5486/? D/BtGatt.GattService: [GSIM LOG]: gsimLogHandler: prevDate: 12, currDate: 12
10-12 11:04:50.426 5352-5486/? D/BtGatt.GattService: [GSIM LOG]: updateScanTime: 0
10-12 11:04:50.426 5352-5486/? D/BtGatt.GattService: [GSIM LOG]: com.samsung.android.beaconmanager@Custom, R time : 148 => 148
10-12 11:04:50.426 5352-5486/? D/BtGatt.GattService: [GSIM LOG]: com.samsung.android.beaconmanager@Custom, A time : 148 => 148
10-12 11:04:50.426 5352-5486/? D/BtGatt.GattService: [GSIM LOG]: remove : com.samsung.android.beaconmanager at BLE_SCAN_ACTUAL_DB
10-12 11:04:50.426 5352-5486/? D/BtGatt.GattService: [GSIM LOG]: remove : com.samsung.android.beaconmanager at BLE_SCAN_REQUESTED_DB
10-12 11:04:50.426 5352-5468/? D/BtGatt.ScanManager: stop scan
10-12 11:04:50.426 5352-5468/? D/BtGatt.ScanManager: delete FilterIndex - 6
10-12 11:04:50.426 5352-16839/? D/BtGatt.GattService: unregisterClient() - clientIf=5
10-12 11:04:50.436 3435-3974/? V/AlarmManager: remove PendingIntent] PendingIntent{93e17c3: PendingIntentRecord{5a8b9c0 com.android.bluetooth broadcastIntent}}
10-12 11:04:50.436 5352-5437/? D/BtGatt.GattService: onScanFilterParamsConfigured() - clientIf=5, status=0, action=1, availableSpace=29
10-12 11:04:50.436 5352-5437/? D/BtGatt.ScanManager: callback done for clientIf - 5 status - 0
10-12 11:04:50.436 5352-5468/? D/BtGatt.ScanManager: delete FilterIndex - 7
10-12 11:04:50.436 5352-5437/? D/BtGatt.GattService: onScanFilterParamsConfigured() - clientIf=5, status=0, action=1, availableSpace=30
10-12 11:04:50.436 5352-5437/? D/BtGatt.ScanManager: callback done for clientIf - 5 status - 0
10-12 11:04:50.436 5352-5468/? D/BtGatt.ScanManager: delete FilterIndex - 8
10-12 11:04:50.436 5352-5437/? D/BtGatt.GattService: onScanFilterParamsConfigured() - clientIf=5, status=0, action=1, availableSpace=31
10-12 11:04:50.436 5352-5437/? D/BtGatt.ScanManager: callback done for clientIf - 5 status - 0
10-12 11:04:50.436 5352-5468/? D/BtGatt.ScanManager: delete FilterIndex - 9
10-12 11:04:50.436 5352-5437/? D/BtGatt.GattService: onScanFilterParamsConfigured() - clientIf=5, status=0, action=1, availableSpace=32
10-12 11:04:50.436 5352-5437/? D/BtGatt.ScanManager: callback done for clientIf - 5 status - 0
10-12 11:04:50.436 5352-5468/? D/BtGatt.ScanManager: configureRegularScanParams() - queue=0
10-12 11:04:50.436 5352-5468/? D/BtGatt.ScanManager: configureRegularScanParams() - ScanSetting Scan mode=-2147483648 mLastConfiguredScanSetting=100
10-12 11:04:50.436 5352-5468/? D/BtGatt.ScanManager: configureRegularScanParams() - queue emtpy, scan stopped
10-12 11:04:50.446 4327-4327/? D/Launcher.Workspace: exitWidgetResizeMode. isClearResizeFrame is false
10-12 11:04:50.456 3435-4200/? V/AlarmManager: remove PendingIntent] PendingIntent{e7fb840: PendingIntentRecord{5a8b9c0 com.android.bluetooth broadcastIntent}}
10-12 11:04:50.456 3435-29701/? I/BatteryStatsDumper: In refreshStats isReason Screen ON/OFF: true
10-12 11:04:50.466 3435-29701/? D/BluetoothAdapter: STATE_BLE_ON
10-12 11:04:50.476 3435-29701/? D/BatteryStatsImpl: poolsize= 1, curBatteryRealtime= 43730000, mUpdateTime= 0, mTimeout= 0, mNesting= 0, mTotalTime= 0
10-12 11:04:50.516 4718-5035/? W/MdnsClient_Cast: Multicast lock held. Releasing. Subtypes:"805741C9"
10-12 11:04:50.526 6748-6798/? I/BeaconManager: BleScanHelper.startBleScan - Start filter Scan(SCREEN_OFF)
10-12 11:04:50.526 3435-29701/? D/BatteryStatsImpl: poolsize= 1, curBatteryRealtime= 43730000, mUpdateTime= 0, mTimeout= 0, mNesting= 0, mTotalTime= 0
10-12 11:04:50.526 6748-6798/? D/BluetoothLeScanner: Start Scan
10-12 11:04:50.526 6748-6798/? D/BluetoothAdapter: STATE_BLE_ON
10-12 11:04:50.536 3435-29701/? I/BatteryStatsDumper: Previous Battery Level: 81 Current Level: 81 Delta: 0
10-12 11:04:50.536 6748-6798/? D/BluetoothAdapter: appoCount is = 0
10-12 11:04:50.536 3435-4802/? V/AlarmManager: remove PendingIntent] PendingIntent{39528be: PendingIntentRecord{5a8b9c0 com.android.bluetooth broadcastIntent}}
10-12 11:04:50.546 6748-6798/? D/BluetoothAdapter: STATE_BLE_ON
10-12 11:04:50.546 4758-4758/? I/AlpmModeManager: startAlpmMode : state = IDLE
10-12 11:04:50.546 4758-4758/? I/AlpmModeManager: handleUnblankDisplay: state = IDLE
10-12 11:04:50.546 4758-4758/? V/AlpmModeManager: handleUnblankDisplay: setDoze [DISPLAY_STATE_DOZE]
10-12 11:04:50.546 6748-6798/? D/BluetoothAdapter: STATE_BLE_ON
10-12 11:04:50.546 4758-4758/? D/AlpmModeManager: getLastAlpmHlpmBright : HighNit[false], AlpmHlpm[1], NitMode[[ALPM]_2NIT_ON]
10-12 11:04:50.546 3435-4133/? I/PowerManagerService: [api] setDozeOverrideFromAod AlpmHlpmSysfs = 1, screenState = 3, Brightness = 0, wakefulness = false
10-12 11:04:50.546 3435-4133/? D/PowerManagerService: [s] getScreenOffTimeoutLocked: 10000 -> 30000
10-12 11:04:50.546 4758-4758/? I/AlpmModeManager: handleUnblankDisplay: AlpmModeManager wakeLock [ACQUIRE]
10-12 11:04:50.546 3435-4133/? D/PowerManagerService: [s] UserActivityState : 0 -> 1
10-12 11:04:50.556 3435-4803/? D/PowerManagerService: [api] acquire WakeLock flags=0x40 tag=AlpmModeManager uid=10000 pid=4758
10-12 11:04:50.556 3435-4803/? I/libsuspend: !@autosuspend_wakeup_count_disable
10-12 11:04:50.556 3435-4803/? D/PowerManagerService: mDisplayReady: false
10-12 11:04:50.556 3435-4803/? I/libsuspend: !@autosuspend_wakeup_count_disable done
10-12 11:04:50.556 3435-3569/? D/DisplayPowerController: animateScreenStateChange[0]: target=3
10-12 11:04:50.556 6748-6798/? D/BluetoothAdapter: STATE_BLE_ON
10-12 11:04:50.556 3435-3569/? D/DisplayPowerState: !@ [0] ColorFade exit
10-12 11:04:50.556 3435-4803/? D/PowerManagerService: [PWL] sb acquire: PowerManagerService.Display
10-12 11:04:50.556 6748-6798/? D/BluetoothAdapter: appoCount is = 0
10-12 11:04:50.556 3435-3569/? D/PowerManagerService: [input device light] onColorFadeExit(true)
10-12 11:04:50.556 3004-4000/? D/libEGL: eglTerminate EGLDisplay = 0x7facdfee78
10-12 11:04:50.556 3004-4000/? D/libEGL: eglTerminate EGLDisplay = 0x7facdfee78
10-12 11:04:50.556 5352-16839/? D/BtGatt.GattService: registerClient() - UUID=af98d870-9862-4881-aa77-3914183415b1
10-12 11:04:50.556 3004-3015/? I/SurfaceFlinger: id=386 Removed DolorFade (9/11)
10-12 11:04:50.566 3435-3569/? D/DisplayPowerController: [Dual Screen Compatible] state[0] :3
10-12 11:04:50.566 3004-3015/? I/SurfaceFlinger: id=386 Removed DolorFade (-2/11)
10-12 11:04:50.566 3435-3569/? D/DisplayPowerController: getFinalBrightness : Summary is 1 -> 1
10-12 11:04:50.566 3004-3004/? D/libEGL: eglTerminate EGLDisplay = 0x7ff090b748
10-12 11:04:50.566 3435-3569/? D/DisplayPowerController: Animating brightness: target=1, rate=2000 (PSM:false, AB limit:(-1 ~ -1) MB Limit:(-1 ~ -1))
10-12 11:04:50.566 3435-3569/? D/DisplayPowerState: Requesting new screen state: [0] state=DOZE, backlight (By colorFade)=0
10-12 11:04:50.566 3435-3897/? D/DisplayPowerState: Updating screen state [0]: state=DOZE, backlight (by ColorFade)=0
10-12 11:04:50.566 3435-3579/? D/DisplayManagerService: !@display_state: OFF -> DOZE brightness: 0 -> 0
10-12 11:04:50.566 3435-3565/? I/DisplayManagerService: Display device changed state: "Built-in Screen", DOZE
10-12 11:04:50.566 3435-3565/? I/DisplayManagerService: Display device changed state: "ActivityViewVirtualDisplay", DOZE
10-12 11:04:50.576 3435-3897/? D/lights: lcd : 1 +
10-12 11:04:50.576 3435-3569/? D/DisplayPowerController: animateScreenStateChange[0]: target=3
10-12 11:04:50.576 3435-3897/? D/lights: lcd : 1 -
10-12 11:04:50.576 3435-3569/? D/DisplayPowerController: [Dual Screen Compatible] state[0] :3
10-12 11:04:50.576 3435-3569/? D/DisplayPowerController: getFinalBrightness : Summary is 1 -> 1
10-12 11:04:50.576 3435-3569/? D/DisplayPowerController: Animating brightness: target=1, rate=2000 (PSM:false, AB limit:(-1 ~ -1) MB Limit:(-1 ~ -1))
10-12 11:04:50.586 3004-3004/? D/SurfaceFlinger: Set power mode=1, type=0 flinger=0x7fb2403c00
10-12 11:04:50.586 3004-3004/? I/hwcomposer: int exynos_setPowerMode(hwc_composer_device_1*, int, int):: disp(0), mode(1)
10-12 11:04:50.586 3435-3894/? D/PowerManagerService: [PWL] sb release: PowerManagerService.Broadcasts
10-12 11:04:50.596 5352-5437/? D/BtGatt.GattService: onClientRegistered() - UUID=af98d870-9862-4881-aa77-3914183415b1, clientIf=5
10-12 11:04:50.596 3435-4802/? D/PowerManagerService: [api] acquire WakeLock flags=0x80 tag=Window:AOD uid=1000 pid=3435
10-12 11:04:50.606 6748-6758/? D/BluetoothLeScanner: onClientRegistered() - status=0 clientIf=5
10-12 11:04:50.606 5352-5365/? D/BtGatt.GattService: start scan with filters
10-12 11:04:50.606 3435-3474/? V/AlarmManager: remove PendingIntent] PendingIntent{9e06d1f: PendingIntentRecord{5a8b9c0 com.android.bluetooth broadcastIntent}}
10-12 11:04:50.606 5352-5365/? D/BluetoothAdapter: STATE_BLE_ON
10-12 11:04:50.606 3435-4802/? V/AlarmManager: remove PendingIntent] PendingIntent{ac8186c: PendingIntentRecord{5a8b9c0 com.android.bluetooth broadcastIntent}}
10-12 11:04:50.616 5352-5365/? D/BluetoothAdapter: appoCount is = 0
10-12 11:04:50.616 5352-5365/? D/BluetoothAdapter: STATE_BLE_ON
10-12 11:04:50.616 5352-5365/? D/BtGatt.GattService: getScanSettings
10-12 11:04:50.616 5352-5365/? D/BtGatt.GattService: Is it foreground application = false
10-12 11:04:50.616 5352-5365/? D/BtGatt.GattService: Its a background application running with Low Power scan mode
10-12 11:04:50.616 3435-3475/? V/AlarmManager: remove PendingIntent] PendingIntent{e2b7e35: PendingIntentRecord{5a8b9c0 com.android.bluetooth broadcastIntent}}
10-12 11:04:50.616 5352-5365/? D/BtGatt.GattService: [GSIM LOG]: getActualScanMode (100/1 vs -2147483648/0)
10-12 11:04:50.616 4758-4758/? D/DefaultClockView: Start AOD Enter Animation
10-12 11:04:50.616 8339-8339/? E/SamsungIME: resetNeedToLoadHwrLibrary : 0
10-12 11:04:50.626 3435-4133/? D/PowerManagerService: [api] acquire WakeLock flags=0x80 tag=Window:AOD uid=1000 pid=3435
10-12 11:04:50.626 5352-5365/? D/BtGatt.GattService: [GSIM LOG]: getCallingProcessName: com.samsung.android.beaconmanager
10-12 11:04:50.626 5352-5365/? D/BtGatt.GattService: [GSIM LOG]: getCallingProcessName: com.samsung.android.beaconmanager
10-12 11:04:50.626 5352-5486/? E/BtGatt.GattService: [GSIM LOG]: gsimLogHandler: com.samsung.android.beaconmanager, msg: MESSAGE_START_SCAN
10-12 11:04:50.626 5352-5486/? D/BtGatt.GattService: [GSIM LOG]: gsimLogHandler: prevDate: 12, currDate: 12
10-12 11:04:50.626 3435-4825/? V/AlarmManager: remove PendingIntent] PendingIntent{af712ca: PendingIntentRecord{5a8b9c0 com.android.bluetooth broadcastIntent}}
10-12 11:04:50.636 5352-5486/? D/BtGatt.GattService: [GSIM LOG]: increaseScanCount : com.samsung.android.beaconmanager : 71
10-12 11:04:50.636 5352-5486/? D/BtGatt.GattService: [GSIM LOG]: increaseScanCount : com.samsung.android.beaconmanager, com.samsung.android.beaconmanager
10-12 11:04:50.636 5352-5468/? D/BtGatt.ScanManager: handling starting scan
10-12 11:04:50.646 5352-5468/? D/BluetoothAdapter: STATE_BLE_ON
10-12 11:04:50.646 5352-5468/? D/BluetoothAdapter: STATE_BLE_ON
10-12 11:04:50.646 5352-5468/? D/BluetoothAdapter: appoCount is = 0
10-12 11:04:50.646 5352-5468/? D/BluetoothAdapter: STATE_BLE_ON
10-12 11:04:50.646 5352-5468/? D/BluetoothAdapter: STATE_BLE_ON
10-12 11:04:50.646 3435-3960/? V/AlarmManager: remove PendingIntent] PendingIntent{528bc3b: PendingIntentRecord{5a8b9c0 com.android.bluetooth broadcastIntent}}
10-12 11:04:50.646 3435-3974/? D/PowerManagerService: [api] acquire WakeLock flags=0x80 tag=Window:AOD uid=1000 pid=3435
10-12 11:04:50.646 5352-5468/? D/BluetoothAdapter: appoCount is = 0
10-12 11:04:50.656 5352-5486/? D/BtGatt.GattService: [GSIM LOG]: increaseScanCount 4 Battery : com.samsung.android.beaconmanager : 2
10-12 11:04:50.656 5352-5486/? D/BtGatt.GattService: [GSIM LOG]: setScanTime : com.samsung.android.beaconmanager : 24604384
10-12 11:04:50.656 5352-5486/? D/BtGatt.GattService: [GSIM LOG]: setRequestedScanType : com.samsung.android.beaconmanager : 100
10-12 11:04:50.656 5352-5486/? D/BtGatt.GattService: [GSIM LOG]: setActualScanType : com.samsung.android.beaconmanager : 100
10-12 11:04:50.656 5352-5486/? D/BtGatt.GattService: [GSIM LOG]: updateScanTime: 0
10-12 11:04:50.656 5352-5486/? D/BtGatt.GattService: [GSIM LOG]: com.samsung.android.beaconmanager@Custom, R time : 148 => 148
10-12 11:04:50.656 5352-5486/? D/BtGatt.GattService: [GSIM LOG]: com.samsung.android.beaconmanager@Custom, A time : 148 => 148
10-12 11:04:50.656 5352-5486/? D/BtGatt.GattService: [GSIM LOG]: updateScanTime: 0
10-12 11:04:50.656 5352-5486/? D/BtGatt.GattService: [GSIM LOG]: com.samsung.android.beaconmanager@Custom, R time : 148 => 148
10-12 11:04:50.656 5352-5486/? D/BtGatt.GattService: [GSIM LOG]: com.samsung.android.beaconmanager@Custom, A time : 148 => 148
10-12 11:04:50.656 5352-5486/? D/BtGatt.GattService: [GSIM LOG]: setActualScanType : com.samsung.android.beaconmanager : 100
10-12 11:04:50.656 5352-5486/? D/BtGatt.GattService: [GSIM LOG]: updateScanTime: 0
10-12 11:04:50.656 5352-5486/? D/BtGatt.GattService: [GSIM LOG]: com.samsung.android.beaconmanager@Custom, R time : 148 => 148
10-12 11:04:50.656 5352-5486/? D/BtGatt.GattService: [GSIM LOG]: com.samsung.android.beaconmanager@Custom, A time : 148 => 148
10-12 11:04:50.656 3435-4825/? V/AlarmManager: remove PendingIntent] PendingIntent{c544f58: PendingIntentRecord{5a8b9c0 com.android.bluetooth broadcastIntent}}
10-12 11:04:50.656 5352-5486/? D/BtGatt.GattService: [GSIM LOG]: setScanTime : com.samsung.android.beaconmanager : 24604384
10-12 11:04:50.656 5352-5468/? D/BluetoothAdapter: STATE_BLE_ON
10-12 11:04:50.656 5352-5468/? D/BluetoothAdapter: STATE_BLE_ON
10-12 11:04:50.666 5352-5468/? D/BluetoothAdapter: appoCount is = 0
10-12 11:04:50.666 3435-3474/? V/WindowStateAnimator: Finishing drawing window Window{c31806e u0 d0 com.sec.android.app.launcher/com.sec.android.app.launcher.activities.LauncherActivity}: mDrawState=HAS_DRAWN
10-12 11:04:50.666 3435-29701/? I/BatteryStatsDumper: Writing to database completed
10-12 11:04:50.666 3435-4200/? D/PowerManagerService: [api] acquire WakeLock flags=0x80 tag=Window:AOD uid=1000 pid=3435
10-12 11:04:50.666 5352-5437/? D/BtGatt.GattService: onScanFilterEnableDisabled() - clientIf=5, status=0, action=1
10-12 11:04:50.666 5352-5437/? D/BtGatt.ScanManager: callback done for clientIf - 5 status - 0
10-12 11:04:50.666 3435-4802/? V/AlarmManager: remove PendingIntent] PendingIntent{622c8b1: PendingIntentRecord{5a8b9c0 com.android.bluetooth broadcastIntent}}
10-12 11:04:50.666 5352-5468/? D/BtGatt.ScanManager: set filter index= 10 for clientIf= 5
10-12 11:04:50.666 5352-5468/? D/BtGatt.ScanManager: addFilterToController: 5
10-12 11:04:50.666 5352-5437/? D/BtGatt.GattService: onScanFilterConfig() - clientIf=5, action = 0 status = 0, filterType=5, availableSpace=47
10-12 11:04:50.666 5352-5437/? D/BtGatt.ScanManager: callback done for clientIf - 5 status - 0
10-12 11:04:50.666 5352-5468/? D/BtGatt.ScanManager: High Rssi Filter value is = -128
10-12 11:04:50.666 5352-5468/? D/BtGatt.ScanManager: Low Rssi Filter value is = -128
