10-12 11:03:05.856 3435-3475/? D/BatteryService: level:81, scale:100, status:2, health:2, present:true, voltage: 4178, temperature: 232, technology: Li-ion, AC powered:false, USB powered:true, POGO powered:false, Wireless powered:false, icon:17303413, invalid charger:0, maxChargingCurrent:0
10-12 11:03:05.856 3435-3475/? D/BatteryService: online:4, current avg:445, charge type:1, power sharing:false, high voltage charger:false, capacity:280000, batterySWSelfDischarging:false, current_now:476
10-12 11:03:05.856 3435-3475/? D/BatteryService: stay LED for charging
10-12 11:03:05.856 3435-3435/? D/BatteryService: Sending ACTION_BATTERY_CHANGED.
10-12 11:03:05.856 3435-3435/? I/MotionRecognitionService: Plugged
10-12 11:03:05.856 3435-3435/? D/MotionRecognitionService: cableConnection= 1
10-12 11:03:05.856 3435-3435/? D/MotionRecognitionService: setPowerConnected | current backoffstate = 1024 , state =1024
10-12 11:03:05.856 3435-3435/? D/MotionRecognitionService: skip setTransmitPower.
10-12 11:03:05.866 3435-3852/? D/WifiController: ApOrStaEnabledState msg.what= 155652
10-12 11:03:05.866 3931-3931/? D/KeyguardUpdateMonitor: received broadcast android.intent.action.BATTERY_CHANGED
10-12 11:03:05.866 3931-3931/? D/KeyguardUpdateMonitor: handleBatteryUpdate
10-12 11:03:05.866 3931-3931/? D/PowerUI: priorPlugType = 2 mPlugType = 2
10-12 11:03:05.876 3931-3931/? D/PowerUI.Notification: showChargingNotice oldChargingType : 1 currentChargingType : 1 oldChargingTime : 4128000 mChargingTime : 4107000
10-12 11:03:05.876 3931-3931/? D/PowerUI.Notification: showChargingNotification()
10-12 11:03:05.886 4449-4449/? D/CommonServiceConfiguration: getStringValueSetting
10-12 11:03:05.896 3435-4337/? D/ApplicationPolicy: isStatusBarNotificationAllowedAsUser: packageName = com.android.systemui,userId = -1
10-12 11:03:05.896 4449-4449/? D/BatteryMonitor: new battery level: 81
10-12 11:03:05.906 3931-3931/? D/BatteryMeterView: ACTION_BATTERY_CHANGED : level:81 status:2 health:2
10-12 11:03:05.906 3931-3931/? D/BatteryMeterView: ACTION_BATTERY_CHANGED : level:81 status:2 health:2
10-12 11:03:05.906 4758-4758/? D/BatteryController: saveBatteryData : level[81], status[2]
10-12 11:03:05.916 3435-3435/? D/MARsPolicyManager: NotificationListenerService OngoingNotificationPosted : com.android.systemui
10-12 11:03:05.936 3931-3931/? W/ResourcesManager: getTopLevelResources: /system/priv-app/SystemUI/SystemUI.apk / 1.0 running in com.android.systemui rsrc of package com.android.systemui
10-12 11:03:05.946 3931-3931/? D/PhoneStatusBar: setAreThereNotifications: N=2 any=true clearable=false
10-12 11:03:06.156 3435-4154/? E/Watchdog: !@Sync 293 [10-12 11:03:06.165]
10-12 11:03:15.336 3435-6368/? D/SSRM:n: SIOP:: AP = 230, PST = 233 (W:14), CP = 193, CUR = 445, LCD = 1
10-12 11:03:15.906 3435-4133/? D/BatteryService: !@BatteryListener : batteryPropertiesChanged!
10-12 11:03:15.906 3435-4133/? D/BatteryService: level:81, scale:100, status:2, health:2, present:true, voltage: 4180, temperature: 232, technology: Li-ion, AC powered:false, USB powered:true, POGO powered:false, Wireless powered:false, icon:17303413, invalid charger:0, maxChargingCurrent:0
10-12 11:03:15.906 3435-4133/? D/BatteryService: online:4, current avg:447, charge type:1, power sharing:false, high voltage charger:false, capacity:280000, batterySWSelfDischarging:false, current_now:459
10-12 11:03:15.906 3435-4133/? D/BatteryService: stay LED for charging
10-12 11:03:15.906 3435-3435/? D/BatteryService: Sending ACTION_BATTERY_CHANGED.
10-12 11:03:15.916 3435-3435/? I/MotionRecognitionService: Plugged
10-12 11:03:15.916 3435-3435/? D/MotionRecognitionService: cableConnection= 1
10-12 11:03:15.916 3435-3435/? D/MotionRecognitionService: setPowerConnected | current backoffstate = 1024 , state =1024
10-12 11:03:15.916 3435-3435/? D/MotionRecognitionService: skip setTransmitPower.
10-12 11:03:15.926 3435-3852/? D/WifiController: ApOrStaEnabledState msg.what= 155652
10-12 11:03:15.926 3931-3931/? D/KeyguardUpdateMonitor: received broadcast android.intent.action.BATTERY_CHANGED
10-12 11:03:15.926 3931-3931/? D/KeyguardUpdateMonitor: handleBatteryUpdate
10-12 11:03:15.926 3931-3931/? D/PowerUI: priorPlugType = 2 mPlugType = 2
10-12 11:03:15.936 3931-3931/? D/PowerUI.Notification: showChargingNotice oldChargingType : 1 currentChargingType : 1 oldChargingTime : 4107000 mChargingTime : 4107000
10-12 11:03:15.936 3931-3931/? D/PowerUI.Notification: There is no change about charging status, so return!
10-12 11:03:15.946 4449-4449/? D/CommonServiceConfiguration: getStringValueSetting
10-12 11:03:15.956 4449-4449/? D/BatteryMonitor: new battery level: 81
10-12 11:03:15.966 4758-4758/? D/BatteryController: saveBatteryData : level[81], status[2]
10-12 11:03:15.986 3931-3931/? D/BatteryMeterView: ACTION_BATTERY_CHANGED : level:81 status:2 health:2
10-12 11:03:15.986 3931-3931/? D/BatteryMeterView: ACTION_BATTERY_CHANGED : level:81 status:2 health:2
10-12 11:03:25.366 3435-6368/? D/SSRM:n: SIOP:: AP = 230, PST = 232 (W:14), CP = 193, CUR = 447, LCD = 1
10-12 11:03:25.966 3435-3475/? D/BatteryService: !@BatteryListener : batteryPropertiesChanged!
10-12 11:03:25.966 3435-3475/? D/BatteryService: level:81, scale:100, status:2, health:2, present:true, voltage: 4180, temperature: 231, technology: Li-ion, AC powered:false, USB powered:true, POGO powered:false, Wireless powered:false, icon:17303413, invalid charger:0, maxChargingCurrent:0
10-12 11:03:25.966 3435-3475/? D/BatteryService: online:4, current avg:447, charge type:1, power sharing:false, high voltage charger:false, capacity:280000, batterySWSelfDischarging:false, current_now:458
10-12 11:03:25.966 3435-3475/? D/BatteryService: stay LED for charging
10-12 11:03:25.966 3435-3435/? D/BatteryService: Sending ACTION_BATTERY_CHANGED.
10-12 11:03:25.966 3435-3435/? I/MotionRecognitionService: Plugged
10-12 11:03:25.966 3435-3435/? D/MotionRecognitionService: cableConnection= 1
10-12 11:03:25.966 3435-3435/? D/MotionRecognitionService: setPowerConnected | current backoffstate = 1024 , state =1024
10-12 11:03:25.966 3435-3435/? D/MotionRecognitionService: skip setTransmitPower.
10-12 11:03:25.976 3435-3852/? D/WifiController: ApOrStaEnabledState msg.what= 155652
10-12 11:03:25.976 3931-3931/? D/KeyguardUpdateMonitor: received broadcast android.intent.action.BATTERY_CHANGED
10-12 11:03:25.976 3931-3931/? D/KeyguardUpdateMonitor: handleBatteryUpdate
10-12 11:03:25.976 3931-3931/? D/PowerUI: priorPlugType = 2 mPlugType = 2
10-12 11:03:25.986 3931-3931/? D/PowerUI.Notification: showChargingNotice oldChargingType : 1 currentChargingType : 1 oldChargingTime : 4107000 mChargingTime : 4082000
10-12 11:03:25.986 3931-3931/? D/PowerUI.Notification: showChargingNotification()
10-12 11:03:25.996 4449-4449/? D/CommonServiceConfiguration: getStringValueSetting
10-12 11:03:26.006 3435-3960/? D/ApplicationPolicy: isStatusBarNotificationAllowedAsUser: packageName = com.android.systemui,userId = -1
10-12 11:03:26.016 3931-3931/? D/BatteryMeterView: ACTION_BATTERY_CHANGED : level:81 status:2 health:2
10-12 11:03:26.016 3931-3931/? D/BatteryMeterView: ACTION_BATTERY_CHANGED : level:81 status:2 health:2
10-12 11:03:26.016 4449-4449/? D/BatteryMonitor: new battery level: 81
10-12 11:03:26.026 4758-4758/? D/BatteryController: saveBatteryData : level[81], status[2]
10-12 11:03:26.026 3435-3435/? D/MARsPolicyManager: NotificationListenerService OngoingNotificationPosted : com.android.systemui
10-12 11:03:26.046 3931-3931/? W/ResourcesManager: getTopLevelResources: /system/priv-app/SystemUI/SystemUI.apk / 1.0 running in com.android.systemui rsrc of package com.android.systemui
10-12 11:03:26.056 3931-3931/? D/PhoneStatusBar: setAreThereNotifications: N=2 any=true clearable=false
10-12 11:03:35.426 3435-6368/? D/SSRM:n: SIOP:: AP = 230, PST = 232 (W:14), CP = 192, CUR = 447, LCD = 1
10-12 11:03:36.016 3435-4825/? D/BatteryService: !@BatteryListener : batteryPropertiesChanged!
10-12 11:03:36.016 3435-4825/? D/BatteryService: level:81, scale:100, status:2, health:2, present:true, voltage: 4171, temperature: 231, technology: Li-ion, AC powered:false, USB powered:true, POGO powered:false, Wireless powered:false, icon:17303413, invalid charger:0, maxChargingCurrent:0
10-12 11:03:36.016 3435-4825/? D/BatteryService: online:4, current avg:447, charge type:1, power sharing:false, high voltage charger:false, capacity:280000, batterySWSelfDischarging:false, current_now:364
10-12 11:03:36.016 3435-4825/? D/BatteryService: stay LED for charging
10-12 11:03:36.016 3435-3435/? D/BatteryService: Sending ACTION_BATTERY_CHANGED.
10-12 11:03:36.026 3435-3435/? I/MotionRecognitionService: Plugged
10-12 11:03:36.026 3435-3435/? D/MotionRecognitionService: cableConnection= 1
10-12 11:03:36.026 3435-3435/? D/MotionRecognitionService: setPowerConnected | current backoffstate = 1024 , state =1024
10-12 11:03:36.026 3435-3435/? D/MotionRecognitionService: skip setTransmitPower.
10-12 11:03:36.026 3435-3852/? D/WifiController: ApOrStaEnabledState msg.what= 155652
10-12 11:03:36.036 3931-3931/? D/KeyguardUpdateMonitor: received broadcast android.intent.action.BATTERY_CHANGED
10-12 11:03:36.036 3931-3931/? D/KeyguardUpdateMonitor: handleBatteryUpdate
10-12 11:03:36.036 3931-3931/? D/PowerUI: priorPlugType = 2 mPlugType = 2
10-12 11:03:36.036 3931-3931/? D/PowerUI.Notification: showChargingNotice oldChargingType : 1 currentChargingType : 1 oldChargingTime : 4082000 mChargingTime : 4082000
10-12 11:03:36.036 3931-3931/? D/PowerUI.Notification: There is no change about charging status, so return!
10-12 11:03:36.056 4449-4449/? D/CommonServiceConfiguration: getStringValueSetting
10-12 11:03:36.066 4758-4758/? D/BatteryController: saveBatteryData : level[81], status[2]
10-12 11:03:36.066 4449-4449/? D/BatteryMonitor: new battery level: 81
10-12 11:03:36.076 3931-3931/? D/BatteryMeterView: ACTION_BATTERY_CHANGED : level:81 status:2 health:2
10-12 11:03:36.076 3931-3931/? D/BatteryMeterView: ACTION_BATTERY_CHANGED : level:81 status:2 health:2
10-12 11:03:36.156 3435-4154/? E/Watchdog: !@Sync 294 [10-12 11:03:36.167]
10-12 11:03:44.146 3931-4137/? D/NetworkController.MobileSignalController(0/2147483643): onSignalStrengthsChanged signalStrength=SignalStrength: 13 99 -8 -200 -8 -200 -1 0 2147483647 2147483647 2147483647 2147483647 2147483647 0x3 gsm|lte level=3
10-12 11:03:44.146 3931-4137/? D/NetworkController.MobileSignalController(0/2147483643): getMobileIconGroup(): 0
10-12 11:03:45.456 3435-6368/? D/SSRM:n: SIOP:: AP = 230, PST = 231 (W:14), CP = 192, CUR = 447, LCD = 1
10-12 11:03:46.076 3435-4341/? D/BatteryService: !@BatteryListener : batteryPropertiesChanged!
10-12 11:03:46.076 3435-4341/? D/BatteryService: level:81, scale:100, status:2, health:2, present:true, voltage: 4180, temperature: 231, technology: Li-ion, AC powered:false, USB powered:true, POGO powered:false, Wireless powered:false, icon:17303413, invalid charger:0, maxChargingCurrent:0
10-12 11:03:46.076 3435-4341/? D/BatteryService: online:4, current avg:449, charge type:1, power sharing:false, high voltage charger:false, capacity:280000, batterySWSelfDischarging:false, current_now:454
10-12 11:03:46.076 3435-4341/? D/BatteryService: stay LED for charging
10-12 11:03:46.076 3435-3435/? D/BatteryService: Sending ACTION_BATTERY_CHANGED.
10-12 11:03:46.086 3435-3435/? I/MotionRecognitionService: Plugged
10-12 11:03:46.086 3435-3435/? D/MotionRecognitionService: cableConnection= 1
10-12 11:03:46.086 3435-3435/? D/MotionRecognitionService: setPowerConnected | current backoffstate = 1024 , state =1024
10-12 11:03:46.086 3435-3435/? D/MotionRecognitionService: skip setTransmitPower.
10-12 11:03:46.086 3435-3852/? D/WifiController: ApOrStaEnabledState msg.what= 155652
10-12 11:03:46.086 3931-3931/? D/KeyguardUpdateMonitor: received broadcast android.intent.action.BATTERY_CHANGED
10-12 11:03:46.086 3931-3931/? D/KeyguardUpdateMonitor: handleBatteryUpdate
10-12 11:03:46.096 3931-3931/? D/PowerUI: priorPlugType = 2 mPlugType = 2
10-12 11:03:46.096 3931-3931/? D/PowerUI.Notification: showChargingNotice oldChargingType : 1 currentChargingType : 1 oldChargingTime : 4082000 mChargingTime : 4056000
10-12 11:03:46.096 3931-3931/? D/PowerUI.Notification: showChargingNotification()
10-12 11:03:46.106 4449-4449/? D/CommonServiceConfiguration: getStringValueSetting
10-12 11:03:46.116 3435-4802/? D/ApplicationPolicy: isStatusBarNotificationAllowedAsUser: packageName = com.android.systemui,userId = -1
10-12 11:03:46.116 4449-4449/? D/BatteryMonitor: new battery level: 81
10-12 11:03:46.116 4758-4758/? D/BatteryController: saveBatteryData : level[81], status[2]
10-12 11:03:46.126 3435-3435/? D/MARsPolicyManager: NotificationListenerService OngoingNotificationPosted : com.android.systemui
10-12 11:03:46.126 3931-3931/? D/BatteryMeterView: ACTION_BATTERY_CHANGED : level:81 status:2 health:2
10-12 11:03:46.126 3931-3931/? D/BatteryMeterView: ACTION_BATTERY_CHANGED : level:81 status:2 health:2
10-12 11:03:46.166 3931-3931/? W/ResourcesManager: getTopLevelResources: /system/priv-app/SystemUI/SystemUI.apk / 1.0 running in com.android.systemui rsrc of package com.android.systemui
10-12 11:03:46.176 3931-3931/? D/PhoneStatusBar: setAreThereNotifications: N=2 any=true clearable=false
10-12 11:03:50.326 27886-27901/? I/Quasar: start to send events
10-12 11:03:54.216 4116-4144/? D/ContactsProvider_EventLog: contents_sample_state: [ contacts(15) data(105) accounts({com.google (2)=15}) accounts deleted({}) calls([]) ] contents_sample_state: [ agr({[2]=15}) ]
10-12 11:03:55.496 3435-6368/? D/SSRM:n: SIOP:: AP = 230, PST = 230 (W:14), CP = 191, CUR = 449, LCD = 1
10-12 11:03:56.126 3435-3475/? D/BatteryService: !@BatteryListener : batteryPropertiesChanged!
10-12 11:03:56.126 3435-3475/? D/BatteryService: level:81, scale:100, status:2, health:2, present:true, voltage: 4181, temperature: 231, technology: Li-ion, AC powered:false, USB powered:true, POGO powered:false, Wireless powered:false, icon:17303413, invalid charger:0, maxChargingCurrent:0
10-12 11:03:56.126 3435-3475/? D/BatteryService: online:4, current avg:450, charge type:1, power sharing:false, high voltage charger:false, capacity:280000, batterySWSelfDischarging:false, current_now:477
10-12 11:03:56.136 3435-3475/? D/BatteryService: stay LED for charging
10-12 11:03:56.136 3435-3435/? D/BatteryService: Sending ACTION_BATTERY_CHANGED.
10-12 11:03:56.136 3435-3435/? I/MotionRecognitionService: Plugged
10-12 11:03:56.136 3435-3435/? D/MotionRecognitionService: cableConnection= 1
10-12 11:03:56.136 3435-3435/? D/MotionRecognitionService: setPowerConnected | current backoffstate = 1024 , state =1024
10-12 11:03:56.136 3435-3435/? D/MotionRecognitionService: skip setTransmitPower.
10-12 11:03:56.146 3435-3852/? D/WifiController: ApOrStaEnabledState msg.what= 155652
10-12 11:03:56.146 3931-3931/? D/KeyguardUpdateMonitor: received broadcast android.intent.action.BATTERY_CHANGED
10-12 11:03:56.146 3931-3931/? D/PowerUI: priorPlugType = 2 mPlugType = 2
10-12 11:03:56.156 3931-3931/? D/KeyguardUpdateMonitor: handleBatteryUpdate
10-12 11:03:56.156 3931-3931/? D/PowerUI.Notification: showChargingNotice oldChargingType : 1 currentChargingType : 1 oldChargingTime : 4056000 mChargingTime : 4056000
10-12 11:03:56.156 3931-3931/? D/PowerUI.Notification: There is no change about charging status, so return!
10-12 11:03:56.176 4449-4449/? D/CommonServiceConfiguration: getStringValueSetting
10-12 11:03:56.186 4449-4449/? D/BatteryMonitor: new battery level: 81
10-12 11:03:56.186 4758-4758/? D/BatteryController: saveBatteryData : level[81], status[2]
10-12 11:03:56.186 3931-3931/? D/BatteryMeterView: ACTION_BATTERY_CHANGED : level:81 status:2 health:2
10-12 11:03:56.196 3931-3931/? D/BatteryMeterView: ACTION_BATTERY_CHANGED : level:81 status:2 health:2
10-12 11:03:59.996 3435-3807/? V/AlarmManager: Expired Alarm result :8
10-12 11:04:00.746 3435-3807/? V/AlarmManager: Expired Alarm result :8
10-12 11:04:00.786 3435-3807/? V/AlarmManager: Expired Alarm result :4
10-12 11:04:00.786 3435-3807/? V/AlarmManager: Send whitelist package alarm :PendingIntent{d65e7ee: PendingIntentRecord{5684f7e com.samsung.android.app.aodservice broadcastIntent}}
10-12 11:04:00.816 3435-3540/? V/BroadcastQueue: [background] Process cur broadcast BroadcastRecord{bcc94fa u0 null qIdx=4}, state= (APP_RECEIVE) DELIVERED for app ProcessRecord{7fb4010 4276:com.google.android.gms.persistent/u0a19}
10-12 11:04:00.816 3931-3931/? D/KeyguardUpdateMonitor: received broadcast android.intent.action.TIME_TICK
10-12 11:04:00.816 3931-3931/? D/KeyguardUpdateMonitor: handleTimeUpdate
10-12 11:04:00.826 3931-3931/? D/Clock: received broadcast android.intent.action.TIME_TICK
10-12 11:04:00.936 3931-3931/? D/DateView: received broadcast android.intent.action.TIME_TICK
10-12 11:04:00.976 4276-29648/? D/SecWifiDisplayUtil: Metadata value : SecSettings2
10-12 11:04:00.986 4758-4758/? D/AODService.ClockTimer: onReceive : com.samsung.android.app.aodservice.ClockTimer.TICK, mWakeUp = true
10-12 11:04:00.986 4758-4758/? V/BatteryController: getBatteryLevel[81.0], batteryStatus[2]
10-12 11:04:00.986 3435-4803/? W/CAE: setCAProperty(ContextAwareService.java:578) - [setProperty 01] Mutex is locked for DEVICE_PHYSICAL_CONTEXT_MONITOR
10-12 11:04:00.986 3435-4803/? I/CAE: setPropertyValue(DevicePhysicalContextMonitorRunner.java:155) - Get status
10-12 11:04:00.986 3435-4803/? I/CAE: sendCmdToSensorHub(SensorHubCommManager.java:162) - -72, 56, 1, 1,
10-12 11:04:00.986 3435-4803/? D/SensorHubManager: SendSensorHubData: send data = -72, 56, 1, 1
10-12 11:04:00.986 3158-3158/? D/Sensorhubs: sendContextData: -72, 56, 1, 1
10-12 11:04:00.996 3435-4803/? I/CAE: setCAProperty(ContextAwareService.java:583) - result : true
10-12 11:04:00.996 3435-4803/? W/CAE: setCAProperty(ContextAwareService.java:584) - [setProperty 02] Mutex is unlocked for DEVICE_PHYSICAL_CONTEXT_MONITOR
10-12 11:04:00.996 3435-4803/? D/SContextService: requestToUpdate() : service = Device Physical Context Monitor
10-12 11:04:00.996 4758-4758/? D/SContextManager: .requestToUpdate : listener = com.samsung.android.app.aodservice.AODService$7@364f7c6, service=Device Physical Context Monitor
10-12 11:04:00.996 4758-4758/? I/AlpmModeManager: startAlpmMode : state = BLANK
10-12 11:04:00.996 4758-4758/? D/DefaultClockView: Window showed. Time views updating
10-12 11:04:00.996 3435-4808/? I/libsuspend: !@autosuspend_wakeup_count_disable
10-12 11:04:00.996 3435-4808/? D/PowerManagerService: [api] acquire WakeLock flags=0x80 tag=Window:AOD uid=1000 pid=3435
10-12 11:04:00.996 3435-4808/? I/libsuspend: !@autosuspend_wakeup_count_disable done
10-12 11:04:00.996 3435-4808/? D/PowerManagerService: mDisplayReady: false
10-12 11:04:00.996 4758-4758/? D/AODUpdatePositionController: updatePosition: direction[4] updatePosition: X[-31] Y[861] NewPositionTimer[51]
10-12 11:04:00.996 3435-3569/? D/DisplayPowerController: animateScreenStateChange[0]: target=3
10-12 11:04:00.996 3004-3004/? D/SurfaceFlinger: Set power mode=1, type=0 flinger=0x7fb2403c00
10-12 11:04:00.996 3435-3569/? D/DisplayPowerController: [Dual Screen Compatible] state[0] :3
10-12 11:04:00.996 3004-3004/? I/hwcomposer: int exynos_setPowerMode(hwc_composer_device_1*, int, int):: disp(0), mode(1)
10-12 11:04:00.996 3435-4808/? D/PowerManagerService: [PWL] sb acquire: PowerManagerService.Display
10-12 11:04:00.996 3435-3569/? D/DisplayPowerController: getFinalBrightness : Summary is 1 -> 1
10-12 11:04:01.006 3158-3198/? D/Sensorhubs: readContextData: 1, 1, 56, 1, 1, 1, 1
10-12 11:04:00.996 3435-3569/? D/DisplayPowerController: Animating brightness: target=1, rate=2000 (PSM:false, AB limit:(-1 ~ -1) MB Limit:(-1 ~ -1))
10-12 11:04:01.006 3435-3810/? D/SensorHubManager: onGetSensorHubDataLocked: library(7) = 1, 1, 56, 1, 1, 1, 1
10-12 11:04:00.996 3435-3579/? D/DisplayManagerService: !@display_state: DOZE_SUSPEND -> DOZE brightness: 1 -> 1
10-12 11:04:00.996 3435-3565/? I/DisplayManagerService: Display device changed state: "Built-in Screen", DOZE
10-12 11:04:01.006 3435-3809/? I/CAE: sendCmdToSensorHub(SensorHubCommManager.java:162) - -63, 14, 9, 4, 1,
10-12 11:04:00.996 3435-3565/? I/DisplayManagerService: Display device changed state: "ActivityViewVirtualDisplay", DOZE
10-12 11:04:01.006 3435-3809/? D/SensorHubManager: SendSensorHubData: send data = -63, 14, 9, 4, 1
10-12 11:04:01.006 4758-4758/? D/DefaultClockView: LocalTime Pattern : HH:mm
10-12 11:04:01.006 4758-4758/? D/TimeViewHolder: onTimeUpdate: timeZone:libcore.util.ZoneInfo[id="Europe/Berlin",mRawOffset=3600000,mEarliestRawOffset=3600000,mUseDst=true,mDstSavings=3600000,transitions=144] isSplitHour:false isSingleView:false isAMPMonLeft:null time01: 11:04 time02: null ampm: null
10-12 11:04:01.016 3158-8639/? D/Sensorhubs: sendContextData: -63, 14, 9, 4, 1
10-12 11:04:01.016 3435-3569/? D/DisplayPowerController: animateScreenStateChange[0]: target=3
10-12 11:04:01.016 3435-3569/? D/DisplayPowerController: [Dual Screen Compatible] state[0] :3
10-12 11:04:01.016 3435-3569/? D/DisplayPowerController: getFinalBrightness : Summary is 1 -> 1
10-12 11:04:01.016 3435-3569/? D/DisplayPowerController: Animating brightness: target=1, rate=2000 (PSM:false, AB limit:(-1 ~ -1) MB Limit:(-1 ~ -1))
10-12 11:04:01.016 3435-3569/? I/libsuspend: !@autosuspend_wakeup_count_enable
10-12 11:04:01.016 3435-3569/? D/DisplayPowerController: animateScreenStateChange[0]: target=3
10-12 11:04:01.016 3435-3569/? I/libsuspend: !@autosuspend_wakeup_count_enable done
10-12 11:04:01.016 3435-3569/? D/DisplayPowerController: [Dual Screen Compatible] state[0] :3
10-12 11:04:01.016 3435-3569/? D/DisplayPowerController: getFinalBrightness : Summary is 1 -> 1
10-12 11:04:01.016 3435-3569/? D/DisplayPowerController: Animating brightness: target=1, rate=2000 (PSM:false, AB limit:(-1 ~ -1) MB Limit:(-1 ~ -1))
10-12 11:04:01.016 3435-3569/? D/PowerManagerService: [s] DisplayPowerCallbacks : onStateChanged()
10-12 11:04:01.016 3435-3569/? D/PowerManagerService: mDisplayReady: true
10-12 11:04:01.016 3435-3569/? D/PowerManagerService: [PWL] sb release: PowerManagerService.Display
10-12 11:04:01.026 3435-3809/? D/CAE: onGetSensorHubData(SensorHubParserProvider.java:92) - onGetSensorHubData Event [event buffer len :7], AP_SLEEP
10-12 11:04:01.026 3435-3809/? I/CAE: parse(SensorHubParserProvider.java:188) - buffer size = 7
10-12 11:04:01.026 3435-3809/? I/CAE: parse(SensorHubParserProvider.java:199) - 1, 1, 56, 1, 1, 1, 1,
10-12 11:04:01.026 3435-3809/? D/CAE: display(ContextProvider.java:375) - ================= DEVICE_PHYSICAL_CONTEXT_MONITOR =================
10-12 11:04:01.026 3435-3809/? I/CAE: display(ContextProvider.java:391) - AODReason=[1], AODStatus=[1], DataType=[1]
10-12 11:04:01.026 3435-3812/? D/SContextService: updateSContext() : event = Device Physical Context Monitor
10-12 11:04:01.026 4758-4758/? D/RoamingTimeViewHolder: isDualClockSetting :: true isHomeTimeZoneExist :: false isEasyUxON :: false Utils.isRoaming(mContext) :: false
10-12 11:04:01.026 4758-4758/? D/RoamingTimeViewHolder: getHomeCalendar : No homecity_timezone, set as default : (libcore.util.ZoneInfo[id="Europe/Berlin",mRawOffset=3600000,mEarliestRawOffset=3600000,mUseDst=true,mDstSavings=3600000,transitions=144])
10-12 11:04:01.026 4758-4758/? D/RoamingTimeViewHolder: onTimeUpdate: isVisible:false timeZone:libcore.util.ZoneInfo[id="Europe/Berlin",mRawOffset=3600000,mEarliestRawOffset=3600000,mUseDst=true,mDstSavings=3600000,transitions=144] text:Wed, 12 Oct 11:04
10-12 11:04:01.026 4758-4758/? I/AODService.ClockTimer: startAlarm : TICK
10-12 11:04:01.026 3435-4803/? V/AlarmManager: Add whitelist package alarm :PendingIntent{161fd20: PendingIntentRecord{5684f7e com.samsung.android.app.aodservice broadcastIntent}}
10-12 11:04:01.036 4758-4758/? I/AlpmModeManager: handleUnblankDisplay: state = BLANK
10-12 11:04:01.036 4758-4758/? V/AlpmModeManager: updateAlpmMode: setDoze [DISPLAY_STATE_DOZE_SUSPEND]
10-12 11:04:01.036 3435-4825/? I/PowerManagerService: [api] setDozeOverrideFromAod AlpmHlpmSysfs = -1, screenState = 4, Brightness = 0, wakefulness = false
10-12 11:04:01.036 3435-4825/? D/PowerManagerService: setDozeModeBySysfs: value is -1 , we ignore it.
10-12 11:04:01.036 3435-3475/? D/PowerManagerService: [api] acquire WakeLock flags=0x80 tag=Window:AOD uid=1000 pid=3435
10-12 11:04:01.046 4758-4758/? I/AODService: onSContextChanged: AODScreenShown state is already true
10-12 11:04:01.046 4758-4758/? D/DefaultClockView: RootView invalidate()
10-12 11:04:01.046 3435-4337/? D/PowerManagerService: [api] acquire WakeLock flags=0x80 tag=Window:AOD uid=1000 pid=3435
10-12 11:04:01.196 3435-3435/? D/PowerManagerService: [api] release WakeLock flags=0x80 tag=Window:AOD uid=1000 pid=3435 (0x0)
10-12 11:04:01.196 3435-3435/? I/libsuspend: !@autosuspend_wakeup_count_disable
10-12 11:04:01.196 3435-3435/? D/PowerManagerService: mDisplayReady: false
10-12 11:04:01.196 3435-3435/? I/libsuspend: !@autosuspend_wakeup_count_disable done
10-12 11:04:01.196 3435-3569/? D/DisplayPowerController: animateScreenStateChange[0]: target=4
10-12 11:04:01.196 3435-3435/? D/PowerManagerService: [PWL] sb acquire: PowerManagerService.Display
10-12 11:04:01.196 3435-3569/? D/DisplayPowerController: [Dual Screen Compatible] state[0] :4
10-12 11:04:01.196 3004-3004/? D/SurfaceFlinger: Set power mode=3, type=0 flinger=0x7fb2403c00
10-12 11:04:01.196 3435-3569/? D/DisplayPowerController: getFinalBrightness : Summary is 1 -> 1
10-12 11:04:01.196 3004-3004/? I/hwcomposer: int exynos_setPowerMode(hwc_composer_device_1*, int, int):: disp(0), mode(3)
10-12 11:04:01.196 3435-3569/? D/DisplayPowerController: Animating brightness: target=1, rate=0 (PSM:false, AB limit:(-1 ~ -1) MB Limit:(-1 ~ -1))
10-12 11:04:01.196 3435-3579/? D/DisplayManagerService: !@display_state: DOZE -> DOZE_SUSPEND brightness: 1 -> 1
10-12 11:04:01.196 3435-3565/? I/DisplayManagerService: Display device changed state: "Built-in Screen", DOZE_SUSPEND
10-12 11:04:01.196 3435-3565/? I/DisplayManagerService: Display device changed state: "ActivityViewVirtualDisplay", DOZE_SUSPEND
10-12 11:04:01.226 3435-3569/? D/DisplayPowerController: animateScreenStateChange[0]: target=4
10-12 11:04:01.226 3435-3569/? D/DisplayPowerController: [Dual Screen Compatible] state[0] :4
10-12 11:04:01.226 3435-3569/? I/libsuspend: !@autosuspend_wakeup_count_enable
10-12 11:04:01.226 3435-3569/? D/DisplayPowerController: getFinalBrightness : Summary is 1 -> 1
10-12 11:04:01.226 3435-3569/? I/libsuspend: !@autosuspend_wakeup_count_enable done
10-12 11:04:01.226 3435-3569/? D/DisplayPowerController: Animating brightness: target=1, rate=0 (PSM:false, AB limit:(-1 ~ -1) MB Limit:(-1 ~ -1))
10-12 11:04:01.226 3435-3569/? D/DisplayPowerController: animateScreenStateChange[0]: target=4
10-12 11:04:01.226 3435-3569/? D/DisplayPowerController: [Dual Screen Compatible] state[0] :4
10-12 11:04:01.226 3435-3569/? D/DisplayPowerController: getFinalBrightness : Summary is 1 -> 1
10-12 11:04:01.226 3435-3569/? D/DisplayPowerController: Animating brightness: target=1, rate=0 (PSM:false, AB limit:(-1 ~ -1) MB Limit:(-1 ~ -1))
10-12 11:04:01.226 3435-3569/? D/PowerManagerService: [s] DisplayPowerCallbacks : onStateChanged()
10-12 11:04:01.226 3435-3569/? D/PowerManagerService: mDisplayReady: true
10-12 11:04:01.226 3435-3569/? D/PowerManagerService: [PWL] sb release: PowerManagerService.Display
10-12 11:04:04.656 3931-4137/? D/NetworkController.MobileSignalController(0/2147483643): onSignalStrengthsChanged signalStrength=SignalStrength: 13 99 -16 -200 -16 -200 -1 0 2147483647 2147483647 2147483647 2147483647 2147483647 0x4 gsm|lte level=4
10-12 11:04:04.656 3931-4137/? D/NetworkController.MobileSignalController(0/2147483643): getMobileIconGroup(): 0
10-12 11:04:05.526 3435-6368/? D/SSRM:n: SIOP:: AP = 230, PST = 230 (W:14), CP = 191, CUR = 450, LCD = 1
10-12 11:04:06.156 3435-4154/? E/Watchdog: !@Sync 295 [10-12 11:04:06.168]
10-12 11:04:06.186 3435-4200/? D/BatteryService: !@BatteryListener : batteryPropertiesChanged!
10-12 11:04:06.186 3435-4200/? D/BatteryService: level:81, scale:100, status:2, health:2, present:true, voltage: 4176, temperature: 230, technology: Li-ion, AC powered:false, USB powered:true, POGO powered:false, Wireless powered:false, icon:17303413, invalid charger:0, maxChargingCurrent:0
10-12 11:04:06.186 3435-4200/? D/BatteryService: online:4, current avg:446, charge type:1, power sharing:false, high voltage charger:false, capacity:280000, batterySWSelfDischarging:false, current_now:454
10-12 11:04:06.186 3435-4200/? D/BatteryService: stay LED for charging
10-12 11:04:06.186 3435-3435/? D/BatteryService: Sending ACTION_BATTERY_CHANGED.
10-12 11:04:06.196 3435-3435/? I/MotionRecognitionService: Plugged
10-12 11:04:06.196 3435-3435/? D/MotionRecognitionService: cableConnection= 1
10-12 11:04:06.196 3435-3435/? D/MotionRecognitionService: setPowerConnected | current backoffstate = 1024 , state =1024
10-12 11:04:06.196 3435-3435/? D/MotionRecognitionService: skip setTransmitPower.
10-12 11:04:06.196 3435-3852/? D/WifiController: ApOrStaEnabledState msg.what= 155652
10-12 11:04:06.196 3931-3931/? D/KeyguardUpdateMonitor: received broadcast android.intent.action.BATTERY_CHANGED
10-12 11:04:06.206 3931-3931/? D/KeyguardUpdateMonitor: handleBatteryUpdate
10-12 11:04:06.206 3931-3931/? D/PowerUI: priorPlugType = 2 mPlugType = 2
10-12 11:04:06.206 3931-3931/? D/PowerUI.Notification: showChargingNotice oldChargingType : 1 currentChargingType : 1 oldChargingTime : 4056000 mChargingTime : 4056000
10-12 11:04:06.206 3931-3931/? D/PowerUI.Notification: There is no change about charging status, so return!
10-12 11:04:06.216 4449-4449/? D/CommonServiceConfiguration: getStringValueSetting
10-12 11:04:06.226 4449-4449/? D/BatteryMonitor: new battery level: 81
10-12 11:04:06.236 4758-4758/? D/BatteryController: saveBatteryData : level[81], status[2]
10-12 11:04:06.266 3931-3931/? D/BatteryMeterView: ACTION_BATTERY_CHANGED : level:81 status:2 health:2
10-12 11:04:06.266 3931-3931/? D/BatteryMeterView: ACTION_BATTERY_CHANGED : level:81 status:2 health:2
10-12 11:04:12.326 3931-4137/? D/NetworkController.MobileSignalController(0/2147483643): onSignalStrengthsChanged signalStrength=SignalStrength: 13 99 -8 -200 -8 -200 -1 0 2147483647 2147483647 2147483647 2147483647 2147483647 0x3 gsm|lte level=3
10-12 11:04:12.326 3931-4137/? D/NetworkController.MobileSignalController(0/2147483643): getMobileIconGroup(): 0
10-12 11:04:15.566 3435-6368/? D/SSRM:n: SIOP:: AP = 230, PST = 230 (W:14), CP = 191, CUR = 446, LCD = 1
10-12 11:04:16.246 3435-4337/? D/BatteryService: !@BatteryListener : batteryPropertiesChanged!
10-12 11:04:16.246 3435-4337/? D/BatteryService: level:81, scale:100, status:2, health:2, present:true, voltage: 4182, temperature: 230, technology: Li-ion, AC powered:false, USB powered:true, POGO powered:false, Wireless powered:false, icon:17303413, invalid charger:0, maxChargingCurrent:0
10-12 11:04:16.246 3435-4337/? D/BatteryService: online:4, current avg:446, charge type:1, power sharing:false, high voltage charger:false, capacity:280000, batterySWSelfDischarging:false, current_now:477
10-12 11:04:16.246 3435-4337/? D/BatteryService: stay LED for charging
10-12 11:04:16.246 3435-3435/? D/BatteryService: Sending ACTION_BATTERY_CHANGED.
10-12 11:04:16.246 3435-3435/? I/MotionRecognitionService: Plugged
10-12 11:04:16.246 3435-3435/? D/MotionRecognitionService: cableConnection= 1
10-12 11:04:16.246 3435-3435/? D/MotionRecognitionService: setPowerConnected | current backoffstate = 1024 , state =1024
10-12 11:04:16.246 3435-3435/? D/MotionRecognitionService: skip setTransmitPower.
10-12 11:04:16.256 3435-3852/? D/WifiController: ApOrStaEnabledState msg.what= 155652
10-12 11:04:16.256 3931-3931/? D/KeyguardUpdateMonitor: received broadcast android.intent.action.BATTERY_CHANGED
10-12 11:04:16.266 3931-3931/? D/PowerUI: priorPlugType = 2 mPlugType = 2
10-12 11:04:16.266 3931-3931/? D/PowerUI.Notification: showChargingNotice oldChargingType : 1 currentChargingType : 1 oldChargingTime : 4056000 mChargingTime : 4035000
10-12 11:04:16.266 3931-3931/? D/PowerUI.Notification: showChargingNotification()
10-12 11:04:16.276 4449-4449/? D/CommonServiceConfiguration: getStringValueSetting
10-12 11:04:16.286 3435-3474/? D/ApplicationPolicy: isStatusBarNotificationAllowedAsUser: packageName = com.android.systemui,userId = -1
10-12 11:04:16.286 3931-3931/? D/KeyguardUpdateMonitor: handleBatteryUpdate
10-12 11:04:16.296 4449-4449/? D/BatteryMonitor: new battery level: 81
10-12 11:04:16.296 3931-3931/? D/BatteryMeterView: ACTION_BATTERY_CHANGED : level:81 status:2 health:2
10-12 11:04:16.296 3931-3931/? D/BatteryMeterView: ACTION_BATTERY_CHANGED : level:81 status:2 health:2
10-12 11:04:16.296 4758-4758/? D/BatteryController: saveBatteryData : level[81], status[2]
10-12 11:04:16.306 3435-3435/? D/MARsPolicyManager: NotificationListenerService OngoingNotificationPosted : com.android.systemui
10-12 11:04:16.336 3931-3931/? W/ResourcesManager: getTopLevelResources: /system/priv-app/SystemUI/SystemUI.apk / 1.0 running in com.android.systemui rsrc of package com.android.systemui
10-12 11:04:16.346 3931-3931/? D/PhoneStatusBar: setAreThereNotifications: N=2 any=true clearable=false
10-12 11:04:16.416 3435-3446/? I/art: Background sticky concurrent mark sweep GC freed 95519(8MB) AllocSpace objects, 243(4MB) LOS objects, 23% free, 46MB/61MB, paused 3.986ms total 111.915ms
10-12 11:04:25.596 3435-6368/? D/SSRM:n: SIOP:: AP = 230, PST = 230 (W:14), CP = 191, CUR = 446, LCD = 1
10-12 11:04:26.296 3435-4341/? D/BatteryService: !@BatteryListener : batteryPropertiesChanged!
10-12 11:04:26.296 3435-4341/? D/BatteryService: level:81, scale:100, status:2, health:2, present:true, voltage: 4173, temperature: 230, technology: Li-ion, AC powered:false, USB powered:true, POGO powered:false, Wireless powered:false, icon:17303413, invalid charger:0, maxChargingCurrent:0
10-12 11:04:26.296 3435-4341/? D/BatteryService: online:4, current avg:447, charge type:1, power sharing:false, high voltage charger:false, capacity:280000, batterySWSelfDischarging:false, current_now:472
10-12 11:04:26.296 3435-4341/? D/BatteryService: stay LED for charging
10-12 11:04:26.296 3435-3435/? D/BatteryService: Sending ACTION_BATTERY_CHANGED.
10-12 11:04:26.306 3435-3435/? I/MotionRecognitionService: Plugged
10-12 11:04:26.306 3435-3435/? D/MotionRecognitionService: cableConnection= 1
10-12 11:04:26.306 3435-3435/? D/MotionRecognitionService: setPowerConnected | current backoffstate = 1024 , state =1024
10-12 11:04:26.306 3435-3435/? D/MotionRecognitionService: skip setTransmitPower.
10-12 11:04:26.316 3435-3852/? D/WifiController: ApOrStaEnabledState msg.what= 155652
10-12 11:04:26.316 3931-3931/? D/KeyguardUpdateMonitor: received broadcast android.intent.action.BATTERY_CHANGED
10-12 11:04:26.316 3931-3931/? D/KeyguardUpdateMonitor: handleBatteryUpdate
10-12 11:04:26.316 3931-3931/? D/PowerUI: priorPlugType = 2 mPlugType = 2
10-12 11:04:26.316 3931-3931/? D/PowerUI.Notification: showChargingNotice oldChargingType : 1 currentChargingType : 1 oldChargingTime : 4035000 mChargingTime : 4035000
10-12 11:04:26.316 3931-3931/? D/PowerUI.Notification: There is no change about charging status, so return!
10-12 11:04:26.336 4449-4449/? D/CommonServiceConfiguration: getStringValueSetting
10-12 11:04:26.346 4758-4758/? D/BatteryController: saveBatteryData : level[81], status[2]
10-12 11:04:26.346 4449-4449/? D/BatteryMonitor: new battery level: 81
10-12 11:04:26.366 3931-3931/? D/BatteryMeterView: ACTION_BATTERY_CHANGED : level:81 status:2 health:2
10-12 11:04:26.366 3931-3931/? D/BatteryMeterView: ACTION_BATTERY_CHANGED : level:81 status:2 health:2
10-12 11:04:35.666 3435-6368/? D/SSRM:n: SIOP:: AP = 230, PST = 230 (W:14), CP = 190, CUR = 447, LCD = 1
10-12 11:04:36.166 3435-4154/? E/Watchdog: !@Sync 296 [10-12 11:04:36.170]
10-12 11:04:36.356 3435-4343/? D/BatteryService: !@BatteryListener : batteryPropertiesChanged!
10-12 11:04:36.356 3435-4343/? D/BatteryService: level:81, scale:100, status:2, health:2, present:true, voltage: 4182, temperature: 230, technology: Li-ion, AC powered:false, USB powered:true, POGO powered:false, Wireless powered:false, icon:17303413, invalid charger:0, maxChargingCurrent:0
10-12 11:04:36.356 3435-4343/? D/BatteryService: online:4, current avg:450, charge type:1, power sharing:false, high voltage charger:false, capacity:280000, batterySWSelfDischarging:false, current_now:460
10-12 11:04:36.356 3435-4343/? D/BatteryService: stay LED for charging
10-12 11:04:36.356 3435-3435/? D/BatteryService: Sending ACTION_BATTERY_CHANGED.
10-12 11:04:36.366 3435-3435/? I/MotionRecognitionService: Plugged
10-12 11:04:36.366 3435-3435/? D/MotionRecognitionService: cableConnection= 1
10-12 11:04:36.366 3435-3435/? D/MotionRecognitionService: setPowerConnected | current backoffstate = 1024 , state =1024
10-12 11:04:36.366 3435-3435/? D/MotionRecognitionService: skip setTransmitPower.
10-12 11:04:36.366 3435-3852/? D/WifiController: ApOrStaEnabledState msg.what= 155652
10-12 11:04:36.366 3931-3931/? D/KeyguardUpdateMonitor: received broadcast android.intent.action.BATTERY_CHANGED
10-12 11:04:36.366 3931-3931/? D/KeyguardUpdateMonitor: handleBatteryUpdate
10-12 11:04:36.376 3931-3931/? D/PowerUI: priorPlugType = 2 mPlugType = 2
10-12 11:04:36.376 3931-3931/? D/PowerUI.Notification: showChargingNotice oldChargingType : 1 currentChargingType : 1 oldChargingTime : 4035000 mChargingTime : 4010000
10-12 11:04:36.376 3931-3931/? D/PowerUI.Notification: showChargingNotification()
10-12 11:04:36.386 4449-4449/? D/CommonServiceConfiguration: getStringValueSetting
10-12 11:04:36.396 3435-4803/? D/ApplicationPolicy: isStatusBarNotificationAllowedAsUser: packageName = com.android.systemui,userId = -1
10-12 11:04:36.396 4449-4449/? D/BatteryMonitor: new battery level: 81
10-12 11:04:36.406 4758-4758/? D/BatteryController: saveBatteryData : level[81], status[2]
10-12 11:04:36.406 3435-3435/? D/MARsPolicyManager: NotificationListenerService OngoingNotificationPosted : com.android.systemui
10-12 11:04:36.406 3931-3931/? D/BatteryMeterView: ACTION_BATTERY_CHANGED : level:81 status:2 health:2
10-12 11:04:36.406 3931-3931/? D/BatteryMeterView: ACTION_BATTERY_CHANGED : level:81 status:2 health:2
10-12 11:04:36.426 3931-3931/? W/ResourcesManager: getTopLevelResources: /system/priv-app/SystemUI/SystemUI.apk / 1.0 running in com.android.systemui rsrc of package com.android.systemui
10-12 11:04:36.436 3931-3931/? D/PhoneStatusBar: setAreThereNotifications: N=2 any=true clearable=false
10-12 11:04:38.796 4758-4758/? I/AODService: onSensorChanged: lux [32.0], NIT state [HIGH]
10-12 11:04:38.976 4758-4758/? I/AODService: onSensorChanged: lux [17.0], NIT state [LOW]
10-12 11:04:39.256 3435-3821/? D/InputReader: Input event(5): value=1 when=8898000429000
10-12 11:04:39.256 3435-3821/? D/InputReader: !@notifyKey(116), action=0
10-12 11:04:39.256 3435-3821/? D/InputManager-JNI: !@interceptKeyBeforeQueueing(116), action=0, interactive=false
10-12 11:04:39.256 3435-3821/? D/CustomFrequencyManagerService: acquireDVFSLockLocked : type : DVFS_MIN_LIMIT frequency : 1144000 uid : 1000 pid : 3435 pkgName : WAKEUP_BOOSTER@30
10-12 11:04:39.266 3435-3821/? E/SamsungWindowManager: mCoreNumLockHelper.acquire
10-12 11:04:39.266 3435-3821/? D/CustomFrequencyManagerService: requestCPUCore:: CPUCore value is not in the permitted range. CoreNum = 2
10-12 11:04:39.266 3435-3821/? D/InputManager-JNI: setInteractive(true)
10-12 11:04:39.266 3435-3821/? D/PowerManagerService: [api] [s] wakeUpWithReason (uid: 1000 pid: 3435) eventTime = 8898000 event = 1
10-12 11:04:39.266 3435-3894/? V/KeyguardServiceDelegate: onStartedWakingUp()
10-12 11:04:39.266 3435-3821/? I/PowerManagerService: !@[ps] Screen__On - 34 : wakeUpWithReason: 1 (uid: 1000 pid: 3435) (1)
10-12 11:04:39.266 3435-3821/? I/libsuspend: !@autosuspend_wakeup_count_disable
10-12 11:04:39.266 3435-3821/? I/PowerManagerService: Waking up from dozing (uid 1000)...
10-12 11:04:39.266 3435-3821/? I/libsuspend: !@autosuspend_wakeup_count_disable done
10-12 11:04:39.266 3435-3821/? D/PowerManagerService: [PWL] sb acquire: PowerManagerService.Broadcasts
10-12 11:04:39.266 3435-3821/? D/InputManager-JNI: !@handleInterceptActions(116), action=0, wmActions=0
10-12 11:04:39.266 3435-3894/? D/NetworkPolicy: onScreenStateChanged, state: true, reason: 2
10-12 11:04:39.266 3931-4980/? D/KeyguardViewMediator: onStartedWakingUp, seq = 35
10-12 11:04:39.266 3435-3821/? D/PowerManagerService: [s] UserActivityState : 4 -> 1
10-12 11:04:39.266 3931-4980/? D/KeyguardViewMediator: notifyStartedWakingUp
10-12 11:04:39.266 3435-3821/? D/PowerManagerService: mDisplayReady: false
10-12 11:04:39.266 3931-3931/? D/KeyguardViewMediator: handleNotifyWakingUp
10-12 11:04:39.266 3435-3821/? D/PowerManagerService: [PWL] sb acquire: PowerManagerService.Display
10-12 11:04:39.266 3931-3931/? D/PhoneStatusBar: onUnlockHintStarted isSmartLock = false, isInSecureByLockTimeout=false
10-12 11:04:39.266 3435-3569/? D/DisplayPowerController: animateScreenStateChange[0]: target=2
10-12 11:04:39.266 3435-3569/? D/DisplayPowerController: [M OS] 0 REPORTED_TO_POLICY_SCREEN_OFF -> REPORTED_TO_POLICY_SCREEN_TURNING_ON.
10-12 11:04:39.266 3435-3569/? V/KeyguardServiceDelegate: onScreenTurnedOn(showListener = com.android.server.policy.PhoneWindowManager$2@f11798b)
10-12 11:04:39.266 3435-3569/? D/DisplayPowerController: mWindowManagerPolicy.screenTurningOn(mPendingScreenOnUnblocker, 0)
10-12 11:04:39.266 3435-3569/? D/DisplayPowerController: [Dual Screen Compatible] state[0] :2
10-12 11:04:39.266 3435-3569/? D/AutomaticBrightnessController: [DAB] no lux value from sensor manager
10-12 11:04:39.266 3435-3569/? D/DisplayPowerController: getFinalBrightness : Summary is 1 -> 1
10-12 11:04:39.266 3435-3569/? D/DisplayPowerController: Animating brightness: target=1, rate=2000 (PSM:false, AB limit:(-1 ~ -1) MB Limit:(-1 ~ -1), PendingAutoBrightness)
10-12 11:04:39.266 3435-3896/? D/AutomaticBrightnessController: [DAB] setLightSensorEnabled : registerListenerRunnable
10-12 11:04:39.266 3435-3896/? W/CAE: setCAProperty(ContextAwareService.java:578) - [setProperty 01] Mutex is locked for AUTO_BRIGHTNESS
10-12 11:04:39.266 3435-3579/? D/DisplayManagerService: !@display_state: DOZE_SUSPEND -> ON brightness: 1 -> 1
10-12 11:04:39.266 3435-3565/? I/DisplayManagerService: Display device changed state: "Built-in Screen", ON
10-12 11:04:39.266 3435-3565/? I/DisplayManagerService: Display device changed state: "ActivityViewVirtualDisplay", ON
10-12 11:04:39.266 3435-3896/? I/CAE: setPropertyValue(AutoBrightnessRunner.java:129) - Mode = 0
10-12 11:04:39.266 3435-3896/? I/CAE: sendCmdToSensorHub(SensorHubCommManager.java:162) - -63, 23, 48, 1, 0,
10-12 11:04:39.266 3435-3896/? D/SensorHubManager: SendSensorHubData: send data = -63, 23, 48, 1, 0
10-12 11:04:39.276 3931-4152/? D/KeyguardViewMediator: notifyScreenOn
10-12 11:04:39.276 3004-3004/? D/SurfaceFlinger: Set power mode=2, type=0 flinger=0x7fb2403c00
10-12 11:04:39.276 3004-3004/? I/hwcomposer: int exynos_setPowerMode(hwc_composer_device_1*, int, int):: disp(0), mode(2)
10-12 11:04:39.286 3158-3199/? D/Sensorhubs: sendContextData: -63, 23, 48, 1, 0
10-12 11:04:39.296 3435-3569/? D/DisplayPowerController: animateScreenStateChange[0]: target=2
10-12 11:04:39.296 3435-3569/? D/DisplayPowerController: [Dual Screen Compatible] state[0] :2
10-12 11:04:39.296 3435-29661/? D/MISC PowerHAL: sysfs_write +: /sys/class/input/event1/device/enabled: 1
10-12 11:04:39.296 3435-3569/? D/DisplayPowerController: getFinalBrightness : Summary is 1 -> 1
10-12 11:04:39.296 3435-29660/? D/MISC PowerHAL: sysfs_write +: /sys/class/input/event0/device/enabled: 1
10-12 11:04:39.296 3435-3569/? D/DisplayPowerController: Animating brightness: target=1, rate=2000 (PSM:false, AB limit:(-1 ~ -1) MB Limit:(-1 ~ -1), PendingAutoBrightness)
10-12 11:04:39.296 3435-29660/? D/MISC PowerHAL: sysfs_write -: /sys/class/input/event0/device/enabled: 1
10-12 11:04:39.296 3435-3569/? D/DisplayPowerController: animateScreenStateChange[0]: target=2
10-12 11:04:39.296 3435-3569/? D/DisplayPowerController: [Dual Screen Compatible] state[0] :2
10-12 11:04:39.296 3435-3569/? V/KeyguardServiceDelegate: onScreenTurnedOn()
10-12 11:04:39.296 3435-3569/? D/DisplayPowerController: getFinalBrightness : Summary is 1 -> 1
10-12 11:04:39.296 3435-3569/? D/DisplayPowerController: Animating brightness: target=1, rate=2000 (PSM:false, AB limit:(-1 ~ -1) MB Limit:(-1 ~ -1), PendingAutoBrightness)
10-12 11:04:39.296 3435-3569/? D/DisplayPowerController: [M OS] 0 Notify policy about screen turned on.
10-12 11:04:39.296 3435-3569/? D/DisplayPowerController: [M OS] 0 REPORTED_TO_POLICY_SCREEN_TURNING_ON -> REPORTED_TO_POLICY_SCREEN_ON.
10-12 11:04:39.296 3435-3569/? D/PowerManagerService: [s] DisplayPowerCallbacks : onStateChanged()
10-12 11:04:39.296 3435-3569/? D/PowerManagerService: mDisplayReady: true
10-12 11:04:39.296 3435-3541/? W/ContextImpl: Calling a method in the system process without a qualified user: android.app.ContextImpl.startService:1305 com.android.server.policy.sec.SamsungPhoneWindowManager$22.run:4514 android.os.Handler.handleCallback:739 android.os.Handler.dispatchMessage:95 android.os.Looper.loop:158
10-12 11:04:39.296 3931-3941/? D/KeyguardViewMediator: notifyScreenTurnedOn
10-12 11:04:39.296 3435-3541/? V/WindowManager: MSG_REQUEST_TRAVERSAL_BY_PWM
10-12 11:04:39.306 4758-4758/? I/AODService: onStartCommand : action : com.samsung.android.app.aodservice.intent.action.AOD_SCREEN_ON
10-12 11:04:39.306 4758-4758/? I/AODService: onCreate cause: [10-12 08:36:37.839][AOD:true, NightClock:false] (when Screen on ...)
10-12 11:04:39.306 3435-3896/? I/CAE: setCAProperty(ContextAwareService.java:583) - result : true
10-12 11:04:39.306 3435-3896/? W/CAE: setCAProperty(ContextAwareService.java:584) - [setProperty 02] Mutex is unlocked for AUTO_BRIGHTNESS
10-12 11:04:39.306 3435-3896/? D/SContext.CaeProvider: setAttribute() : 0
10-12 11:04:39.306 3435-3896/? W/CAE: registerCallback(ContextAwareService.java:144) - [regi 01] Mutex is locked for AUTO_BRIGHTNESS
10-12 11:04:39.306 3435-3896/? V/CAE: start(ContextProvider.java:128)
10-12 11:04:39.306 3435-3896/? V/CAE: clear(AutoBrightnessRunner.java:297)
10-12 11:04:39.306 3435-3896/? V/CAE: enable(AutoBrightnessRunner.java:256)
10-12 11:04:39.306 3435-3896/? I/CAE: sendCmdToSensorHub(SensorHubCommManager.java:162) - -79, 48, 0,
10-12 11:04:39.316 3435-3896/? D/SensorHubManager: SendSensorHubData: send data = -79, 48, 0
10-12 11:04:39.316 3435-3565/? I/WindowManager: finishPostLayoutPolicyLw : mNightClock.hideLw by screenTurnedOn
10-12 11:04:39.316 3435-3565/? V/WindowOrientationListener: setCurrentAppOrientation :1
10-12 11:04:39.316 3435-3565/? V/WindowManager: rotationForOrientationLw(orient=1, last=0); user=0 sensorRotation=-1 mLidState=-1 mDockMode=0 mHdmiPlugged=false mMobileKeyboardEnabled=false displayId=0
10-12 11:04:39.316 3435-3541/? D/StatusBarManagerService: manageDisableList userId=0 what=0x0 pkg=Window{605dc1a u0 d0 StatusBar}
10-12 11:04:39.316 3158-3158/? D/Sensorhubs: sendContextData: -79, 48, 0
10-12 11:04:39.316 3435-3565/? D/InputDispatcher: Focus left window: 4758
10-12 11:04:39.316 3435-3565/? D/PowerManagerService: [api] setUserActivityTimeoutOverrideFromWindowManagerInternal: timeoutMillis: 10000
10-12 11:04:39.316 3435-3565/? D/InputDispatcher: Focus entered window: 3931
10-12 11:04:39.316 3435-3565/? D/PowerManagerService: [s] getScreenOffTimeoutLocked: 30000 -> 10000
10-12 11:04:39.316 3435-3565/? D/PowerManagerService: [api] setScreenDimDurationOverrideFromWindowManagerInternal: timeoutMillis: 0
10-12 11:04:39.316 3435-3435/? D/LightsService: [api] [SvcLED] turnOff:: id = 5 (uid: 1000 pid: 3435)
10-12 11:04:39.316 3435-3435/? D/LightsService: [SvcLED] setSvcLedStateLocked:: SvcLEDState : 0x10 -> 0x0 | SvcLED(id=5) set Off
10-12 11:04:39.316 3435-3435/? D/BatteryService: turn off LED
10-12 11:04:39.316 3435-3576/? D/LightsService: [SvcLED] handleForcedSvcLEDTask()
10-12 11:04:39.316 3435-3576/? D/lights: led_pattern : 0 +
10-12 11:04:39.326 3435-3896/? D/CAE: getFaultDetectionResult(AutoBrightnessRunner.java:311) - true
10-12 11:04:39.326 3435-4133/? D/PowerManagerService: [api] acquire WakeLock flags=0x80 tag=Window:StatusBar uid=1000 pid=3435
10-12 11:04:39.326 3435-3565/? D/PointerIcon: setMouseIconStyle1 pointerType: 1001 iconType:101 flag:0 pid:3435 uid:1000
10-12 11:04:39.326 3435-3565/? D/PointerIcon: setMouseCustomIcon IconType is same.101
10-12 11:04:39.326 3435-3896/? I/CAE: notifyCmdProcessResultObserver(ContextProvider.java:627) - CheckResult = 0, Cause = Success
10-12 11:04:39.326 4758-4758/? I/AlpmModeManager: stopAlpmMode: state = BLANK
10-12 11:04:39.326 4758-4758/? I/AlpmModeManager: handleAlpmModeOff: state = BLANK
10-12 11:04:39.326 3435-3576/? D/LightsService: [SvcLED] setSvcLedLightLocked :: Current SvcLED(id=5) maintains its priority right
10-12 11:04:39.326 4758-4758/? I/AlpmModeManager: handleAlpmModeOff: AlpmModeManager wakeLock [RELEASE]
10-12 11:04:39.326 3435-3576/? D/lights: led_pattern : 0 -
10-12 11:04:39.326 3435-4825/? D/PowerManagerService: [api] release WakeLock flags=0x40 tag=AlpmModeManager uid=10000 pid=4758 (0x0)
10-12 11:04:39.326 3931-3931/? V/KeyguardFingerPrint: updateFingerprintListeningState(false)
10-12 11:04:39.336 4758-4758/? V/AlpmModeManager: handleAlpmModeOff: setDozeOverrideFromAod DISPLAY_STATE_UNKNOWN
10-12 11:04:39.336 3931-3931/? D/KeyguardFingerPrint: shouldListenForFingerprint ( FingerPrint is not enabled. )
10-12 11:04:39.336 3931-3931/? V/KeyguardUpdateMonitor: stopListeningForFingerprint()
10-12 11:04:39.336 3435-4337/? I/PowerManagerService: [api] setDozeOverrideFromAod AlpmHlpmSysfs = -1, screenState = 0, Brightness = 0, wakefulness = true
