10-12 11:00:01.106 3435-3569/? D/DisplayPowerController: animateScreenStateChange[0]: target=3
10-12 11:00:01.106 3435-3569/? D/DisplayPowerController: [Dual Screen Compatible] state[0] :3
10-12 11:00:01.106 3435-3569/? I/libsuspend: !@autosuspend_wakeup_count_enable
10-12 11:00:01.106 3435-3569/? D/DisplayPowerController: getFinalBrightness : Summary is 1 -> 1
10-12 11:00:01.106 3435-3569/? I/libsuspend: !@autosuspend_wakeup_count_enable done
10-12 11:00:01.106 3435-3569/? D/DisplayPowerController: Animating brightness: target=1, rate=2000 (PSM:false, AB limit:(-1 ~ -1) MB Limit:(-1 ~ -1))
10-12 11:00:01.106 3435-3569/? D/DisplayPowerController: animateScreenStateChange[0]: target=3
10-12 11:00:01.106 3435-3569/? D/DisplayPowerController: [Dual Screen Compatible] state[0] :3
10-12 11:00:01.106 3435-3569/? D/DisplayPowerController: getFinalBrightness : Summary is 1 -> 1
10-12 11:00:01.106 3435-3569/? D/DisplayPowerController: Animating brightness: target=1, rate=2000 (PSM:false, AB limit:(-1 ~ -1) MB Limit:(-1 ~ -1))
10-12 11:00:01.106 3435-3569/? D/PowerManagerService: [s] DisplayPowerCallbacks : onStateChanged()
10-12 11:00:01.106 3435-3569/? D/PowerManagerService: mDisplayReady: true
10-12 11:00:01.106 3435-3569/? D/PowerManagerService: [PWL] sb release: PowerManagerService.Display
10-12 11:00:01.106 3435-3809/? D/CAE: onGetSensorHubData(SensorHubParserProvider.java:92) - onGetSensorHubData Event [event buffer len :7], AP_SLEEP
10-12 11:00:01.106 3435-3809/? I/CAE: parse(SensorHubParserProvider.java:188) - buffer size = 7
10-12 11:00:01.116 3435-3809/? I/CAE: parse(SensorHubParserProvider.java:199) - 1, 1, 56, 1, 1, 1, 1,
10-12 11:00:01.116 3435-3809/? D/CAE: display(ContextProvider.java:375) - ================= DEVICE_PHYSICAL_CONTEXT_MONITOR =================
10-12 11:00:01.116 3435-3809/? I/CAE: display(ContextProvider.java:391) - AODReason=[1], AODStatus=[1], DataType=[1]
10-12 11:00:01.116 3435-3812/? D/SContextService: updateSContext() : event = Device Physical Context Monitor
10-12 11:00:01.116 4758-4758/? D/RoamingTimeViewHolder: isDualClockSetting :: true isHomeTimeZoneExist :: false isEasyUxON :: false Utils.isRoaming(mContext) :: false
10-12 11:00:01.116 4758-4758/? D/RoamingTimeViewHolder: getHomeCalendar : No homecity_timezone, set as default : (libcore.util.ZoneInfo[id="Europe/Berlin",mRawOffset=3600000,mEarliestRawOffset=3600000,mUseDst=true,mDstSavings=3600000,transitions=144])
10-12 11:00:01.116 4758-4758/? D/RoamingTimeViewHolder: onTimeUpdate: isVisible:false timeZone:libcore.util.ZoneInfo[id="Europe/Berlin",mRawOffset=3600000,mEarliestRawOffset=3600000,mUseDst=true,mDstSavings=3600000,transitions=144] text:Wed, 12 Oct 11:00
10-12 11:00:01.116 4758-4758/? I/AODService.ClockTimer: startAlarm : TICK
10-12 11:00:01.116 3435-4133/? V/AlarmManager: Add whitelist package alarm :PendingIntent{a95f2af: PendingIntentRecord{5684f7e com.samsung.android.app.aodservice broadcastIntent}}
10-12 11:00:01.116 4758-4758/? I/AlpmModeManager: handleUnblankDisplay: state = BLANK
10-12 11:00:01.116 4758-4758/? V/AlpmModeManager: updateAlpmMode: setDoze [DISPLAY_STATE_DOZE_SUSPEND]
10-12 11:00:01.126 3435-4802/? I/PowerManagerService: [api] setDozeOverrideFromAod AlpmHlpmSysfs = -1, screenState = 4, Brightness = 0, wakefulness = false
10-12 11:00:01.126 3435-4802/? D/PowerManagerService: setDozeModeBySysfs: value is -1 , we ignore it.
10-12 11:00:01.126 3435-4337/? D/PowerManagerService: [api] acquire WakeLock flags=0x80 tag=Window:AOD uid=1000 pid=3435
10-12 11:00:01.126 4758-4758/? I/AODService: onSContextChanged: AODScreenShown state is already true
10-12 11:00:01.126 4758-4758/? D/DefaultClockView: RootView invalidate()
10-12 11:00:01.126 3435-4200/? D/PowerManagerService: [api] acquire WakeLock flags=0x80 tag=Window:AOD uid=1000 pid=3435
10-12 11:00:01.136 4276-29587/? D/SecWifiDisplayUtil: Metadata value : SecSettings2
10-12 11:00:01.276 3435-3435/? D/PowerManagerService: [api] release WakeLock flags=0x80 tag=Window:AOD uid=1000 pid=3435 (0x0)
10-12 11:00:01.276 3435-3435/? I/libsuspend: !@autosuspend_wakeup_count_disable
10-12 11:00:01.276 3435-3435/? D/PowerManagerService: mDisplayReady: false
10-12 11:00:01.276 3435-3435/? I/libsuspend: !@autosuspend_wakeup_count_disable done
10-12 11:00:01.276 3435-3569/? D/DisplayPowerController: animateScreenStateChange[0]: target=4
10-12 11:00:01.276 3435-3435/? D/PowerManagerService: [PWL] sb acquire: PowerManagerService.Display
10-12 11:00:01.276 3435-3569/? D/DisplayPowerController: [Dual Screen Compatible] state[0] :4
10-12 11:00:01.276 3435-3569/? D/DisplayPowerController: getFinalBrightness : Summary is 1 -> 1
10-12 11:00:01.276 3435-3569/? D/DisplayPowerController: Animating brightness: target=1, rate=0 (PSM:false, AB limit:(-1 ~ -1) MB Limit:(-1 ~ -1))
10-12 11:00:01.276 3435-3579/? D/DisplayManagerService: !@display_state: DOZE -> DOZE_SUSPEND brightness: 1 -> 1
10-12 11:00:01.286 3435-3565/? I/DisplayManagerService: Display device changed state: "Built-in Screen", DOZE_SUSPEND
10-12 11:00:01.286 3004-3004/? D/SurfaceFlinger: Set power mode=3, type=0 flinger=0x7fb2403c00
10-12 11:00:01.286 3435-3565/? I/DisplayManagerService: Display device changed state: "ActivityViewVirtualDisplay", DOZE_SUSPEND
10-12 11:00:01.286 3004-3004/? I/hwcomposer: int exynos_setPowerMode(hwc_composer_device_1*, int, int):: disp(0), mode(3)
10-12 11:00:01.306 3435-3569/? D/DisplayPowerController: animateScreenStateChange[0]: target=4
10-12 11:00:01.306 3435-3569/? D/DisplayPowerController: [Dual Screen Compatible] state[0] :4
10-12 11:00:01.306 3435-3569/? I/libsuspend: !@autosuspend_wakeup_count_enable
10-12 11:00:01.306 3435-3569/? D/DisplayPowerController: getFinalBrightness : Summary is 1 -> 1
10-12 11:00:01.306 3435-3569/? I/libsuspend: !@autosuspend_wakeup_count_enable done
10-12 11:00:01.306 3435-3569/? D/DisplayPowerController: Animating brightness: target=1, rate=0 (PSM:false, AB limit:(-1 ~ -1) MB Limit:(-1 ~ -1))
10-12 11:00:01.306 3435-3569/? D/DisplayPowerController: animateScreenStateChange[0]: target=4
10-12 11:00:01.306 3435-3569/? D/DisplayPowerController: [Dual Screen Compatible] state[0] :4
10-12 11:00:01.306 3435-3569/? D/DisplayPowerController: getFinalBrightness : Summary is 1 -> 1
10-12 11:00:01.306 3435-3569/? D/DisplayPowerController: Animating brightness: target=1, rate=0 (PSM:false, AB limit:(-1 ~ -1) MB Limit:(-1 ~ -1))
10-12 11:00:01.306 3435-3569/? D/PowerManagerService: [s] DisplayPowerCallbacks : onStateChanged()
10-12 11:00:01.306 3435-3569/? D/PowerManagerService: mDisplayReady: true
10-12 11:00:01.306 3435-3569/? D/PowerManagerService: [PWL] sb release: PowerManagerService.Display
10-12 11:00:04.316 3435-6368/? D/SSRM:n: SIOP:: AP = 240, PST = 240 (W:14), CP = 200, CUR = 446, LCD = 1
10-12 11:00:04.836 3435-4325/? D/BatteryService: !@BatteryListener : batteryPropertiesChanged!
10-12 11:00:04.836 3435-4325/? D/BatteryService: level:80, scale:100, status:2, health:2, present:true, voltage: 4167, temperature: 238, technology: Li-ion, AC powered:false, USB powered:true, POGO powered:false, Wireless powered:false, icon:17303413, invalid charger:0, maxChargingCurrent:0
10-12 11:00:04.836 3435-4325/? D/BatteryService: online:4, current avg:443, charge type:1, power sharing:false, high voltage charger:false, capacity:280000, batterySWSelfDischarging:false, current_now:469
10-12 11:00:04.836 3435-4325/? D/BatteryService: stay LED for charging
10-12 11:00:04.836 3435-3435/? D/BatteryService: Sending ACTION_BATTERY_CHANGED.
10-12 11:00:04.836 3435-3435/? I/MotionRecognitionService: Plugged
10-12 11:00:04.846 3435-3435/? D/MotionRecognitionService: cableConnection= 1
10-12 11:00:04.846 3435-3435/? D/MotionRecognitionService: setPowerConnected | current backoffstate = 1024 , state =1024
10-12 11:00:04.846 3435-3435/? D/MotionRecognitionService: skip setTransmitPower.
10-12 11:00:04.846 3435-3852/? D/WifiController: ApOrStaEnabledState msg.what= 155652
10-12 11:00:04.856 3931-3931/? D/KeyguardUpdateMonitor: received broadcast android.intent.action.BATTERY_CHANGED
10-12 11:00:04.856 3931-3931/? D/KeyguardUpdateMonitor: handleBatteryUpdate
10-12 11:00:04.856 3931-3931/? D/PowerUI: priorPlugType = 2 mPlugType = 2
10-12 11:00:04.856 3931-3931/? D/PowerUI.Notification: showChargingNotice oldChargingType : 1 currentChargingType : 1 oldChargingTime : 4294000 mChargingTime : 4294000
10-12 11:00:04.856 3931-3931/? D/PowerUI.Notification: There is no change about charging status, so return!
10-12 11:00:04.866 4449-4449/? D/CommonServiceConfiguration: getStringValueSetting
10-12 11:00:04.876 4449-4449/? D/BatteryMonitor: new battery level: 80
10-12 11:00:04.886 3931-3931/? D/BatteryMeterView: ACTION_BATTERY_CHANGED : level:80 status:2 health:2
10-12 11:00:04.886 3931-3931/? D/BatteryMeterView: ACTION_BATTERY_CHANGED : level:80 status:2 health:2
10-12 11:00:04.896 4758-4758/? D/BatteryController: saveBatteryData : level[80], status[2]
10-12 11:00:06.146 3435-4154/? E/Watchdog: !@Sync 287 [10-12 11:00:06.155]
10-12 11:00:14.366 3435-6368/? D/SSRM:n: SIOP:: AP = 240, PST = 240 (W:14), CP = 199, CUR = 443, LCD = 1
10-12 11:00:14.886 3435-4133/? D/BatteryService: !@BatteryListener : batteryPropertiesChanged!
10-12 11:00:14.896 3435-4133/? D/BatteryService: level:80, scale:100, status:2, health:2, present:true, voltage: 4168, temperature: 238, technology: Li-ion, AC powered:false, USB powered:true, POGO powered:false, Wireless powered:false, icon:17303413, invalid charger:0, maxChargingCurrent:0
10-12 11:00:14.896 3435-4133/? D/BatteryService: online:4, current avg:443, charge type:1, power sharing:false, high voltage charger:false, capacity:280000, batterySWSelfDischarging:false, current_now:469
10-12 11:00:14.896 3435-4133/? D/BatteryService: stay LED for charging
10-12 11:00:14.896 3435-3435/? D/BatteryService: Sending ACTION_BATTERY_CHANGED.
10-12 11:00:14.896 3435-3435/? I/MotionRecognitionService: Plugged
10-12 11:00:14.896 3435-3435/? D/MotionRecognitionService: cableConnection= 1
10-12 11:00:14.896 3435-3435/? D/MotionRecognitionService: setPowerConnected | current backoffstate = 1024 , state =1024
10-12 11:00:14.896 3435-3435/? D/MotionRecognitionService: skip setTransmitPower.
10-12 11:00:14.906 3435-3852/? D/WifiController: ApOrStaEnabledState msg.what= 155652
10-12 11:00:14.906 3931-3931/? D/KeyguardUpdateMonitor: received broadcast android.intent.action.BATTERY_CHANGED
10-12 11:00:14.906 3931-3931/? D/PowerUI: priorPlugType = 2 mPlugType = 2
10-12 11:00:14.916 3931-3931/? D/PowerUI.Notification: showChargingNotice oldChargingType : 1 currentChargingType : 1 oldChargingTime : 4294000 mChargingTime : 4272000
10-12 11:00:14.916 3931-3931/? D/PowerUI.Notification: showChargingNotification()
10-12 11:00:14.926 4449-4449/? D/CommonServiceConfiguration: getStringValueSetting
10-12 11:00:14.936 3435-4802/? D/ApplicationPolicy: isStatusBarNotificationAllowedAsUser: packageName = com.android.systemui,userId = -1
10-12 11:00:14.936 4449-4449/? D/BatteryMonitor: new battery level: 80
10-12 11:00:14.936 3931-3931/? D/KeyguardUpdateMonitor: handleBatteryUpdate
10-12 11:00:14.946 3931-3931/? D/BatteryMeterView: ACTION_BATTERY_CHANGED : level:80 status:2 health:2
10-12 11:00:14.946 3931-3931/? D/BatteryMeterView: ACTION_BATTERY_CHANGED : level:80 status:2 health:2
10-12 11:00:14.946 3435-3435/? D/MARsPolicyManager: NotificationListenerService OngoingNotificationPosted : com.android.systemui
10-12 11:00:14.956 4758-4758/? D/BatteryController: saveBatteryData : level[80], status[2]
10-12 11:00:14.966 3931-3931/? W/ResourcesManager: getTopLevelResources: /system/priv-app/SystemUI/SystemUI.apk / 1.0 running in com.android.systemui rsrc of package com.android.systemui
10-12 11:00:14.976 3931-3931/? D/PhoneStatusBar: setAreThereNotifications: N=2 any=true clearable=false
10-12 11:00:24.396 3435-6368/? D/SSRM:n: SIOP:: AP = 240, PST = 240 (W:14), CP = 199, CUR = 443, LCD = 1
10-12 11:00:24.486 3931-4137/? D/NetworkController.MobileSignalController(0/2147483643): onSignalStrengthsChanged signalStrength=SignalStrength: 11 99 -11 -200 -11 -200 -1 99 2147483647 2147483647 2147483647 2147483647 2147483647 0x4 gsm|lte level=4
10-12 11:00:24.486 3931-4137/? D/NetworkController.MobileSignalController(0/2147483643): getMobileIconGroup(): 0
10-12 11:00:24.946 3435-3474/? D/BatteryService: !@BatteryListener : batteryPropertiesChanged!
10-12 11:00:24.946 3435-3474/? D/BatteryService: level:80, scale:100, status:2, health:2, present:true, voltage: 4169, temperature: 238, technology: Li-ion, AC powered:false, USB powered:true, POGO powered:false, Wireless powered:false, icon:17303413, invalid charger:0, maxChargingCurrent:0
10-12 11:00:24.946 3435-3474/? D/BatteryService: online:4, current avg:449, charge type:1, power sharing:false, high voltage charger:false, capacity:280000, batterySWSelfDischarging:false, current_now:454
10-12 11:00:24.946 3435-3474/? D/BatteryService: stay LED for charging
10-12 11:00:24.946 3435-3435/? D/BatteryService: Sending ACTION_BATTERY_CHANGED.
10-12 11:00:24.956 3435-3435/? I/MotionRecognitionService: Plugged
10-12 11:00:24.956 3435-3435/? D/MotionRecognitionService: cableConnection= 1
10-12 11:00:24.956 3435-3435/? D/MotionRecognitionService: setPowerConnected | current backoffstate = 1024 , state =1024
10-12 11:00:24.956 3435-3435/? D/MotionRecognitionService: skip setTransmitPower.
10-12 11:00:24.956 3435-3852/? D/WifiController: ApOrStaEnabledState msg.what= 155652
10-12 11:00:24.966 3931-3931/? D/KeyguardUpdateMonitor: received broadcast android.intent.action.BATTERY_CHANGED
10-12 11:00:24.966 3931-3931/? D/KeyguardUpdateMonitor: handleBatteryUpdate
10-12 11:00:24.966 3931-3931/? D/PowerUI: priorPlugType = 2 mPlugType = 2
10-12 11:00:24.966 3931-3931/? D/PowerUI.Notification: showChargingNotice oldChargingType : 1 currentChargingType : 1 oldChargingTime : 4272000 mChargingTime : 4272000
10-12 11:00:24.966 3931-3931/? D/PowerUI.Notification: There is no change about charging status, so return!
10-12 11:00:24.986 4449-4449/? D/CommonServiceConfiguration: getStringValueSetting
10-12 11:00:24.996 4449-4449/? D/BatteryMonitor: new battery level: 80
10-12 11:00:25.006 4758-4758/? D/BatteryController: saveBatteryData : level[80], status[2]
10-12 11:00:25.016 3931-3931/? D/BatteryMeterView: ACTION_BATTERY_CHANGED : level:80 status:2 health:2
10-12 11:00:25.016 3931-3931/? D/BatteryMeterView: ACTION_BATTERY_CHANGED : level:80 status:2 health:2
10-12 11:00:34.446 3435-6368/? D/SSRM:n: SIOP:: AP = 240, PST = 240 (W:14), CP = 198, CUR = 449, LCD = 1
10-12 11:00:35.006 3435-4341/? D/BatteryService: !@BatteryListener : batteryPropertiesChanged!
10-12 11:00:35.006 3435-4341/? D/BatteryService: level:80, scale:100, status:2, health:2, present:true, voltage: 4169, temperature: 237, technology: Li-ion, AC powered:false, USB powered:true, POGO powered:false, Wireless powered:false, icon:17303413, invalid charger:0, maxChargingCurrent:0
10-12 11:00:35.006 3435-4341/? D/BatteryService: online:4, current avg:448, charge type:1, power sharing:false, high voltage charger:false, capacity:280000, batterySWSelfDischarging:false, current_now:471
10-12 11:00:35.006 3435-4341/? D/BatteryService: stay LED for charging
10-12 11:00:35.006 3435-3435/? D/BatteryService: Sending ACTION_BATTERY_CHANGED.
10-12 11:00:35.006 3435-3435/? I/MotionRecognitionService: Plugged
10-12 11:00:35.006 3435-3435/? D/MotionRecognitionService: cableConnection= 1
10-12 11:00:35.006 3435-3435/? D/MotionRecognitionService: setPowerConnected | current backoffstate = 1024 , state =1024
10-12 11:00:35.006 3435-3435/? D/MotionRecognitionService: skip setTransmitPower.
10-12 11:00:35.016 3435-3852/? D/WifiController: ApOrStaEnabledState msg.what= 155652
10-12 11:00:35.016 3931-3931/? D/KeyguardUpdateMonitor: received broadcast android.intent.action.BATTERY_CHANGED
10-12 11:00:35.016 3931-3931/? D/KeyguardUpdateMonitor: handleBatteryUpdate
10-12 11:00:35.016 3931-3931/? D/PowerUI: priorPlugType = 2 mPlugType = 2
10-12 11:00:35.026 3931-3931/? D/PowerUI.Notification: showChargingNotice oldChargingType : 1 currentChargingType : 1 oldChargingTime : 4272000 mChargingTime : 4272000
10-12 11:00:35.026 3931-3931/? D/PowerUI.Notification: There is no change about charging status, so return!
10-12 11:00:35.036 4449-4449/? D/CommonServiceConfiguration: getStringValueSetting
10-12 11:00:35.046 4449-4449/? D/BatteryMonitor: new battery level: 80
10-12 11:00:35.056 4758-4758/? D/BatteryController: saveBatteryData : level[80], status[2]
10-12 11:00:35.056 3931-3931/? D/BatteryMeterView: ACTION_BATTERY_CHANGED : level:80 status:2 health:2
10-12 11:00:35.056 3931-3931/? D/BatteryMeterView: ACTION_BATTERY_CHANGED : level:80 status:2 health:2
10-12 11:00:36.146 3435-4154/? E/Watchdog: !@Sync 288 [10-12 11:00:36.156]
10-12 11:00:44.506 3435-6368/? D/SSRM:n: SIOP:: AP = 240, PST = 240 (W:14), CP = 198, CUR = 448, LCD = 1
10-12 11:00:45.056 3435-4325/? D/BatteryService: !@BatteryListener : batteryPropertiesChanged!
10-12 11:00:45.056 3435-4325/? D/BatteryService: level:80, scale:100, status:2, health:2, present:true, voltage: 4162, temperature: 237, technology: Li-ion, AC powered:false, USB powered:true, POGO powered:false, Wireless powered:false, icon:17303413, invalid charger:0, maxChargingCurrent:0
10-12 11:00:45.056 3435-4325/? D/BatteryService: online:4, current avg:447, charge type:1, power sharing:false, high voltage charger:false, capacity:280000, batterySWSelfDischarging:false, current_now:352
10-12 11:00:45.066 3435-4325/? D/BatteryService: stay LED for charging
10-12 11:00:45.066 3435-3435/? D/BatteryService: Sending ACTION_BATTERY_CHANGED.
10-12 11:00:45.066 3435-3435/? I/MotionRecognitionService: Plugged
10-12 11:00:45.066 3435-3435/? D/MotionRecognitionService: cableConnection= 1
10-12 11:00:45.066 3435-3435/? D/MotionRecognitionService: setPowerConnected | current backoffstate = 1024 , state =1024
10-12 11:00:45.066 3435-3435/? D/MotionRecognitionService: skip setTransmitPower.
10-12 11:00:45.076 3435-3852/? D/WifiController: ApOrStaEnabledState msg.what= 155652
10-12 11:00:45.076 3931-3931/? D/KeyguardUpdateMonitor: received broadcast android.intent.action.BATTERY_CHANGED
10-12 11:00:45.076 3931-3931/? D/KeyguardUpdateMonitor: handleBatteryUpdate
10-12 11:00:45.076 3931-3931/? D/PowerUI: priorPlugType = 2 mPlugType = 2
10-12 11:00:45.076 3931-3931/? D/PowerUI.Notification: showChargingNotice oldChargingType : 1 currentChargingType : 1 oldChargingTime : 4272000 mChargingTime : 4247000
10-12 11:00:45.076 3931-3931/? D/PowerUI.Notification: showChargingNotification()
10-12 11:00:45.096 4449-4449/? D/CommonServiceConfiguration: getStringValueSetting
10-12 11:00:45.096 3435-3475/? D/ApplicationPolicy: isStatusBarNotificationAllowedAsUser: packageName = com.android.systemui,userId = -1
10-12 11:00:45.106 4449-4449/? D/BatteryMonitor: new battery level: 80
10-12 11:00:45.106 4758-4758/? D/BatteryController: saveBatteryData : level[80], status[2]
10-12 11:00:45.116 3931-3931/? D/BatteryMeterView: ACTION_BATTERY_CHANGED : level:80 status:2 health:2
10-12 11:00:45.116 3931-3931/? D/BatteryMeterView: ACTION_BATTERY_CHANGED : level:80 status:2 health:2
10-12 11:00:45.116 3435-3435/? D/MARsPolicyManager: NotificationListenerService OngoingNotificationPosted : com.android.systemui
10-12 11:00:45.136 3931-3931/? W/ResourcesManager: getTopLevelResources: /system/priv-app/SystemUI/SystemUI.apk / 1.0 running in com.android.systemui rsrc of package com.android.systemui
10-12 11:00:45.146 3931-3931/? D/PhoneStatusBar: setAreThereNotifications: N=2 any=true clearable=false
10-12 11:00:50.326 27886-27901/? I/Quasar: start to send events
10-12 11:00:50.976 3931-4137/? D/NetworkController.MobileSignalController(0/2147483643): onCellLocationChanged
10-12 11:00:50.976 4449-4545/? I/CellLocationSupport: onCellLocationChanged
10-12 11:00:50.986 3435-4643/? D/ConnectivityService: returning getNetworkInfo for network type 0 : [type: MOBILE[] - MOBILE, state: DISCONNECTED/DISCONNECTED, reason: (unspecified), extra: (none), roaming: false, failover: false, isAvailable: true]
10-12 11:00:50.986 3435-4643/? D/ConnectivityService: returning getNetworkInfo for network type 1 : [type: WIFI[] - WIFI, state: CONNECTED/CONNECTED, reason: (unspecified), extra: "WLAN-198160", roaming: false, failover: false, isAvailable: true]
10-12 11:00:50.986 3435-4643/? D/ConnectivityService: returning getNetworkInfo for network type 2 : [type: MOBILE_MMS[] - MOBILE_MMS, state: DISCONNECTED/DISCONNECTED, reason: (unspecified), extra: (none), roaming: false, failover: false, isAvailable: true]
10-12 11:00:50.996 3435-4643/? D/ConnectivityService: returning getNetworkInfo for network type 3 : [type: MOBILE_SUPL[] - MOBILE_SUPL, state: DISCONNECTED/DISCONNECTED, reason: (unspecified), extra: (none), roaming: false, failover: false, isAvailable: true]
10-12 11:00:50.996 3435-4643/? D/ConnectivityService: returning getNetworkInfo for network type 4 : [type: MOBILE_DUN[] - MOBILE_DUN, state: DISCONNECTED/DISCONNECTED, reason: (unspecified), extra: (none), roaming: false, failover: false, isAvailable: true]
10-12 11:00:50.996 3435-4643/? D/ConnectivityService: returning getNetworkInfo for network type 5 : [type: MOBILE_HIPRI[] - MOBILE_HIPRI, state: DISCONNECTED/DISCONNECTED, reason: (unspecified), extra: (none), roaming: false, failover: false, isAvailable: true]
10-12 11:00:50.996 3435-4643/? D/ConnectivityService: returning getNetworkInfo for network type 7 : [type: BLUETOOTH[] - BLUETOOTH, state: DISCONNECTED/DISCONNECTED, reason: (unspecified), extra: (none), roaming: false, failover: false, isAvailable: true]
10-12 11:00:50.996 3435-4643/? D/ConnectivityService: returning getNetworkInfo for network type 9 : [type: ETHERNET[] - ETHERNET, state: DISCONNECTED/DISCONNECTED, reason: (unspecified), extra: (none), roaming: false, failover: false, isAvailable: true]
10-12 11:00:50.996 3435-4643/? D/ConnectivityService: returning getNetworkInfo for network type 10 : [type: MOBILE_FOTA[] - MOBILE_FOTA, state: DISCONNECTED/DISCONNECTED, reason: (unspecified), extra: (none), roaming: false, failover: false, isAvailable: true]
10-12 11:00:50.996 3435-4643/? D/ConnectivityService: returning getNetworkInfo for network type 11 : [type: MOBILE_IMS[] - MOBILE_IMS, state: DISCONNECTED/DISCONNECTED, reason: (unspecified), extra: (none), roaming: false, failover: false, isAvailable: true]
10-12 11:00:50.996 3435-4643/? D/ConnectivityService: returning getNetworkInfo for network type 12 : [type: MOBILE_CBS[] - MOBILE_CBS, state: DISCONNECTED/DISCONNECTED, reason: (unspecified), extra: (none), roaming: false, failover: false, isAvailable: true]
10-12 11:00:50.996 3435-4643/? D/ConnectivityService: returning getNetworkInfo for network type 13 : [type: WIFI_P2P[] - WIFI_P2P, state: UNKNOWN/IDLE, reason: (unspecified), extra: (none), roaming: false, failover: false, isAvailable: true]
10-12 11:00:50.996 3435-4643/? D/ConnectivityService: returning getNetworkInfo for network type 14 : [type: MOBILE_IA[] - MOBILE_IA, state: DISCONNECTED/DISCONNECTED, reason: (unspecified), extra: (none), roaming: false, failover: false, isAvailable: true]
10-12 11:00:50.996 3435-4643/? D/ConnectivityService: returning getNetworkInfo for network type 15 : [type: MOBILE_EMERGENCY[] - MOBILE_EMERGENCY, state: DISCONNECTED/DISCONNECTED, reason: (unspecified), extra: (none), roaming: false, failover: false, isAvailable: true]
10-12 11:00:50.996 3435-4643/? D/ConnectivityService: returning getNetworkInfo for network type 17 : [type: VPN[] - VPN, state: DISCONNECTED/DISCONNECTED, reason: (unspecified), extra: (none), roaming: false, failover: false, isAvailable: true]
10-12 11:00:50.996 4449-4545/? D/TranslatorCollection: translateToNwkSvcType: networkType XAN_NWK_TYPE_WLAN
10-12 11:00:50.996 4449-4545/? D/CellLocationSupport: Siso Stack not called RegisterAN yet on XAN_NWK_TYPE_WLAN
10-12 11:00:53.836 4116-4144/? D/ContactsProvider_EventLog: contents_sample_state: [ contacts(15) data(105) accounts({com.google (2)=15}) accounts deleted({}) calls([]) ] contents_sample_state: [ agr({[2]=15}) ]
10-12 11:00:54.526 3435-6368/? D/SSRM:n: SIOP:: AP = 240, PST = 240 (W:14), CP = 198, CUR = 447, LCD = 1
10-12 11:00:55.116 3435-3974/? D/BatteryService: !@BatteryListener : batteryPropertiesChanged!
10-12 11:00:55.116 3435-3974/? D/BatteryService: level:80, scale:100, status:2, health:2, present:true, voltage: 4167, temperature: 236, technology: Li-ion, AC powered:false, USB powered:true, POGO powered:false, Wireless powered:false, icon:17303413, invalid charger:0, maxChargingCurrent:0
10-12 11:00:55.116 3435-3974/? D/BatteryService: online:4, current avg:446, charge type:1, power sharing:false, high voltage charger:false, capacity:280000, batterySWSelfDischarging:false, current_now:424
10-12 11:00:55.116 3435-3974/? D/BatteryService: stay LED for charging
10-12 11:00:55.116 3435-3435/? D/BatteryService: Sending ACTION_BATTERY_CHANGED.
10-12 11:00:55.126 3435-3435/? I/MotionRecognitionService: Plugged
10-12 11:00:55.126 3435-3435/? D/MotionRecognitionService: cableConnection= 1
10-12 11:00:55.126 3435-3435/? D/MotionRecognitionService: setPowerConnected | current backoffstate = 1024 , state =1024
10-12 11:00:55.126 3435-3435/? D/MotionRecognitionService: skip setTransmitPower.
10-12 11:00:55.136 3435-3852/? D/WifiController: ApOrStaEnabledState msg.what= 155652
10-12 11:00:55.136 3931-3931/? D/KeyguardUpdateMonitor: received broadcast android.intent.action.BATTERY_CHANGED
10-12 11:00:55.136 3931-3931/? D/PowerUI: priorPlugType = 2 mPlugType = 2
10-12 11:00:55.136 3931-3931/? D/KeyguardUpdateMonitor: handleBatteryUpdate
10-12 11:00:55.136 3931-3931/? D/PowerUI.Notification: showChargingNotice oldChargingType : 1 currentChargingType : 1 oldChargingTime : 4247000 mChargingTime : 4247000
10-12 11:00:55.136 3931-3931/? D/PowerUI.Notification: There is no change about charging status, so return!
10-12 11:00:55.156 4449-4449/? D/CommonServiceConfiguration: getStringValueSetting
10-12 11:00:55.166 4449-4449/? D/BatteryMonitor: new battery level: 80
10-12 11:00:55.166 4758-4758/? D/BatteryController: saveBatteryData : level[80], status[2]
10-12 11:00:55.176 3931-3931/? D/BatteryMeterView: ACTION_BATTERY_CHANGED : level:80 status:2 health:2
10-12 11:00:55.176 3931-3931/? D/BatteryMeterView: ACTION_BATTERY_CHANGED : level:80 status:2 health:2
10-12 11:00:55.206 3931-4137/? D/NetworkController.MobileSignalController(0/2147483643): onSignalStrengthsChanged signalStrength=SignalStrength: 13 99 -13 -200 -13 -200 -1 99 2147483647 2147483647 2147483647 2147483647 2147483647 0x4 gsm|lte level=4
10-12 11:00:55.206 3931-4137/? D/NetworkController.MobileSignalController(0/2147483643): getMobileIconGroup(): 0
10-12 11:00:59.996 3435-3807/? V/AlarmManager: Expired Alarm result :8
10-12 11:01:00.116 3435-3807/? V/AlarmManager: Expired Alarm result :4
10-12 11:01:00.116 3435-3807/? V/AlarmManager: Send whitelist package alarm :PendingIntent{a95f2af: PendingIntentRecord{5684f7e com.samsung.android.app.aodservice broadcastIntent}}
10-12 11:01:00.126 3931-3931/? D/KeyguardUpdateMonitor: received broadcast android.intent.action.TIME_TICK
10-12 11:01:00.126 3931-3931/? D/KeyguardUpdateMonitor: handleTimeUpdate
10-12 11:01:00.146 3931-3931/? D/Clock: received broadcast android.intent.action.TIME_TICK
10-12 11:01:00.216 3931-3931/? D/DateView: received broadcast android.intent.action.TIME_TICK
10-12 11:01:00.246 4758-4758/? D/AODService.ClockTimer: onReceive : com.samsung.android.app.aodservice.ClockTimer.TICK, mWakeUp = true
10-12 11:01:00.246 4758-4758/? V/BatteryController: getBatteryLevel[80.0], batteryStatus[2]
10-12 11:01:00.246 3435-4803/? W/CAE: setCAProperty(ContextAwareService.java:578) - [setProperty 01] Mutex is locked for DEVICE_PHYSICAL_CONTEXT_MONITOR
10-12 11:01:00.246 3435-4803/? I/CAE: setPropertyValue(DevicePhysicalContextMonitorRunner.java:155) - Get status
10-12 11:01:00.246 3435-4803/? I/CAE: sendCmdToSensorHub(SensorHubCommManager.java:162) - -72, 56, 1, 1,
10-12 11:01:00.246 3435-4803/? D/SensorHubManager: SendSensorHubData: send data = -72, 56, 1, 1
10-12 11:01:00.256 3158-3158/? D/Sensorhubs: sendContextData: -72, 56, 1, 1
10-12 11:01:00.256 3435-4803/? I/CAE: setCAProperty(ContextAwareService.java:583) - result : true
10-12 11:01:00.256 3435-4803/? W/CAE: setCAProperty(ContextAwareService.java:584) - [setProperty 02] Mutex is unlocked for DEVICE_PHYSICAL_CONTEXT_MONITOR
10-12 11:01:00.256 3435-4803/? D/SContextService: requestToUpdate() : service = Device Physical Context Monitor
10-12 11:01:00.266 4758-4758/? D/SContextManager: .requestToUpdate : listener = com.samsung.android.app.aodservice.AODService$7@364f7c6, service=Device Physical Context Monitor
10-12 11:01:00.266 4758-4758/? I/AlpmModeManager: startAlpmMode : state = BLANK
10-12 11:01:00.266 4758-4758/? D/DefaultClockView: Window showed. Time views updating
10-12 11:01:00.266 3435-4133/? D/PowerManagerService: [api] acquire WakeLock flags=0x80 tag=Window:AOD uid=1000 pid=3435
10-12 11:01:00.266 3435-4133/? I/libsuspend: !@autosuspend_wakeup_count_disable
10-12 11:01:00.266 3435-4133/? D/PowerManagerService: mDisplayReady: false
10-12 11:01:00.266 3435-4133/? I/libsuspend: !@autosuspend_wakeup_count_disable done
10-12 11:01:00.266 3435-4133/? D/PowerManagerService: [PWL] sb acquire: PowerManagerService.Display
10-12 11:01:00.266 3004-3004/? D/SurfaceFlinger: Set power mode=1, type=0 flinger=0x7fb2403c00
10-12 11:01:00.266 3435-3569/? D/DisplayPowerController: animateScreenStateChange[0]: target=3
10-12 11:01:00.266 4758-4758/? D/AODUpdatePositionController: updatePosition: direction[5] updatePosition: X[-34] Y[860] NewPositionTimer[54]
10-12 11:01:00.266 3435-3569/? D/DisplayPowerController: [Dual Screen Compatible] state[0] :3
10-12 11:01:00.266 3004-3004/? I/hwcomposer: int exynos_setPowerMode(hwc_composer_device_1*, int, int):: disp(0), mode(1)
10-12 11:01:00.266 3435-3569/? D/DisplayPowerController: getFinalBrightness : Summary is 1 -> 1
10-12 11:01:00.266 3435-3569/? D/DisplayPowerController: Animating brightness: target=1, rate=2000 (PSM:false, AB limit:(-1 ~ -1) MB Limit:(-1 ~ -1))
10-12 11:01:00.266 3435-3579/? D/DisplayManagerService: !@display_state: DOZE_SUSPEND -> DOZE brightness: 1 -> 1
10-12 11:01:00.266 3435-3565/? I/DisplayManagerService: Display device changed state: "Built-in Screen", DOZE
10-12 11:01:00.266 3435-3565/? I/DisplayManagerService: Display device changed state: "ActivityViewVirtualDisplay", DOZE
10-12 11:01:00.266 4758-4758/? D/DefaultClockView: LocalTime Pattern : HH:mm
10-12 11:01:00.276 4758-4758/? D/TimeViewHolder: onTimeUpdate: timeZone:libcore.util.ZoneInfo[id="Europe/Berlin",mRawOffset=3600000,mEarliestRawOffset=3600000,mUseDst=true,mDstSavings=3600000,transitions=144] isSplitHour:false isSingleView:false isAMPMonLeft:null time01: 11:01 time02: null ampm: null
10-12 11:01:00.276 3435-3569/? D/DisplayPowerController: animateScreenStateChange[0]: target=3
10-12 11:01:00.276 3435-3569/? D/DisplayPowerController: [Dual Screen Compatible] state[0] :3
10-12 11:01:00.276 3435-3569/? D/DisplayPowerController: getFinalBrightness : Summary is 1 -> 1
10-12 11:01:00.276 3435-3569/? I/libsuspend: !@autosuspend_wakeup_count_enable
10-12 11:01:00.276 3435-3569/? D/DisplayPowerController: Animating brightness: target=1, rate=2000 (PSM:false, AB limit:(-1 ~ -1) MB Limit:(-1 ~ -1))
10-12 11:01:00.276 3435-3569/? I/libsuspend: !@autosuspend_wakeup_count_enable done
10-12 11:01:00.276 3435-3569/? D/DisplayPowerController: animateScreenStateChange[0]: target=3
10-12 11:01:00.276 3435-3569/? D/DisplayPowerController: [Dual Screen Compatible] state[0] :3
10-12 11:01:00.276 3435-3569/? D/DisplayPowerController: getFinalBrightness : Summary is 1 -> 1
10-12 11:01:00.276 3435-3569/? D/DisplayPowerController: Animating brightness: target=1, rate=2000 (PSM:false, AB limit:(-1 ~ -1) MB Limit:(-1 ~ -1))
10-12 11:01:00.276 3435-3569/? D/PowerManagerService: [s] DisplayPowerCallbacks : onStateChanged()
10-12 11:01:00.276 3435-3569/? D/PowerManagerService: mDisplayReady: true
10-12 11:01:00.276 3435-3569/? D/PowerManagerService: [PWL] sb release: PowerManagerService.Display
10-12 11:01:00.286 4758-4758/? D/RoamingTimeViewHolder: isDualClockSetting :: true isHomeTimeZoneExist :: false isEasyUxON :: false Utils.isRoaming(mContext) :: false
10-12 11:01:00.286 4758-4758/? D/RoamingTimeViewHolder: getHomeCalendar : No homecity_timezone, set as default : (libcore.util.ZoneInfo[id="Europe/Berlin",mRawOffset=3600000,mEarliestRawOffset=3600000,mUseDst=true,mDstSavings=3600000,transitions=144])
10-12 11:01:00.286 4758-4758/? D/RoamingTimeViewHolder: onTimeUpdate: isVisible:false timeZone:libcore.util.ZoneInfo[id="Europe/Berlin",mRawOffset=3600000,mEarliestRawOffset=3600000,mUseDst=true,mDstSavings=3600000,transitions=144] text:Wed, 12 Oct 11:01
10-12 11:01:00.286 4758-4758/? I/AODService.ClockTimer: startAlarm : TICK
10-12 11:01:00.286 3435-3992/? V/AlarmManager: Add whitelist package alarm :PendingIntent{b4419a: PendingIntentRecord{5684f7e com.samsung.android.app.aodservice broadcastIntent}}
10-12 11:01:00.286 4758-4758/? I/AlpmModeManager: handleUnblankDisplay: state = BLANK
10-12 11:01:00.286 4758-4758/? V/AlpmModeManager: updateAlpmMode: setDoze [DISPLAY_STATE_DOZE_SUSPEND]
10-12 11:01:00.296 3435-3960/? I/PowerManagerService: [api] setDozeOverrideFromAod AlpmHlpmSysfs = -1, screenState = 4, Brightness = 0, wakefulness = false
10-12 11:01:00.296 3435-3960/? D/PowerManagerService: setDozeModeBySysfs: value is -1 , we ignore it.
10-12 11:01:00.296 3435-4325/? D/PowerManagerService: [api] acquire WakeLock flags=0x80 tag=Window:AOD uid=1000 pid=3435
10-12 11:01:00.296 4758-4758/? D/DefaultClockView: RootView invalidate()
10-12 11:01:00.296 3435-4808/? D/PowerManagerService: [api] acquire WakeLock flags=0x80 tag=Window:AOD uid=1000 pid=3435
10-12 11:01:00.306 3158-3198/? D/Sensorhubs: readContextData: 1, 1, 56, 1, 1, 1, 1
10-12 11:01:00.306 3435-3810/? D/SensorHubManager: onGetSensorHubDataLocked: library(7) = 1, 1, 56, 1, 1, 1, 1
10-12 11:01:00.306 3435-3809/? I/CAE: sendCmdToSensorHub(SensorHubCommManager.java:162) - -63, 14, 9, 1, 0,
10-12 11:01:00.306 3435-3809/? D/SensorHubManager: SendSensorHubData: send data = -63, 14, 9, 1, 0
10-12 11:01:00.306 3158-8639/? D/Sensorhubs: sendContextData: -63, 14, 9, 1, 0
10-12 11:01:00.306 3435-3809/? D/CAE: onGetSensorHubData(SensorHubParserProvider.java:92) - onGetSensorHubData Event [event buffer len :7], AP_SLEEP
10-12 11:01:00.306 3435-3809/? I/CAE: parse(SensorHubParserProvider.java:188) - buffer size = 7
10-12 11:01:00.306 3435-3809/? I/CAE: parse(SensorHubParserProvider.java:199) - 1, 1, 56, 1, 1, 1, 1,
10-12 11:01:00.306 3435-3809/? D/CAE: display(ContextProvider.java:375) - ================= DEVICE_PHYSICAL_CONTEXT_MONITOR =================
10-12 11:01:00.306 3435-3809/? I/CAE: display(ContextProvider.java:391) - AODReason=[1], AODStatus=[1], DataType=[1]
10-12 11:01:00.306 3435-3812/? D/SContextService: updateSContext() : event = Device Physical Context Monitor
10-12 11:01:00.316 4758-4758/? I/AODService: onSContextChanged: AODScreenShown state is already true
10-12 11:01:00.446 3435-3435/? D/PowerManagerService: [api] release WakeLock flags=0x80 tag=Window:AOD uid=1000 pid=3435 (0x0)
10-12 11:01:00.446 3435-3435/? I/libsuspend: !@autosuspend_wakeup_count_disable
10-12 11:01:00.446 3435-3435/? D/PowerManagerService: mDisplayReady: false
10-12 11:01:00.446 3435-3435/? I/libsuspend: !@autosuspend_wakeup_count_disable done
10-12 11:01:00.446 3435-3569/? D/DisplayPowerController: animateScreenStateChange[0]: target=4
10-12 11:01:00.446 3435-3435/? D/PowerManagerService: [PWL] sb acquire: PowerManagerService.Display
10-12 11:01:00.456 3435-3569/? D/DisplayPowerController: [Dual Screen Compatible] state[0] :4
10-12 11:01:00.456 3435-3569/? D/DisplayPowerController: getFinalBrightness : Summary is 1 -> 1
10-12 11:01:00.456 3004-3004/? D/SurfaceFlinger: Set power mode=3, type=0 flinger=0x7fb2403c00
10-12 11:01:00.456 3435-3569/? D/DisplayPowerController: Animating brightness: target=1, rate=0 (PSM:false, AB limit:(-1 ~ -1) MB Limit:(-1 ~ -1))
10-12 11:01:00.456 3004-3004/? I/hwcomposer: int exynos_setPowerMode(hwc_composer_device_1*, int, int):: disp(0), mode(3)
10-12 11:01:00.456 3435-3579/? D/DisplayManagerService: !@display_state: DOZE -> DOZE_SUSPEND brightness: 1 -> 1
10-12 11:01:00.456 3435-3565/? I/DisplayManagerService: Display device changed state: "Built-in Screen", DOZE_SUSPEND
10-12 11:01:00.456 3435-3565/? I/DisplayManagerService: Display device changed state: "ActivityViewVirtualDisplay", DOZE_SUSPEND
10-12 11:01:00.486 3435-3569/? D/DisplayPowerController: animateScreenStateChange[0]: target=4
10-12 11:01:00.486 3435-3569/? D/DisplayPowerController: [Dual Screen Compatible] state[0] :4
10-12 11:01:00.486 3435-3569/? I/libsuspend: !@autosuspend_wakeup_count_enable
10-12 11:01:00.486 3435-3569/? D/DisplayPowerController: getFinalBrightness : Summary is 1 -> 1
10-12 11:01:00.486 3435-3569/? I/libsuspend: !@autosuspend_wakeup_count_enable done
10-12 11:01:00.486 3435-3569/? D/DisplayPowerController: Animating brightness: target=1, rate=0 (PSM:false, AB limit:(-1 ~ -1) MB Limit:(-1 ~ -1))
10-12 11:01:00.486 3435-3569/? D/DisplayPowerController: animateScreenStateChange[0]: target=4
10-12 11:01:00.486 3435-3569/? D/DisplayPowerController: [Dual Screen Compatible] state[0] :4
10-12 11:01:00.486 3435-3569/? D/DisplayPowerController: getFinalBrightness : Summary is 1 -> 1
10-12 11:01:00.486 3435-3569/? D/DisplayPowerController: Animating brightness: target=1, rate=0 (PSM:false, AB limit:(-1 ~ -1) MB Limit:(-1 ~ -1))
10-12 11:01:00.486 3435-3569/? D/PowerManagerService: [s] DisplayPowerCallbacks : onStateChanged()
10-12 11:01:00.486 3435-3569/? D/PowerManagerService: mDisplayReady: true
10-12 11:01:00.486 3435-3569/? D/PowerManagerService: [PWL] sb release: PowerManagerService.Display
10-12 11:01:01.096 3435-3807/? V/AlarmManager: Expired Alarm result :8
10-12 11:01:04.596 3435-6368/? D/SSRM:n: SIOP:: AP = 240, PST = 240 (W:14), CP = 198, CUR = 446, LCD = 1
10-12 11:01:05.176 3435-4337/? D/BatteryService: !@BatteryListener : batteryPropertiesChanged!
10-12 11:01:05.176 3435-4337/? D/BatteryService: level:80, scale:100, status:2, health:2, present:true, voltage: 4169, temperature: 236, technology: Li-ion, AC powered:false, USB powered:true, POGO powered:false, Wireless powered:false, icon:17303413, invalid charger:0, maxChargingCurrent:0
10-12 11:01:05.176 3435-4337/? D/BatteryService: online:4, current avg:446, charge type:1, power sharing:false, high voltage charger:false, capacity:280000, batterySWSelfDischarging:false, current_now:464
10-12 11:01:05.176 3435-4337/? D/BatteryService: stay LED for charging
10-12 11:01:05.176 3435-3435/? D/BatteryService: Sending ACTION_BATTERY_CHANGED.
10-12 11:01:05.186 3435-3435/? I/MotionRecognitionService: Plugged
10-12 11:01:05.186 3435-3435/? D/MotionRecognitionService: cableConnection= 1
10-12 11:01:05.186 3435-3435/? D/MotionRecognitionService: setPowerConnected | current backoffstate = 1024 , state =1024
10-12 11:01:05.186 3435-3435/? D/MotionRecognitionService: skip setTransmitPower.
10-12 11:01:05.186 3435-3852/? D/WifiController: ApOrStaEnabledState msg.what= 155652
10-12 11:01:05.196 3931-3931/? D/KeyguardUpdateMonitor: received broadcast android.intent.action.BATTERY_CHANGED
10-12 11:01:05.196 3931-3931/? D/KeyguardUpdateMonitor: handleBatteryUpdate
10-12 11:01:05.196 3931-3931/? D/PowerUI: priorPlugType = 2 mPlugType = 2
10-12 11:01:05.196 3931-3931/? D/PowerUI.Notification: showChargingNotice oldChargingType : 1 currentChargingType : 1 oldChargingTime : 4247000 mChargingTime : 4226000
10-12 11:01:05.196 3931-3931/? D/PowerUI.Notification: showChargingNotification()
10-12 11:01:05.216 4449-4449/? D/CommonServiceConfiguration: getStringValueSetting
10-12 11:01:05.216 3435-3960/? D/ApplicationPolicy: isStatusBarNotificationAllowedAsUser: packageName = com.android.systemui,userId = -1
10-12 11:01:05.226 4449-4449/? D/BatteryMonitor: new battery level: 80
10-12 11:01:05.236 3435-3435/? D/MARsPolicyManager: NotificationListenerService OngoingNotificationPosted : com.android.systemui
10-12 11:01:05.236 4758-4758/? D/BatteryController: saveBatteryData : level[80], status[2]
10-12 11:01:05.236 3931-3931/? D/BatteryMeterView: ACTION_BATTERY_CHANGED : level:80 status:2 health:2
10-12 11:01:05.236 3931-3931/? D/BatteryMeterView: ACTION_BATTERY_CHANGED : level:80 status:2 health:2
10-12 11:01:05.276 3931-3931/? W/ResourcesManager: getTopLevelResources: /system/priv-app/SystemUI/SystemUI.apk / 1.0 running in com.android.systemui rsrc of package com.android.systemui
10-12 11:01:05.296 3931-3931/? D/PhoneStatusBar: setAreThereNotifications: N=2 any=true clearable=false
10-12 11:01:06.146 3435-4154/? E/Watchdog: !@Sync 289 [10-12 11:01:06.158]
10-12 11:01:14.656 3435-6368/? D/SSRM:n: SIOP:: AP = 240, PST = 240 (W:14), CP = 197, CUR = 446, LCD = 1
10-12 11:01:15.236 3435-4341/? D/BatteryService: !@BatteryListener : batteryPropertiesChanged!
10-12 11:01:15.236 3435-4341/? D/BatteryService: level:80, scale:100, status:2, health:2, present:true, voltage: 4172, temperature: 236, technology: Li-ion, AC powered:false, USB powered:true, POGO powered:false, Wireless powered:false, icon:17303413, invalid charger:0, maxChargingCurrent:0
10-12 11:01:15.236 3435-4341/? D/BatteryService: online:4, current avg:450, charge type:1, power sharing:false, high voltage charger:false, capacity:280000, batterySWSelfDischarging:false, current_now:469
10-12 11:01:15.236 3435-4341/? D/BatteryService: stay LED for charging
10-12 11:01:15.236 3435-3435/? D/BatteryService: Sending ACTION_BATTERY_CHANGED.
10-12 11:01:15.236 3435-3435/? I/MotionRecognitionService: Plugged
10-12 11:01:15.236 3435-3435/? D/MotionRecognitionService: cableConnection= 1
10-12 11:01:15.236 3435-3435/? D/MotionRecognitionService: setPowerConnected | current backoffstate = 1024 , state =1024
10-12 11:01:15.236 3435-3435/? D/MotionRecognitionService: skip setTransmitPower.
10-12 11:01:15.246 3435-3852/? D/WifiController: ApOrStaEnabledState msg.what= 155652
10-12 11:01:15.246 3931-3931/? D/KeyguardUpdateMonitor: received broadcast android.intent.action.BATTERY_CHANGED
10-12 11:01:15.246 3931-3931/? D/PowerUI: priorPlugType = 2 mPlugType = 2
10-12 11:01:15.256 3931-3931/? D/KeyguardUpdateMonitor: handleBatteryUpdate
10-12 11:01:15.256 3931-3931/? D/PowerUI.Notification: showChargingNotice oldChargingType : 1 currentChargingType : 1 oldChargingTime : 4226000 mChargingTime : 4226000
10-12 11:01:15.256 3931-3931/? D/PowerUI.Notification: There is no change about charging status, so return!
10-12 11:01:15.266 4449-4449/? D/CommonServiceConfiguration: getStringValueSetting
10-12 11:01:15.276 4449-4449/? D/BatteryMonitor: new battery level: 80
10-12 11:01:15.286 4758-4758/? D/BatteryController: saveBatteryData : level[80], status[2]
10-12 11:01:15.306 3931-3931/? D/BatteryMeterView: ACTION_BATTERY_CHANGED : level:80 status:2 health:2
10-12 11:01:15.306 3931-3931/? D/BatteryMeterView: ACTION_BATTERY_CHANGED : level:80 status:2 health:2
10-12 11:01:24.686 3435-6368/? D/SSRM:n: SIOP:: AP = 240, PST = 240 (W:14), CP = 197, CUR = 450, LCD = 1
10-12 11:01:25.286 3435-4808/? D/BatteryService: !@BatteryListener : batteryPropertiesChanged!
10-12 11:01:25.286 3435-4808/? D/BatteryService: level:80, scale:100, status:2, health:2, present:true, voltage: 4171, temperature: 235, technology: Li-ion, AC powered:false, USB powered:true, POGO powered:false, Wireless powered:false, icon:17303413, invalid charger:0, maxChargingCurrent:0
10-12 11:01:25.286 3435-4808/? D/BatteryService: online:4, current avg:449, charge type:1, power sharing:false, high voltage charger:false, capacity:280000, batterySWSelfDischarging:false, current_now:461
10-12 11:01:25.286 3435-4808/? D/BatteryService: stay LED for charging
10-12 11:01:25.296 3435-3435/? D/BatteryService: Sending ACTION_BATTERY_CHANGED.
10-12 11:01:25.296 3435-3435/? I/MotionRecognitionService: Plugged
10-12 11:01:25.296 3435-3435/? D/MotionRecognitionService: cableConnection= 1
10-12 11:01:25.296 3435-3435/? D/MotionRecognitionService: setPowerConnected | current backoffstate = 1024 , state =1024
10-12 11:01:25.296 3435-3435/? D/MotionRecognitionService: skip setTransmitPower.
10-12 11:01:25.306 3435-3852/? D/WifiController: ApOrStaEnabledState msg.what= 155652
10-12 11:01:25.306 3931-3931/? D/KeyguardUpdateMonitor: received broadcast android.intent.action.BATTERY_CHANGED
10-12 11:01:25.306 3931-3931/? D/KeyguardUpdateMonitor: handleBatteryUpdate
10-12 11:01:25.306 3931-3931/? D/PowerUI: priorPlugType = 2 mPlugType = 2
10-12 11:01:25.316 3931-3931/? D/PowerUI.Notification: showChargingNotice oldChargingType : 1 currentChargingType : 1 oldChargingTime : 4226000 mChargingTime : 4200000
10-12 11:01:25.316 3931-3931/? D/PowerUI.Notification: showChargingNotification()
10-12 11:01:25.336 4449-4449/? D/CommonServiceConfiguration: getStringValueSetting
10-12 11:01:25.336 3435-3960/? D/ApplicationPolicy: isStatusBarNotificationAllowedAsUser: packageName = com.android.systemui,userId = -1
10-12 11:01:25.346 4449-4449/? D/BatteryMonitor: new battery level: 80
10-12 11:01:25.356 4758-4758/? D/BatteryController: saveBatteryData : level[80], status[2]
10-12 11:01:25.356 3435-3435/? D/MARsPolicyManager: NotificationListenerService OngoingNotificationPosted : com.android.systemui
10-12 11:01:25.356 3931-3931/? D/BatteryMeterView: ACTION_BATTERY_CHANGED : level:80 status:2 health:2
10-12 11:01:25.356 3931-3931/? D/BatteryMeterView: ACTION_BATTERY_CHANGED : level:80 status:2 health:2
10-12 11:01:25.376 3931-3931/? W/ResourcesManager: getTopLevelResources: /system/priv-app/SystemUI/SystemUI.apk / 1.0 running in com.android.systemui rsrc of package com.android.systemui
10-12 11:01:25.386 3931-3931/? D/PhoneStatusBar: setAreThereNotifications: N=2 any=true clearable=false
10-12 11:01:34.536 3435-3799/? D/TimaService: TIMA: TimaService scheduler is intialized.
10-12 11:01:34.536 3435-3799/? D/TimaService: TIMA: checkEvent, operation: 50000 subject: 10000
10-12 11:01:34.536 3435-3798/? D/TimaService: TimaServiceHandler.handleMessage what =1
10-12 11:01:34.736 3435-6368/? D/SSRM:n: SIOP:: AP = 240, PST = 240 (W:14), CP = 196, CUR = 449, LCD = 1
10-12 11:01:35.346 3435-3475/? D/BatteryService: !@BatteryListener : batteryPropertiesChanged!
10-12 11:01:35.346 3435-3475/? D/BatteryService: level:80, scale:100, status:2, health:2, present:true, voltage: 4171, temperature: 235, technology: Li-ion, AC powered:false, USB powered:true, POGO powered:false, Wireless powered:false, icon:17303413, invalid charger:0, maxChargingCurrent:0
10-12 11:01:35.346 3435-3475/? D/BatteryService: online:4, current avg:450, charge type:1, power sharing:false, high voltage charger:false, capacity:280000, batterySWSelfDischarging:false, current_now:455
10-12 11:01:35.346 3435-3435/? D/BatteryService: Sending ACTION_BATTERY_CHANGED.
10-12 11:01:35.346 3435-3475/? D/BatteryService: stay LED for charging
10-12 11:01:35.356 3435-3435/? I/MotionRecognitionService: Plugged
10-12 11:01:35.356 3435-3435/? D/MotionRecognitionService: cableConnection= 1
10-12 11:01:35.356 3435-3435/? D/MotionRecognitionService: setPowerConnected | current backoffstate = 1024 , state =1024
10-12 11:01:35.356 3435-3435/? D/MotionRecognitionService: skip setTransmitPower.
10-12 11:01:35.356 3435-3852/? D/WifiController: ApOrStaEnabledState msg.what= 155652
10-12 11:01:35.366 3931-3931/? D/KeyguardUpdateMonitor: received broadcast android.intent.action.BATTERY_CHANGED
10-12 11:01:35.366 3931-3931/? D/KeyguardUpdateMonitor: handleBatteryUpdate
10-12 11:01:35.366 3931-3931/? D/PowerUI: priorPlugType = 2 mPlugType = 2
10-12 11:01:35.366 3931-3931/? D/PowerUI.Notification: showChargingNotice oldChargingType : 1 currentChargingType : 1 oldChargingTime : 4200000 mChargingTime : 4200000
10-12 11:01:35.366 3931-3931/? D/PowerUI.Notification: There is no change about charging status, so return!
10-12 11:01:35.376 4449-4449/? D/CommonServiceConfiguration: getStringValueSetting
10-12 11:01:35.386 4449-4449/? D/BatteryMonitor: new battery level: 80
10-12 11:01:35.386 4758-4758/? D/BatteryController: saveBatteryData : level[80], status[2]
10-12 11:01:35.386 3931-3931/? D/BatteryMeterView: ACTION_BATTERY_CHANGED : level:80 status:2 health:2
10-12 11:01:35.386 3931-3931/? D/BatteryMeterView: ACTION_BATTERY_CHANGED : level:80 status:2 health:2
10-12 11:01:36.146 3435-4154/? E/Watchdog: !@Sync 290 [10-12 11:01:36.159]
10-12 11:01:38.186 3435-3799/? I/TLC_TIMA_PKM_measure_kernel: TIMA: response_id = 3
10-12 11:01:38.186 3435-3799/? I/TLC_TIMA_PKM_measure_kernel: TIMA: response ret = 0, result_ondemand = MSG=Kernel Verification Success;
10-12 11:01:38.186 3435-3799/? D/TimaService: TIMA MEASUREMENT Result: TIMA_STATUS=0;MSG=Kernel Verification Success;
10-12 11:01:38.186 3435-3799/? D/TimaService: TIMA MEASUREMENT success status: TIMA_STATUS=0;MSG=Kernel Verification Success;
10-12 11:01:41.546 3435-5410/? V/MARsPolicyManager: updatePackagesScore PackageInfo name -- null
10-12 11:01:41.546 3435-5410/? V/MARsPolicyManager: updateSMDBValues
10-12 11:01:41.546 3435-3561/? E/MARsDBManager: updateDBAll : begin --size 1
10-12 11:01:41.586 3435-3561/? E/MARsDBManager: updateDBAll : end
10-12 11:01:41.586 3435-3561/? D/MARsDBManager: onChange - mSmartManagerObserver! Uri = content://com.samsung.android.sm/AppFreezer?MARs-self=true&MARs=true
10-12 11:01:44.796 3435-6368/? D/SSRM:n: SIOP:: AP = 240, PST = 240 (W:14), CP = 196, CUR = 450, LCD = 1
10-12 11:01:45.406 3435-4803/? D/BatteryService: !@BatteryListener : batteryPropertiesChanged!
