10-12 11:05:23.406 5352-5486/? D/BtGatt.GattService: [GSIM LOG]: com.samsung.android.beaconmanager@Custom, R time : 149 => 149
10-12 11:05:23.406 5352-5486/? D/BtGatt.GattService: [GSIM LOG]: com.samsung.android.beaconmanager@Custom, A time : 149 => 149
10-12 11:05:23.406 5352-5486/? D/BtGatt.GattService: [GSIM LOG]: updateScanTime: 0
10-12 11:05:23.406 5352-5437/? D/BtGatt.GattService: onScanFilterConfig() - clientIf=5, action = 0 status = 0, filterType=5, availableSpace=46
10-12 11:05:23.406 5352-5486/? D/BtGatt.GattService: [GSIM LOG]: com.samsung.android.beaconmanager@Custom, R time : 149 => 149
10-12 11:05:23.406 5352-5437/? D/BtGatt.ScanManager: callback done for clientIf - 5 status - 0
10-12 11:05:23.406 5352-5486/? D/BtGatt.GattService: [GSIM LOG]: com.samsung.android.beaconmanager@Custom, A time : 149 => 149
10-12 11:05:23.406 5352-5486/? D/BtGatt.GattService: [GSIM LOG]: setActualScanType : com.samsung.android.beaconmanager : 100
10-12 11:05:23.406 5352-5486/? D/BtGatt.GattService: [GSIM LOG]: updateScanTime: 0
10-12 11:05:23.406 5352-5468/? D/BtGatt.ScanManager: High Rssi Filter value is = -128
10-12 11:05:23.406 5352-5468/? D/BtGatt.ScanManager: Low Rssi Filter value is = -128
10-12 11:05:23.406 5352-5468/? D/BtGatt.ScanManager: configureFilterParamter 500 10000 1 0highRssiThreshold = -128lowRssiThreshold = -128matchmode is =1
10-12 11:05:23.406 5352-5486/? D/BtGatt.GattService: [GSIM LOG]: com.samsung.android.beaconmanager@Custom, R time : 149 => 149
10-12 11:05:23.406 5352-5486/? D/BtGatt.GattService: [GSIM LOG]: com.samsung.android.beaconmanager@Custom, A time : 149 => 149
10-12 11:05:23.406 5352-5486/? D/BtGatt.GattService: [GSIM LOG]: setScanTime : com.samsung.android.beaconmanager : 24604385
10-12 11:05:23.406 5352-5437/? D/BtGatt.GattService: onScanFilterParamsConfigured() - clientIf=5, status=0, action=0, availableSpace=30
10-12 11:05:23.406 5352-5437/? D/BtGatt.ScanManager: callback done for clientIf - 5 status - 0
10-12 11:05:23.406 5352-5468/? D/BtGatt.ScanManager: set filter index= 14 for clientIf= 5
10-12 11:05:23.406 3435-4325/? V/AlarmManager: remove PendingIntent] PendingIntent{64f79bc: PendingIntentRecord{5a8b9c0 com.android.bluetooth broadcastIntent}}
10-12 11:05:23.406 5352-5468/? D/BtGatt.ScanManager: addFilterToController: 5
10-12 11:05:23.406 5352-5437/? D/BtGatt.GattService: onScanFilterConfig() - clientIf=5, action = 0 status = 0, filterType=5, availableSpace=45
10-12 11:05:23.406 5352-5437/? D/BtGatt.ScanManager: callback done for clientIf - 5 status - 0
10-12 11:05:23.406 5352-5468/? D/BtGatt.ScanManager: High Rssi Filter value is = -128
10-12 11:05:23.406 5352-5468/? D/BtGatt.ScanManager: Low Rssi Filter value is = -128
10-12 11:05:23.406 5352-5468/? D/BtGatt.ScanManager: configureFilterParamter 500 10000 1 0highRssiThreshold = -128lowRssiThreshold = -128matchmode is =1
10-12 11:05:23.406 3435-4343/? V/AlarmManager: remove PendingIntent] PendingIntent{a564d45: PendingIntentRecord{5a8b9c0 com.android.bluetooth broadcastIntent}}
10-12 11:05:23.406 5352-5437/? D/BtGatt.GattService: onScanFilterParamsConfigured() - clientIf=5, status=0, action=0, availableSpace=29
10-12 11:05:23.406 5352-5437/? D/BtGatt.ScanManager: callback done for clientIf - 5 status - 0
10-12 11:05:23.406 5352-5468/? D/BtGatt.ScanManager: set filter index= 15 for clientIf= 5
10-12 11:05:23.406 5352-5468/? D/BtGatt.ScanManager: addFilterToController: 5
10-12 11:05:23.416 3435-3474/? V/AlarmManager: remove PendingIntent] PendingIntent{aa81c9a: PendingIntentRecord{5a8b9c0 com.android.bluetooth broadcastIntent}}
10-12 11:05:23.416 5352-5437/? D/BtGatt.GattService: onScanFilterConfig() - clientIf=5, action = 0 status = 0, filterType=5, availableSpace=44
10-12 11:05:23.416 5352-5437/? D/BtGatt.ScanManager: callback done for clientIf - 5 status - 0
10-12 11:05:23.416 5352-5468/? D/BtGatt.ScanManager: High Rssi Filter value is = -128
10-12 11:05:23.416 5352-5468/? D/BtGatt.ScanManager: Low Rssi Filter value is = -128
10-12 11:05:23.416 5352-5468/? D/BtGatt.ScanManager: configureFilterParamter 500 10000 1 0highRssiThreshold = -128lowRssiThreshold = -128matchmode is =1
10-12 11:05:23.416 3435-4133/? V/AlarmManager: remove PendingIntent] PendingIntent{b6749cb: PendingIntentRecord{5a8b9c0 com.android.bluetooth broadcastIntent}}
10-12 11:05:23.416 5352-5437/? D/BtGatt.GattService: onScanFilterParamsConfigured() - clientIf=5, status=0, action=0, availableSpace=28
10-12 11:05:23.416 5352-5437/? D/BtGatt.ScanManager: callback done for clientIf - 5 status - 0
10-12 11:05:23.416 5352-5468/? D/BtGatt.ScanManager: configureRegularScanParams() - queue=1
10-12 11:05:23.416 5352-5468/? I/BtGatt.ScanManager: custom scan scanMode = 100
10-12 11:05:23.416 5352-5468/? I/BtGatt.ScanManager: New scan mode custom scan scanInterval = 3120scanWindow = 160
10-12 11:05:23.416 5352-5468/? E/BtGatt.ScanManager: default value of curScanSetting 0 is choosen
10-12 11:05:23.416 5352-5468/? I/BtGatt.ScanManager: newScanMode = 5newcurScanSetting = 0
10-12 11:05:23.416 5352-5468/? I/BtGatt.ScanManager: comparing = 5 with = 0
10-12 11:05:23.416 5352-5468/? D/BtGatt.ScanManager: configureRegularScanParams() - ScanSetting Scan mode=100 mLastConfiguredScanSetting=-2147483648
10-12 11:05:23.416 5352-5468/? D/BtGatt.ScanManager: configureRegularScanParams - scanInterval = 4992configureRegularScanParams - scanWindow = 256
10-12 11:05:23.416 5352-5437/? D/BtGatt.GattService: onScanParamSetupCompleted() status=0, clientIf=5
10-12 11:05:23.416 5352-5437/? D/BtGatt.GattService: onScanParamSetupCompleted : 0
10-12 11:05:23.416 3435-4341/? V/AlarmManager: remove PendingIntent] PendingIntent{17875a8: PendingIntentRecord{5a8b9c0 com.android.bluetooth broadcastIntent}}
10-12 11:05:23.426 3435-4808/? V/AlarmManager: remove PendingIntent] PendingIntent{c1378c1: PendingIntentRecord{5a8b9c0 com.android.bluetooth broadcastIntent}}
10-12 11:05:23.426 3435-4825/? V/AlarmManager: remove PendingIntent] PendingIntent{95b6866: PendingIntentRecord{5a8b9c0 com.android.bluetooth broadcastIntent}}
10-12 11:05:23.426 3435-3992/? V/AlarmManager: remove PendingIntent] PendingIntent{a9eb7a7: PendingIntentRecord{5a8b9c0 com.android.bluetooth broadcastIntent}}
10-12 11:05:23.426 3435-4803/? V/AlarmManager: remove PendingIntent] PendingIntent{3b34454: PendingIntentRecord{5a8b9c0 com.android.bluetooth broadcastIntent}}
10-12 11:05:23.436 3435-4802/? V/AlarmManager: remove PendingIntent] PendingIntent{f1ddffd: PendingIntentRecord{5a8b9c0 com.android.bluetooth broadcastIntent}}
10-12 11:05:23.436 3435-3960/? V/AlarmManager: remove PendingIntent] PendingIntent{4a5a4f2: PendingIntentRecord{5a8b9c0 com.android.bluetooth broadcastIntent}}
10-12 11:05:23.436 3435-3974/? V/AlarmManager: remove PendingIntent] PendingIntent{7f52743: PendingIntentRecord{5a8b9c0 com.android.bluetooth broadcastIntent}}
10-12 11:05:23.436 3435-4643/? V/AlarmManager: remove PendingIntent] PendingIntent{62a51c0: PendingIntentRecord{5a8b9c0 com.android.bluetooth broadcastIntent}}
10-12 11:05:23.436 3435-4200/? V/AlarmManager: remove PendingIntent] PendingIntent{f6d7ef9: PendingIntentRecord{5a8b9c0 com.android.bluetooth broadcastIntent}}
10-12 11:05:23.446 3435-4337/? V/AlarmManager: remove PendingIntent] PendingIntent{be51e3e: PendingIntentRecord{5a8b9c0 com.android.bluetooth broadcastIntent}}
10-12 11:05:23.446 3435-3475/? V/AlarmManager: remove PendingIntent] PendingIntent{1b8f49f: PendingIntentRecord{5a8b9c0 com.android.bluetooth broadcastIntent}}
10-12 11:05:23.446 3435-4325/? V/AlarmManager: remove PendingIntent] PendingIntent{842c9ec: PendingIntentRecord{5a8b9c0 com.android.bluetooth broadcastIntent}}
10-12 11:05:23.446 3435-4343/? V/AlarmManager: remove PendingIntent] PendingIntent{67e11b5: PendingIntentRecord{5a8b9c0 com.android.bluetooth broadcastIntent}}
10-12 11:05:23.446 3435-3474/? V/AlarmManager: remove PendingIntent] PendingIntent{410e04a: PendingIntentRecord{5a8b9c0 com.android.bluetooth broadcastIntent}}
10-12 11:05:23.456 3435-4133/? V/AlarmManager: remove PendingIntent] PendingIntent{2c23bbb: PendingIntentRecord{5a8b9c0 com.android.bluetooth broadcastIntent}}
10-12 11:05:23.456 3435-4341/? V/AlarmManager: remove PendingIntent] PendingIntent{88898d8: PendingIntentRecord{5a8b9c0 com.android.bluetooth broadcastIntent}}
10-12 11:05:23.456 3435-4808/? V/AlarmManager: remove PendingIntent] PendingIntent{fcb1431: PendingIntentRecord{5a8b9c0 com.android.bluetooth broadcastIntent}}
10-12 11:05:23.456 3435-4825/? V/AlarmManager: remove PendingIntent] PendingIntent{884b716: PendingIntentRecord{5a8b9c0 com.android.bluetooth broadcastIntent}}
10-12 11:05:23.456 3435-3992/? V/AlarmManager: remove PendingIntent] PendingIntent{14ed897: PendingIntentRecord{5a8b9c0 com.android.bluetooth broadcastIntent}}
10-12 11:05:23.466 3435-4803/? V/AlarmManager: remove PendingIntent] PendingIntent{5a6a84: PendingIntentRecord{5a8b9c0 com.android.bluetooth broadcastIntent}}
10-12 11:05:23.466 3435-4802/? V/AlarmManager: remove PendingIntent] PendingIntent{90bc26d: PendingIntentRecord{5a8b9c0 com.android.bluetooth broadcastIntent}}
10-12 11:05:23.466 3435-3960/? V/AlarmManager: remove PendingIntent] PendingIntent{c8d2ea2: PendingIntentRecord{5a8b9c0 com.android.bluetooth broadcastIntent}}
10-12 11:05:23.466 3435-3974/? V/AlarmManager: remove PendingIntent] PendingIntent{f9e6733: PendingIntentRecord{5a8b9c0 com.android.bluetooth broadcastIntent}}
10-12 11:05:23.466 3435-4643/? V/AlarmManager: remove PendingIntent] PendingIntent{e55aaf0: PendingIntentRecord{5a8b9c0 com.android.bluetooth broadcastIntent}}
10-12 11:05:23.476 3435-4200/? V/AlarmManager: remove PendingIntent] PendingIntent{a2f1869: PendingIntentRecord{5a8b9c0 com.android.bluetooth broadcastIntent}}
10-12 11:05:23.476 3435-4337/? V/AlarmManager: remove PendingIntent] PendingIntent{9b392ee: PendingIntentRecord{5a8b9c0 com.android.bluetooth broadcastIntent}}
10-12 11:05:23.476 3435-3475/? V/AlarmManager: remove PendingIntent] PendingIntent{a4e438f: PendingIntentRecord{5a8b9c0 com.android.bluetooth broadcastIntent}}
10-12 11:05:23.476 3435-4325/? V/AlarmManager: remove PendingIntent] PendingIntent{b82861c: PendingIntentRecord{5a8b9c0 com.android.bluetooth broadcastIntent}}
10-12 11:05:23.476 3435-4343/? V/AlarmManager: remove PendingIntent] PendingIntent{117d225: PendingIntentRecord{5a8b9c0 com.android.bluetooth broadcastIntent}}
10-12 11:05:23.486 3435-3474/? V/AlarmManager: remove PendingIntent] PendingIntent{6c9effa: PendingIntentRecord{5a8b9c0 com.android.bluetooth broadcastIntent}}
10-12 11:05:23.486 3435-4133/? V/AlarmManager: remove PendingIntent] PendingIntent{7589ab: PendingIntentRecord{5a8b9c0 com.android.bluetooth broadcastIntent}}
10-12 11:05:23.486 3435-4341/? V/AlarmManager: remove PendingIntent] PendingIntent{73fe808: PendingIntentRecord{5a8b9c0 com.android.bluetooth broadcastIntent}}
10-12 11:05:23.486 3435-4808/? V/AlarmManager: remove PendingIntent] PendingIntent{d186ba1: PendingIntentRecord{5a8b9c0 com.android.bluetooth broadcastIntent}}
10-12 11:05:23.486 3435-4825/? V/AlarmManager: remove PendingIntent] PendingIntent{3b711c6: PendingIntentRecord{5a8b9c0 com.android.bluetooth broadcastIntent}}
10-12 11:05:23.486 3435-29776/? I/BatteryStatsDumper: Writing to database completed
10-12 11:05:23.496 3435-3821/? D/InputReader: Input event(4): value=1 when=8942244367000
10-12 11:05:23.496 3435-3821/? D/InputReader: Input event(4): value=1 when=8942244367000
10-12 11:05:23.496 3435-3821/? I/InputReader: Touch event's action is 0x0 (deviceType=0) [pCnt=1, s=1.547 2.548 ] when=8942244367000
10-12 11:05:23.496 3435-3821/? I/InputReader: Touch event's action (MT) is 0x105 (deviceType=0) [pCnt=2, s=1.547 2.548 ] when=8942244367000
10-12 11:05:23.496 3435-3821/? D/InputReader: lastThreadEndTime = 8941711546180, currentThreadStartTime = 8941711551949, diff = 0
10-12 11:05:23.496 3435-3820/? I/InputDispatcher: Delivering touch to (3931): action: 0x0, toolType: 1
10-12 11:05:23.496 3435-3820/? I/InputDispatcher: Delivering touch to (3931): action: 0x105, toolType: 1
10-12 11:05:23.496 3931-3931/? D/ViewRootImpl: ViewPostImeInputStage processPointer 0
10-12 11:05:23.496 3435-3992/? D/SecContentProvider: query(), uri = 17 selection = isStatusBarExpansionallowedAsUser
10-12 11:05:23.496 3931-3931/? D/KeyguardSwipeHelper: event=MotionEvent { action=ACTION_DOWN, actionButton=0, id[0]=0, x[0]=878.90625, y[0]=1292.5, toolType[0]=TOOL_TYPE_FINGER, buttonState=0, metaState=0, flags=0x0, edgeFlags=0x0, pointerCount=1, historySize=0, eventTime=8942244, downTime=8942244, deviceId=4, source=0x1002 }
10-12 11:05:23.496 3931-3931/? D/KeyguardUnlockEventHandler: mIsUnlockStarted - false
10-12 11:05:23.496 3931-3931/? D/KeyguardSwipeHelper: onUnlockViewPressed()
10-12 11:05:23.496 3931-3931/? D/KeyguardSwipeHelper: event=MotionEvent { action=ACTION_POINTER_DOWN(1), actionButton=0, id[0]=0, x[0]=878.90625, y[0]=1292.5, toolType[0]=TOOL_TYPE_FINGER, id[1]=1, x[1]=315.70313, y[1]=2175.0, toolType[1]=TOOL_TYPE_FINGER, buttonState=0, metaState=0, flags=0x0, edgeFlags=0x0, pointerCount=2, historySize=0, eventTime=8942244, downTime=8942244, deviceId=4, source=0x1002 }
10-12 11:05:23.496 3931-3931/? D/KeyguardUnlockEventHandler: mIsUnlockStarted - false
10-12 11:05:23.506 3931-3931/? D/KeyguardUnlockEventHandler: mIsMultiTouch true
10-12 11:05:23.516 3931-3931/? D/ScrimController: mSwipeFraction = 0.0
10-12 11:05:23.516 3931-3931/? D/KeyguardUnlockEventHandler: mIsUnlockStarted - false
10-12 11:05:23.516 3435-4341/? D/PowerManagerService: [api] [s] userActivity : event: 0 flags: 0 (uid: 10062 pid: 3931) eventTime = 8942268
10-12 11:05:23.536 3931-3931/? D/ScrimController: mSwipeFraction = 0.0038820624
10-12 11:05:23.536 3931-3931/? D/KeyguardUnlockEventHandler: mIsUnlockStarted - false
10-12 11:05:23.536 3435-3960/? D/PowerManagerService: [api] [s] userActivity : event: 0 flags: 0 (uid: 10062 pid: 3931) eventTime = 8942284
10-12 11:05:23.556 3931-3931/? D/ScrimController: mSwipeFraction = 0.011116535
10-12 11:05:23.556 3931-3931/? D/KeyguardUnlockEventHandler: mIsUnlockStarted - false
10-12 11:05:23.556 3435-3821/? I/InputReader: Touch event's action (MT) is 0x6 (deviceType=0) [pCnt=2, s=2.548 ] when=8942302233000
10-12 11:05:23.556 3435-4808/? D/PowerManagerService: [api] [s] userActivity : event: 0 flags: 0 (uid: 10062 pid: 3931) eventTime = 8942301
10-12 11:05:23.556 3435-3820/? I/InputDispatcher: Delivering touch to (3931): action: 0x6, toolType: 1
10-12 11:05:23.556 3931-3931/? D/KeyguardSwipeHelper: event=MotionEvent { action=ACTION_POINTER_UP(0), actionButton=0, id[0]=0, x[0]=874.6875, y[0]=1282.1875, toolType[0]=TOOL_TYPE_FINGER, id[1]=1, x[1]=307.08984, y[1]=2169.6875, toolType[1]=TOOL_TYPE_FINGER, buttonState=0, metaState=0, flags=0x0, edgeFlags=0x0, pointerCount=2, historySize=0, eventTime=8942302, downTime=8942244, deviceId=4, source=0x1002 }
10-12 11:05:23.556 3931-3931/? D/KeyguardSwipeHelper: resetChildViewVI()
10-12 11:05:23.556 3931-3931/? D/KeyguardSwipeHelper: showTapAffordanceAnimation()
10-12 11:05:23.556 3931-3931/? D/ScrimController: mSwipeFraction = 0.01869849
10-12 11:05:23.556 3931-3931/? D/KeyguardUnlockEventHandler: mIsUnlockStarted - false
10-12 11:05:23.656 3435-3821/? D/InputReader: Input event(4): value=0 when=8942408296000
10-12 11:05:23.656 3435-3821/? D/InputReader: Input event(4): value=0 when=8942408296000
10-12 11:05:23.656 3435-3821/? I/InputReader: Touch event's action is 0x1 (deviceType=0) [pCnt=1, s=] when=8942408296000
10-12 11:05:23.656 3435-3820/? I/InputDispatcher: Delivering touch to (3931): action: 0x1, toolType: 1
10-12 11:05:23.656 3931-3931/? D/ViewRootImpl: ViewPostImeInputStage processPointer 1
10-12 11:05:23.656 3931-3931/? D/StatusBar.BrightnessController: setListening = true
10-12 11:05:23.656 3435-6368/? D/CustomFrequencyManagerService: acquireDVFSLockLocked : type : DVFS_MIN_LIMIT frequency : 728000 uid : 1000 pid : 3435 pkgName : GESTURE_DETECTED@CPU_MIN@32
10-12 11:05:23.666 3435-6368/? D/CustomFrequencyManagerService: releaseDVFSLockLocked : Getting Lock type frm List : DVFS_MIN_LIMIT frequency : 728000 uid : 1000 pid : 3435 tag : GESTURE_DETECTED@CPU_MIN@32
10-12 11:05:23.666 3435-6368/? D/CustomFrequencyManagerService: acquireDVFSLockLocked : type : DVFS_MIN_LIMIT frequency : 728000 uid : 1000 pid : 3435 pkgName : GESTURE_DETECTED@CPU_MIN@32
10-12 11:05:23.756 3158-3198/? D/Sensorhubs: readContextData: 1, 1, 26, 1, 1, -13, 82, 88, 0, 0
10-12 11:05:23.756 3435-3810/? D/SensorHubManager: onGetSensorHubDataLocked: library(10) = 1, 1, 26, 1, 1, -13, 82, 88, 0, 0
10-12 11:05:23.756 3435-3809/? D/CAE: onGetSensorHubData(SensorHubParserProvider.java:92) - onGetSensorHubData Event [event buffer len :10], AP_WAKEUP
10-12 11:05:23.756 3435-3809/? I/CAE: parse(SensorHubParserProvider.java:188) - buffer size = 10
10-12 11:05:23.756 3435-3809/? I/CAE: parse(SensorHubParserProvider.java:199) - 1, 1, 26, 1, 1, -13, 82, 88, 0, 0,
10-12 11:05:23.756 3435-3435/? D/CustomFrequencyManagerService: releaseDVFSLockLocked : Getting Lock type frm List : DVFS_MIN_LIMIT frequency : 1144000 uid : 1000 pid : 3435 tag : WAKEUP_BOOSTER@30
10-12 11:05:23.756 3435-3809/? D/CAE: display(ContextProvider.java:375) - ================= ACTIVITY_TRACKER =================
10-12 11:05:23.766 3435-3809/? I/CAE: display(ContextProvider.java:391) - Accuracy=[0], OperationMode=[0], ActivityType=[0], TimeStamp=[1476263123544]
10-12 11:05:23.766 3435-3812/? D/SContextService: updateSContext() : event = Activity Tracker
10-12 11:05:23.766 3435-3435/? D/WifiService: mActivityTrackerListener: onSContextChanged(): 25
10-12 11:05:23.766 3435-3435/? D/WifiService: ACTIVITY_STATUS_UNKNOWN
10-12 11:05:24.066 3158-3198/? D/Sensorhubs: readContextData: 1, 1, 26, 1, 1, -13, 83, -119, 1, 0
10-12 11:05:24.066 3435-3810/? D/SensorHubManager: onGetSensorHubDataLocked: library(10) = 1, 1, 26, 1, 1, -13, 83, -119, 1, 0
10-12 11:05:24.066 3435-3809/? D/CAE: onGetSensorHubData(SensorHubParserProvider.java:92) - onGetSensorHubData Event [event buffer len :10], AP_WAKEUP
10-12 11:05:24.066 3435-3809/? I/CAE: parse(SensorHubParserProvider.java:188) - buffer size = 10
10-12 11:05:24.066 3435-3809/? I/CAE: parse(SensorHubParserProvider.java:199) - 1, 1, 26, 1, 1, -13, 83, -119, 1, 0,
10-12 11:05:24.066 3435-3809/? D/CAE: display(ContextProvider.java:375) - ================= ACTIVITY_TRACKER =================
10-12 11:05:24.066 3435-3809/? I/CAE: display(ContextProvider.java:391) - Accuracy=[0], OperationMode=[0], ActivityType=[1], TimeStamp=[1476263123849]
10-12 11:05:24.066 3435-3812/? D/SContextService: updateSContext() : event = Activity Tracker
10-12 11:05:24.066 3435-3435/? D/WifiService: mActivityTrackerListener: onSContextChanged(): 25
10-12 11:05:24.066 3435-3435/? D/WifiService: ACTIVITY_STATUS_STATIONARY
10-12 11:05:24.126 3435-3821/? D/InputReader: Input event(4): value=1 when=8942877802000
10-12 11:05:24.126 3435-3821/? D/InputReader: Input event(4): value=1 when=8942877802000
10-12 11:05:24.126 3435-3821/? I/InputReader: Touch event's action is 0x0 (deviceType=0) [pCnt=1, s=0.549 ] when=8942877802000
10-12 11:05:24.126 3435-3821/? D/InputReader: lastThreadEndTime = 8942408529064, currentThreadStartTime = 8942408532180, diff = 0
10-12 11:05:24.126 3435-3820/? I/InputDispatcher: Delivering touch to (3931): action: 0x0, toolType: 1
10-12 11:05:24.126 3931-3931/? D/ViewRootImpl: ViewPostImeInputStage processPointer 0
10-12 11:05:24.136 3435-4343/? D/SecContentProvider: query(), uri = 17 selection = isStatusBarExpansionallowedAsUser
10-12 11:05:24.136 3931-3931/? D/KeyguardSwipeHelper: event=MotionEvent { action=ACTION_DOWN, actionButton=0, id[0]=0, x[0]=770.625, y[0]=2001.25, toolType[0]=TOOL_TYPE_FINGER, buttonState=0, metaState=0, flags=0x0, edgeFlags=0x0, pointerCount=1, historySize=0, eventTime=8942877, downTime=8942877, deviceId=4, source=0x1002 }
10-12 11:05:24.136 3931-3931/? D/KeyguardUnlockEventHandler: mIsUnlockStarted - false
10-12 11:05:24.136 3931-3931/? D/KeyguardSwipeHelper: onUnlockViewPressed()
10-12 11:05:24.156 3931-3931/? D/ScrimController: mSwipeFraction = 0.0
10-12 11:05:24.156 3931-3931/? D/KeyguardUnlockEventHandler: mIsUnlockStarted - false
10-12 11:05:24.156 3435-4133/? D/PowerManagerService: [api] [s] userActivity : event: 0 flags: 0 (uid: 10062 pid: 3931) eventTime = 8942905
10-12 11:05:24.176 3931-3931/? D/ScrimController: mSwipeFraction = 0.0071581695
10-12 11:05:24.176 3931-3931/? D/KeyguardUnlockEventHandler: mIsUnlockStarted - false
10-12 11:05:24.176 3435-4802/? D/PowerManagerService: [api] [s] userActivity : event: 0 flags: 0 (uid: 10062 pid: 3931) eventTime = 8942927
10-12 11:05:24.186 3931-3931/? D/ScrimController: mSwipeFraction = 0.034722224
10-12 11:05:24.186 3931-3931/? D/KeyguardUnlockEventHandler: mIsUnlockStarted - false
10-12 11:05:24.186 3435-4341/? D/PowerManagerService: [api] [s] userActivity : event: 0 flags: 0 (uid: 10062 pid: 3931) eventTime = 8942939
10-12 11:05:24.206 3931-3931/? D/ScrimController: mSwipeFraction = 0.2085141
10-12 11:05:24.206 3931-3931/? D/KeyguardUnlockEventHandler: mIsUnlockStarted - false
10-12 11:05:24.206 3435-3475/? D/PowerManagerService: [api] [s] userActivity : event: 0 flags: 0 (uid: 10062 pid: 3931) eventTime = 8942955
10-12 11:05:24.226 3931-3931/? D/ScrimController: mSwipeFraction = 0.7636758
10-12 11:05:24.226 3931-3931/? D/KeyguardUnlockEventHandler: mIsUnlockStarted - false
10-12 11:05:24.226 3435-3960/? D/PowerManagerService: [api] [s] userActivity : event: 0 flags: 0 (uid: 10062 pid: 3931) eventTime = 8942972
10-12 11:05:24.226 3435-3821/? D/InputReader: Input event(4): value=0 when=8942976577000
10-12 11:05:24.226 3435-3821/? D/InputReader: Input event(4): value=0 when=8942976577000
10-12 11:05:24.226 3435-3821/? I/InputReader: Touch event's action is 0x1 (deviceType=0) [pCnt=1, s=] when=8942976577000
10-12 11:05:24.226 3435-3820/? I/InputDispatcher: Delivering touch to (3931): action: 0x1, toolType: 1
10-12 11:05:24.226 3931-3931/? D/ViewRootImpl: ViewPostImeInputStage processPointer 1
10-12 11:05:24.226 3931-3931/? D/KeyguardSwipeHelper: event=MotionEvent { action=ACTION_UP, actionButton=0, id[0]=0, x[0]=1451.0742, y[0]=1597.8125, toolType[0]=TOOL_TYPE_FINGER, buttonState=0, metaState=0, flags=0x0, edgeFlags=0x0, pointerCount=1, historySize=0, eventTime=8942976, downTime=8942877, deviceId=4, source=0x1002 }
10-12 11:05:24.226 3435-6368/? D/CustomFrequencyManagerService: releaseDVFSLockLocked : Getting Lock type frm List : DVFS_MIN_LIMIT frequency : 728000 uid : 1000 pid : 3435 tag : GESTURE_DETECTED@CPU_MIN@32
10-12 11:05:24.226 3931-3931/? D/KeyguardUnlockEventHandler: mIsUnlockStarted - false
10-12 11:05:24.226 3931-3931/? D/KeyguardSwipeHelper: onUnlockViewReleased()
10-12 11:05:24.226 3931-3931/? D/KeyguardUnlockEventHandler: ACTION_UP mDistance: 790.4486068050219
10-12 11:05:24.226 3931-3931/? D/KeyguardEffectViewLayered: handleUnlock()
10-12 11:05:24.226 3435-4808/? D/PowerManagerService: [api] [s] userActivity : event: 0 flags: 0 (uid: 10062 pid: 3931) eventTime = 8942978
10-12 11:05:24.226 3931-3931/? D/KeyguardUnlockEventHandler: launch() - mIsKeyguardDismissing=false, isDeviceInteractive=true
10-12 11:05:24.236 3435-6368/? D/CustomFrequencyManagerService: acquireDVFSLockLocked : type : DVFS_MIN_LIMIT frequency : 728000 uid : 1000 pid : 3435 pkgName : GESTURE_DETECTED@CPU_MIN@32
10-12 11:05:24.226 3931-3931/? D/KeyguardSwipeHelper: onUnlockExecuted() mUnlockExecuted=false, mUnlockViewPressed=false
10-12 11:05:24.226 3931-3931/? D/KeyguardSwipeHelper: startAnimationAndUnlock() alpha=0.0, wallpaperType=1
10-12 11:05:24.236 3435-6368/? D/CustomFrequencyManagerService: releaseDVFSLockLocked : Getting Lock type frm List : DVFS_MIN_LIMIT frequency : 728000 uid : 1000 pid : 3435 tag : GESTURE_DETECTED@CPU_MIN@32
10-12 11:05:24.236 3931-3931/? D/PanelView: callback makeExpandedInvisible executed
10-12 11:05:24.236 3931-3931/? D/PhoneStatusBar: makeExpandedInvisible: mExpandedVisible=true, state = 1
10-12 11:05:24.236 3435-6368/? D/CustomFrequencyManagerService: acquireDVFSLockLocked : type : DVFS_MIN_LIMIT frequency : 728000 uid : 1000 pid : 3435 pkgName : GESTURE_DETECTED@CPU_MIN@32
10-12 11:05:24.236 3931-3931/? D/PanelView: updateQsState
10-12 11:05:24.236 3931-3931/? D/KeyguardSwipeHelper: reset()
10-12 11:05:24.236 3931-3931/? D/KeyguardUnlockEventHandler: reset()
10-12 11:05:24.236 3931-3931/? D/KeyguardSwipeHelper: resetChildViewVI()
10-12 11:05:24.236 3931-3931/? D/ScrimController: mSwipeFraction = 1.0
10-12 11:05:24.236 3931-3931/? D/StatusBar-Window: fnf=false sanc=true, kni=false, sbf=true
10-12 11:05:24.236 3931-3931/? D/CoverUI: applyFocusableFlag() : Remove SAMSUNG_FLAG_SVIEW_COVER
10-12 11:05:24.236 3931-3931/? D/StatusBarWindowManager: forceCollapsed : false isKeyguardShowingAndNotOccluded() : true panelVisible : true keyguardFadingAway : false bouncerShowing : false headsUpShowing : false
10-12 11:05:24.236 3931-3931/? D/CoverUI: applyHeight h = -1, oc = true, fa = false, ac = false, sc = false
10-12 11:05:24.256 3931-3931/? D/StatusBar-Window: fnf=false sanc=true, kni=false, sbf=false
10-12 11:05:24.256 3931-3931/? D/CoverUI: applyFocusableFlag() : Remove SAMSUNG_FLAG_SVIEW_COVER
10-12 11:05:24.256 3931-3931/? D/StatusBarWindowManager: forceCollapsed : false isKeyguardShowingAndNotOccluded() : true panelVisible : false keyguardFadingAway : false bouncerShowing : false headsUpShowing : false
10-12 11:05:24.256 3931-3931/? D/CoverUI: applyHeight h = -1, oc = true, fa = false, ac = false, sc = false
10-12 11:05:24.256 3931-3931/? D/PhoneStatusBar: adjustDisableFlags:false, false, false, true, true, 1
10-12 11:05:24.256 3931-3931/? D/StatusBar-Window: fnf=false sanc=true, kni=false, sbf=false
10-12 11:05:24.256 3931-3931/? D/CoverUI: applyFocusableFlag() : Remove SAMSUNG_FLAG_SVIEW_COVER
10-12 11:05:24.256 3931-3931/? D/StatusBarWindowManager: forceCollapsed : false isKeyguardShowingAndNotOccluded() : true panelVisible : false keyguardFadingAway : false bouncerShowing : false headsUpShowing : false
10-12 11:05:24.256 3931-3931/? D/CoverUI: applyHeight h = -1, oc = true, fa = false, ac = false, sc = false
10-12 11:05:24.256 3931-3931/? D/StatusBarKeyguardViewManager: showBouncer
10-12 11:05:24.256 3931-3931/? D/KeyguardSecurityView: showNextSecurityScreenOrFinish(false)
10-12 11:05:24.256 3931-3931/? D/StatusBar-Window: fnf=false sanc=true, kni=false, sbf=false
10-12 11:05:24.256 3931-3931/? D/CoverUI: applyFocusableFlag() : Remove SAMSUNG_FLAG_SVIEW_COVER
10-12 11:05:24.256 3931-3931/? D/StatusBarWindowManager: forceCollapsed : false isKeyguardShowingAndNotOccluded() : true panelVisible : false keyguardFadingAway : false bouncerShowing : true headsUpShowing : false
10-12 11:05:24.256 3931-3931/? D/CoverUI: applyHeight h = -1, oc = true, fa = false, ac = false, sc = false
10-12 11:05:24.256 3931-3931/? D/StatusBar-Window: Bouncer LP changed!!! = 84148261, height = -1
10-12 11:05:24.256 3931-3931/? D/KeyguardUpdateMonitor: sendKeyguardBouncerChanged(true)
10-12 11:05:24.256 3931-3931/? D/PhoneStatusBar: adjustDisableFlags:false, false, false, true, true, 1
10-12 11:05:24.256 3931-3931/? D/KeyguardUnlockEventHandler: mIsMultiTouch false
10-12 11:05:24.266 3004-3004/? I/SurfaceFlinger: id=388 createSurf (1440x1),1 flag=4, Councer
10-12 11:05:24.266 4718-5035/? W/MdnsClient_Cast: #acquireLock. Multicast lock not held. Acquiring. Subtypes:"805741C9"
10-12 11:05:24.266 3435-3974/? E/BatteryStatsImpl: Wifi multicast lock enabled by UID = 10019
10-12 11:05:24.276 3435-3960/? D/InputDispatcher: Focus left window: 3931
10-12 11:05:24.276 3435-3960/? D/InputDispatcher: Focus entered window: 3931
10-12 11:05:24.276 3435-3565/? D/PointerIcon: setMouseIconStyle1 pointerType: 1001 iconType:101 flag:0 pid:3435 uid:1000
10-12 11:05:24.276 3435-3565/? D/PointerIcon: setMouseCustomIcon IconType is same.101
10-12 11:05:24.276 3931-4134/? D/mali_winsys: EGLint new_window_surface(egl_winsys_display*, void*, EGLSurface, EGLConfig, egl_winsys_surface**, egl_color_buffer_format*, EGLBoolean) returns 0x3000, [1440x2560]-format:1
10-12 11:05:24.286 3931-3931/? D/KeyguardUpdateMonitor: handleKeyguardBouncerChanged(1)
10-12 11:05:24.286 3931-3931/? V/KeyguardFingerPrint: updateFingerprintListeningState(false)
10-12 11:05:24.286 3931-3931/? D/KeyguardFingerPrint: shouldListenForFingerprint ( FingerPrint is not enabled. )
10-12 11:05:24.286 3931-3931/? V/KeyguardUpdateMonitor: stopListeningForFingerprint()
10-12 11:05:24.286 3931-3931/? D/PhoneStatusBar: makeExpandedInvisible: mExpandedVisible=false, state = 1
10-12 11:05:24.286 3931-3931/? D/KeyguardViewBase: screen on, instance 5ed04a1
10-12 11:05:24.306 3158-3198/? D/Sensorhubs: readContextData: 1, 1, 7, 0
10-12 11:05:24.306 3435-3810/? D/SensorHubManager: onGetSensorHubDataLocked: library(4) = 1, 1, 7, 0
10-12 11:05:24.306 3435-3809/? D/CAE: onGetSensorHubData(SensorHubParserProvider.java:92) - onGetSensorHubData Event [event buffer len :4], AP_WAKEUP
10-12 11:05:24.306 3435-3809/? I/CAE: parse(SensorHubParserProvider.java:188) - buffer size = 4
10-12 11:05:24.306 3435-3809/? I/CAE: parse(SensorHubParserProvider.java:199) - 1, 1, 7, 0,
10-12 11:05:24.306 3435-3809/? D/CAE: display(ContextProvider.java:375) - ================= AUTO_ROTATION =================
10-12 11:05:24.306 3435-3809/? I/CAE: display(ContextProvider.java:391) - Angle=[0]
10-12 11:05:24.306 3435-3812/? D/SContextService: updateSContext() : event = Auto Rotation
10-12 11:05:24.306 3435-3435/? V/WindowOrientationListener: OrientationSensorJudge.onSContextChanged, Rotation: -1
10-12 11:05:24.316 3435-3541/? D/StatusBarManagerService: manageDisableList userId=0 what=0x200000 pkg=Window{f7dde41 u0 d0 Bouncer}
10-12 11:05:24.326 3435-4825/? V/WindowStateAnimator: Finishing drawing window Window{f7dde41 u0 d0 Bouncer}: mDrawState=DRAW_PENDING
10-12 11:05:24.336 3931-3931/? D/ViewRootImpl: MSG_RESIZED_REPORT: ci=Rect(0, 0 - 0, 0) vi=Rect(0, 0 - 0, 0) or=1
10-12 11:05:24.346 3004-3004/? D/libEGL: eglInitialize EGLDisplay = 0x7ff090b628
10-12 11:05:24.356 3435-4343/? V/WindowStateAnimator: Finishing drawing window Window{f7dde41 u0 d0 Bouncer}: mDrawState=HAS_DRAWN
10-12 11:05:24.356 3931-3931/? D/PhoneStatusBar: setSystemUiVisibility vis=208600 mask=ffffffff oldVal=8600 newVal=208600 diff=200000
10-12 11:05:24.356 3931-3931/? D/KeyguardViewMediator: handleKeyguardDoneDrawing
10-12 11:05:24.356 3004-3004/? D/libEGL: eglInitialize EGLDisplay = 0x7ff090b628
10-12 11:05:24.356 3435-3895/? D/lights: button : 0 +
10-12 11:05:24.366 3931-3931/? D/KeyguardViewMediator: handleKeyguardDoneDrawing
10-12 11:05:24.376 3004-3004/? D/libEGL: eglInitialize EGLDisplay = 0x7ff090b628
10-12 11:05:24.386 3435-3895/? D/lights: button : 0 -
10-12 11:05:24.606 3158-3198/? D/Sensorhubs: readContextData: 1, 1, 26, 1, 1, -13, 85, -89, 1, 1
10-12 11:05:24.606 3435-3810/? D/SensorHubManager: onGetSensorHubDataLocked: library(10) = 1, 1, 26, 1, 1, -13, 85, -89, 1, 1
10-12 11:05:24.606 3435-3809/? D/CAE: onGetSensorHubData(SensorHubParserProvider.java:92) - onGetSensorHubData Event [event buffer len :10], AP_WAKEUP
10-12 11:05:24.606 3435-3809/? I/CAE: parse(SensorHubParserProvider.java:188) - buffer size = 10
10-12 11:05:24.606 3435-3809/? I/CAE: parse(SensorHubParserProvider.java:199) - 1, 1, 26, 1, 1, -13, 85, -89, 1, 1,
10-12 11:05:24.606 3435-3809/? D/CAE: display(ContextProvider.java:375) - ================= ACTIVITY_TRACKER =================
10-12 11:05:24.606 3435-3809/? I/CAE: display(ContextProvider.java:391) - Accuracy=[1], OperationMode=[0], ActivityType=[1], TimeStamp=[1476263124391]
10-12 11:05:24.606 3435-3812/? D/SContextService: updateSContext() : event = Activity Tracker
10-12 11:05:24.606 3435-3435/? D/WifiService: mActivityTrackerListener: onSContextChanged(): 25
10-12 11:05:24.606 3435-3435/? D/WifiService: ACTIVITY_STATUS_STATIONARY
10-12 11:05:24.726 3435-3541/? V/WindowOrientationListener: OrientationSensorJudge.getProposedRotation, Rotation: 0
10-12 11:05:24.726 3435-3541/? V/WindowManager: rotationForOrientationLw(orient=1, last=0); user=0 sensorRotation=0 mLidState=-1 mDockMode=0 mHdmiPlugged=false mMobileKeyboardEnabled=false displayId=0
10-12 11:05:24.726 3435-3541/? V/WindowOrientationListener: OrientationSensorJudge.getProposedRotation, Rotation: 0
10-12 11:05:25.256 3931-3931/? V/PanelView: touch re-enable
10-12 11:05:25.326 3158-3198/? D/Sensorhubs: readContextData: 1, 1, 7, -1
10-12 11:05:25.326 3435-3810/? D/SensorHubManager: onGetSensorHubDataLocked: library(4) = 1, 1, 7, -1
10-12 11:05:25.326 3435-3809/? D/CAE: onGetSensorHubData(SensorHubParserProvider.java:92) - onGetSensorHubData Event [event buffer len :4], AP_WAKEUP
10-12 11:05:25.326 3435-3809/? I/CAE: parse(SensorHubParserProvider.java:188) - buffer size = 4
10-12 11:05:25.326 3435-3809/? I/CAE: parse(SensorHubParserProvider.java:199) - 1, 1, 7, -1,
10-12 11:05:25.326 3435-3809/? D/CAE: display(ContextProvider.java:375) - ================= AUTO_ROTATION =================
10-12 11:05:25.326 3435-3809/? I/CAE: display(ContextProvider.java:391) - Angle=[-1]
10-12 11:05:25.326 3435-3812/? D/SContextService: updateSContext() : event = Auto Rotation
10-12 11:05:25.326 3435-3435/? V/WindowOrientationListener: OrientationSensorJudge.onSContextChanged, Rotation: -1
10-12 11:05:25.506 3158-3198/? D/Sensorhubs: readContextData: 1, 1, 7, 0
10-12 11:05:25.506 3435-3810/? D/SensorHubManager: onGetSensorHubDataLocked: library(4) = 1, 1, 7, 0
10-12 11:05:25.506 3435-3809/? D/CAE: onGetSensorHubData(SensorHubParserProvider.java:92) - onGetSensorHubData Event [event buffer len :4], AP_WAKEUP
10-12 11:05:25.506 3435-3809/? I/CAE: parse(SensorHubParserProvider.java:188) - buffer size = 4
10-12 11:05:25.506 3435-3809/? I/CAE: parse(SensorHubParserProvider.java:199) - 1, 1, 7, 0,
10-12 11:05:25.506 3435-3809/? D/CAE: display(ContextProvider.java:375) - ================= AUTO_ROTATION =================
10-12 11:05:25.506 3435-3809/? I/CAE: display(ContextProvider.java:391) - Angle=[0]
10-12 11:05:25.506 3435-3435/? V/WindowOrientationListener: OrientationSensorJudge.onSContextChanged, Rotation: 0
10-12 11:05:25.506 3435-3812/? D/SContextService: updateSContext() : event = Auto Rotation
10-12 11:05:25.506 3435-3541/? V/WindowOrientationListener: OrientationSensorJudge.getProposedRotation, Rotation: 0
10-12 11:05:25.506 3435-3541/? V/WindowManager: rotationForOrientationLw(orient=1, last=0); user=0 sensorRotation=0 mLidState=-1 mDockMode=0 mHdmiPlugged=false mMobileKeyboardEnabled=false displayId=0
10-12 11:05:25.506 3435-3541/? V/WindowOrientationListener: OrientationSensorJudge.getProposedRotation, Rotation: 0
10-12 11:05:25.806 3435-3821/? D/InputReader: Input event(4): value=1 when=8944552629000
10-12 11:05:25.806 3435-3821/? D/InputReader: Input event(4): value=1 when=8944552629000
10-12 11:05:25.806 3435-3821/? I/InputReader: Touch event's action is 0x0 (deviceType=0) [pCnt=1, s=0.550 ] when=8944552629000
10-12 11:05:25.806 3435-3821/? D/InputReader: lastThreadEndTime = 8942976857641, currentThreadStartTime = 8942976861256, diff = 0
10-12 11:05:25.806 3435-3820/? I/InputDispatcher: Delivering touch to (3931): action: 0x0, toolType: 1
10-12 11:05:25.806 3931-3931/? D/ViewRootImpl: ViewPostImeInputStage processPointer 0
10-12 11:05:25.876 3435-3821/? D/InputReader: Input event(4): value=0 when=8944626461000
10-12 11:05:25.876 3435-3821/? D/InputReader: Input event(4): value=0 when=8944626461000
10-12 11:05:25.876 3435-3821/? I/InputReader: Touch event's action is 0x1 (deviceType=0) [pCnt=1, s=] when=8944626461000
10-12 11:05:25.876 3435-3820/? I/InputDispatcher: Delivering touch to (3931): action: 0x1, toolType: 1
10-12 11:05:25.876 3931-3931/? D/ViewRootImpl: ViewPostImeInputStage processPointer 1
10-12 11:05:25.876 3435-4643/? D/PowerManagerService: [api] [s] userActivity : event: 0 flags: 0 (uid: 10062 pid: 3931) eventTime = 8944629
10-12 11:05:25.886 3931-3931/? D/StatusBar-Window: fnf=false sanc=true, kni=false, sbf=false
10-12 11:05:25.886 3931-3931/? D/CoverUI: applyFocusableFlag() : Remove SAMSUNG_FLAG_SVIEW_COVER
10-12 11:05:25.886 3931-3931/? D/StatusBarWindowManager: forceCollapsed : false isKeyguardShowingAndNotOccluded() : true panelVisible : false keyguardFadingAway : false bouncerShowing : true headsUpShowing : false
10-12 11:05:25.886 3435-4133/? D/PowerManagerService: [api] [s] userActivity : event: 0 flags: 0 (uid: 10062 pid: 3931) eventTime = 8944631
10-12 11:05:25.886 3931-3931/? D/CoverUI: applyHeight h = -1, oc = true, fa = false, ac = false, sc = false
10-12 11:05:25.886 3435-4337/? D/PowerManagerService: [api] [s] userActivity : event: 0 flags: 0 (uid: 10062 pid: 3931) eventTime = 8944632
10-12 11:05:25.996 3435-3858/? D/ConnectivityService: updateCapabilities: oldCap = [ Transports: WIFI Capabilities: INTERNET&NOT_RESTRICTED&TRUSTED&NOT_VPN&VALIDATED LinkUpBandwidth>=1048576Kbps LinkDnBandwidth>=1048576Kbps SignalStrength: -63], newCap = [ Transports: WIFI Capabilities: INTERNET&NOT_RESTRICTED&TRUSTED&NOT_VPN LinkUpBandwidth>=1048576Kbps LinkDnBandwidth>=1048576Kbps SignalStrength: -65]
10-12 11:05:25.996 3435-3858/? D/ConnectivityService: rematching NetworkAgentInfo [WIFI () - 502]
10-12 11:05:25.996 3435-3858/? D/ConnectivityService: network has: NetworkAgentInfo{ ni{[type: WIFI[] - WIFI, state: CONNECTED/CONNECTED, reason: (unspecified), extra: "WLAN-198160", roaming: false, failover: false, isAvailable: true]} network{502} lp{{InterfaceName: wlan0 LinkAddresses: [fe80::ae5f:3eff:fe5a:4d38/64,192.168.2.117/24,2003:7a:4d12:82ae:ae5f:3eff:fe5a:4d38/64,2003:7a:4d12:82ae:bc25:b0a4:9c17:85bc/64,] Routes: [fe80::/64 -> :: wlan0,::/0 -> fe80::1 wlan0,2003:7a:4d12:82ae::/64 -> :: wlan0,192.168.2.0/24 -> 0.0.0.0 wlan0,0.0.0.0/0 -> 192.168.2.1 wlan0,] DnsAddresses: [192.168.2.1,] Domains: Speedport_W_921V_1_39_000 MTU: 0 TcpBufferSizes: 524288,1048576,2097120,524288,1048576,4194240}} nc{[ Transports: WIFI Capabilities: INTERNET&NOT_RESTRICTED&TRUSTED&NOT_VPN&VALIDATED LinkUpBandwidth>=1048576Kbps LinkDnBandwidth>=1048576Kbps SignalStrength: -65]} Score{60} everValidated{true} lastValidated{true} created{true} lingering{false} explicitlySelected{false} acceptUnvalidated{false} everCaptivePortalDetected{false} lastCaptivePortalDetected{false} }
10-12 11:05:26.006 3931-4137/? D/NetworkController: onReceive: intent=Intent { act=android.net.wifi.RSSI_CHANGED flg=0x4000010 bqHint=4 VirtualScreenParam=Params{mDisplayId=-1, null, mFlags=0x00000000)} (has extras) }
10-12 11:05:26.006 3931-3931/? D/QSTileView: handleLabelStateChanged() label = Wi-Fi cellWidth 272
10-12 11:05:26.006 3435-3858/? D/ConnectivityService: Network NetworkAgentInfo [WIFI () - 502] was already satisfying request 1. No change.
10-12 11:05:26.016 3435-3858/? D/ConnectivityService: checking if request is: NetworkRequest [ id=10, legacyType=-1, [ Capabilities: INTERNET&NOT_RESTRICTED&TRUSTED&NOT_VPN] ] satisfies: true nri.isRequest: false
10-12 11:05:26.016 3435-3858/? D/ConnectivityService: checking if request is: NetworkRequest [ id=3, legacyType=-1, [] ] satisfies: true nri.isRequest: false
10-12 11:05:26.026 3435-3858/? D/ConnectivityService: checking if request is: NetworkRequest [ id=4, legacyType=-1, [ Transports: CELLULAR Capabilities: INTERNET&NOT_RESTRICTED&TRUSTED&NOT_VPN] ] satisfies: false nri.isRequest: false
10-12 11:05:26.036 3435-3858/? D/ConnectivityService: checking if request is: NetworkRequest [ id=32, legacyType=-1, [ Capabilities: INTERNET&NOT_RESTRICTED&TRUSTED] ] satisfies: true nri.isRequest: false
10-12 11:05:26.036 3435-3858/? D/ConnectivityService: checking if request is: NetworkRequest [ id=5, legacyType=-1, [ Transports: WIFI Capabilities: INTERNET&NOT_RESTRICTED&TRUSTED&NOT_VPN] ] satisfies: true nri.isRequest: false
10-12 11:05:26.046 3435-3858/? D/ConnectivityService: notifyType CAP_CHANGED for NetworkAgentInfo [WIFI () - 502]
10-12 11:05:26.046 3435-3858/? D/ConnectivityService: sending notification for NetworkRequest [ id=1, legacyType=-1, [ Capabilities: INTERNET&NOT_RESTRICTED&TRUSTED&NOT_VPN] ]
10-12 11:05:26.046 3435-3858/? D/ConnectivityService: sending notification for NetworkRequest [ id=3, legacyType=-1, [] ]
10-12 11:05:26.046 3435-3858/? D/ConnectivityService: sending notification CAP_CHANGED for NetworkRequest [ id=3, legacyType=-1, [] ]
10-12 11:05:26.046 3435-3858/? D/ConnectivityService: sending notification for NetworkRequest [ id=5, legacyType=-1, [ Transports: WIFI Capabilities: INTERNET&NOT_RESTRICTED&TRUSTED&NOT_VPN] ]
10-12 11:05:26.046 3435-3858/? D/ConnectivityService: sending notification CAP_CHANGED for NetworkRequest [ id=5, legacyType=-1, [ Transports: WIFI Capabilities: INTERNET&NOT_RESTRICTED&TRUSTED&NOT_VPN] ]
10-12 11:05:26.046 3435-3858/? D/ConnectivityService: sending notification for NetworkRequest [ id=10, legacyType=-1, [ Capabilities: INTERNET&NOT_RESTRICTED&TRUSTED&NOT_VPN] ]
10-12 11:05:26.046 3435-3858/? D/ConnectivityService: sending notification CAP_CHANGED for NetworkRequest [ id=10, legacyType=-1, [ Capabilities: INTERNET&NOT_RESTRICTED&TRUSTED&NOT_VPN] ]
10-12 11:05:26.046 3435-3858/? D/ConnectivityService: sending notification for NetworkRequest [ id=32, legacyType=-1, [ Capabilities: INTERNET&NOT_RESTRICTED&TRUSTED] ]
10-12 11:05:26.046 3435-3858/? D/ConnectivityService: sending notification CAP_CHANGED for NetworkRequest [ id=32, legacyType=-1, [ Capabilities: INTERNET&NOT_RESTRICTED&TRUSTED] ]
10-12 11:05:26.106 3435-3435/? D/CustomFrequencyManagerService: releaseDVFSLockLocked : Getting Lock type frm List : DVFS_MIN_LIMIT frequency : 728000 uid : 1000 pid : 3435 tag : GESTURE_DETECTED@CPU_MIN@32
10-12 11:05:26.256 3435-3821/? D/InputReader: Input event(4): value=1 when=8945008484000
10-12 11:05:26.256 3435-3821/? D/InputReader: Input event(4): value=1 when=8945008484000
10-12 11:05:26.256 3435-3821/? I/InputReader: Touch event's action is 0x0 (deviceType=0) [pCnt=1, s=0.551 ] when=8945008484000
10-12 11:05:26.256 3435-3821/? D/InputReader: lastThreadEndTime = 8944626785024, currentThreadStartTime = 8944626789986, diff = 0
10-12 11:05:26.256 3435-3820/? I/InputDispatcher: Delivering touch to (3931): action: 0x0, toolType: 1
10-12 11:05:26.256 3931-3931/? D/ViewRootImpl: ViewPostImeInputStage processPointer 0
10-12 11:05:26.346 3435-3821/? D/InputReader: Input event(4): value=0 when=8945090505000
10-12 11:05:26.346 3435-3821/? D/InputReader: Input event(4): value=0 when=8945090505000
10-12 11:05:26.346 3435-3821/? I/InputReader: Touch event's action is 0x1 (deviceType=0) [pCnt=1, s=] when=8945090505000
10-12 11:05:26.346 3435-3820/? I/InputDispatcher: Delivering touch to (3931): action: 0x1, toolType: 1
10-12 11:05:26.346 3931-3931/? D/ViewRootImpl: ViewPostImeInputStage processPointer 1
10-12 11:05:26.346 3435-4337/? D/PowerManagerService: [api] [s] userActivity : event: 0 flags: 0 (uid: 10062 pid: 3931) eventTime = 8945093
10-12 11:05:26.346 3931-3931/? D/StatusBar-Window: fnf=false sanc=true, kni=false, sbf=false
10-12 11:05:26.346 3931-3931/? D/CoverUI: applyFocusableFlag() : Remove SAMSUNG_FLAG_SVIEW_COVER
10-12 11:05:26.346 3931-3931/? D/StatusBarWindowManager: forceCollapsed : false isKeyguardShowingAndNotOccluded() : true panelVisible : false keyguardFadingAway : false bouncerShowing : true headsUpShowing : false
10-12 11:05:26.346 3931-3931/? D/CoverUI: applyHeight h = -1, oc = true, fa = false, ac = false, sc = false
10-12 11:05:26.346 3435-4802/? D/PowerManagerService: [api] [s] userActivity : event: 0 flags: 0 (uid: 10062 pid: 3931) eventTime = 8945095
10-12 11:05:26.346 3435-3475/? D/PowerManagerService: [api] [s] userActivity : event: 0 flags: 0 (uid: 10062 pid: 3931) eventTime = 8945096
10-12 11:05:26.516 3435-3821/? D/InputReader: Input event(4): value=1 when=8945268620000
10-12 11:05:26.516 3435-3821/? D/InputReader: Input event(4): value=1 when=8945268620000
10-12 11:05:26.516 3435-3821/? I/InputReader: Touch event's action is 0x0 (deviceType=0) [pCnt=1, s=0.552 ] when=8945268620000
10-12 11:05:26.516 3435-3821/? D/InputReader: lastThreadEndTime = 8945090810293, currentThreadStartTime = 8945090814255, diff = 0
10-12 11:05:26.516 3435-3820/? I/InputDispatcher: Delivering touch to (3931): action: 0x0, toolType: 1
10-12 11:05:26.516 3931-3931/? D/ViewRootImpl: ViewPostImeInputStage processPointer 0
10-12 11:05:26.526 3435-6368/? D/CustomFrequencyManagerService: acquireDVFSLockLocked : type : DVFS_MIN_LIMIT frequency : 728000 uid : 1000 pid : 3435 pkgName : GESTURE_DETECTED@CPU_MIN@32
10-12 11:05:26.526 3435-6368/? D/CustomFrequencyManagerService: releaseDVFSLockLocked : Getting Lock type frm List : DVFS_MIN_LIMIT frequency : 728000 uid : 1000 pid : 3435 tag : GESTURE_DETECTED@CPU_MIN@32
10-12 11:05:26.526 3435-6368/? D/CustomFrequencyManagerService: acquireDVFSLockLocked : type : DVFS_MIN_LIMIT frequency : 728000 uid : 1000 pid : 3435 pkgName : GESTURE_DETECTED@CPU_MIN@32
10-12 11:05:26.586 3435-3821/? D/InputReader: Input event(4): value=0 when=8945334298000
10-12 11:05:26.586 3435-3821/? D/InputReader: Input event(4): value=0 when=8945334298000
10-12 11:05:26.586 3435-3821/? I/InputReader: Touch event's action is 0x1 (deviceType=0) [pCnt=1, s=] when=8945334298000
10-12 11:05:26.586 3435-3820/? I/InputDispatcher: Delivering touch to (3931): action: 0x1, toolType: 1
10-12 11:05:26.586 3931-3931/? D/ViewRootImpl: ViewPostImeInputStage processPointer 1
10-12 11:05:26.586 3435-6368/? D/CustomFrequencyManagerService: releaseDVFSLockLocked : Getting Lock type frm List : DVFS_MIN_LIMIT frequency : 728000 uid : 1000 pid : 3435 tag : GESTURE_DETECTED@CPU_MIN@32
10-12 11:05:26.586 3435-4325/? D/PowerManagerService: [api] [s] userActivity : event: 0 flags: 0 (uid: 10062 pid: 3931) eventTime = 8945336
10-12 11:05:26.586 3435-6368/? D/CustomFrequencyManagerService: acquireDVFSLockLocked : type : DVFS_MIN_LIMIT frequency : 728000 uid : 1000 pid : 3435 pkgName : GESTURE_DETECTED@CPU_MIN@32
10-12 11:05:26.586 3435-6368/? D/CustomFrequencyManagerService: releaseDVFSLockLocked : Getting Lock type frm List : DVFS_MIN_LIMIT frequency : 728000 uid : 1000 pid : 3435 tag : GESTURE_DETECTED@CPU_MIN@32
10-12 11:05:26.586 3435-6368/? D/CustomFrequencyManagerService: acquireDVFSLockLocked : type : DVFS_MIN_LIMIT frequency : 728000 uid : 1000 pid : 3435 pkgName : GESTURE_DETECTED@CPU_MIN@32
10-12 11:05:26.586 3931-3931/? D/StatusBar-Window: fnf=false sanc=true, kni=false, sbf=false
10-12 11:05:26.586 3931-3931/? D/CoverUI: applyFocusableFlag() : Remove SAMSUNG_FLAG_SVIEW_COVER
10-12 11:05:26.586 3931-3931/? D/StatusBarWindowManager: forceCollapsed : false isKeyguardShowingAndNotOccluded() : true panelVisible : false keyguardFadingAway : false bouncerShowing : true headsUpShowing : false
10-12 11:05:26.586 3435-4343/? D/PowerManagerService: [api] [s] userActivity : event: 0 flags: 0 (uid: 10062 pid: 3931) eventTime = 8945339
10-12 11:05:26.586 3931-3931/? D/CoverUI: applyHeight h = -1, oc = true, fa = false, ac = false, sc = false
10-12 11:05:26.596 3435-3992/? D/PowerManagerService: [api] [s] userActivity : event: 0 flags: 0 (uid: 10062 pid: 3931) eventTime = 8945340
10-12 11:05:26.626 3435-4825/? D/BatteryService: !@BatteryListener : batteryPropertiesChanged!
10-12 11:05:26.626 3435-4825/? D/BatteryService: level:81, scale:100, status:2, health:2, present:true, voltage: 4155, temperature: 231, technology: Li-ion, AC powered:false, USB powered:true, POGO powered:false, Wireless powered:false, icon:17303413, invalid charger:0, maxChargingCurrent:0
10-12 11:05:26.626 3435-4825/? D/BatteryService: online:4, current avg:362, charge type:1, power sharing:false, high voltage charger:false, capacity:280000, batterySWSelfDischarging:false, current_now:202
10-12 11:05:26.626 3435-3435/? D/BatteryService: Sending ACTION_BATTERY_CHANGED.
10-12 11:05:26.636 3435-3435/? I/MotionRecognitionService: Plugged
10-12 11:05:26.636 3435-3435/? D/MotionRecognitionService: cableConnection= 1
10-12 11:05:26.636 3435-3435/? D/MotionRecognitionService: setPowerConnected | current backoffstate = 1024 , state =1024
10-12 11:05:26.636 3435-3435/? D/MotionRecognitionService: skip setTransmitPower.
10-12 11:05:26.636 3435-3852/? D/WifiController: ApOrStaEnabledState msg.what= 155652
10-12 11:05:26.636 3931-3931/? D/KeyguardUpdateMonitor: received broadcast android.intent.action.BATTERY_CHANGED
10-12 11:05:26.636 3931-3931/? D/KeyguardUpdateMonitor: handleBatteryUpdate
10-12 11:05:26.636 3931-3931/? D/PowerUI: priorPlugType = 2 mPlugType = 2
10-12 11:05:26.636 3931-3931/? D/PowerUI.Notification: showChargingNotice oldChargingType : 1 currentChargingType : 1 oldChargingTime : 3988000 mChargingTime : 3963000
10-12 11:05:26.636 3931-3931/? D/PowerUI.Notification: showChargingNotification()
10-12 11:05:26.646 4449-4449/? D/CommonServiceConfiguration: getStringValueSetting
10-12 11:05:26.656 3435-4343/? D/ApplicationPolicy: isStatusBarNotificationAllowedAsUser: packageName = com.android.systemui,userId = -1
10-12 11:05:26.656 4449-4449/? D/BatteryMonitor: new battery level: 81
10-12 11:05:26.656 3931-3931/? D/BatteryMeterView: ACTION_BATTERY_CHANGED : level:81 status:2 health:2
10-12 11:05:26.656 3931-3931/? D/BatteryMeterView: ACTION_BATTERY_CHANGED : level:81 status:2 health:2
10-12 11:05:26.666 3435-3435/? D/MARsPolicyManager: NotificationListenerService OngoingNotificationPosted : com.android.systemui
10-12 11:05:26.666 3435-3821/? D/InputReader: Input event(4): value=1 when=8945419612000
10-12 11:05:26.666 3435-3821/? D/InputReader: Input event(4): value=1 when=8945419612000
10-12 11:05:26.666 3435-3821/? I/InputReader: Touch event's action is 0x0 (deviceType=0) [pCnt=1, s=0.553 ] when=8945419612000
10-12 11:05:26.676 3435-3821/? D/InputReader: lastThreadEndTime = 8945334537524, currentThreadStartTime = 8945334539524, diff = 0
10-12 11:05:26.676 3435-3820/? I/InputDispatcher: Delivering touch to (3931): action: 0x0, toolType: 1
10-12 11:05:26.676 3931-3931/? D/ViewRootImpl: ViewPostImeInputStage processPointer 0
