10-12 11:06:09.506 3143-3708/? D/Netd: getNetworkForDns: using netid 502 for uid 10207
10-12 11:06:09.516 3143-3708/? D/EnterpriseController: netId is 0
10-12 11:06:09.516 3143-3708/? D/Netd: getNetworkForDns: using netid 502 for uid 10207
10-12 11:06:09.606 29809-29809/? W/DisplayListCanvas: DisplayListCanvas is started on unbinded RenderNode (without mOwningView)
10-12 11:06:09.996 3143-3708/? D/EnterpriseController: netId is 0
10-12 11:06:09.996 3143-3708/? D/Netd: getNetworkForDns: using netid 502 for uid 10207
10-12 11:06:10.056 29809-29809/? W/DisplayListCanvas: DisplayListCanvas is started on unbinded RenderNode (without mOwningView)
10-12 11:06:10.086 29809-29809/? I/chromium: [INFO:CONSOLE(2)] ">FW 06:10 VPAIDRenderer: onCreativeAssetLoaded()", source: http://cvp1.cdn.turner.com/xslo/cvp/ads/freewheel/js/0/AdManager.js (2)
10-12 11:06:10.086 29809-29809/? I/chromium: [INFO:CONSOLE(2)] ">FW 06:10 VPAID Creative: handshakeVersion(2.0)", source: http://cvp1.cdn.turner.com/xslo/cvp/ads/freewheel/js/0/AdManager.js (2)
10-12 11:06:10.086 29809-29809/? I/chromium: [INFO:CONSOLE(2)] ">FW 06:10 initParams(), creative timeout delay in miliseconds:10000", source: http://cvp1.cdn.turner.com/xslo/cvp/ads/freewheel/js/0/AdManager.js (2)
10-12 11:06:10.096 29809-29809/? I/chromium: [INFO:CONSOLE(2)] ">FW 06:10 initParams(), desired bitrate: 268", source: http://cvp1.cdn.turner.com/xslo/cvp/ads/freewheel/js/0/AdManager.js (2)
10-12 11:06:10.116 29809-29876/? W/chromium: [WARNING:webmediaplayer_impl.cc(341)] Using MultibufferDataSource
10-12 11:06:10.116 29809-29809/? I/chromium: [INFO:CONSOLE(2)] ">FW 06:10 VPAID Creative: initAd()", source: http://cvp1.cdn.turner.com/xslo/cvp/ads/freewheel/js/0/AdManager.js (2)
10-12 11:06:10.116 29809-29809/? I/chromium: [INFO:CONSOLE(2)] ">FW 06:10 Wait for initAd for 10000ms", source: http://cvp1.cdn.turner.com/xslo/cvp/ads/freewheel/js/0/AdManager.js (2)
10-12 11:06:10.116 29809-29886/? D/libEGL: eglTerminate EGLDisplay = 0xd83ff0d4
10-12 11:06:10.116 29809-29886/? D/libEGL: eglTerminate EGLDisplay = 0xd83ff0d4
10-12 11:06:10.116 29809-29886/? D/libEGL: eglTerminate EGLDisplay = 0xd83ff0d4
10-12 11:06:10.116 29809-29886/? D/libEGL: eglTerminate EGLDisplay = 0xd83ff0d4
10-12 11:06:10.116 29809-29886/? D/libEGL: eglTerminate EGLDisplay = 0xd83ff0d4
10-12 11:06:10.116 29809-29886/? D/libEGL: eglTerminate EGLDisplay = 0xd83ff0d4
10-12 11:06:10.116 29809-29886/? D/libEGL: eglTerminate EGLDisplay = 0xd83ff0d4
10-12 11:06:10.116 29809-29886/? D/libEGL: eglTerminate EGLDisplay = 0xd83ff0d4
10-12 11:06:10.116 29809-29886/? D/libEGL: eglTerminate EGLDisplay = 0xd83ff0d4
10-12 11:06:10.116 29809-29886/? D/libEGL: eglTerminate EGLDisplay = 0xd83ff0d4
10-12 11:06:10.116 29809-29886/? D/libEGL: eglTerminate EGLDisplay = 0xd83ff0d4
10-12 11:06:10.126 29809-29886/? D/libEGL: eglTerminate EGLDisplay = 0xd83ff0d4
10-12 11:06:10.126 29809-29886/? D/libEGL: eglTerminate EGLDisplay = 0xd83ff0d4
10-12 11:06:10.126 29809-29886/? D/libEGL: eglTerminate EGLDisplay = 0xd83ff0d4
10-12 11:06:10.126 29809-29886/? D/libEGL: eglTerminate EGLDisplay = 0xd83ff0d4
10-12 11:06:10.126 3435-3474/? I/MediaFocusControl: AudioFocus abandonAudioFocus() from android.media.AudioManager$dd04f48org.chromium.content.browser.MediaSessionDelegate$389e1e1
10-12 11:06:10.126 29809-29988/? W/cr_media: calling MediaCodec.release() on OMX.Exynos.avc.dec
10-12 11:06:10.126 29809-30026/? I/ACodec: [OMX.Exynos.avc.dec] Now Executing->Idle
10-12 11:06:10.126 3151-30028/? I/EXYNOS_BASE_COMP: [0xeb89df80][Exynos_OMX_ComponentStateSet] current:(OMX_StateExecuting) dest:(OMX_StateIdle)
10-12 11:06:10.126 3151-30031/? W/libexynosv4l2: failed to ioctl: VIDIOC_DQBUF (22 - Invalid argument)
10-12 11:06:10.126 3151-30030/? W/libexynosv4l2: failed to ioctl: VIDIOC_DQBUF (22 - Invalid argument)
10-12 11:06:10.126 3151-30028/? I/EXYNOS_BASE_COMP: [0xeb89df80][Exynos_OMX_ComponentStateSet]:567 OMX_EventCmdComplete
10-12 11:06:10.136 3151-30028/? I/EXYNOS_BASE_COMP: [0xeb89df80][Exynos_OMX_ComponentStateSet] current:(OMX_StateIdle) dest:(OMX_StateLoaded)
10-12 11:06:10.136 29809-30026/? E/BufferQueueProducer: [SurfaceTexture-69-29809-1] cancelBuffer: BufferQueue has been abandoned
10-12 11:06:10.146 29809-30026/? E/BufferQueueProducer: [SurfaceTexture-69-29809-1] cancelBuffer: BufferQueue has been abandoned
10-12 11:06:10.146 29809-30026/? E/BufferQueueProducer: [SurfaceTexture-69-29809-1] cancelBuffer: BufferQueue has been abandoned
10-12 11:06:10.146 29809-30026/? E/BufferQueueProducer: [SurfaceTexture-69-29809-1] cancelBuffer: BufferQueue has been abandoned
10-12 11:06:10.146 29809-30026/? E/BufferQueueProducer: [SurfaceTexture-69-29809-1] cancelBuffer: BufferQueue has been abandoned
10-12 11:06:10.146 29809-30026/? E/BufferQueueProducer: [SurfaceTexture-69-29809-1] cancelBuffer: BufferQueue has been abandoned
10-12 11:06:10.156 29809-30026/? E/BufferQueueProducer: [SurfaceTexture-69-29809-1] cancelBuffer: BufferQueue has been abandoned
10-12 11:06:10.156 29809-30026/? E/BufferQueueProducer: [SurfaceTexture-69-29809-1] cancelBuffer: BufferQueue has been abandoned
10-12 11:06:10.156 29809-30026/? E/BufferQueueProducer: [SurfaceTexture-69-29809-1] cancelBuffer: BufferQueue has been abandoned
10-12 11:06:10.156 29809-30026/? E/BufferQueueProducer: [SurfaceTexture-69-29809-1] cancelBuffer: BufferQueue has been abandoned
10-12 11:06:10.166 29809-30026/? E/BufferQueueProducer: [SurfaceTexture-69-29809-1] cancelBuffer: BufferQueue has been abandoned
10-12 11:06:10.166 3151-3418/? I/APM::AudioPolicyManager: stopOutput() output 4, stream 3, session 30
10-12 11:06:10.166 29809-30026/? E/BufferQueueProducer: [SurfaceTexture-69-29809-1] cancelBuffer: BufferQueue has been abandoned
10-12 11:06:10.166 29809-30026/? E/BufferQueueProducer: [SurfaceTexture-69-29809-1] cancelBuffer: BufferQueue has been abandoned
10-12 11:06:10.166 29809-30026/? E/BufferQueueProducer: [SurfaceTexture-69-29809-1] cancelBuffer: BufferQueue has been abandoned
10-12 11:06:10.176 29809-30026/? E/BufferQueueProducer: [SurfaceTexture-69-29809-1] cancelBuffer: BufferQueue has been abandoned
10-12 11:06:10.176 29809-30026/? E/BufferQueueProducer: [SurfaceTexture-69-29809-1] cancelBuffer: BufferQueue has been abandoned
10-12 11:06:10.176 3151-30028/? I/EXYNOS_BASE_COMP: [0xeb89df80][Exynos_OMX_ComponentStateSet]:567 OMX_EventCmdComplete
10-12 11:06:10.176 29809-30026/? I/ACodec: [OMX.Exynos.avc.dec] Now Idle->Loaded
10-12 11:06:10.176 29809-30026/? I/ACodec: [OMX.Exynos.avc.dec] Now Loaded
10-12 11:06:10.186 29809-30026/? I/ACodec: [OMX.Exynos.avc.dec] Now uninitialized
10-12 11:06:10.186 29809-30026/? I/ACodec: [] Now kWhatShutdownCompleted event : 6991
10-12 11:06:10.196 29809-30025/? I/MediaCodec: Codec shutdown complete
10-12 11:06:10.206 29809-29862/? D/AudioTrackShared: State is same : 4
10-12 11:06:10.206 3151-4880/? W/AudioPolicyIntefaceImpl: Skipped to add effects on session 30
10-12 11:06:10.206 3151-4880/? I/APM::AudioPolicyManager: startOutput() output 4, stream 3, session 30
10-12 11:06:10.206 29809-29988/? I/ACodec: [] Now uninitialized
10-12 11:06:10.216 29809-30059/? I/OMXClient: Using client-side OMX mux.
10-12 11:06:10.216 3151-3585/? D/audio_hw_primary: out_set_parameters: enter: kvpairs: routing=2
10-12 11:06:10.216 3151-3585/? I/audio_hw_primary: out_set_parameters adev->out_device:2
10-12 11:06:10.216 3151-3585/? V/audio_hw_primary: select_devices output_scenario:0 input_scenario:-1 out_snd_device 0x2 in_snd_device:0x0
10-12 11:06:10.216 3151-3585/? I/audio_hw_primary: select_devices - do not update mixer_path
10-12 11:06:10.216 3151-3585/? D/AudioFlinger: setCurDevice() 0x2
10-12 11:06:10.226 3151-3617/? D/libexynosv4l2: try node: /dev/video6
10-12 11:06:10.226 3151-3617/? I/libexynosv4l2: node found for device s5p-mfc-dec: /dev/video6
10-12 11:06:10.236 3151-3617/? I/libexynosv4l2: open video device /dev/video6
10-12 11:06:10.236 29809-30059/? I/ACodec: [OMX.Exynos.avc.dec] Now Loaded
10-12 11:06:10.236 29809-29988/? W/VideoCapabilities: Unrecognized profile 2130706433 for video/avc
10-12 11:06:10.236 29809-29988/? W/VideoCapabilities: Unrecognized profile 2130706433 for video/avc
10-12 11:06:10.236 29809-29988/? W/VideoCapabilities: Unrecognized profile 2130706433 for video/avc
10-12 11:06:10.236 29809-29988/? W/VideoCapabilities: Unrecognized profile 2130706433 for video/avc
10-12 11:06:10.236 29809-29988/? W/VideoCapabilities: Unrecognized profile 2130706433 for video/avc
10-12 11:06:10.236 29809-29988/? W/VideoCapabilities: Unrecognized profile 2130706433 for video/avc
10-12 11:06:10.236 29809-29988/? W/VideoCapabilities: Unrecognized profile 2130706433 for video/avc
10-12 11:06:10.236 29809-29988/? W/VideoCapabilities: Unrecognized profile 2130706433 for video/avc
10-12 11:06:10.236 29809-29988/? W/VideoCapabilities: Unrecognized profile 2130706433 for video/avc
10-12 11:06:10.236 29809-29988/? W/VideoCapabilities: Unrecognized profile 2130706433 for video/avc
10-12 11:06:10.236 29809-29988/? W/VideoCapabilities: Unrecognized profile 2130706433 for video/avc
10-12 11:06:10.236 29809-29988/? W/VideoCapabilities: Unrecognized profile 2130706433 for video/avc
10-12 11:06:10.236 29809-29988/? W/VideoCapabilities: Unrecognized profile 2130706433 for video/avc
10-12 11:06:10.236 29809-29988/? W/VideoCapabilities: Unrecognized profile 2130706433 for video/avc
10-12 11:06:10.236 29809-29988/? W/VideoCapabilities: Unrecognized profile 2130706433 for video/avc
10-12 11:06:10.236 29809-29988/? W/VideoCapabilities: Unrecognized profile 2130706433 for video/avc
10-12 11:06:10.236 29809-29988/? W/VideoCapabilities: Unrecognized profile 2130706433 for video/avc
10-12 11:06:10.236 29809-29988/? W/VideoCapabilities: Unrecognized profile 2130706434 for video/avc
10-12 11:06:10.236 29809-29988/? W/VideoCapabilities: Unrecognized profile 2130706434 for video/avc
10-12 11:06:10.236 29809-29988/? W/VideoCapabilities: Unrecognized profile 2130706434 for video/avc
10-12 11:06:10.236 29809-29988/? W/VideoCapabilities: Unrecognized profile 2130706434 for video/avc
10-12 11:06:10.236 29809-29988/? W/VideoCapabilities: Unrecognized profile 2130706434 for video/avc
10-12 11:06:10.236 29809-29988/? W/VideoCapabilities: Unrecognized profile 2130706434 for video/avc
10-12 11:06:10.236 29809-29988/? W/VideoCapabilities: Unrecognized profile 2130706434 for video/avc
10-12 11:06:10.236 29809-29988/? W/VideoCapabilities: Unrecognized profile 2130706434 for video/avc
10-12 11:06:10.236 29809-29988/? W/VideoCapabilities: Unrecognized profile 2130706434 for video/avc
10-12 11:06:10.236 29809-29988/? W/VideoCapabilities: Unrecognized profile 2130706434 for video/avc
10-12 11:06:10.236 29809-29988/? W/VideoCapabilities: Unrecognized profile 2130706434 for video/avc
10-12 11:06:10.236 29809-29988/? W/VideoCapabilities: Unrecognized profile 2130706434 for video/avc
10-12 11:06:10.236 29809-29988/? W/VideoCapabilities: Unrecognized profile 2130706434 for video/avc
10-12 11:06:10.236 29809-29988/? W/VideoCapabilities: Unrecognized profile 2130706434 for video/avc
10-12 11:06:10.236 29809-29988/? W/VideoCapabilities: Unrecognized profile 2130706434 for video/avc
10-12 11:06:10.236 29809-29988/? W/VideoCapabilities: Unrecognized profile 2130706434 for video/avc
10-12 11:06:10.236 29809-29988/? W/VideoCapabilities: Unrecognized profile 2130706434 for video/avc
10-12 11:06:10.236 29809-30058/? I/MediaCodec: [OMX.Exynos.avc.dec] setting surface generation to 30524419
10-12 11:06:10.246 3151-30056/? I/Exynos_OSAL_Android: output buffer sharing mode is on (15)
10-12 11:06:10.246 29809-30059/? I/ACodec: can't find wfdsink-exynos-enable
10-12 11:06:10.246 3151-4151/? I/OMX: width (480),height (270),fps (15)
10-12 11:06:10.246 3151-4875/? I/OMX: getparameter OMX_IndexParamVideoController remained resource:17565120, sum = 129600
10-12 11:06:10.256 3151-4880/? E/OMXNodeInstance: getConfig(5f:Exynos.avc.dec, ConfigCommonOutputCrop(0x700000f)) ERROR: NotReady(0x80001010)
10-12 11:06:10.256 3151-30060/? I/EXYNOS_BASE_COMP: [0xeb89d880][Exynos_OMX_ComponentStateSet] current:(OMX_StateLoaded) dest:(OMX_StateIdle)
10-12 11:06:10.256 29809-30059/? I/ACodec: [OMX.Exynos.avc.dec] Now Loaded->Idle
10-12 11:06:10.256 29809-30059/? D/SurfaceUtils: set up nativeWindow 0xd3754008 for 480x270, color 0x105, rotation 0, usage 0x2900
10-12 11:06:10.256 29809-30059/? I/ACodec: [OMX.Exynos.avc.dec] configureOutputBuffersFromNativeWindow setBufferCount : 7, minUndequeuedBuffers : 5
10-12 11:06:10.266 3151-30060/? D/libexynosv4l2: try node: /dev/video6
10-12 11:06:10.266 3151-30060/? I/libexynosv4l2: node found for device s5p-mfc-dec: /dev/video6
10-12 11:06:10.276 3151-30060/? I/libexynosv4l2: open video device /dev/video6
10-12 11:06:10.276 3151-30060/? I/EXYNOS_BASE_COMP: [0xeb89d880][Exynos_OMX_ComponentStateSet]:567 OMX_EventCmdComplete
10-12 11:06:10.276 29809-30059/? I/ACodec: [OMX.Exynos.avc.dec] Now Idle->Executing
10-12 11:06:10.276 3151-30060/? I/EXYNOS_BASE_COMP: [0xeb89d880][Exynos_OMX_ComponentStateSet] current:(OMX_StateIdle) dest:(OMX_StateExecuting)
10-12 11:06:10.276 3151-30060/? I/EXYNOS_BASE_COMP: [0xeb89d880][Exynos_OMX_ComponentStateSet]:567 OMX_EventCmdComplete
10-12 11:06:10.276 29809-30059/? I/ACodec: [OMX.Exynos.avc.dec] Now Executing
10-12 11:06:10.296 29809-30059/? I/ACodec: [OMX.Exynos.avc.dec] Now handling output port settings change
10-12 11:06:10.296 29809-30059/? W/AHierarchicalStateMachine: Warning message AMessage(what = 'omxI') = { int32_t type = 0 int32_t event = 3 int32_t data1 = 1 int32_t data2 = 117440527 } unhandled in root state.
10-12 11:06:10.296 29809-30059/? D/SurfaceUtils: set up nativeWindow 0xd3754008 for 480x272, color 0x105, rotation 0, usage 0x2900
10-12 11:06:10.296 29809-30059/? I/ACodec: [OMX.Exynos.avc.dec] configureOutputBuffersFromNativeWindow setBufferCount : 21, minUndequeuedBuffers : 5
10-12 11:06:10.316 29809-30059/? I/ACodec: [OMX.Exynos.avc.dec] Now Executing
10-12 11:06:10.356 29809-29886/? D/libEGL: eglInitialize EGLDisplay = 0xd83febd4
10-12 11:06:10.366 3143-3708/? D/EnterpriseController: netId is 0
10-12 11:06:10.366 3143-3708/? D/Netd: getNetworkForDns: using netid 502 for uid 10207
10-12 11:06:10.506 3435-3845/? D/NtpTrustedTime: currentTimeMillis() cache hit
10-12 11:06:10.506 3435-3845/? V/NetworkStats: performPollLocked(flags=0x1)
10-12 11:06:10.516 3435-3845/? D/NetworkStatsRecorder: entry.iface is null
10-12 11:06:10.516 3435-3845/? D/NetworkStatsRecorder: entry.iface is null
10-12 11:06:10.516 3435-3845/? D/NetworkStatsRecorder: entry.iface is null
10-12 11:06:10.516 3435-3845/? D/NetworkStatsRecorder: entry.iface is null
10-12 11:06:10.516 3435-3845/? D/NetworkStatsRecorder: entry.iface is null
10-12 11:06:10.516 3435-3845/? D/NetworkStatsRecorder: entry.iface is null
10-12 11:06:10.516 3435-3845/? D/NetworkStatsRecorder: entry.iface is null
10-12 11:06:10.516 3435-3845/? D/NetworkStatsRecorder: entry.iface is null
10-12 11:06:10.516 3435-3845/? D/NetworkStatsRecorder: entry.iface is null
10-12 11:06:10.516 3435-3845/? D/NetworkStatsRecorder: entry.iface is null
10-12 11:06:10.516 3435-3845/? D/NetworkStatsRecorder: entry.iface is null
10-12 11:06:10.516 3435-3845/? D/NetworkStatsRecorder: entry.iface is null
10-12 11:06:10.516 3435-3845/? D/NetworkStatsRecorder: entry.iface is null
10-12 11:06:10.516 3435-3845/? D/NetworkStatsRecorder: entry.iface is null
10-12 11:06:10.516 3435-3845/? D/NetworkStatsRecorder: entry.iface is null
10-12 11:06:10.516 3435-3845/? D/NetworkStatsRecorder: entry.iface is null
10-12 11:06:10.516 3435-3845/? D/NetworkStatsRecorder: entry.iface is null
10-12 11:06:10.516 3435-3845/? D/NetworkStatsRecorder: entry.iface is null
10-12 11:06:10.516 3435-3845/? D/NetworkStatsRecorder: entry.iface is null
10-12 11:06:10.516 3435-3845/? D/NetworkStatsRecorder: entry.iface is null
10-12 11:06:10.516 3435-3845/? D/NetworkStatsRecorder: entry.iface is null
10-12 11:06:10.516 3435-3845/? D/NetworkStatsRecorder: entry.iface is null
10-12 11:06:10.516 3435-3845/? D/NetworkStatsRecorder: entry.iface is null
10-12 11:06:10.516 3435-3845/? D/NetworkStatsRecorder: entry.iface is null
10-12 11:06:10.516 3435-3845/? D/NetworkStatsRecorder: entry.iface is null
10-12 11:06:10.516 3435-3845/? D/NetworkStatsRecorder: entry.iface is null
10-12 11:06:10.516 3435-3845/? D/NetworkStatsRecorder: entry.iface is null
10-12 11:06:10.516 3435-3845/? D/NetworkStatsRecorder: entry.iface is null
10-12 11:06:10.516 3435-3845/? D/NetworkStatsRecorder: entry.iface is null
10-12 11:06:10.516 3435-3845/? D/NetworkStatsRecorder: entry.iface is null
10-12 11:06:10.546 3435-3845/? D/NtpTrustedTime: currentTimeMillis() cache hit
10-12 11:06:10.546 3435-3845/? V/NetworkStats: performPollLocked() took 42ms
10-12 11:06:10.556 3435-3846/? D/NtpTrustedTime: currentTimeMillis() cache hit
10-12 11:06:10.556 3435-3846/? D/NtpTrustedTime: currentTimeMillis() cache hit
10-12 11:06:10.836 29809-29809/? W/DisplayListCanvas: DisplayListCanvas is started on unbinded RenderNode (without mOwningView)
10-12 11:06:10.866 3143-3708/? D/EnterpriseController: netId is 0
10-12 11:06:10.866 3143-3708/? D/Netd: getNetworkForDns: using netid 502 for uid 10207
10-12 11:06:10.896 3143-3708/? D/EnterpriseController: netId is 0
10-12 11:06:10.896 3143-3708/? D/Netd: getNetworkForDns: using netid 502 for uid 10207
10-12 11:06:11.306 29809-29809/? I/chromium: [INFO:CONSOLE(2)] ">FW 06:11 VPAIDRenderer: onAdError(): The VAST response document is empty.: AdError 1009: The VAST response document is empty.", source: http://cvp1.cdn.turner.com/xslo/cvp/ads/freewheel/js/0/AdManager.js (2)
10-12 11:06:11.306 29809-29809/? I/chromium: [INFO:CONSOLE(2)] ">FW 06:11 FAIL VPAIDRenderer _e_3p-comp AdError event:The VAST response document is empty.: AdError 1009: The VAST response document is empty.", source: http://cvp1.cdn.turner.com/xslo/cvp/ads/freewheel/js/0/AdManager.js (2)
10-12 11:06:11.306 29809-29809/? I/chromium: [INFO:CONSOLE(2)] ">FW 06:11 Context.dispatchEvent adEvent", source: http://cvp1.cdn.turner.com/xslo/cvp/ads/freewheel/js/0/AdManager.js (2)
10-12 11:06:11.306 29809-29809/? I/chromium: [INFO:CONSOLE(2)] ">FW 06:11 Context.dispatchEvent adEvent", source: http://cvp1.cdn.turner.com/xslo/cvp/ads/freewheel/js/0/AdManager.js (2)
10-12 11:06:11.306 29809-29809/? I/chromium: [INFO:CONSOLE(2)] ">FW 06:11 Slot.playNextAdInstance PREROLL", source: http://cvp1.cdn.turner.com/xslo/cvp/ads/freewheel/js/0/AdManager.js (2)
10-12 11:06:11.316 29809-29809/? I/chromium: [INFO:CONSOLE(2)] ">FW 06:11 VastTranslator Checking CompanionSlots, length = 0, rendererController.getCompanionSlots().length = 0, AdInstance.getCompanionSlots.length = 0", source: http://cvp1.cdn.turner.com/xslo/cvp/ads/freewheel/js/0/AdManager.js (2)
10-12 11:06:11.316 29809-29809/? I/chromium: [INFO:CONSOLE(2)] ">FW 06:11 VastTranslator ExpectedDrivingContentType:video/mp4, ExpectedDrivingAPI:None", source: http://cvp1.cdn.turner.com/xslo/cvp/ads/freewheel/js/0/AdManager.js (2)
10-12 11:06:11.316 29809-29809/? I/chromium: [INFO:CONSOLE(2)] ">FW 06:11 VastTranslator AdInstance.getActiveCreativeRendition().getWrapperUrl()=http://search.spotxchange.com/vast/2.0/143644?VPAID=JS&content_page_url=http%3A//edition.cnn.com/videos/politics/2016/10/07/donald-trump-women-lewd-comments-origwx-cs.cnn&cb=0.0.0.927888148&player_width=360&player_height=640, getWrapperType()=external/vast-2", source: http://cvp1.cdn.turner.com/xslo/cvp/ads/freewheel/js/0/AdManager.js (2)
10-12 11:06:11.316 29809-29809/? I/chromium: [INFO:CONSOLE(2)] ">FW 06:11 VastTranslator will load vast xml, asyncAjax:false", source: http://cvp1.cdn.turner.com/xslo/cvp/ads/freewheel/js/0/AdManager.js (2)
10-12 11:06:11.316 3143-3708/? D/EnterpriseController: netId is 0
10-12 11:06:11.316 3143-3708/? D/Netd: getNetworkForDns: using netid 502 for uid 10207
10-12 11:06:11.606 29809-29809/? I/chromium: [INFO:CONSOLE(2)] ">FW 06:11 VastTranslator.VastParser parseAdData()", source: http://cvp1.cdn.turner.com/xslo/cvp/ads/freewheel/js/0/AdManager.js (2)
10-12 11:06:11.616 29809-29809/? I/chromium: [INFO:CONSOLE(2)] ">FW 06:11 FAIL VastTranslator _e_parse ", source: http://cvp1.cdn.turner.com/xslo/cvp/ads/freewheel/js/0/AdManager.js (2)
10-12 11:06:11.616 29809-29809/? I/chromium: [INFO:CONSOLE(2)] ">FW 06:11 Context.dispatchEvent adEvent", source: http://cvp1.cdn.turner.com/xslo/cvp/ads/freewheel/js/0/AdManager.js (2)
10-12 11:06:11.616 29809-29809/? I/chromium: [INFO:CONSOLE(2)] ">FW 06:11 Context.dispatchEvent adEvent", source: http://cvp1.cdn.turner.com/xslo/cvp/ads/freewheel/js/0/AdManager.js (2)
10-12 11:06:11.616 29809-29809/? I/chromium: [INFO:CONSOLE(2)] ">FW 06:11 Slot.playNextAdInstance PREROLL", source: http://cvp1.cdn.turner.com/xslo/cvp/ads/freewheel/js/0/AdManager.js (2)
10-12 11:06:11.616 29809-29809/? I/chromium: [INFO:CONSOLE(2)] ">FW 06:11 VideoRenderer.start PREROLL [AdInstance 16483195]", source: http://cvp1.cdn.turner.com/xslo/cvp/ads/freewheel/js/0/AdManager.js (2)
10-12 11:06:11.626 29809-29809/? I/chromium: [INFO:CONSOLE(2)] ">FW 06:11 VideoRenderer.start selected rendition is: https://amd-ssl.cdn.turner.com/cnn/big/ads/2016/08/10/MONEYCORP2HD_1280x720.mp4", source: http://cvp1.cdn.turner.com/xslo/cvp/ads/freewheel/js/0/AdManager.js (2)
10-12 11:06:11.646 29809-29809/? I/chromium: [INFO:CONSOLE(2)] ">FW 06:11 VideoRenderer play video ad https://amd-ssl.cdn.turner.com/cnn/big/ads/2016/08/10/MONEYCORP2HD_1280x720.mp4", source: http://cvp1.cdn.turner.com/xslo/cvp/ads/freewheel/js/0/AdManager.js (2)
10-12 11:06:11.656 29809-29886/? D/libEGL: eglTerminate EGLDisplay = 0xd83ff0d4
10-12 11:06:11.656 29809-29809/? I/chromium: [INFO:CONSOLE(2)] ">FW 06:11 VPAIDRenderer dispose()", source: http://cvp1.cdn.turner.com/xslo/cvp/ads/freewheel/js/0/AdManager.js (2)
10-12 11:06:11.656 29809-29988/? W/cr_media: calling MediaCodec.release() on OMX.Exynos.avc.dec
10-12 11:06:11.656 3151-30060/? I/EXYNOS_BASE_COMP: [0xeb89d880][Exynos_OMX_ComponentStateSet] current:(OMX_StateExecuting) dest:(OMX_StateIdle)
10-12 11:06:11.656 29809-30059/? I/ACodec: [OMX.Exynos.avc.dec] Now Executing->Idle
10-12 11:06:11.656 3151-30063/? W/libexynosv4l2: failed to ioctl: VIDIOC_DQBUF (22 - Invalid argument)
10-12 11:06:11.656 3151-30062/? W/libexynosv4l2: failed to ioctl: VIDIOC_DQBUF (22 - Invalid argument)
10-12 11:06:11.666 3151-30060/? I/EXYNOS_BASE_COMP: [0xeb89d880][Exynos_OMX_ComponentStateSet]:567 OMX_EventCmdComplete
10-12 11:06:11.666 3151-30060/? I/EXYNOS_BASE_COMP: [0xeb89d880][Exynos_OMX_ComponentStateSet] current:(OMX_StateIdle) dest:(OMX_StateLoaded)
10-12 11:06:11.666 29809-30059/? E/BufferQueueProducer: [SurfaceTexture-22-29809-2] cancelBuffer: BufferQueue has been abandoned
10-12 11:06:11.666 29809-30059/? E/BufferQueueProducer: [SurfaceTexture-22-29809-2] cancelBuffer: BufferQueue has been abandoned
10-12 11:06:11.666 29809-30059/? E/BufferQueueProducer: [SurfaceTexture-22-29809-2] cancelBuffer: BufferQueue has been abandoned
10-12 11:06:11.676 29809-30059/? E/BufferQueueProducer: [SurfaceTexture-22-29809-2] cancelBuffer: BufferQueue has been abandoned
10-12 11:06:11.676 29809-30059/? E/BufferQueueProducer: [SurfaceTexture-22-29809-2] cancelBuffer: BufferQueue has been abandoned
10-12 11:06:11.676 29809-30059/? E/BufferQueueProducer: [SurfaceTexture-22-29809-2] cancelBuffer: BufferQueue has been abandoned
10-12 11:06:11.676 29809-30059/? E/BufferQueueProducer: [SurfaceTexture-22-29809-2] cancelBuffer: BufferQueue has been abandoned
10-12 11:06:11.676 29809-30059/? E/BufferQueueProducer: [SurfaceTexture-22-29809-2] cancelBuffer: BufferQueue has been abandoned
10-12 11:06:11.676 29809-30059/? E/BufferQueueProducer: [SurfaceTexture-22-29809-2] cancelBuffer: BufferQueue has been abandoned
10-12 11:06:11.676 29809-30059/? E/BufferQueueProducer: [SurfaceTexture-22-29809-2] cancelBuffer: BufferQueue has been abandoned
10-12 11:06:11.676 29809-30059/? E/BufferQueueProducer: [SurfaceTexture-22-29809-2] cancelBuffer: BufferQueue has been abandoned
10-12 11:06:11.676 29809-30059/? E/BufferQueueProducer: [SurfaceTexture-22-29809-2] cancelBuffer: BufferQueue has been abandoned
10-12 11:06:11.686 29809-30059/? E/BufferQueueProducer: [SurfaceTexture-22-29809-2] cancelBuffer: BufferQueue has been abandoned
10-12 11:06:11.686 29809-30059/? E/BufferQueueProducer: [SurfaceTexture-22-29809-2] cancelBuffer: BufferQueue has been abandoned
10-12 11:06:11.686 29809-30059/? E/BufferQueueProducer: [SurfaceTexture-22-29809-2] cancelBuffer: BufferQueue has been abandoned
10-12 11:06:11.686 29809-30059/? E/BufferQueueProducer: [SurfaceTexture-22-29809-2] cancelBuffer: BufferQueue has been abandoned
10-12 11:06:11.686 3151-3418/? I/APM::AudioPolicyManager: stopOutput() output 4, stream 3, session 30
10-12 11:06:11.686 3151-30060/? I/EXYNOS_BASE_COMP: [0xeb89d880][Exynos_OMX_ComponentStateSet]:567 OMX_EventCmdComplete
10-12 11:06:11.686 29809-30059/? I/ACodec: [OMX.Exynos.avc.dec] Now Idle->Loaded
10-12 11:06:11.686 29809-30059/? I/ACodec: [OMX.Exynos.avc.dec] Now Loaded
10-12 11:06:11.686 29809-30059/? I/ACodec: [OMX.Exynos.avc.dec] Now uninitialized
10-12 11:06:11.686 29809-30059/? I/ACodec: [] Now kWhatShutdownCompleted event : 6991
10-12 11:06:11.696 29809-30058/? I/MediaCodec: Codec shutdown complete
10-12 11:06:11.716 29809-29876/? W/chromium: [WARNING:webmediaplayer_impl.cc(341)] Using MultibufferDataSource
10-12 11:06:11.736 3143-3708/? D/EnterpriseController: netId is 0
10-12 11:06:11.736 3143-3708/? D/Netd: getNetworkForDns: using netid 502 for uid 10207
10-12 11:06:12.066 29809-29988/? I/ACodec: [] Now uninitialized
10-12 11:06:12.076 29809-30077/? I/OMXClient: Using client-side OMX mux.
10-12 11:06:12.086 3151-3617/? D/libexynosv4l2: try node: /dev/video6
10-12 11:06:12.086 3151-3617/? I/libexynosv4l2: node found for device s5p-mfc-dec: /dev/video6
10-12 11:06:12.086 29809-29862/? D/AudioTrackShared: State is same : 4
10-12 11:06:12.086 3151-30056/? W/AudioPolicyIntefaceImpl: Skipped to add effects on session 30
10-12 11:06:12.086 3151-30056/? I/APM::AudioPolicyManager: startOutput() output 4, stream 3, session 30
10-12 11:06:12.096 3151-3617/? I/libexynosv4l2: open video device /dev/video6
10-12 11:06:12.096 29809-30077/? I/ACodec: [OMX.Exynos.avc.dec] Now Loaded
10-12 11:06:12.096 29809-29988/? W/VideoCapabilities: Unrecognized profile 2130706433 for video/avc
10-12 11:06:12.096 29809-29988/? W/VideoCapabilities: Unrecognized profile 2130706433 for video/avc
10-12 11:06:12.096 29809-29988/? W/VideoCapabilities: Unrecognized profile 2130706433 for video/avc
10-12 11:06:12.096 29809-29988/? W/VideoCapabilities: Unrecognized profile 2130706433 for video/avc
10-12 11:06:12.096 29809-29988/? W/VideoCapabilities: Unrecognized profile 2130706433 for video/avc
10-12 11:06:12.096 29809-29988/? W/VideoCapabilities: Unrecognized profile 2130706433 for video/avc
10-12 11:06:12.096 29809-29988/? W/VideoCapabilities: Unrecognized profile 2130706433 for video/avc
10-12 11:06:12.096 29809-29988/? W/VideoCapabilities: Unrecognized profile 2130706433 for video/avc
10-12 11:06:12.096 29809-29988/? W/VideoCapabilities: Unrecognized profile 2130706433 for video/avc
10-12 11:06:12.096 29809-29988/? W/VideoCapabilities: Unrecognized profile 2130706433 for video/avc
10-12 11:06:12.096 29809-29988/? W/VideoCapabilities: Unrecognized profile 2130706433 for video/avc
10-12 11:06:12.096 29809-29988/? W/VideoCapabilities: Unrecognized profile 2130706433 for video/avc
10-12 11:06:12.096 29809-29988/? W/VideoCapabilities: Unrecognized profile 2130706433 for video/avc
10-12 11:06:12.096 29809-29988/? W/VideoCapabilities: Unrecognized profile 2130706433 for video/avc
10-12 11:06:12.096 29809-29988/? W/VideoCapabilities: Unrecognized profile 2130706433 for video/avc
10-12 11:06:12.096 29809-29988/? W/VideoCapabilities: Unrecognized profile 2130706433 for video/avc
10-12 11:06:12.096 29809-29988/? W/VideoCapabilities: Unrecognized profile 2130706433 for video/avc
10-12 11:06:12.096 29809-29988/? W/VideoCapabilities: Unrecognized profile 2130706434 for video/avc
10-12 11:06:12.096 29809-29988/? W/VideoCapabilities: Unrecognized profile 2130706434 for video/avc
10-12 11:06:12.096 29809-29988/? W/VideoCapabilities: Unrecognized profile 2130706434 for video/avc
10-12 11:06:12.096 29809-29988/? W/VideoCapabilities: Unrecognized profile 2130706434 for video/avc
10-12 11:06:12.096 29809-29988/? W/VideoCapabilities: Unrecognized profile 2130706434 for video/avc
10-12 11:06:12.096 29809-29988/? W/VideoCapabilities: Unrecognized profile 2130706434 for video/avc
10-12 11:06:12.096 29809-29988/? W/VideoCapabilities: Unrecognized profile 2130706434 for video/avc
10-12 11:06:12.096 29809-29988/? W/VideoCapabilities: Unrecognized profile 2130706434 for video/avc
10-12 11:06:12.096 29809-29988/? W/VideoCapabilities: Unrecognized profile 2130706434 for video/avc
10-12 11:06:12.096 29809-29988/? W/VideoCapabilities: Unrecognized profile 2130706434 for video/avc
10-12 11:06:12.096 29809-29988/? W/VideoCapabilities: Unrecognized profile 2130706434 for video/avc
10-12 11:06:12.096 29809-29988/? W/VideoCapabilities: Unrecognized profile 2130706434 for video/avc
10-12 11:06:12.096 29809-29988/? W/VideoCapabilities: Unrecognized profile 2130706434 for video/avc
10-12 11:06:12.096 29809-29988/? W/VideoCapabilities: Unrecognized profile 2130706434 for video/avc
10-12 11:06:12.096 29809-29988/? W/VideoCapabilities: Unrecognized profile 2130706434 for video/avc
10-12 11:06:12.096 29809-29988/? W/VideoCapabilities: Unrecognized profile 2130706434 for video/avc
10-12 11:06:12.096 29809-29988/? W/VideoCapabilities: Unrecognized profile 2130706434 for video/avc
10-12 11:06:12.096 3151-3585/? D/audio_hw_primary: out_set_parameters: enter: kvpairs: routing=2
10-12 11:06:12.096 3151-3585/? I/audio_hw_primary: out_set_parameters adev->out_device:2
10-12 11:06:12.096 3151-3585/? V/audio_hw_primary: select_devices output_scenario:0 input_scenario:-1 out_snd_device 0x2 in_snd_device:0x0
10-12 11:06:12.096 3151-3585/? I/audio_hw_primary: select_devices - do not update mixer_path
10-12 11:06:12.096 3151-3585/? D/AudioFlinger: setCurDevice() 0x2
10-12 11:06:12.096 29809-30076/? I/MediaCodec: [OMX.Exynos.avc.dec] setting surface generation to 30524420
10-12 11:06:12.106 3151-3151/? I/Exynos_OSAL_Android: output buffer sharing mode is on (15)
10-12 11:06:12.106 29809-30077/? I/ACodec: can't find wfdsink-exynos-enable
10-12 11:06:12.116 3151-30056/? I/OMX: width (1280),height (720),fps (15)
10-12 11:06:12.116 3151-4880/? I/OMX: getparameter OMX_IndexParamVideoController remained resource:16773120, sum = 921600
10-12 11:06:12.126 3151-4875/? E/OMXNodeInstance: getConfig(60:Exynos.avc.dec, ConfigCommonOutputCrop(0x700000f)) ERROR: NotReady(0x80001010)
10-12 11:06:12.126 29809-30077/? I/ACodec: [OMX.Exynos.avc.dec] Now Loaded->Idle
10-12 11:06:12.126 3151-30078/? I/EXYNOS_BASE_COMP: [0xeb89c700][Exynos_OMX_ComponentStateSet] current:(OMX_StateLoaded) dest:(OMX_StateIdle)
10-12 11:06:12.136 29809-30077/? D/SurfaceUtils: set up nativeWindow 0xd3754008 for 1280x720, color 0x105, rotation 0, usage 0x2900
10-12 11:06:12.136 29809-30077/? I/ACodec: [OMX.Exynos.avc.dec] configureOutputBuffersFromNativeWindow setBufferCount : 7, minUndequeuedBuffers : 5
10-12 11:06:12.136 3151-30078/? D/libexynosv4l2: try node: /dev/video6
10-12 11:06:12.136 3151-30078/? I/libexynosv4l2: node found for device s5p-mfc-dec: /dev/video6
10-12 11:06:12.146 3151-30078/? I/libexynosv4l2: open video device /dev/video6
10-12 11:06:12.146 3151-30078/? I/EXYNOS_BASE_COMP: [0xeb89c700][Exynos_OMX_ComponentStateSet]:567 OMX_EventCmdComplete
10-12 11:06:12.156 29809-30077/? I/ACodec: [OMX.Exynos.avc.dec] Now Idle->Executing
10-12 11:06:12.156 3151-30078/? I/EXYNOS_BASE_COMP: [0xeb89c700][Exynos_OMX_ComponentStateSet] current:(OMX_StateIdle) dest:(OMX_StateExecuting)
10-12 11:06:12.156 3151-30078/? I/EXYNOS_BASE_COMP: [0xeb89c700][Exynos_OMX_ComponentStateSet]:567 OMX_EventCmdComplete
10-12 11:06:12.156 29809-30077/? I/ACodec: [OMX.Exynos.avc.dec] Now Executing
10-12 11:06:12.166 29809-30077/? I/ACodec: [OMX.Exynos.avc.dec] Now handling output port settings change
10-12 11:06:12.176 29809-30077/? D/SurfaceUtils: set up nativeWindow 0xd3754008 for 1280x720, color 0x105, rotation 0, usage 0x2900
10-12 11:06:12.176 29809-30077/? I/ACodec: [OMX.Exynos.avc.dec] configureOutputBuffersFromNativeWindow setBufferCount : 14, minUndequeuedBuffers : 5
10-12 11:06:12.196 29809-30077/? I/ACodec: [OMX.Exynos.avc.dec] Now Executing
10-12 11:06:12.216 3435-4643/? I/MediaFocusControl: AudioFocus requestAudioFocus() from android.media.AudioManager$dd04f48org.chromium.content.browser.MediaSessionDelegate$389e1e1 req=1flags=0x0
10-12 11:06:12.216 29809-29886/? D/libEGL: eglInitialize EGLDisplay = 0xd83febd4
10-12 11:06:12.236 3435-4802/? D/PowerManagerService: [api] acquire WakeLock flags=0x2000000a tag=WindowManager uid=1000 pid=3435
10-12 11:06:12.446 29809-29886/? D/libEGL: eglInitialize EGLDisplay = 0xd83feff4
10-12 11:06:12.466 29809-29809/? I/chromium: [INFO:CONSOLE(2)] ">FW 06:12 AdInstance.play null", source: http://cvp1.cdn.turner.com/xslo/cvp/ads/freewheel/js/0/AdManager.js (2)
10-12 11:06:12.476 29809-29809/? I/chromium: [INFO:CONSOLE(2)] ">FW 06:12 Context.dispatchEvent adEvent", source: http://cvp1.cdn.turner.com/xslo/cvp/ads/freewheel/js/0/AdManager.js (2)
10-12 11:06:12.486 29809-29886/? D/libEGL: eglInitialize EGLDisplay = 0xd83feff4
10-12 11:06:12.506 29809-29809/? I/chromium: [INFO:CONSOLE(2)] ">FW 06:12 Slot.stop DISPLAY", source: http://cvp1.cdn.turner.com/xslo/cvp/ads/freewheel/js/0/AdManager.js (2)
10-12 11:06:12.506 29809-29809/? I/chromium: [INFO:CONSOLE(2)] ">FW 06:12 Slot.stop, not start or already end, ignore", source: http://cvp1.cdn.turner.com/xslo/cvp/ads/freewheel/js/0/AdManager.js (2)
10-12 11:06:12.506 29809-29809/? I/chromium: [INFO:CONSOLE(2)] ">FW 06:12 Flash detection failed on ActiveX method", source: http://cvp1.cdn.turner.com/xslo/cvp/ads/freewheel/js/0/AdManager.js (2)
10-12 11:06:12.506 29809-29809/? I/chromium: [INFO:CONSOLE(2)] ">FW 06:12 Context.submitRequest: sending request to http://bea4.cnn.com/ad/p/1?prof=48804%3Aturner_html5&nw=48804&caid=cnn-politics%2F2016%2F10%2F07%2Fdonald-trump-women-lewd-comments-origwx-cs.cnn&vdur=166&csid=edition.cnn.com_mobile_mobileweb_politics&cd=360%2C640&vclr=js-6.1.0-r10810-201505040406&resp=json&orig=http%3A%2F%2Fedition.cnn.com&cbfn=tv.freewheel.SDK._instanceQueue%5B'Context_2'%5D.requestComplete&flag=%2Bplay-uapl-sltp%2Bemcr%2Bunka%2Bunks%2Bfbad%2Bslcb%2Bnucr%2Baeti%2Brema%2Bvicb%2Brfnt;849=cap&transactionID=14762631384216657347535914&guID=57fdfce207dab10a3c8cd14c7f01c324&krux_user=&refdom=other&JFF=cap&5NC=cap&DJ9=cap&WN=cap&7WN=cap&8WX=cap&DJ4=cap&BPP=cap&DHX=cap&55G=cap&5G1=cap&91X=cap&_fw_cvp_player=html5&inFocus=true&_fw_h_x_flash_version=0%2C0%2C0%2C0&_fw_dpr=4.00;slid=cnn_CNNNext_Player_Background_desktop_1&ptgt=s&envp=g_js&w=1900&h=1100&slau=CNNNext_Player_Background&adUnit=CNNNext_Player_Background&flag=-cmpn&prct=text%2Fhtml_doc_lit_mobile%2Ctext%2Fhtml_doc_ref timeout 5", source: http://cvp1.cdn.turner.com/xslo/cvp/ads/freewheel/js/0/AdManager.js (2)
10-12 11:06:12.506 29809-29809/? I/chromium: [INFO:CONSOLE(2)] ">FW 06:12 Context.dispatchEvent defaultImpression", source: http://cvp1.cdn.turner.com/xslo/cvp/ads/freewheel/js/0/AdManager.js (2)
10-12 11:06:12.516 29809-29886/? D/libEGL: eglInitialize EGLDisplay = 0xd83feff4
10-12 11:06:12.526 29809-29809/? I/chromium: [INFO:CONSOLE(2)] ">FW 06:12 [object Object]", source: http://cvp1.cdn.turner.com/xslo/cvp/ads/freewheel/js/0/AdManager.js (2)
10-12 11:06:12.526 29809-29809/? I/chromium: [INFO:CONSOLE(2)] ">FW 06:12 SurveyExtension.onAdStarted()", source: http://cvp1.cdn.turner.com/xslo/cvp/ads/freewheel/js/0/AdManager.js (2)
10-12 11:06:12.556 29809-29886/? D/libEGL: eglInitialize EGLDisplay = 0xd83feff4
10-12 11:06:12.586 29809-29886/? D/libEGL: eglInitialize EGLDisplay = 0xd83feff4
10-12 11:06:12.616 29809-29809/? I/chromium: [INFO:CONSOLE(2)] ">FW 06:12 SurveyExtension.start()", source: http://cvp1.cdn.turner.com/xslo/cvp/ads/freewheel/js/0/AdManager.js (2)
10-12 11:06:12.616 29809-29809/? I/chromium: [INFO:CONSOLE(2)] ">FW 06:12 Ad request succeeded", source: http://cvp1.cdn.turner.com/xslo/cvp/ads/freewheel/js/0/AdManager.js (2)
10-12 11:06:12.616 29809-29809/? I/chromium: [INFO:CONSOLE(2)] ">FW 06:12 VideoStateExtension is disabled.", source: http://cvp1.cdn.turner.com/xslo/cvp/ads/freewheel/js/0/AdManager.js (2)
10-12 11:06:12.616 29809-29809/? I/chromium: [INFO:CONSOLE(2)] ">FW 06:12 Context.dispatchEvent onRequestComplete", source: http://cvp1.cdn.turner.com/xslo/cvp/ads/freewheel/js/0/AdManager.js (2)
10-12 11:06:12.616 29809-29809/? I/chromium: [INFO:CONSOLE(2)] ">FW 06:12 Slot.play DISPLAY", source: http://cvp1.cdn.turner.com/xslo/cvp/ads/freewheel/js/0/AdManager.js (2)
10-12 11:06:12.616 29809-29809/? I/chromium: [INFO:CONSOLE(2)] ">FW 06:12 Context.dispatchEvent onSlotStarted", source: http://cvp1.cdn.turner.com/xslo/cvp/ads/freewheel/js/0/AdManager.js (2)
10-12 11:06:12.616 29809-29809/? I/chromium: [INFO:CONSOLE(2)] ">FW 06:12 Slot.playNextAdInstance DISPLAY", source: http://cvp1.cdn.turner.com/xslo/cvp/ads/freewheel/js/0/AdManager.js (2)
10-12 11:06:12.616 29809-29886/? D/libEGL: eglInitialize EGLDisplay = 0xd83feff4
10-12 11:06:12.626 29809-29809/? I/chromium: [INFO:CONSOLE(2)] ">FW 06:12 Context.dispatchEvent onSlotEnded", source: http://cvp1.cdn.turner.com/xslo/cvp/ads/freewheel/js/0/AdManager.js (2)
10-12 11:06:12.626 29809-29809/? I/chromium: [INFO:CONSOLE(2)] ">FW 06:12 Auto play site section nonTemporal slots", source: http://cvp1.cdn.turner.com/xslo/cvp/ads/freewheel/js/0/AdManager.js (2)
10-12 11:06:12.626 29809-29809/? I/chromium: [INFO:CONSOLE(2)] ">FW 06:12 Slot.play DISPLAY", source: http://cvp1.cdn.turner.com/xslo/cvp/ads/freewheel/js/0/AdManager.js (2)
10-12 11:06:12.626 29809-29809/? I/chromium: [INFO:CONSOLE(2)] ">FW 06:12 Context.dispatchEvent onSlotStarted", source: http://cvp1.cdn.turner.com/xslo/cvp/ads/freewheel/js/0/AdManager.js (2)
10-12 11:06:12.626 29809-29809/? I/chromium: [INFO:CONSOLE(2)] ">FW 06:12 Slot.playNextAdInstance DISPLAY", source: http://cvp1.cdn.turner.com/xslo/cvp/ads/freewheel/js/0/AdManager.js (2)
10-12 11:06:12.626 29809-29809/? I/chromium: [INFO:CONSOLE(2)] ">FW 06:12 Context.dispatchEvent onSlotEnded", source: http://cvp1.cdn.turner.com/xslo/cvp/ads/freewheel/js/0/AdManager.js (2)
10-12 11:06:12.646 29809-29886/? D/libEGL: eglInitialize EGLDisplay = 0xd83feff4
10-12 11:06:12.686 29809-29886/? D/libEGL: eglInitialize EGLDisplay = 0xd83feff4
10-12 11:06:12.716 29809-29886/? D/libEGL: eglInitialize EGLDisplay = 0xd83feff4
10-12 11:06:12.816 29809-29886/? D/libEGL: eglInitialize EGLDisplay = 0xd83feff4
10-12 11:06:13.156 3435-3845/? D/NtpTrustedTime: currentTimeMillis() cache hit
10-12 11:06:13.156 3435-3845/? V/NetworkStats: performPollLocked(flags=0x1)
10-12 11:06:13.166 3435-3845/? D/NetworkStatsRecorder: entry.iface is null
10-12 11:06:13.166 3435-3845/? D/NetworkStatsRecorder: entry.iface is null
10-12 11:06:13.166 3435-3845/? D/NetworkStatsRecorder: entry.iface is null
10-12 11:06:13.166 3435-3845/? D/NetworkStatsRecorder: entry.iface is null
10-12 11:06:13.166 3435-3845/? D/NetworkStatsRecorder: entry.iface is null
10-12 11:06:13.166 3435-3845/? D/NetworkStatsRecorder: entry.iface is null
10-12 11:06:13.166 3435-3845/? D/NetworkStatsRecorder: entry.iface is null
10-12 11:06:13.166 3435-3845/? D/NetworkStatsRecorder: entry.iface is null
10-12 11:06:13.166 3435-3845/? D/NetworkStatsRecorder: entry.iface is null
10-12 11:06:13.166 3435-3845/? D/NetworkStatsRecorder: entry.iface is null
10-12 11:06:13.166 3435-3845/? D/NetworkStatsRecorder: entry.iface is null
10-12 11:06:13.166 3435-3845/? D/NetworkStatsRecorder: entry.iface is null
10-12 11:06:13.166 3435-3845/? D/NetworkStatsRecorder: entry.iface is null
10-12 11:06:13.166 3435-3845/? D/NetworkStatsRecorder: entry.iface is null
10-12 11:06:13.166 3435-3845/? D/NetworkStatsRecorder: entry.iface is null
10-12 11:06:13.166 3435-3845/? D/NetworkStatsRecorder: entry.iface is null
10-12 11:06:13.166 3435-3845/? D/NetworkStatsRecorder: entry.iface is null
10-12 11:06:13.166 3435-3845/? D/NetworkStatsRecorder: entry.iface is null
10-12 11:06:13.166 3435-3845/? D/NetworkStatsRecorder: entry.iface is null
10-12 11:06:13.166 3435-3845/? D/NetworkStatsRecorder: entry.iface is null
10-12 11:06:13.166 3435-3845/? D/NetworkStatsRecorder: entry.iface is null
10-12 11:06:13.166 3435-3845/? D/NetworkStatsRecorder: entry.iface is null
10-12 11:06:13.166 3435-3845/? D/NetworkStatsRecorder: entry.iface is null
10-12 11:06:13.166 3435-3845/? D/NetworkStatsRecorder: entry.iface is null
10-12 11:06:13.166 3435-3845/? D/NetworkStatsRecorder: entry.iface is null
10-12 11:06:13.166 3435-3845/? D/NetworkStatsRecorder: entry.iface is null
10-12 11:06:13.166 3435-3845/? D/NetworkStatsRecorder: entry.iface is null
10-12 11:06:13.166 3435-3845/? D/NetworkStatsRecorder: entry.iface is null
10-12 11:06:13.166 3435-3845/? D/NetworkStatsRecorder: entry.iface is null
10-12 11:06:13.166 3435-3845/? D/NetworkStatsRecorder: entry.iface is null
10-12 11:06:13.196 3435-3845/? V/NetworkStats: performPollLocked() took 43ms
10-12 11:06:13.196 3435-3845/? D/NtpTrustedTime: currentTimeMillis() cache hit
10-12 11:06:13.196 3435-3846/? D/NtpTrustedTime: currentTimeMillis() cache hit
10-12 11:06:13.206 3435-3846/? D/NtpTrustedTime: currentTimeMillis() cache hit
10-12 11:06:13.256 3435-6368/? D/SSRM:n: SIOP:: AP = 280, PST = 261 (W:6), CP = 208, CUR = 170, LCD = 83
10-12 11:06:13.936 3435-3821/? D/InputReader: Input event(5): value=1 when=8992680482000
10-12 11:06:13.936 3435-3821/? D/InputReader: !@notifyKey(172), action=0
10-12 11:06:13.936 3435-3821/? D/InputManager-JNI: !@interceptKeyBeforeQueueing(172), action=0, interactive=true
10-12 11:06:13.936 3435-3821/? D/InputManager-JNI: !@handleInterceptActions(172), action=0, wmActions=1
10-12 11:06:14.086 3435-3821/? D/InputReader: Input event(5): value=0 when=8992830144000
10-12 11:06:14.086 3435-3821/? D/InputReader: !@notifyKey(172), action=1
10-12 11:06:14.086 3435-3821/? D/InputManager-JNI: !@interceptKeyBeforeQueueing(172), action=1, interactive=true
10-12 11:06:14.086 3435-3821/? D/InputManager-JNI: !@handleInterceptActions(172), action=1, wmActions=1
10-12 11:06:14.086 3435-3820/? D/VoIPInterfaceManager: isVoIPRinging()...
10-12 11:06:14.086 3435-3820/? D/VoIPInterfaceManager: isVoIPRunningAndDeregi()...
10-12 11:06:14.086 3435-3820/? D/VoIPInterfaceManager: Not exist call session
10-12 11:06:14.266 3435-3541/? I/WindowManager: startDockOrHome
10-12 11:06:14.266 3435-3541/? D/PowerManagerService: [api] [s] userActivity : event: 0 flags: 0 (uid: 1000 pid: 3435) eventTime = 8993015
10-12 11:06:14.266 3931-4015/? D/vol.VolumeDialogControl: onReceive ACTION_CLOSE_SYSTEM_DIALOGS
10-12 11:06:14.266 3931-3931/? D/vol.SecVolumeDialog: dismissH reason: 2
10-12 11:06:14.266 3931-3931/? D/vol.SecVolumeDialog: dismissH : false
10-12 11:06:14.266 3931-3931/? D/LocationTile: onReceive : android.intent.action.CLOSE_SYSTEM_DIALOGS
10-12 11:06:14.276 3931-3931/? D/MobileDataTile: action:android.intent.action.CLOSE_SYSTEM_DIALOGS
10-12 11:06:14.276 3931-3931/? D/AirplaneModeTile: onReceive : android.intent.action.CLOSE_SYSTEM_DIALOGS
10-12 11:06:14.276 3931-3931/? D/HotspotTile: onReceive : android.intent.action.CLOSE_SYSTEM_DIALOGS
10-12 11:06:14.276 3931-3931/? D/AodTile: onReceive : android.intent.action.CLOSE_SYSTEM_DIALOGS
10-12 11:06:14.276 3931-3931/? D/PhoneStatusBar: animateCollapsePanels, state: 0, QSexpanded: false, QSdetailsShowing: false
10-12 11:06:14.286 3931-3931/? D/PhoneStatusBar: animateCollapse(): mExpandedVisible=false flags=0
10-12 11:06:14.286 3931-3931/? D/StatusBar-Window: fnf=true sanc=false, kni=false, sbf=false
10-12 11:06:14.286 3931-3931/? D/CoverUI: applyFocusableFlag() : Remove SAMSUNG_FLAG_SVIEW_COVER
10-12 11:06:14.286 3931-3931/? D/StatusBarWindowManager: forceCollapsed : false isKeyguardShowingAndNotOccluded() : false panelVisible : false keyguardFadingAway : false bouncerShowing : false headsUpShowing : false
10-12 11:06:14.286 3931-3931/? D/CoverUI: applyHeight h = 96, oc = false, fa = false, ac = false, sc = false
10-12 11:06:14.296 3931-3931/? D/PanelView: updateQsState
10-12 11:06:14.296 3931-3931/? D/KeyguardCircleAffordanceView: setPreviewView: mRight=false,preview=null
10-12 11:06:14.296 3931-3931/? D/KeyguardCircleAffordanceView: setPreviewView: mRight=true,preview=null
10-12 11:06:14.306 3435-3540/? W/BroadcastQueue: Permission Denial: receiving Intent { act=com.samsung.android.action.START_DOCK_OR_HOME flg=0x10 VirtualScreenParam=Params{mDisplayId=-1, null, mFlags=0x00000000)} } to ProcessRecord{9bca4cf 8339:com.sec.android.inputmethod/u0a138} (pid=8339, uid=10138) requires com.samsung.android.permisson.START_DOCK_OR_HOME due to sender android (uid 1000)
10-12 11:06:14.306 3931-3931/? D/KeyguardSwipeHelper: reset()
10-12 11:06:14.306 3931-3931/? D/KeyguardUnlockEventHandler: reset()
10-12 11:06:14.306 3931-3931/? D/KeyguardSwipeHelper: resetChildViewVI()
10-12 11:06:14.336 3435-3540/? V/BroadcastQueue: [background] Process cur broadcast BroadcastRecord{f70dc96 u-1 com.samsung.settings.action.directaccess.CLOSE_DIALOG qIdx=4}, state= (APP_RECEIVE) DELIVERED for app ProcessRecord{c02f138 28514:com.samsung.android.SettingsReceiver/1000}
10-12 11:06:14.336 3435-3541/? D/VirtualScreenPolicy: applyVirtualScreenAttrs attrs=VirtualScreenAttrs{mDisplayId=0, mBaseDisplayId=0, mBaseActivity=false}
10-12 11:06:14.346 3435-3541/? D/GameManagerService: identifyGamePackage. com.sec.android.app.launcher
10-12 11:06:14.346 3435-3541/? D/MultiWindowPolicy: Gamemode - return 0, when calling identifyForegroundApp(com.sec.android.app.launcher)
10-12 11:06:14.346 3435-3541/? D/CustomFrequencyManagerService: acquireDVFSLockLocked : type : DVFS_MIN_LIMIT frequency : 1872000 uid : 1000 pid : 3435 pkgName : ACTIVITY_RESUME_BOOSTER@3
10-12 11:06:14.346 3435-3541/? D/ActivityManager: mDVFSHelper.acquire()
10-12 11:06:14.346 3435-3541/? D/FocusedStackFrame: Set to : 0
10-12 11:06:14.346 3435-3541/? W/VirtualScreenManagerService: failed to move task TaskRecord{847d017 #32 A=acr.browser.barebones U=0 sz=1}
10-12 11:06:14.346 3435-3541/? D/InputDispatcher: Focused application set to: xxxx
10-12 11:06:14.356 3435-3541/? D/InputDispatcher: Focus left window: 29809
10-12 11:06:14.356 3435-3565/? D/PointerIcon: setMouseIconStyle1 pointerType: 1001 iconType:101 flag:0 pid:3435 uid:1000
10-12 11:06:14.356 3435-3565/? D/PointerIcon: setMouseCustomIcon IconType is same.101
10-12 11:06:14.376 3931-3931/? D/Recents: handleProxyCall type=3
10-12 11:06:14.386 3435-3846/? D/NetworkPolicy: isUidForegroundLocked: 10068, mScreenOn: true, uidstate: 2, mProxSensorScreenOff: false
10-12 11:06:14.386 4006-4006/? D/Recents: handleProxyCall type=3
10-12 11:06:14.396 3004-3013/? I/SurfaceFlinger: Modify Choreographer's phase offset to 6666666
10-12 11:06:14.406 3004-4000/? I/SurfaceFlinger: Modify SurfaceFlinger's phase offset to 6666666
10-12 11:06:14.406 3435-6368/? D/GameManagerService: identifyGamePackage. com.sec.android.app.launcher
10-12 11:06:14.406 3435-4802/? V/WindowOrientationListener: setCurrentAppOrientation :1
10-12 11:06:14.406 3435-4802/? V/WindowOrientationListener: OrientationSensorJudge.getProposedRotation, Rotation: -1
10-12 11:06:14.406 3435-4802/? V/WindowManager: rotationForOrientationLw(orient=1, last=0); user=0 sensorRotation=-1 mLidState=-1 mDockMode=0 mHdmiPlugged=false mMobileKeyboardEnabled=false displayId=0
10-12 11:06:14.406 3435-4802/? V/WindowOrientationListener: OrientationSensorJudge.getProposedRotation, Rotation: -1
10-12 11:06:14.406 3435-3845/? D/NtpTrustedTime: currentTimeMillis() cache hit
10-12 11:06:14.406 3435-3845/? V/NetworkStats: performPollLocked(flags=0x1)
10-12 11:06:14.406 29809-30076/? I/ACodec: [OMX.Exynos.avc.dec] signalFlush
10-12 11:06:14.406 29809-30077/? I/ACodec: [OMX.Exynos.avc.dec] ExecutingState flushing now (codec owns 4/5 input, 4/14 output).
10-12 11:06:14.406 3435-3435/? D/GameManagerService: NotifyRunnable. pkg: com.sec.android.app.launcher, type: 4, isMinimized: false, isTunableApp: false
10-12 11:06:14.406 29809-30077/? I/ACodec: [OMX.Exynos.avc.dec] Now Flushing
10-12 11:06:14.406 3151-30082/? W/libexynosv4l2: failed to ioctl: VIDIOC_DQBUF (22 - Invalid argument)
10-12 11:06:14.406 29809-30077/? I/ACodec: [OMX.Exynos.avc.dec] FlushingState onOMXEvent(0,1,0)
10-12 11:06:14.406 3435-3845/? D/NetworkStatsRecorder: entry.iface is null
10-12 11:06:14.406 3435-3845/? D/NetworkStatsRecorder: entry.iface is null
10-12 11:06:14.406 29809-30077/? I/ACodec: [OMX.Exynos.avc.dec] FlushingState onOMXEvent(0,1,1)
10-12 11:06:14.406 3435-3845/? D/NetworkStatsRecorder: entry.iface is null
10-12 11:06:14.406 29809-30077/? I/ACodec: [OMX.Exynos.avc.dec] Now Executing
10-12 11:06:14.406 3435-3845/? D/NetworkStatsRecorder: entry.iface is null
10-12 11:06:14.406 3435-3845/? D/NetworkStatsRecorder: entry.iface is null
10-12 11:06:14.406 3435-3845/? D/NetworkStatsRecorder: entry.iface is null
10-12 11:06:14.406 3435-3845/? D/NetworkStatsRecorder: entry.iface is null
10-12 11:06:14.406 3435-3845/? D/NetworkStatsRecorder: entry.iface is null
10-12 11:06:14.406 3435-3845/? D/NetworkStatsRecorder: entry.iface is null
10-12 11:06:14.406 3435-3845/? D/NetworkStatsRecorder: entry.iface is null
10-12 11:06:14.406 3435-3845/? D/NetworkStatsRecorder: entry.iface is null
10-12 11:06:14.406 3435-3845/? D/NetworkStatsRecorder: entry.iface is null
10-12 11:06:14.406 3435-3845/? D/NetworkStatsRecorder: entry.iface is null
10-12 11:06:14.406 3435-3845/? D/NetworkStatsRecorder: entry.iface is null
10-12 11:06:14.406 3435-3845/? D/NetworkStatsRecorder: entry.iface is null
10-12 11:06:14.406 3435-3845/? D/NetworkStatsRecorder: entry.iface is null
