10-12 11:05:26.676 3931-3931/? W/ResourcesManager: getTopLevelResources: /system/priv-app/SystemUI/SystemUI.apk / 1.0 running in com.android.systemui rsrc of package com.android.systemui
10-12 11:05:26.686 3931-3931/? D/PhoneStatusBar: setAreThereNotifications: N=2 any=true clearable=false
10-12 11:05:26.726 3931-4137/? D/NetworkController.MobileSignalController(0/2147483643): onCellLocationChanged
10-12 11:05:26.726 4449-4545/? I/CellLocationSupport: onCellLocationChanged
10-12 11:05:26.726 3435-3821/? D/InputReader: Input event(4): value=0 when=8945477028000
10-12 11:05:26.726 3435-3821/? D/InputReader: Input event(4): value=0 when=8945477028000
10-12 11:05:26.726 3435-3821/? I/InputReader: Touch event's action is 0x1 (deviceType=0) [pCnt=1, s=] when=8945477028000
10-12 11:05:26.726 3435-3820/? I/InputDispatcher: Delivering touch to (3931): action: 0x1, toolType: 1
10-12 11:05:26.726 3931-3931/? D/ViewRootImpl: ViewPostImeInputStage processPointer 1
10-12 11:05:26.736 3435-4325/? D/PowerManagerService: [api] [s] userActivity : event: 0 flags: 0 (uid: 10062 pid: 3931) eventTime = 8945480
10-12 11:05:26.736 3931-3931/? D/StatusBar-Window: fnf=false sanc=true, kni=false, sbf=false
10-12 11:05:26.736 3931-3931/? D/CoverUI: applyFocusableFlag() : Remove SAMSUNG_FLAG_SVIEW_COVER
10-12 11:05:26.736 3435-3992/? D/PowerManagerService: [api] [s] userActivity : event: 0 flags: 0 (uid: 10062 pid: 3931) eventTime = 8945482
10-12 11:05:26.736 3931-3931/? D/StatusBarWindowManager: forceCollapsed : false isKeyguardShowingAndNotOccluded() : true panelVisible : false keyguardFadingAway : false bouncerShowing : true headsUpShowing : false
10-12 11:05:26.736 3435-3992/? D/ConnectivityService: returning getNetworkInfo for network type 0 : [type: MOBILE[] - MOBILE, state: DISCONNECTED/DISCONNECTED, reason: (unspecified), extra: (none), roaming: false, failover: false, isAvailable: true]
10-12 11:05:26.736 3931-3931/? D/CoverUI: applyHeight h = -1, oc = true, fa = false, ac = false, sc = false
10-12 11:05:26.736 3435-3992/? D/ConnectivityService: returning getNetworkInfo for network type 1 : [type: WIFI[] - WIFI, state: CONNECTED/CONNECTED, reason: (unspecified), extra: "WLAN-198160", roaming: false, failover: false, isAvailable: true]
10-12 11:05:26.736 3435-3992/? D/ConnectivityService: returning getNetworkInfo for network type 2 : [type: MOBILE_MMS[] - MOBILE_MMS, state: DISCONNECTED/DISCONNECTED, reason: (unspecified), extra: (none), roaming: false, failover: false, isAvailable: true]
10-12 11:05:26.736 3435-3992/? D/ConnectivityService: returning getNetworkInfo for network type 3 : [type: MOBILE_SUPL[] - MOBILE_SUPL, state: DISCONNECTED/DISCONNECTED, reason: (unspecified), extra: (none), roaming: false, failover: false, isAvailable: true]
10-12 11:05:26.736 3435-3992/? D/ConnectivityService: returning getNetworkInfo for network type 4 : [type: MOBILE_DUN[] - MOBILE_DUN, state: DISCONNECTED/DISCONNECTED, reason: (unspecified), extra: (none), roaming: false, failover: false, isAvailable: true]
10-12 11:05:26.736 3435-3992/? D/ConnectivityService: returning getNetworkInfo for network type 5 : [type: MOBILE_HIPRI[] - MOBILE_HIPRI, state: DISCONNECTED/DISCONNECTED, reason: (unspecified), extra: (none), roaming: false, failover: false, isAvailable: true]
10-12 11:05:26.736 3435-3992/? D/ConnectivityService: returning getNetworkInfo for network type 7 : [type: BLUETOOTH[] - BLUETOOTH, state: DISCONNECTED/DISCONNECTED, reason: (unspecified), extra: (none), roaming: false, failover: false, isAvailable: true]
10-12 11:05:26.736 4449-4545/? D/TranslatorCollection: translateToNwkSvcType: networkType XAN_NWK_TYPE_WLAN
10-12 11:05:26.736 3435-3992/? D/ConnectivityService: returning getNetworkInfo for network type 9 : [type: ETHERNET[] - ETHERNET, state: DISCONNECTED/DISCONNECTED, reason: (unspecified), extra: (none), roaming: false, failover: false, isAvailable: true]
10-12 11:05:26.736 4449-4545/? D/CellLocationSupport: Siso Stack not called RegisterAN yet on XAN_NWK_TYPE_WLAN
10-12 11:05:26.736 3435-3992/? D/ConnectivityService: returning getNetworkInfo for network type 10 : [type: MOBILE_FOTA[] - MOBILE_FOTA, state: DISCONNECTED/DISCONNECTED, reason: (unspecified), extra: (none), roaming: false, failover: false, isAvailable: true]
10-12 11:05:26.736 3435-3992/? D/ConnectivityService: returning getNetworkInfo for network type 11 : [type: MOBILE_IMS[] - MOBILE_IMS, state: DISCONNECTED/DISCONNECTED, reason: (unspecified), extra: (none), roaming: false, failover: false, isAvailable: true]
10-12 11:05:26.736 3435-3992/? D/ConnectivityService: returning getNetworkInfo for network type 12 : [type: MOBILE_CBS[] - MOBILE_CBS, state: DISCONNECTED/DISCONNECTED, reason: (unspecified), extra: (none), roaming: false, failover: false, isAvailable: true]
10-12 11:05:26.736 3435-4200/? D/PowerManagerService: [api] [s] userActivity : event: 0 flags: 0 (uid: 10062 pid: 3931) eventTime = 8945483
10-12 11:05:26.736 3435-3992/? D/ConnectivityService: returning getNetworkInfo for network type 13 : [type: WIFI_P2P[] - WIFI_P2P, state: UNKNOWN/IDLE, reason: (unspecified), extra: (none), roaming: false, failover: false, isAvailable: true]
10-12 11:05:26.736 3435-3992/? D/ConnectivityService: returning getNetworkInfo for network type 14 : [type: MOBILE_IA[] - MOBILE_IA, state: DISCONNECTED/DISCONNECTED, reason: (unspecified), extra: (none), roaming: false, failover: false, isAvailable: true]
10-12 11:05:26.736 3435-3992/? D/ConnectivityService: returning getNetworkInfo for network type 15 : [type: MOBILE_EMERGENCY[] - MOBILE_EMERGENCY, state: DISCONNECTED/DISCONNECTED, reason: (unspecified), extra: (none), roaming: false, failover: false, isAvailable: true]
10-12 11:05:26.736 3435-3992/? D/ConnectivityService: returning getNetworkInfo for network type 17 : [type: VPN[] - VPN, state: DISCONNECTED/DISCONNECTED, reason: (unspecified), extra: (none), roaming: false, failover: false, isAvailable: true]
10-12 11:05:27.086 3435-3435/? D/CustomFrequencyManagerService: releaseDVFSLockLocked : Getting Lock type frm List : DVFS_MIN_LIMIT frequency : 728000 uid : 1000 pid : 3435 tag : GESTURE_DETECTED@CPU_MIN@32
10-12 11:05:27.146 3435-3821/? D/InputReader: Input event(4): value=1 when=8945899118000
10-12 11:05:27.146 3435-3821/? D/InputReader: Input event(4): value=1 when=8945899118000
10-12 11:05:27.146 3435-3821/? I/InputReader: Touch event's action is 0x0 (deviceType=0) [pCnt=1, s=0.554 ] when=8945899118000
10-12 11:05:27.146 3435-3821/? D/InputReader: lastThreadEndTime = 8945477430754, currentThreadStartTime = 8945477436216, diff = 0
10-12 11:05:27.146 3435-3820/? I/InputDispatcher: Delivering touch to (3931): action: 0x0, toolType: 1
10-12 11:05:27.156 3931-3931/? D/ViewRootImpl: ViewPostImeInputStage processPointer 0
10-12 11:05:27.196 3435-3821/? D/InputReader: Input event(4): value=0 when=8945949550000
10-12 11:05:27.196 3435-3821/? D/InputReader: Input event(4): value=0 when=8945949550000
10-12 11:05:27.196 3435-3821/? I/InputReader: Touch event's action is 0x1 (deviceType=0) [pCnt=1, s=] when=8945949550000
10-12 11:05:27.206 3435-3820/? I/InputDispatcher: Delivering touch to (3931): action: 0x1, toolType: 1
10-12 11:05:27.206 3931-3931/? D/ViewRootImpl: ViewPostImeInputStage processPointer 1
10-12 11:05:27.206 3931-3931/? E/KeyguardAbsKeyInputView: verifyPasswordAndUnlock
10-12 11:05:27.216 3175-3175/? I/TlcTeeGatekeeper: teeResult_t TEE_Verify(uint32_t, uint64_t, const uint8_t*, uint32_t, const uint8_t*, uint32_t, uint8_t**, uint32_t*, bool*, int32_t*, const gatekeeper_device*):476 mcMap - current_password_handle
10-12 11:05:27.216 3175-3175/? I/TlcTeeGatekeeper: teeResult_t TEE_Verify(uint32_t, uint64_t, const uint8_t*, uint32_t, const uint8_t*, uint32_t, uint8_t**, uint32_t*, bool*, int32_t*, const gatekeeper_device*):488 mcMap - current_password_handle
10-12 11:05:27.226 3175-3175/? I/TlcTeeGatekeeper: teeResult_t TEE_Verify(uint32_t, uint64_t, const uint8_t*, uint32_t, const uint8_t*, uint32_t, uint8_t**, uint32_t*, bool*, int32_t*, const gatekeeper_device*):500 mcMap - current_password_handle
10-12 11:05:27.246 3175-3175/? E/gatekeeperd: verify ret = 0
10-12 11:05:27.246 3175-3175/? E/GateKeeperService: verify ret = 0
10-12 11:05:27.246 3156-3156/? I/keystore: calling unlock when already unlocked, ignoring.
10-12 11:05:27.246 3435-4133/? D/LockSettingsService: getKeyType :: 2 --> 1
10-12 11:05:27.246 3435-4133/? D/LockSettingsService.KeyMgnt: response0
10-12 11:05:27.246 3435-29787/? D/LockSettingsService.SdpHandler: unlock :: Unlocking user 0, type : PWD
10-12 11:05:27.246 3435-29787/? D/LockSettingsService.SdpHandler: isPwdChangeRequested :: false
10-12 11:05:27.246 3435-29787/? D/SdpManagerService: unlock :: Internal... 0
10-12 11:05:27.246 3435-29787/? D/SdpManagerService: SecureUnlock :: User : 0, Type : 1
10-12 11:05:27.246 3435-29787/? D/SdpManagerService: SecureUnlock :: Not applicable... Skip secure unlock... 0
10-12 11:05:27.246 3435-29787/? D/SdpManagerService: unlock :: onDeviceUnLocked found ECMK 0
10-12 11:05:27.246 3435-29787/? I/KeyManagementUtil: retrieveCMK :: Inside
10-12 11:05:27.246 3435-29787/? D/KeyManagementUtil: verifyKEK :: Inside
10-12 11:05:27.246 3435-29787/? D/KeyManagementUtil: SND -> {keymanagement_cmd verify_kek}
10-12 11:05:27.246 3171-3230/? D/SDP_JNI_SKMM2: [sdp] CALL - VerifyKEK.....
10-12 11:05:27.246 3171-3230/? D/SDP_JNI_SKMM2: verifyKEK .....
10-12 11:05:27.256 3171-3230/? D/SDP_JNI_SKMM2: verifyKEK :: id=0, type=PWD
10-12 11:05:27.256 3171-3230/? E/SDP_DAEMON_SKMM2: int __read_payload(int, void*, size_t)(size:660)
10-12 11:05:27.256 3171-3230/? I/TeeDriverClient: driver client open [hardware/samsung_slsi/exynos8890/mobicore/ClientLib/src/driver_client.cpp:103]
10-12 11:05:27.256 3171-3230/? D/SKMM_v2.0_Mobicore_Helper: Try Trustlet Open Session
10-12 11:05:27.266 3435-4643/? D/SettingsProvider: isChangeAllowed() : name = lockscreen.failedUnlockAttemptNumber
10-12 11:05:27.266 3435-4643/? D/SecContentProvider: query(), uri = 17 selection = isSettingsChangesAllowed
10-12 11:05:27.266 3435-4643/? D/SettingsProvider: edmUri: content://com.sec.knox.provider/RestrictionPolicy3
10-12 11:05:27.266 3435-4643/? D/SettingsProvider: projectionArgs: isSettingsChangesAllowed
10-12 11:05:27.266 3435-4643/? D/SettingsProvider: selectionArgs: false
10-12 11:05:27.266 3435-4643/? D/SettingsProvider: selectionArgs: 10062
10-12 11:05:27.266 3435-4643/? D/SettingsProvider: ret = -1
10-12 11:05:27.276 3435-3540/? V/BroadcastQueue: [background] Process cur broadcast BroadcastRecord{6028452 u0 com.samsung.android.providers.context.log.action.REPORT_APP_STATUS_SURVEY qIdx=4}, state= (APP_RECEIVE) DELIVERED for app ProcessRecord{66cefe7 5380:com.samsung.android.providers.context/u0a7}
10-12 11:05:27.276 3931-3931/? D/KeyguardSecurityView: showNextSecurityScreenOrFinish(true)
10-12 11:05:27.276 3931-3931/? D/KeyguardViewBase: finish mViewMediatorCallback.keyguardDone
10-12 11:05:27.276 3931-3931/? D/KeyguardViewMediator: keyguardDone(true)
10-12 11:05:27.276 3931-3931/? D/KeyguardFingerPrint: reportSuccessfulStrongAuthUnlockAttempt()
10-12 11:05:27.296 3171-3230/? I/SDP_DAEMON_SKMM2: Initialized Successfully(0)
10-12 11:05:27.296 3171-3230/? I/SDP_DAEMON_SKMM2: security.mdpp(Ready)
10-12 11:05:27.296 3171-3230/? I/SDP_DAEMON_SKMM2: security.mdpp.mass(skmm)
10-12 11:05:27.296 2975-3069/? I/DirEncryption: command (password)
10-12 11:05:27.306 2975-3069/? I/ODE_KeyManager: HeaderInfo (80000290)
10-12 11:05:27.306 2975-3069/? I/ODE_KeyManagerSKMM: android::KeyManagerSKMM::KeyManagerSKMM(uint32_t) : Created (20000)
10-12 11:05:27.306 2975-3069/? I/SecureStorage: [INFO]: SPID(0x0000001E)Checking if this device supports Secure Storage
10-12 11:05:27.316 3931-3931/? D/KeyguardViewMediator: handleKeyguardDone
10-12 11:05:27.316 3931-3931/? D/KeyguardViewMediator: onSdpUnlocked :: Inside...
10-12 11:05:27.316 3931-3931/? D/KeyguardViewMediator: isPwdChangeRequested :: false
10-12 11:05:27.316 3931-3931/? D/KeyguardViewMediator: onSdpUnlocked :: Active quality = 196608
10-12 11:05:27.316 3931-3931/? D/KeyguardViewMediator: onSdpUnlocked :: User 0 has credential to verify... Skipped...
10-12 11:05:27.316 3931-3931/? D/KeyguardViewMediator: handleHide
10-12 11:05:27.346 2975-3069/? I/SecureStorage: [INFO]: SPID(0x0000001E)This device supports Secure Storage
10-12 11:05:27.346 3008-3008/? I/SecureStorage: [INFO]: SPID(0x0000001E)Credentials: uid 0, gid 0, pid 2975
10-12 11:05:27.346 3008-3008/? I/SecureStorage: [INFO]: SPID(0x0000001E)Received function mask & code: 0x0000010C
10-12 11:05:27.346 2975-3069/? I/SecureStorage: [INFO]: SPID(0x0000001E)SS Daemon is running
10-12 11:05:27.346 2975-3069/? I/SecureStorage: [INFO]: SPID(0x0000001E)Processing data
10-12 11:05:27.346 3008-3008/? I/SecureStorage: [INFO]: SPID(0x0000001E)Credentials: uid 0, gid 0, pid 2975
10-12 11:05:27.346 3008-3008/? I/SecureStorage: [INFO]: SPID(0x0000001E)Received function mask & code: 0x00000107
10-12 11:05:27.356 2975-3069/? I/SecureStorage: [INFO]: SPID(0x0000001F)ss_id will be loaded by secure_storage_daemon: /system/bin/vold
10-12 11:05:27.376 3171-3230/? D/SKMM_v2.0_Mobicore_Helper: Send Trustlet TCI Message
10-12 11:05:27.396 3171-3230/? I/TeeDriverClient: driver client closed [hardware/samsung_slsi/exynos8890/mobicore/ClientLib/src/driver_client.cpp:113]
10-12 11:05:27.396 3171-3230/? D/SDP_JNI_SKMM2: verifyKEK ..... End
10-12 11:05:27.406 3435-3830/? D/KeyManagementUtil: RCV <-
10-12 11:05:27.406 3435-29787/? D/KeyManagementUtil: RMV <-
10-12 11:05:27.406 3435-29787/? D/KeyManagementUtil: event called.
10-12 11:05:27.406 3435-29787/? D/SdpManagerService: cacheMasterKey :: 0
10-12 11:05:27.406 3435-29787/? E/SDP.CRYPTO: int sdp_drv_on_unlocked(int, const char*, int)(0)
10-12 11:05:27.406 3435-29787/? E/SDP.CRYPTO: Rpri loaded
10-12 11:05:27.406 3435-29787/? E/SDP.CRYPTO: Dpri loaded
10-12 11:05:27.406 3435-29787/? E/SDP.CRYPTO: No hash for ECDH verification.. need to migrate??
10-12 11:05:27.406 3435-29787/? E/SDP.CRYPTO: EDpri loaded
10-12 11:05:27.406 3435-29787/? E/SDP.CRYPTO: sym loaded
10-12 11:05:27.406 3435-29787/? E/SDP.CRYPTO: On User Unlock OK, id 0
10-12 11:05:27.406 3435-29787/? E/SdpManagerService: sendBroadcastAsUser(INTENT_SDP_STATE_CHANGED, state:2)
10-12 11:05:27.406 3435-29787/? D/LockSettingsService.SDP: Clear credential...
10-12 11:05:27.406 2975-3069/? I/SecureStorage: [INFO]: SPID(0x0000001F)Processing data has been completed
10-12 11:05:27.406 2975-3069/? I/ODE_KeyManagerSKMM: virtual android::KeyManagerSKMM::~KeyManagerSKMM() : Destory
10-12 11:05:27.406 2975-3069/? I/DirEncryption: Skip EDK update:: same password
10-12 11:05:27.406 3008-3008/? I/SecureStorage: [INFO]: SPID(0x0000001F)Secure Storage Daemon finished processing with result: 0
10-12 11:05:27.416 3435-3540/? V/BroadcastQueue: [foreground] Process cur broadcast BroadcastRecord{c01edd9 u0 com.sec.sdp.SDP_STATE_CHANGED qIdx=2}, state= (APP_RECEIVE) DELIVERED for app ProcessRecord{9d51ed7 29195:com.sec.android.app.sbrowser/u0a131}
10-12 11:05:27.416 3435-4643/? E/SdpServiceKeeper: isLicensed {pid:29195 uid:10131 userid:0 doPkg:null}
10-12 11:05:27.416 3435-4643/? E/SdpServiceKeeper: White listed. Skip license activation
10-12 11:05:27.426 29195-29195/? E/SdpStateChangedReceiver: com.sec.enterprise.knox.sdp.exception.SdpEngineNotExistsException
10-12 11:05:27.436 4327-4327/? D/Launcher: onRestart, Launcher: 61231026
10-12 11:05:27.446 3435-3435/? D/GameManagerService: NotifyRunnable. pkg: com.sec.android.app.launcher, type: 4, isMinimized: false, isTunableApp: false
10-12 11:05:27.446 3435-3540/? V/MARsPolicyManager: updatePackagesScore PackageInfo name -- com.sec.android.app.launcher
10-12 11:05:27.466 3435-3846/? D/NetworkPolicy: isUidForegroundLocked: 10068, mScreenOn: true, uidstate: 2, mProxSensorScreenOff: false
10-12 11:05:27.466 3931-3931/? D/KeyguardViewMediator: Calling keyguardGoingAway of WindowManager
10-12 11:05:27.466 4327-4327/? D/Launcher: onStart, Launcher: 61231026
10-12 11:05:27.466 4327-4327/? D/Launcher.HomeView: onStart
10-12 11:05:27.466 4327-4327/? D/Launcher: onResume, Launcher: 61231026
10-12 11:05:27.476 3435-4803/? D/SettingsProvider: isChangeAllowed() : name = kids_home_mode
10-12 11:05:27.476 3435-4803/? D/SecContentProvider: query(), uri = 17 selection = isSettingsChangesAllowed
10-12 11:05:27.476 3435-4803/? D/SettingsProvider: edmUri: content://com.sec.knox.provider/RestrictionPolicy3
10-12 11:05:27.476 3435-4803/? D/SettingsProvider: projectionArgs: isSettingsChangesAllowed
10-12 11:05:27.476 3435-4803/? D/SettingsProvider: selectionArgs: false
10-12 11:05:27.476 3435-4803/? D/SettingsProvider: selectionArgs: 10065
10-12 11:05:27.476 3435-4803/? D/SettingsProvider: ret = -1
10-12 11:05:27.486 4327-4327/? D/Launcher.HomeView: onResume
10-12 11:05:27.486 3931-3931/? D/KeyguardViewMediator: handleStartKeyguardExitAnimation
10-12 11:05:27.486 3931-3931/? E/KeyguardViewMediator: setShowingLocked mShowing = false
10-12 11:05:27.486 4327-4327/? D/capture: ---------checkFileExist land
10-12 11:05:27.486 4327-4327/? D/capture: currentOrientation: 1 mMainHomeScreenshot: false mMainHomeScreenshotLand: true
10-12 11:05:27.486 3931-3931/? D/StatusBar-Window: fnf=true sanc=false, kni=false, sbf=false
10-12 11:05:27.486 3931-3931/? D/CoverUI: applyFocusableFlag() : Remove SAMSUNG_FLAG_SVIEW_COVER
10-12 11:05:27.486 3931-3931/? D/StatusBarWindowManager: forceCollapsed : false isKeyguardShowingAndNotOccluded() : false panelVisible : false keyguardFadingAway : false bouncerShowing : true headsUpShowing : false
10-12 11:05:27.486 3931-3931/? D/CoverUI: applyHeight h = -1, oc = false, fa = false, ac = false, sc = false
10-12 11:05:27.496 3931-3931/? D/StatusBar-Window: Bouncer LP changed!!! = 67108901, height = 0
10-12 11:05:27.496 3931-3931/? D/StatusBar-Window: fnf=true sanc=false, kni=false, sbf=false
10-12 11:05:27.496 3931-3931/? D/CoverUI: applyFocusableFlag() : Remove SAMSUNG_FLAG_SVIEW_COVER
10-12 11:05:27.496 3931-3931/? D/StatusBarWindowManager: forceCollapsed : false isKeyguardShowingAndNotOccluded() : false panelVisible : false keyguardFadingAway : true bouncerShowing : true headsUpShowing : false
10-12 11:05:27.496 3931-3931/? D/CoverUI: applyHeight h = -1, oc = false, fa = true, ac = false, sc = false
10-12 11:05:27.496 3931-3931/? D/StatusBar-Window: Bouncer LP changed!!! = 84164645, height = -1
10-12 11:05:27.496 3931-3931/? D/KeyguardEffectViewController: setKeyguardFadingAway = true
10-12 11:05:27.496 3931-3931/? D/KeyguardEffectViewController: mShowing=true, mOccluded=false, mKeyguardFadingAway=true, match_parent=true
10-12 11:05:27.496 3931-3931/? D/KeyguardEffectViewController: setKeyguardShowing = false
10-12 11:05:27.496 3931-3931/? D/KeyguardEffectViewController: mShowing=false, mOccluded=false, mKeyguardFadingAway=true, match_parent=true
10-12 11:05:27.506 3435-3540/? V/BroadcastQueue: [background] Process cur broadcast BroadcastRecord{f0d2e7f u0 com.android.launcher.action.HOME_MODE_CHANGE qIdx=4}, state= (APP_RECEIVE) DELIVERED for app ProcessRecord{581c2e1 28597:com.sec.android.app.clockpackage/u0a86}
10-12 11:05:27.506 4327-4327/? D/MenuAppsGridFragment: onResume
10-12 11:05:27.506 4327-4327/? D/MenuAppsGridFragment: changeState: (new)NORMAL(old)NORMAL(force)false
10-12 11:05:27.506 3435-3992/? D/ActivityManager: post active user change for 0 fullscreen true isFloatingActivity() false isHomeActivity() true
10-12 11:05:27.506 3435-3992/? I/WallpaperManagerService: switchPersonaWallpaper is called for personaId-0
10-12 11:05:27.506 3435-3992/? D/KnoxTimeoutHandler: post home show event for user 0
10-12 11:05:27.506 3435-3992/? D/KnoxTimeoutHandler: postActiveUserChange [MsgParam] userId: 0 fullscreen is true showWhenlocked is false
10-12 11:05:27.506 3435-3435/? D/WallpaperManagerService: force update = false; persona id = 0; current user =0; current persona = 0
10-12 11:05:27.506 3435-3435/? D/KnoxTimeoutHandler: handleHomeShow for 0 and current 0
10-12 11:05:27.506 3435-3435/? D/KnoxTimeoutHandler: handleActiveUserChange [MsgParam] userId: 0 fullscreen is true showWhenlocked is false
10-12 11:05:27.506 3435-3435/? I/KnoxTimeoutHandler: Shared devices show user statefalse
10-12 11:05:27.506 3931-3931/? V/KeyguardUpdateMonitor: *** unregister callback for com.android.keyguard.EmergencyButton$1@7d9e8f4
10-12 11:05:27.506 3931-3931/? D/KeyguardPinBasedInputView: onDetachedFromWindow
10-12 11:05:27.516 4327-4327/? I/Timeline: Timeline: Activity_idle id: android.os.BinderProxy@18bec95 time:8946263
10-12 11:05:27.516 3931-3931/? V/KeyguardUpdateMonitor: *** unregister callback for com.android.keyguard.KeyguardSecurityContainer$1@2fe0cfb
10-12 11:05:27.516 3931-3931/? D/StatusBar-Window: fnf=true sanc=false, kni=false, sbf=false
10-12 11:05:27.516 3931-3931/? D/CoverUI: applyFocusableFlag() : Remove SAMSUNG_FLAG_SVIEW_COVER
10-12 11:05:27.516 3931-3931/? D/StatusBarWindowManager: forceCollapsed : false isKeyguardShowingAndNotOccluded() : false panelVisible : false keyguardFadingAway : true bouncerShowing : false headsUpShowing : false
10-12 11:05:27.516 3931-3931/? D/CoverUI: applyHeight h = -1, oc = false, fa = true, ac = false, sc = false
10-12 11:05:27.516 3931-3931/? D/StatusBar-Window: Bouncer LP changed!!! = 16384, height = -1
10-12 11:05:27.526 3931-3931/? D/PhoneStatusBar: disable: < expand icons* alerts system_info* back HOME RECENT clock SEARCH quick_settings
> 10-12 11:05:27.526 3931-3931/? D/KeyguardUpdateMonitor: onKeyguardVisibilityChanged(false)
10-12 11:05:27.536 3435-3992/? V/BroadcastQueue: [background] Process cur broadcast BroadcastRecord{f0d2e7f u0 com.android.launcher.action.HOME_MODE_CHANGE qIdx=4}, state= (APP_RECEIVE) DELIVERED for app ProcessRecord{581c2e1 28597:com.sec.android.app.clockpackage/u0a86}
10-12 11:05:27.546 3931-3931/? V/KeyguardFingerPrint: updateFingerprintListeningState(false)
10-12 11:05:27.546 3931-3931/? D/KeyguardFingerPrint: shouldListenForFingerprint ( FingerPrint is not enabled. )
10-12 11:05:27.546 3931-3931/? V/KeyguardUpdateMonitor: stopListeningForFingerprint()
10-12 11:05:27.546 3931-3931/? D/KeyguardUpdateMonitor: sendKeyguardBouncerChanged(false)
10-12 11:05:27.556 3435-3992/? V/BroadcastQueue: [background] Process cur broadcast BroadcastRecord{f0d2e7f u0 com.android.launcher.action.HOME_MODE_CHANGE qIdx=4}, state= (APP_RECEIVE) DELIVERED for app ProcessRecord{581c2e1 28597:com.sec.android.app.clockpackage/u0a86}
10-12 11:05:27.556 3931-3931/? D/KeyguardViewMediator: adjustStatusBarLocked: mShowing=false mOccluded=false isSecure=true --> flags=0x0
10-12 11:05:27.556 3435-3475/? D/StatusBarManagerService: manageDisableList userId=0 what=0x0 pkg=com.android.systemui
10-12 11:05:27.566 3931-3931/? D/KeyguardFingerPrint: setDisableFingerPrintBySecurityDialog( false )
10-12 11:05:27.566 3435-3435/? E/MotionRecognitionService: mReceiver.onReceive : ACTION_USER_PRESENT :: UNLOCK SCREEN
10-12 11:05:27.566 3931-3931/? D/WallpaperService: updateSurface:[forceRelayout]false[redrawNeeded]false
10-12 11:05:27.566 3931-3931/? D/ImageWallpaper: onVisibilityChanged:true
10-12 11:05:27.566 3931-3931/? D/ImageWallpaper: drawFrame:false rotation:0 mLastRotation:0
10-12 11:05:27.566 3435-3435/? W/ResourcesManager: getTopLevelResources: /system/priv-app/LiveBroadcast/LiveBroadcast.apk / 1.0 running in null rsrc of package com.sec.android.app.camera.plb
10-12 11:05:27.566 3931-3931/? D/ImageWallpaper: drawFrame:[frame.width()]2240[frame.height()]2560
10-12 11:05:27.566 3931-3931/? D/ImageWallpaper: Suppressed drawFrame since redraw is not needed and offsets have not changed.
10-12 11:05:27.566 3435-3435/? D/ResourcesManager: For user 0 new overlays fetched Null
10-12 11:05:27.566 3435-3435/? W/ResourcesManager: getTopLevelResources: /system/priv-app/LiveBroadcast/LiveBroadcast.apk / 1.0 running in null rsrc of package com.sec.android.app.camera.plb
10-12 11:05:27.566 3435-3435/? W/ResourcesManager: getTopLevelResources: /system/priv-app/SamsungCamera5/SamsungCamera5.apk / 1.0 running in null rsrc of package com.sec.android.app.camera
10-12 11:05:27.576 3435-3435/? D/ResourcesManager: For user 0 new overlays fetched Null
10-12 11:05:27.576 3435-3435/? W/ResourcesManager: getTopLevelResources: /system/priv-app/SamsungCamera5/SamsungCamera5.apk / 1.0 running in null rsrc of package com.sec.android.app.camera
10-12 11:05:27.576 3435-3435/? W/ResourcesManager: getTopLevelResources: /system/app/STalkback/STalkback.apk / 1.0 running in null rsrc of package com.samsung.android.app.talkback
10-12 11:05:27.576 3435-3435/? D/ResourcesManager: For user 0 new overlays fetched Null
10-12 11:05:27.576 3435-3435/? W/ResourcesManager: getTopLevelResources: /system/app/STalkback/STalkback.apk / 1.0 running in null rsrc of package com.samsung.android.app.talkback
10-12 11:05:27.576 3435-3435/? W/ResourcesManager: getTopLevelResources: /system/app/UniversalSwitch/UniversalSwitch.apk / 1.0 running in null rsrc of package com.samsung.android.universalswitch
10-12 11:05:27.586 3435-3435/? D/ResourcesManager: For user 0 new overlays fetched Null
10-12 11:05:27.586 3435-3435/? W/ResourcesManager: getTopLevelResources: /system/app/UniversalSwitch/UniversalSwitch.apk / 1.0 running in null rsrc of package com.samsung.android.universalswitch
10-12 11:05:27.586 3435-3435/? D/UniversalCredentialManagerService: inside mBReciever onReceive : android.intent.action.USER_PRESENT
10-12 11:05:27.586 3435-3435/? D/LightsService: [api] [SvcLED] turnOff:: id = 6 (uid: 1000 pid: 3435)
10-12 11:05:27.586 3435-3435/? D/LightsService: [SvcLED] setSvcLedStateLocked:: SvcLEDState : 0x0 -> 0x0 | SvcLED(id=6) set Off
10-12 11:05:27.586 3435-3576/? D/LightsService: [SvcLED] handleForcedSvcLEDTask()
10-12 11:05:27.586 3435-3435/? D/UsbDeviceManager: Keyguard Lock/Unlock
10-12 11:05:27.586 3435-3576/? D/LightsService: [SvcLED] setSvcLedLightLocked :: Current SvcLED(id=5) maintains its priority right
10-12 11:05:27.586 3435-3435/? D/UsbDeviceManager: updateUsbNotification : mConnected = true, mConfigured = true, mCurrentFunctions = mtp,adb
10-12 11:05:27.586 3435-3435/? D/UsbDeviceManager: mps exists
10-12 11:05:27.586 3435-3435/? D/SecContentProvider: query(), uri = 18 selection = isUsbMediaPlayerAvailable
10-12 11:05:27.596 3435-4825/? D/CoverManagerWhiteLists: isAllowedToUse : SIGNATURE_MATCH
10-12 11:05:27.596 3435-3435/? D/UsbDeviceManager: isUsb30Enabled: read '/sys/class/android_usb/android0/bcdUSB', state = 0200
10-12 11:05:27.596 3435-3435/? D/UsbDeviceManager: updateUsbNotification : cancel id = 17040367, title = USB for file transfer
10-12 11:05:27.596 3435-3435/? D/UsbDeviceManager: updateUsbNotification : isKeyguardShowingAndNotOccluded = false, isKeyguardSecure = true, mBootCompleted = true
10-12 11:05:27.596 8339-8339/? E/SamsungIME: invoke(): method is null
10-12 11:05:27.596 8339-8339/? D/SamsungIME: showDlgMsgBox : false true true
10-12 11:05:27.606 3435-3541/? D/StatusBarManagerService: manageDisableList userId=0 what=0x0 pkg=Window{f7dde41 u0 d0 Bouncer}
10-12 11:05:27.606 3435-3974/? V/AlarmManager: remove PendingIntent] PendingIntent{2e27f11: PendingIntentRecord{300c993 com.google.android.gms broadcastIntent}}
10-12 11:05:27.606 3435-3474/? D/PowerManagerService: [api] setUserActivityTimeoutOverrideFromWindowManagerInternal: timeoutMillis: -1
10-12 11:05:27.606 3435-3474/? D/PowerManagerService: [s] getScreenOffTimeoutLocked: 10000 -> 30000
10-12 11:05:27.606 3435-3474/? D/PowerManagerService: [api] setScreenDimDurationOverrideFromWindowManagerInternal: timeoutMillis: -1
10-12 11:05:27.606 4300-16814/? D/NfcService: call the applyRouting
10-12 11:05:27.616 3931-3931/? D/KeyguardUpdateMonitor: handleKeyguardBouncerChanged(0)
10-12 11:05:27.616 3931-3931/? V/KeyguardFingerPrint: updateFingerprintListeningState(false)
10-12 11:05:27.616 3931-3931/? D/KeyguardFingerPrint: shouldListenForFingerprint ( FingerPrint is not enabled. )
10-12 11:05:27.616 3931-3931/? V/KeyguardUpdateMonitor: stopListeningForFingerprint()
10-12 11:05:27.636 3435-3992/? V/BroadcastQueue: [background] Process cur broadcast BroadcastRecord{f0d2e7f u0 com.android.launcher.action.HOME_MODE_CHANGE qIdx=4}, state= (APP_RECEIVE) DELIVERED for app ProcessRecord{581c2e1 28597:com.sec.android.app.clockpackage/u0a86}
10-12 11:05:27.636 3435-3435/? D/ApplicationPolicy: isStatusBarNotificationAllowedAsUser: packageName = android,userId = -1
10-12 11:05:27.636 3435-3435/? D/UsbDeviceManager: updateUsbNotification : notify id = 17040367, title = USB for file transfer
10-12 11:05:27.636 3435-3435/? I/MdnieScenarioControlService: action : android.intent.action.USER_PRESENT
10-12 11:05:27.636 3931-3931/? D/PhoneStatusBar: disable: < expand icons alerts system_info back home* recent* clock search* quick_settings
> 10-12 11:05:27.656 29792-29792/? E/Zygote: v2
10-12 11:05:27.656 29792-29792/? I/libpersona: KNOX_SDCARD checking this for 1000
10-12 11:05:27.656 29792-29792/? I/SELinux: Function: selinux_compare_spd_ram, index[1], SPD-policy is existed. and_ver=SEPF_SECMOBILE_6.0.1 ver=11
10-12 11:05:27.656 29792-29792/? I/libpersona: KNOX_SDCARD not a persona
10-12 11:05:27.656 29792-29792/? W/SELinux: Function: selinux_compare_spd_ram, index[1], priority [2], priority version is VE=SEPF_SECMOBILE_6.0.1_0013
10-12 11:05:27.656 29792-29792/? E/Zygote: accessInfo : 0
10-12 11:05:27.666 3435-3992/? I/ActivityManager: Start proc 29792:com.samsung.android.sm/1000 for broadcast-3 com.samsung.android.sm/.ui.applocking.AppLockingUserReceiver
10-12 11:05:27.676 3435-3435/? D/MdnieScenarioControlService: packageName : com.sec.android.app.launcher className : com.sec.android.app.launcher.activities.LauncherActivity
10-12 11:05:27.676 3435-3435/? D/UniversalCredentialManagerService: ****MSG_LOCK_STATUS_UPDATE block started****
10-12 11:05:27.676 3435-3870/? I/MdnieScenarioControlService: mGameModeLauncher : false
10-12 11:05:27.676 3435-3435/? D/UniversalCredentialManagerService: notifyChangeToPlugin is called for Lock status update...
10-12 11:05:27.676 3435-3870/? I/MdnieScenarioControlService: setUIMode
10-12 11:05:27.676 3435-3435/? D/UcmService: notifyChangeToPlugin event 16
10-12 11:05:27.676 3435-3435/? D/UcmService: checkCallerPermissionFor is called for method-notifyChangeToPlugin
10-12 11:05:27.676 3435-3435/? I/UcmService: checkIfNotify for cs Name = com.sec.smartcard.manager:com.samsung.ucs.agent.baiMobile Package name = com.sec.smartcard.manager
10-12 11:05:27.676 3435-3435/? D/UcmService: notifying to unmanaged plugin
10-12 11:05:27.676 4356-4371/? E/ucsBai_agentService: notifyChange NOT SUPPORTED
10-12 11:05:27.676 3435-3435/? D/UcmService: agentService com.sec.smartcard.manager:com.samsung.ucs.agent.baiMobile notify status - 0
10-12 11:05:27.676 3435-3435/? D/UcmService: agentService status-0
10-12 11:05:27.676 3435-3435/? I/UcmService: checkIfNotify for cs Name = com.samsung.ucs.agent.ese:eSE Credential Storage Package name = com.samsung.ucs.agent.ese
10-12 11:05:27.676 3435-3435/? D/UcmService: notifying to managed plugin
10-12 11:05:27.676 3435-3435/? D/UcmService: checkIfNotify: Valid userid - 0
10-12 11:05:27.676 3435-3435/? D/PolicyManager: PolicyManager.isStorageEnabled() for userId = 0
10-12 11:05:27.676 3435-3435/? D/UniversalCredentialManagerService: checkCallerPermissionFor is called for method-isCredentialStorageManagedAsUser
10-12 11:05:27.676 3435-3435/? D/UniversalCredentialManagerService: isCredentialStorageManagedAsUser is called....
10-12 11:05:27.676 3435-3435/? D/PolicyManager: PolicyManager.isStorageEnabled() result = false
10-12 11:05:27.676 3435-3435/? D/UcmService: agentService com.samsung.ucs.agent.ese:eSE Credential Storage not notified
10-12 11:05:27.676 3435-3435/? D/UcmService: agentService status-0
10-12 11:05:27.676 3435-3435/? I/UcmService: checkIfNotify for cs Name = com.samsung.ucs.agent.boot:com.samsung.ucs.agent.boot Package name = com.samsung.ucs.agent.boot
10-12 11:05:27.676 3435-3435/? D/UcmService: notifying to unmanaged plugin
10-12 11:05:27.686 4385-4403/? D/BootAgentService: notifyChange eventId-16
10-12 11:05:27.686 3435-3435/? D/UcmService: agentService com.samsung.ucs.agent.boot:com.samsung.ucs.agent.boot notify status - -1
10-12 11:05:27.686 3435-3435/? D/UcmService: agentService status--1
10-12 11:05:27.686 3435-3435/? D/UniversalCredentialManagerService: ****MSG_LOCK_STATUS_UPDATE block ended****
10-12 11:05:27.686 3435-3435/? D/LightsService: [api] [SvcLED] turnOff:: id = 6 (uid: 1000 pid: 3435)
10-12 11:05:27.686 3435-3435/? D/LightsService: [SvcLED] setSvcLedStateLocked:: SvcLEDState : 0x0 -> 0x0 | SvcLED(id=6) set Off
10-12 11:05:27.686 3435-3435/? D/EdgeLight: Turning off
10-12 11:05:27.686 3435-3435/? I/PalmMotion: [PALM] SURFACE_MOTION_ENGINE: 1 SURFACE_PALM_TOUCH: 1
10-12 11:05:27.686 3435-3576/? D/LightsService: [SvcLED] handleForcedSvcLEDTask()
10-12 11:05:27.686 3435-3435/? I/PalmMotion: [PALM] SURFACE_PALM_SWIPE: 1
10-12 11:05:27.686 3435-3576/? D/LightsService: [SvcLED] setSvcLedLightLocked :: Current SvcLED(id=5) maintains its priority right
10-12 11:05:27.686 3435-3435/? D/PalmMotion: [PALM] SETTINGS : [TOUCH: true] [SWEEP: true]
10-12 11:05:27.686 3435-3435/? D/PalmMotion: [PALM] ACCEPTED : [default] PALM_CNT : 3, M_TOUCH : 1000.0, M_SWEEP : 100.0, E_SWEEP : 2.0, IGNORE_M_SWEEP : false
10-12 11:05:27.686 3435-3435/? W/ResourcesManager: getTopLevelResources: /system/framework/framework-res.apk / 1.0 running in null rsrc of package android
10-12 11:05:27.696 3435-3435/? D/MARsPolicyManager: NotificationListenerService OngoingNotificationPosted : android
10-12 11:05:27.696 3931-3931/? D/PhoneStatusBar: hideKeyguard: state - 1, leaveOpen: false
10-12 11:05:27.696 3931-3931/? D/PhoneStatusBar: setBarState: state - 0
10-12 11:05:27.696 3931-3931/? D/StatusBar-Window: fnf=true sanc=false, kni=false, sbf=false
10-12 11:05:27.696 3931-3931/? D/CoverUI: applyFocusableFlag() : Remove SAMSUNG_FLAG_SVIEW_COVER
10-12 11:05:27.696 3931-3931/? D/StatusBarWindowManager: forceCollapsed : false isKeyguardShowingAndNotOccluded() : false panelVisible : false keyguardFadingAway : true bouncerShowing : false headsUpShowing : false
10-12 11:05:27.696 3931-3931/? D/CoverUI: applyHeight h = -1, oc = false, fa = true, ac = false, sc = false
10-12 11:05:27.696 3931-3931/? D/StatusBar-Window: Bouncer LP changed!!! = 67108900, height = -1
10-12 11:05:27.696 3931-3931/? I/PhoneStatusBar: updateKeyguardState 1 to 0
10-12 11:05:27.706 29792-29792/? D/TimaKeyStoreProvider: TimaSignature is unavailable
10-12 11:05:27.706 29792-29792/? D/ActivityThread: Added TimaKeyStore provider
10-12 11:05:27.706 3931-3931/? D/PanelView: setKeyguardBottomAreaVisibility() prevState=1, newState - 0 goingToShade - false
10-12 11:05:27.706 3931-3931/? D/PanelView: updateQsState
10-12 11:05:27.716 4300-16814/? D/SecNfcJni: RoutingManager::commitRouting
10-12 11:05:27.716 4300-5758/? D/SecNfcJni: RoutingManager::nfaEeCallback: NFA_EE_UPDATED_EVT
10-12 11:05:27.716 3435-4337/? V/BroadcastQueue: [background] Process cur broadcast BroadcastRecord{54d7876 u0 android.intent.action.USER_PRESENT qIdx=4}, state= (APP_RECEIVE) DELIVERED for app ProcessRecord{df46e77 29792:com.samsung.android.sm/1000}
10-12 11:05:27.716 3931-3931/? D/KeyguardSecurityModel: getSecurityMode( getActivePasswordQuality = 196608 , currentuser = 0
10-12 11:05:27.726 3931-3931/? D/StatusBar-Window: fnf=true sanc=false, kni=false, sbf=false
10-12 11:05:27.726 3931-3931/? D/CoverUI: applyFocusableFlag() : Remove SAMSUNG_FLAG_SVIEW_COVER
10-12 11:05:27.726 3931-3931/? D/StatusBarWindowManager: forceCollapsed : false isKeyguardShowingAndNotOccluded() : false panelVisible : false keyguardFadingAway : false bouncerShowing : false headsUpShowing : false
10-12 11:05:27.726 3931-3931/? D/CoverUI: applyHeight h = 96, oc = false, fa = false, ac = false, sc = false
10-12 11:05:27.726 3931-3931/? D/StatusBar-Window: Bouncer LP changed!!! = 67108901, height = 0
10-12 11:05:27.726 3931-3931/? D/KeyguardEffectViewController: setKeyguardFadingAway = false
10-12 11:05:27.726 3931-3931/? D/KeyguardEffectViewController: mShowing=false, mOccluded=false, mKeyguardFadingAway=false, match_parent=true
10-12 11:05:27.726 3931-3931/? D/KeyguardEffectViewController: ## mBackgroundView.onPause()
10-12 11:05:27.726 3931-3931/? D/KeyguardEffectViewLayered: onPause()
10-12 11:05:27.726 29792-29792/? W/ResourcesManager: getTopLevelResources: /system/priv-app/SmartManager_v3_NoIcon/SmartManager_v3_NoIcon.apk / 1.0 running in com.samsung.android.sm rsrc of package com.samsung.android.sm
10-12 11:05:27.726 3435-4337/? I/InjectionManagerService -AppFeature: getCoreFeaturePkgList :[]
10-12 11:05:27.726 29792-29792/? I/InjectionManager: Inside getClassLibPath + mLibMap{0=, 1=}
10-12 11:05:27.726 3931-4164/? D/BluetoothTile: handleUpdateState : supported = true, enabled = false, enabling = false, connected = false, connecting = false, mController.getLastDeviceName() = null
10-12 11:05:27.726 3931-4164/? D/AirplaneModeTile: getQSTileMultiState 2
10-12 11:05:27.736 3931-4164/? D/FlashlightTile: handleUpdateState : MultiState[visible=true,icon=ResourceIcon[resId=0x7f020363],label=Torch,contentDescription=Torch Button Off.,dualLabelContentDescription=null,autoMirrorDrawable=false,secondaryLabel=null,textTruncate=true,value=2,bgValue=0] arg : null
10-12 11:05:27.736 29792-29792/? D/ResourcesManager: For user 0 new overlays fetched Null
10-12 11:05:27.736 4300-16814/? D/NfcService: index : 0
10-12 11:05:27.736 4300-16814/? D/NfcService: index : 1
10-12 11:05:27.736 4300-16814/? D/NfcService: index : 2
10-12 11:05:27.736 3931-4164/? D/HotspotTile: handleUpdateState :mState.value = 2, 2
10-12 11:05:27.736 29792-29792/? I/InjectionManager: Inside getClassLibPath caller
10-12 11:05:27.736 3931-4164/? D/PersonalModeTile: getMState state = 2
10-12 11:05:27.746 3931-4164/? D/NfcTile: getNfcTileState : nfcState 3
10-12 11:05:27.746 3931-4164/? D/AodTile: ExclusiveFeature getCount = 0
10-12 11:05:27.746 3931-4164/? D/AodTile: handleUpdateState : MultiState[visible=true,icon=ResourceIcon[resId=0x7f020367],label=Always on display,contentDescription=Always on display Button On.,dualLabelContentDescription=null,autoMirrorDrawable=false,secondaryLabel=null,textTruncate=false,value=1,bgValue=0] arg : null
10-12 11:05:27.756 29792-29792/? D/InjectionManager: InjectionManager
10-12 11:05:27.756 29792-29792/? D/InjectionManager: fillFeatureStoreMap com.samsung.android.sm
10-12 11:05:27.756 29792-29792/? I/InjectionManager: Constructor com.samsung.android.sm, Feature store :{}
10-12 11:05:27.756 29792-29792/? I/InjectionManager: featureStore :{}
10-12 11:05:27.756 3004-3013/? D/libEGL: eglTerminate EGLDisplay = 0x7fb2180e78
10-12 11:05:27.756 3004-3013/? D/libEGL: eglTerminate EGLDisplay = 0x7fb2180e78
10-12 11:05:27.756 3435-4343/? I/ActivityManager: Killing 29076:com.android.settings/1000 (adj 15): DHA:empty #33
10-12 11:05:27.766 3931-4134/? D/mali_winsys: EGLint new_window_surface(egl_winsys_display*, void*, EGLSurface, EGLConfig, egl_winsys_surface**, egl_color_buffer_format*, EGLBoolean) returns 0x3000, [1440x96]-format:1
10-12 11:05:27.766 3931-3931/? D/KeyguardEffectViewController: onLayoutChange() v: com.android.keyguard.effect.EffectBehindView{abeda2e I.E...... ......ID 0,0-1440,96 #7f0e0330 app:id/keyguard_effect_behind}, bottom : 96, oldBottom : 2560
10-12 11:05:27.766 3931-3931/? D/KeyguardEffectViewController: mShowing=false, mOccluded=false, mKeyguardFadingAway=false, match_parent=false
10-12 11:05:27.766 3931-3931/? W/View: requestLayout() improperly called by com.android.systemui.qs.QSContainer{2d633ef V.E...... ......ID 0,464-1440,1212 #7f0e01c1 app:id/quick_settings_container} during layout: running second layout pass
10-12 11:05:27.766 3931-3931/? I/ViewRootImpl: requestLayout is already in process
10-12 11:05:27.766 3435-4343/? V/BroadcastQueue: [background] Process cur broadcast BroadcastRecord{54d7876 u0 android.intent.action.USER_PRESENT qIdx=4}, state= (APP_RECEIVE) DELIVERED for app ProcessRecord{7fb4010 4276:com.google.android.gms.persistent/u0a19}
10-12 11:05:27.806 3435-4200/? V/BroadcastQueue: [background] Process cur broadcast BroadcastRecord{54d7876 u0 android.intent.action.USER_PRESENT qIdx=4}, state= (APP_RECEIVE) DELIVERED for app ProcessRecord{7fb4010 4276:com.google.android.gms.persistent/u0a19}
10-12 11:05:27.806 4276-4276/? E/ChimeraRcvrProxy: Can't find Chimera receiver impl class com.google.android.gms.auth.setup.devicesignals.LockScreenChimeraReceiver, dropping broadcast
10-12 11:05:27.816 3004-4135/? D/libEGL: eglTerminate EGLDisplay = 0x7faa3fee78
10-12 11:05:27.816 3004-4135/? D/libEGL: eglTerminate EGLDisplay = 0x7faa3fee78
10-12 11:05:27.816 3004-3015/? I/SurfaceFlinger: id=388 Removed Councer (8/10)
10-12 11:05:27.816 3004-4000/? I/SurfaceFlinger: id=388 Removed Councer (-2/10)
10-12 11:05:27.826 3435-3541/? D/StatusBarManagerService: manageDisableList userId=0 what=0x0 pkg=Window{c31806e u0 d0 com.sec.android.app.launcher/com.sec.android.app.launcher.activities.LauncherActivity}
10-12 11:05:27.826 3435-3474/? D/InputDispatcher: Focus left window: 3931
10-12 11:05:27.826 3435-3474/? D/InputDispatcher: Focus entered window: 4327
10-12 11:05:27.826 3004-3004/? D/libEGL: eglTerminate EGLDisplay = 0x7ff090b748
10-12 11:05:27.826 3004-3004/? D/libEGL: eglInitialize EGLDisplay = 0x7ff090b628
10-12 11:05:27.826 3004-3004/? D/libEGL: eglTerminate EGLDisplay = 0x7ff090b6b8
10-12 11:05:27.826 3435-3565/? D/PointerIcon: setMouseIconStyle1 pointerType: 1001 iconType:101 flag:0 pid:3435 uid:1000
10-12 11:05:27.826 3435-3565/? D/PointerIcon: setMouseCustomIcon IconType is same.101
10-12 11:05:27.826 3931-3931/? D/PhoneStatusBar: setSystemUiVisibility vis=8600 mask=ffffffff oldVal=208600 newVal=8600 diff=200000
10-12 11:05:27.836 3435-4803/? D/InputMethodManagerService: windowGainedFocus mCurrentFocusedUserId - 0 and mSecureKeypadEnabled-false
10-12 11:05:27.836 3435-3475/? D/ActivityManager: isAutoRunBlockedApp:: com.android.settings, Auto Run ON
10-12 11:05:27.836 3931-3931/? D/NotificationStackScrollLayout: scroll range should be extended : 1600
10-12 11:05:27.836 3931-3931/? D/PhoneStatusBar: removeNotification key=-1|android|17040367|null|1000 old=StatusBarNotification(pkg=android user=UserHandle{-1} id=17040367 tag=null score=-20 key=-1|android|17040367|null|1000: Notification(pri=-2 contentView=android/0x10900a3 vibrate=null sound=null tick defaults=0x0 flags=0x2 color=0xff7792a9 vis=PUBLIC secFlags=0x0 secPriority=0))
10-12 11:05:27.836 3931-3931/? D/PhoneStatusBar: setAreThereNotifications: N=1 any=true clearable=false
10-12 11:05:27.846 8339-8339/? D/SamsungIME: IMPL finishInput
10-12 11:05:27.846 8339-8339/? D/SamsungIME: SwiftKeyWrapper writeDBdataToFileOnFinishInput
10-12 11:05:27.846 8339-8339/? D/SamsungIME: saveAndClear +
10-12 11:05:27.846 8339-8339/? D/SamsungIME: saveAndClear -
10-12 11:05:27.846 8339-8339/? D/SamsungIME: onStartInput: No inputType, No imeOption, isInputViewShown = false, isExtractViewShown = false, isShowInputRequested = false, isConfigChanged = false
10-12 11:05:27.856 3435-4200/? V/BroadcastQueue: [background] Process cur broadcast BroadcastRecord{54d7876 u0 android.intent.action.USER_PRESENT qIdx=4}, state= (APP_RECEIVE) DELIVERED for app ProcessRecord{7fb4010 4276:com.google.android.gms.persistent/u0a19}
10-12 11:05:27.866 3931-3931/? D/KnoxNotification: ----- inflateViews : modified publicViewLocal -----
10-12 11:05:27.876 3931-3931/? D/KnoxNotification: ----- inflateViews : modified KnoxViewLocal -----
10-12 11:05:27.876 3931-3931/? D/NotificationStackScrollLayout: scroll range should be extended : 1600
10-12 11:05:27.876 3931-3931/? D/NotificationStackScrollLayout: scroll range should be extended : 1600
10-12 11:05:27.886 3931-3931/? D/PhoneStatusBar: setAreThereNotifications: N=2 any=true clearable=false
10-12 11:05:27.886 3931-3931/? D/NotificationStackScrollLayout: scroll range should be extended : 1600
10-12 11:05:27.886 3931-3931/? D/NotificationStackScrollLayout: scroll range should be extended : 1600
10-12 11:05:27.886 3931-3931/? D/NotificationStackScrollLayout: scroll range should be extended : 1600
10-12 11:05:27.886 3931-3931/? D/NotificationStackScrollLayout: scroll range should be extended : 1600
10-12 11:05:27.906 3004-3004/? D/libEGL: eglInitialize EGLDisplay = 0x7ff090b628
10-12 11:05:27.936 3004-3004/? D/libEGL: eglInitialize EGLDisplay = 0x7ff090b628
10-12 11:05:28.226 3931-3931/? V/KeyguardDisplayManager: hide (true)
10-12 11:05:29.036 3435-3858/? D/ConnectivityService: updateCapabilities: oldCap = [ Transports: WIFI Capabilities: INTERNET&NOT_RESTRICTED&TRUSTED&NOT_VPN&VALIDATED LinkUpBandwidth>=1048576Kbps LinkDnBandwidth>=1048576Kbps SignalStrength: -65], newCap = [ Transports: WIFI Capabilities: INTERNET&NOT_RESTRICTED&TRUSTED&NOT_VPN LinkUpBandwidth>=1048576Kbps LinkDnBandwidth>=1048576Kbps SignalStrength: -62]
10-12 11:05:29.036 3435-3858/? D/ConnectivityService: rematching NetworkAgentInfo [WIFI () - 502]
10-12 11:05:29.046 3435-3858/? D/ConnectivityService: network has: NetworkAgentInfo{ ni{[type: WIFI[] - WIFI, state: CONNECTED/CONNECTED, reason: (unspecified), extra: "WLAN-198160", roaming: false, failover: false, isAvailable: true]} network{502} lp{{InterfaceName: wlan0 LinkAddresses: [fe80::ae5f:3eff:fe5a:4d38/64,192.168.2.117/24,2003:7a:4d12:82ae:ae5f:3eff:fe5a:4d38/64,2003:7a:4d12:82ae:bc25:b0a4:9c17:85bc/64,] Routes: [fe80::/64 -> :: wlan0,::/0 -> fe80::1 wlan0,2003:7a:4d12:82ae::/64 -> :: wlan0,192.168.2.0/24 -> 0.0.0.0 wlan0,0.0.0.0/0 -> 192.168.2.1 wlan0,] DnsAddresses: [192.168.2.1,] Domains: Speedport_W_921V_1_39_000 MTU: 0 TcpBufferSizes: 524288,1048576,2097120,524288,1048576,4194240}} nc{[ Transports: WIFI Capabilities: INTERNET&NOT_RESTRICTED&TRUSTED&NOT_VPN&VALIDATED LinkUpBandwidth>=1048576Kbps LinkDnBandwidth>=1048576Kbps SignalStrength: -62]} Score{60} everValidated{true} lastValidated{true} created{true} lingering{false} explicitlySelected{false} acceptUnvalidated{false} everCaptivePortalDetected{false} lastCaptivePortalDetected{false} }
10-12 11:05:29.046 3931-4137/? D/NetworkController: onReceive: intent=Intent { act=android.net.wifi.RSSI_CHANGED flg=0x4000010 bqHint=4 VirtualScreenParam=Params{mDisplayId=-1, null, mFlags=0x00000000)} (has extras) }
10-12 11:05:29.066 3435-3858/? D/ConnectivityService: Network NetworkAgentInfo [WIFI () - 502] was already satisfying request 1. No change.
10-12 11:05:29.066 3931-3931/? D/QSTileView: handleLabelStateChanged() label = Wi-Fi cellWidth 272
10-12 11:05:29.086 3435-3858/? D/ConnectivityService: checking if request is: NetworkRequest [ id=10, legacyType=-1, [ Capabilities: INTERNET&NOT_RESTRICTED&TRUSTED&NOT_VPN] ] satisfies: true nri.isRequest: false
10-12 11:05:29.096 3435-3858/? D/ConnectivityService: checking if request is: NetworkRequest [ id=3, legacyType=-1, [] ] satisfies: true nri.isRequest: false
10-12 11:05:29.106 3435-3858/? D/ConnectivityService: checking if request is: NetworkRequest [ id=4, legacyType=-1, [ Transports: CELLULAR Capabilities: INTERNET&NOT_RESTRICTED&TRUSTED&NOT_VPN] ] satisfies: false nri.isRequest: false
10-12 11:05:29.106 3435-3858/? D/ConnectivityService: checking if request is: NetworkRequest [ id=32, legacyType=-1, [ Capabilities: INTERNET&NOT_RESTRICTED&TRUSTED] ] satisfies: true nri.isRequest: false
10-12 11:05:29.116 3435-3858/? D/ConnectivityService: checking if request is: NetworkRequest [ id=5, legacyType=-1, [ Transports: WIFI Capabilities: INTERNET&NOT_RESTRICTED&TRUSTED&NOT_VPN] ] satisfies: true nri.isRequest: false
10-12 11:05:29.116 3435-3858/? D/ConnectivityService: notifyType CAP_CHANGED for NetworkAgentInfo [WIFI () - 502]
10-12 11:05:29.116 3435-3858/? D/ConnectivityService: sending notification for NetworkRequest [ id=1, legacyType=-1, [ Capabilities: INTERNET&NOT_RESTRICTED&TRUSTED&NOT_VPN] ]
10-12 11:05:29.116 3435-3858/? D/ConnectivityService: sending notification for NetworkRequest [ id=3, legacyType=-1, [] ]
10-12 11:05:29.116 3435-3858/? D/ConnectivityService: sending notification CAP_CHANGED for NetworkRequest [ id=3, legacyType=-1, [] ]
10-12 11:05:29.116 3435-3858/? D/ConnectivityService: sending notification for NetworkRequest [ id=5, legacyType=-1, [ Transports: WIFI Capabilities: INTERNET&NOT_RESTRICTED&TRUSTED&NOT_VPN] ]
10-12 11:05:29.116 3435-3858/? D/ConnectivityService: sending notification CAP_CHANGED for NetworkRequest [ id=5, legacyType=-1, [ Transports: WIFI Capabilities: INTERNET&NOT_RESTRICTED&TRUSTED&NOT_VPN] ]
10-12 11:05:29.116 3435-3858/? D/ConnectivityService: sending notification for NetworkRequest [ id=10, legacyType=-1, [ Capabilities: INTERNET&NOT_RESTRICTED&TRUSTED&NOT_VPN] ]
10-12 11:05:29.116 3435-3858/? D/ConnectivityService: sending notification CAP_CHANGED for NetworkRequest [ id=10, legacyType=-1, [ Capabilities: INTERNET&NOT_RESTRICTED&TRUSTED&NOT_VPN] ]
10-12 11:05:29.126 3435-3858/? D/ConnectivityService: sending notification for NetworkRequest [ id=32, legacyType=-1, [ Capabilities: INTERNET&NOT_RESTRICTED&TRUSTED] ]
10-12 11:05:29.126 3435-3858/? D/ConnectivityService: sending notification CAP_CHANGED for NetworkRequest [ id=32, legacyType=-1, [ Capabilities: INTERNET&NOT_RESTRICTED&TRUSTED] ]
10-12 11:05:30.206 3435-3833/? D/SdpLogService.d: Save into File!
10-12 11:05:30.216 3435-3833/? D/SdpLogService.d: saveToFile() - FP : 52374, Version : 1
10-12 11:05:30.216 3435-3833/? D/SdpLogService.d: saveToFile() - QS : 1
10-12 11:05:30.236 3435-3833/? D/SdpLogService.d: saveToFile() - FP : 52528, FL : 52528
10-12 11:05:30.236 3435-3833/? D/SdpLogService.d: saveToFile() - Done Successfully!!!
10-12 11:05:31.146 3158-3198/? D/Sensorhubs: readContextData: 1, 1, 7, -1
10-12 11:05:31.146 3435-3810/? D/SensorHubManager: onGetSensorHubDataLocked: library(4) = 1, 1, 7, -1
10-12 11:05:31.146 3435-3809/? D/CAE: onGetSensorHubData(SensorHubParserProvider.java:92) - onGetSensorHubData Event [event buffer len :4], AP_WAKEUP
