10-12 11:06:15.306 3435-3569/? D/DisplayPowerController: animateScreenStateChange[0]: target=1
10-12 11:06:15.306 3931-4980/? D/KeyguardViewMediator: notifyFinishedGoingToSleep
10-12 11:06:15.306 3435-3569/? D/DisplayPowerController: [Dual Screen Compatible] state[0] :1
10-12 11:06:15.306 3435-3569/? D/DisplayPowerController: getFinalBrightness : Summary is 0 -> 0
10-12 11:06:15.306 3435-3569/? D/DisplayPowerController: Animating brightness: target=0, rate=0 (PSM:false, AB limit:(-1 ~ -1) MB Limit:(-1 ~ -1))
10-12 11:06:15.306 3435-3569/? D/PowerManagerService: [s] DisplayPowerCallbacks : onStateChanged()
10-12 11:06:15.306 3435-3569/? D/PowerManagerService: mDisplayReady: true
10-12 11:06:15.306 3435-3569/? D/PowerManagerService: [PWL] sb release: PowerManagerService.Display
10-12 11:06:15.306 3435-3569/? D/PowerManagerService: handleSandman : startDreaming: true (canDreamLocked: false canDozeLocked: true)
10-12 11:06:15.306 3435-3569/? D/PowerManagerService: handleSandman : startDream(true)
10-12 11:06:15.306 3435-3569/? E/PowerManagerService: handleSandman : startDreaming, but isDreaming false
10-12 11:06:15.306 3435-3569/? I/PowerManagerService: Sleeping (uid 1000)...
10-12 11:06:15.316 3435-3604/? D/PersonaManagerServiceHandler: MSG_ACTION_SCREEN_OFF called
10-12 11:06:15.306 3435-3569/? D/PowerManagerService: [s] UserActivityState : 1 -> 0
10-12 11:06:15.306 3435-3569/? D/PowerManagerService: [PWL] sb acquire: PowerManagerService.Broadcasts
10-12 11:06:15.306 3435-4200/? V/WindowOrientationListener: setCurrentAppOrientation :5
10-12 11:06:15.306 3435-4200/? V/WindowManager: rotationForOrientationLw(orient=5, last=0); user=0 sensorRotation=-1 mLidState=-1 mDockMode=0 mHdmiPlugged=false mMobileKeyboardEnabled=false displayId=0
10-12 11:06:15.316 3931-4980/? D/FactoryTest: checkAutomationTestOption() : option=0
10-12 11:06:15.316 3931-4980/? D/FactoryTest: checkAutomationTestOption() : mode_screenlock=0
10-12 11:06:15.316 3931-4980/? D/KeyguardViewMediator: doKeyguard: showing the lock screen
10-12 11:06:15.316 3931-4980/? D/KeyguardViewMediator: showLocked
10-12 11:06:15.326 3931-3931/? D/KeyguardViewMediator: handleNotifyFinishedGoingToSleep
10-12 11:06:15.326 3931-3931/? D/KeyguardEffectViewController: onScreenTurnedOff
10-12 11:06:15.326 3931-3931/? D/KeyguardEffectViewController: ## mBackgroundView.onPause()
10-12 11:06:15.326 3931-3931/? D/KeyguardEffectViewLayered: onPause()
10-12 11:06:15.326 3931-3931/? D/KeyguardViewMediator: handleShow
10-12 11:06:15.326 3931-3931/? E/KeyguardViewMediator: setShowingLocked mShowing = true
10-12 11:06:15.336 4758-8207/? D/mali_winsys: EGLint new_window_surface(egl_winsys_display*, void*, EGLSurface, EGLConfig, egl_winsys_surface**, egl_color_buffer_format*, EGLBoolean) returns 0x3000, [1440x2560]-format:1
10-12 11:06:15.336 3931-3931/? D/StatusBar-Window: fnf=false sanc=true, kni=false, sbf=false
10-12 11:06:15.336 3931-3931/? D/CoverUI: applyFocusableFlag() : Remove SAMSUNG_FLAG_SVIEW_COVER
10-12 11:06:15.336 3931-3931/? D/StatusBarWindowManager: forceCollapsed : false isKeyguardShowingAndNotOccluded() : true panelVisible : false keyguardFadingAway : false bouncerShowing : false headsUpShowing : false
10-12 11:06:15.336 3931-3931/? D/CoverUI: applyHeight h = -1, oc = true, fa = false, ac = false, sc = false
10-12 11:06:15.336 3931-3931/? D/KeyguardEffectViewController: setKeyguardShowing = true
10-12 11:06:15.336 3931-3931/? D/KeyguardEffectViewController: mShowing=true, mOccluded=false, mKeyguardFadingAway=false, match_parent=false
10-12 11:06:15.336 3931-3931/? D/StatusBarKeyguardViewManager: showBouncerOrKeyguard
10-12 11:06:15.336 4006-4006/? D/Recents_RecentsActivity: Screen off broadcast is received
10-12 11:06:15.336 3931-3931/? V/KeyguardUpdateMonitor: *** register callback for com.android.keyguard.KeyguardHostView$1@9b11b10
10-12 11:06:15.336 4006-4006/? D/Recents_RecentsActivity: clearWindowFlag is getting called
10-12 11:06:15.336 3931-3931/? V/KeyguardUpdateMonitor: *** unregister callback for null
10-12 11:06:15.336 4006-4006/? D/Recents_RecentsActivity: dismissRecentsToHome, animated=false
10-12 11:06:15.356 3435-3787/? I/Sensors: #>LightSensor r=15 g=11 b=10 c=21 atime=245 again=64 lux=10
10-12 11:06:15.356 3931-3931/? D/KeyguardSecurityPolicyUtils: MDM is not enabled...
10-12 11:06:15.356 3931-3931/? V/KeyguardUpdateMonitor: *** register callback for com.android.keyguard.KeyguardSecurityContainer$1@5079609
10-12 11:06:15.356 3931-3931/? V/KeyguardUpdateMonitor: *** unregister callback for null
10-12 11:06:15.356 3435-3992/? D/InputMethodManagerService: windowGainedFocus mCurrentFocusedUserId - 0 and mSecureKeypadEnabled-false
10-12 11:06:15.366 3435-3474/? W/InputMethodManagerService: Starting input on non-focused client com.android.internal.view.IInputMethodClient$Stub$Proxy@a52e191 (uid=10065 pid=4327)
10-12 11:06:15.366 8339-8339/? D/SamsungIME: IMPL finishInput
10-12 11:06:15.366 8339-8339/? D/SamsungIME: SwiftKeyWrapper writeDBdataToFileOnFinishInput
10-12 11:06:15.366 8339-8339/? D/SamsungIME: saveAndClear +
10-12 11:06:15.366 8339-8339/? D/SamsungIME: saveAndClear -
10-12 11:06:15.366 8339-8339/? D/SamsungIME: onStartInput: No inputType, No imeOption, isInputViewShown = false, isExtractViewShown = false, isShowInputRequested = false, isConfigChanged = false
10-12 11:06:15.376 3435-3565/? V/WindowAnimator: hide by NightClock Window{605dc1a u0 d0 StatusBar}
10-12 11:06:15.376 3435-3565/? V/WindowAnimator: hide by NightClock Window{c31806e u0 d0 com.sec.android.app.launcher/com.sec.android.app.launcher.activities.LauncherActivity}
10-12 11:06:15.396 4758-4758/? D/ViewRootImpl: MSG_RESIZED_REPORT: ci=Rect(0, 0 - 0, 0) vi=Rect(0, 0 - 0, 0) or=1
10-12 11:06:15.396 4758-4758/? W/DisplayListCanvas: DisplayListCanvas is started on unbinded RenderNode (without mOwningView)
10-12 11:06:15.406 3435-3435/? D/LightsService: [api] [SvcLED] setFlashing :: id = 5, color = 0, mode = 10, onMS = 0, offMS = 0, (uid: 1000 pid: 3435)
10-12 11:06:15.406 3435-3435/? D/LightsService: [SvcLED] setSvcLedStateLocked:: SvcLEDState : 0x0 -> 0x10 | SvcLED(id=5) set On
10-12 11:06:15.406 3435-3435/? D/SensorService: SensorEventConnection::SocketBufferSize, SystemSocketBufferSize - 102400, 2097152
10-12 11:06:15.406 3435-3435/? D/SensorManager: registerListener :: 6, TMD4093 RGB Sensor, 200000, 0,
10-12 11:06:15.406 3435-3576/? D/LightsService: [SvcLED] onSensorChanged::light value = 10
10-12 11:06:15.406 3435-3435/? D/BatteryService: turn on LED for charging
10-12 11:06:15.406 3435-3576/? D/SensorManager: unregisterListener ::
10-12 11:06:15.406 3435-3576/? D/lights: led_pattern : 1 +
10-12 11:06:15.416 3435-3576/? D/lights: led_pattern : 1 -
10-12 11:06:15.416 3435-3576/? D/LightsService: [SvcLED] setSvcLedLightLocked :: Current SvcLED(id=5) maintains its priority right
10-12 11:06:15.416 3004-3004/? D/libEGL: eglInitialize EGLDisplay = 0x7ff090b628
10-12 11:06:15.416 3435-3576/? V/AlarmManager: remove PendingIntent] PendingIntent{ed5070: PendingIntentRecord{a2d8fe9 android broadcastIntent}}
10-12 11:06:15.426 3435-4802/? V/WindowStateAnimator: Finishing drawing window Window{1cd0959 u0 d0 AOD}: mDrawState=DRAW_PENDING
10-12 11:06:15.426 3931-3931/? D/KeyguardSecurityModel: getSecurityMode( getActivePasswordQuality = 196608 , currentuser = 0
10-12 11:06:15.426 3931-3931/? V/KeyguardSecurityView: showPrimarySecurityScreen(turningOff=false)
10-12 11:06:15.426 3931-3931/? D/KeyguardSecurityView: showSecurityScreen(PIN)
10-12 11:06:15.436 3931-3931/? V/KeyguardSecurityView: inflating id = 2130968620
10-12 11:06:15.436 3931-3931/? V/KeyguardUpdateMonitor: *** register callback for com.android.keyguard.KeyguardPinBasedInputView$11@7ec0a2f
10-12 11:06:15.436 3931-3931/? V/KeyguardUpdateMonitor: *** unregister callback for null
10-12 11:06:15.446 3931-3931/? V/KeyguardUpdateMonitor: *** register callback for com.android.keyguard.KeyguardMessageArea$2@154df1a
10-12 11:06:15.446 3931-3931/? V/KeyguardUpdateMonitor: *** unregister callback for null
10-12 11:06:15.456 3435-3435/? I/CAE: handleMessage(CaPowerManager.java:182) - AP_SLEEP
10-12 11:06:15.456 3435-3435/? I/CAE: updateApPowerStatus(SensorHubParserProvider.java:443) - AP_SLEEP
10-12 11:06:15.466 3435-3435/? I/CAE: sendCmdToSensorHub(SensorHubCommManager.java:162) - -76, 13, -46, 0,
10-12 11:06:15.466 3435-3435/? D/SensorHubManager: SendSensorHubData: send data = -76, 13, -46, 0
10-12 11:06:15.466 3158-3199/? D/Sensorhubs: sendContextData: -76, 13, -46, 0
10-12 11:06:15.466 3435-3435/? I/CAE: sendCmdToSensorHub(SensorHubCommManager.java:162) - -63, 14, 9, 6, 15,
10-12 11:06:15.466 3435-3435/? D/SensorHubManager: SendSensorHubData: send data = -63, 14, 9, 6, 15
10-12 11:06:15.466 3158-3158/? D/Sensorhubs: sendContextData: -63, 14, 9, 6, 15
10-12 11:06:15.466 3435-3435/? D/MotionRecognitionService: mReceiver.onReceive : ACTION_SCREEN_OFF
10-12 11:06:15.476 3435-3813/? D/MotionRecognitionService: Screen off setAccIntStatus
10-12 11:06:15.476 3435-3813/? E/MotionRecognitionService: handler : SCREEN_OFF end
10-12 11:06:15.506 3435-3540/? V/BroadcastQueue: [background] Process cur broadcast BroadcastRecord{436731b u-1 com.samsung.settings.action.directaccess.CLOSE_DIALOG qIdx=4}, state= (APP_RECEIVE) DELIVERED for app ProcessRecord{c02f138 28514:com.samsung.android.SettingsReceiver/1000}
10-12 11:06:15.516 3435-3435/? D/UniversalCredentialManagerService: inside mBReciever onReceive : android.intent.action.SCREEN_OFF
10-12 11:06:15.516 3435-3435/? D/UniversalCredentialManagerService: ****MSG_LOCK_STATUS_UPDATE block started****
10-12 11:06:15.516 3435-3435/? D/UniversalCredentialManagerService: notifyChangeToPlugin is called for Lock status update...
10-12 11:06:15.516 3435-3435/? D/UcmService: notifyChangeToPlugin event 15
10-12 11:06:15.516 3435-3435/? D/UcmService: checkCallerPermissionFor is called for method-notifyChangeToPlugin
10-12 11:06:15.516 3435-3435/? I/UcmService: checkIfNotify for cs Name = com.sec.smartcard.manager:com.samsung.ucs.agent.baiMobile Package name = com.sec.smartcard.manager
10-12 11:06:15.516 3435-3435/? D/UcmService: notifying to unmanaged plugin
10-12 11:06:15.516 4356-4371/? E/ucsBai_agentService: notifyChange NOT SUPPORTED
10-12 11:06:15.516 3435-3435/? D/UcmService: agentService com.sec.smartcard.manager:com.samsung.ucs.agent.baiMobile notify status - 0
10-12 11:06:15.516 3435-3435/? D/UcmService: agentService status-0
10-12 11:06:15.516 3435-3435/? I/UcmService: checkIfNotify for cs Name = com.samsung.ucs.agent.ese:eSE Credential Storage Package name = com.samsung.ucs.agent.ese
10-12 11:06:15.516 3435-3435/? D/UcmService: notifying to managed plugin
10-12 11:06:15.516 3435-3435/? D/UcmService: checkIfNotify: Valid userid - 0
10-12 11:06:15.516 3435-3435/? D/PolicyManager: PolicyManager.isStorageEnabled() for userId = 0
10-12 11:06:15.516 3435-3435/? D/UniversalCredentialManagerService: checkCallerPermissionFor is called for method-isCredentialStorageManagedAsUser
10-12 11:06:15.516 3435-3435/? D/UniversalCredentialManagerService: isCredentialStorageManagedAsUser is called....
10-12 11:06:15.516 3435-3435/? D/PolicyManager: PolicyManager.isStorageEnabled() result = false
10-12 11:06:15.516 3435-3435/? D/UcmService: agentService com.samsung.ucs.agent.ese:eSE Credential Storage not notified
10-12 11:06:15.516 3435-3435/? D/UcmService: agentService status-0
10-12 11:06:15.516 3435-3435/? I/UcmService: checkIfNotify for cs Name = com.samsung.ucs.agent.boot:com.samsung.ucs.agent.boot Package name = com.samsung.ucs.agent.boot
10-12 11:06:15.516 3435-3435/? D/UcmService: notifying to unmanaged plugin
10-12 11:06:15.516 4385-4403/? D/BootAgentService: notifyChange eventId-15
10-12 11:06:15.526 3435-3435/? D/UcmService: agentService com.samsung.ucs.agent.boot:com.samsung.ucs.agent.boot notify status - -1
10-12 11:06:15.526 3435-3435/? D/UcmService: agentService status--1
10-12 11:06:15.526 3435-3435/? D/UniversalCredentialManagerService: ****MSG_LOCK_STATUS_UPDATE block ended****
10-12 11:06:15.536 3435-3787/? I/Sensors: #>LightSensor r=15 g=11 b=10 c=22 atime=245 again=64 lux=10
10-12 11:06:15.536 3435-3435/? I/WifiTrafficPoller: evaluateTrafficStatsPolling
10-12 11:06:15.546 3435-3848/? D/WifiStateMachine: handleScreenStateChanged, screen off, set scan interval as max value !!!
10-12 11:06:15.546 3435-3848/? D/WifiNative-wlan0: callSECApiVoid - ID [19]
10-12 11:06:15.546 3887-3887/? I/wpa_supplicant: set PERIODIC_SCAN_INTERVAL_MAX to 128sec !!!
10-12 11:06:15.546 3435-3435/? D/NotificationService: ACTION_SCREEN_OFF
10-12 11:06:15.546 3435-3435/? D/LightsService: [api] [SvcLED] turnOff:: id = 6 (uid: 1000 pid: 3435)
10-12 11:06:15.546 3931-3931/? V/KeyguardUpdateMonitor: *** register callback for com.android.keyguard.KeyguardAbsKeyInputView$1@13cc86c
10-12 11:06:15.546 3435-3435/? D/LightsService: [SvcLED] setSvcLedStateLocked:: SvcLEDState : 0x10 -> 0x10 | SvcLED(id=6) set Off
10-12 11:06:15.546 3931-3931/? V/KeyguardUpdateMonitor: *** unregister callback for null
10-12 11:06:15.546 3435-3435/? D/SensorService: SensorEventConnection::SocketBufferSize, SystemSocketBufferSize - 102400, 2097152
10-12 11:06:15.546 3435-3435/? D/SensorManager: registerListener :: 6, TMD4093 RGB Sensor, 200000, 0,
10-12 11:06:15.546 3435-3435/? D/EdgeLight: Turning off
10-12 11:06:15.546 3435-3576/? D/LightsService: [SvcLED] onSensorChanged::light value = 10
10-12 11:06:15.556 3435-3576/? D/SensorManager: unregisterListener ::
10-12 11:06:15.556 3435-3576/? D/LightsService: [SvcLED] setSvcLedLightLocked :: Current SvcLED(id=5) maintains its priority right
10-12 11:06:15.556 3435-3848/? E/WifiNative-wlan0: do suspend true
10-12 11:06:15.556 3435-3576/? V/AlarmManager: remove PendingIntent] PendingIntent{ed5070: PendingIntentRecord{a2d8fe9 android broadcastIntent}}
10-12 11:06:15.556 3151-4151/? D/audio_hw_primary: adev_set_parameters: enter: kvpairs: screen_state=off
10-12 11:06:15.566 3931-3931/? D/KeyguardSecurityModel: getSecurityMode( getActivePasswordQuality = 196608 , currentuser = 0
10-12 11:06:15.576 3435-3435/? I/MdnieScenarioControlService: action : android.intent.action.SCREEN_OFF
10-12 11:06:15.586 3931-3931/? D/StatusBar-Window: fnf=false sanc=true, kni=false, sbf=false
10-12 11:06:15.586 3931-3931/? D/CoverUI: applyFocusableFlag() : Remove SAMSUNG_FLAG_SVIEW_COVER
10-12 11:06:15.586 3931-3931/? D/StatusBarWindowManager: forceCollapsed : false isKeyguardShowingAndNotOccluded() : true panelVisible : false keyguardFadingAway : false bouncerShowing : false headsUpShowing : false
10-12 11:06:15.586 3931-3931/? D/CoverUI: applyHeight h = -1, oc = true, fa = false, ac = false, sc = false
10-12 11:06:15.586 3435-3435/? I/FingerprintService: onReceive: android.intent.action.SCREEN_OFF
10-12 11:06:15.586 3435-3435/? I/BackgroundCompactionService: Schedule Type1 BGCompaction
10-12 11:06:15.596 3931-3931/? V/KeyguardUpdateMonitor: *** register callback for com.android.keyguard.EmergencyButton$1@d63ff58
10-12 11:06:15.596 3931-3931/? V/KeyguardUpdateMonitor: *** unregister callback for null
10-12 11:06:15.596 3435-3435/? D/WifiService: ACTION_SCREEN_OFF, mSContextManager.unregisterListener !!
10-12 11:06:15.596 3435-3435/? D/SContextService: unregisterCallback() : Listener = android.hardware.scontext.SContextService$Listener@a4a4ea, Service = Activity Tracker, used = 0
10-12 11:06:15.596 3435-3852/? D/WifiController: ApOrStaEnabledState msg.what= 155651
10-12 11:06:15.596 3435-3435/? W/CAE: unregisterCallback(ContextAwareService.java:206) - [unregi 01] Mutex is locked for ACTIVITY_TRACKER
10-12 11:06:15.596 3435-3435/? V/CAE: stop(ContextProvider.java:155)
10-12 11:06:15.596 3435-3435/? V/CAE: clear(ActivityTrackerRunner.java:108)
10-12 11:06:15.596 3435-3435/? V/CAE: disable(ActivityTrackerRunner.java:96)
10-12 11:06:15.606 3435-3435/? I/CAE: sendCmdToSensorHub(SensorHubCommManager.java:162) - -78, 26, 0, 0, 0, 0, 0, 0, 0, 0,
10-12 11:06:15.606 3435-3435/? D/SensorHubManager: SendSensorHubData: send data = -78, 26, 0, 0, 0, 0, 0, 0, 0, 0
10-12 11:06:15.606 3158-8639/? D/Sensorhubs: sendContextData: -78, 26, 0, 0, 0, 0, 0, 0, 0, 0
10-12 11:06:15.606 3435-3435/? D/CAE: getFaultDetectionResult(ActivityTrackerRunner.java:154) - true
10-12 11:06:15.606 3435-3435/? I/CAE: notifyCmdProcessResultObserver(ContextProvider.java:627) - CheckResult = 0, Cause = Success
10-12 11:06:15.606 3931-3931/? D/EmergencyButton: onRefreshCarrierInfo
10-12 11:06:15.616 3435-3435/? D/CAE: doCommendProcess(ContextAwareService.java:433) - complete notify the operation result.
10-12 11:06:15.616 3435-3435/? I/CAE: displayUsedCountForService(ContextAwareService.java:525) - totalCnt = 0, serviceCount = 0, subCollectionCount = 0
10-12 11:06:15.616 3435-3435/? D/CAE: showListenerList(ContextAwareService.java:366) - ===== Context Aware Service List =====
10-12 11:06:15.616 3435-3435/? I/CAE: showListenerList(ContextAwareService.java:375) - Listener : com.samsung.android.contextaware.manager.ContextAwareService$Listener@665895c, Service : ACTIVITY_TRACKER_CURRENT_INFO(1)
10-12 11:06:15.616 3435-3435/? I/CAE: showListenerList(ContextAwareService.java:375) - Listener : com.samsung.android.contextaware.manager.ContextAwareService$Listener@445e1d2, Service : DEVICE_PHYSICAL_CONTEXT_MONITOR(1)
10-12 11:06:15.616 3435-3435/? W/CAE: unregisterCallback(ContextAwareService.java:241) - [unregi 02] Mutex is unlocked for ACTIVITY_TRACKER
10-12 11:06:15.616 3435-3435/? D/SContextService: .unregisterCallback : 2, client=
10-12 11:06:15.616 3435-3435/? D/SContextService: ===== SContext Service List =====
10-12 11:06:15.616 3435-3435/? D/SContextService: Listener : android.hardware.scontext.SContextService$Listener@6fb52a3, Service : Device Physical Context Monitor
10-12 11:06:15.616 3435-3435/? D/SContextManager: .unregisterListener : listener = com.android.server.wifi.WifiServiceImpl$11@9e984d5, service=Activity Tracker
10-12 11:06:15.626 3435-3565/? D/IpRemoteDisplayController: intent received android.intent.action.SCREEN_OFF
10-12 11:06:15.626 3435-3565/? D/IpRemoteDisplayController: Bridge Server is not available
10-12 11:06:15.626 3435-3435/? D/NetworkPolicy: mScreenReceiver: ACTION_SCREEN_OFF, extra: 2
10-12 11:06:15.626 3435-3846/? D/NetworkPolicy: MSG_SCREEN_ON_CHANGED: 2
10-12 11:06:15.626 3435-3846/? D/NetworkPolicy: isUidForegroundLocked: 10007, mScreenOn: false, uidstate: 0, mProxSensorScreenOff: false
10-12 11:06:15.626 3435-3846/? D/NetworkPolicy: isUidForegroundLocked: 10062, mScreenOn: false, uidstate: 0, mProxSensorScreenOff: false
10-12 11:06:15.646 3435-3845/? D/NtpTrustedTime: currentTimeMillis() cache hit
10-12 11:06:15.646 3435-3845/? V/NetworkStats: performPollLocked(flags=0x1)
10-12 11:06:15.646 3435-3535/? D/GpsLocationProvider: receive broadcast intent, action: android.intent.action.SCREEN_OFF
10-12 11:06:15.646 3435-3845/? D/NetworkStatsRecorder: entry.iface is null
10-12 11:06:15.646 3435-3845/? D/NetworkStatsRecorder: entry.iface is null
10-12 11:06:15.646 3435-3845/? D/NetworkStatsRecorder: entry.iface is null
10-12 11:06:15.646 3435-3845/? D/NetworkStatsRecorder: entry.iface is null
10-12 11:06:15.646 3435-3845/? D/NetworkStatsRecorder: entry.iface is null
10-12 11:06:15.646 3435-3845/? D/NetworkStatsRecorder: entry.iface is null
10-12 11:06:15.646 3435-3845/? D/NetworkStatsRecorder: entry.iface is null
10-12 11:06:15.646 3435-3845/? D/NetworkStatsRecorder: entry.iface is null
10-12 11:06:15.646 3435-3845/? D/NetworkStatsRecorder: entry.iface is null
10-12 11:06:15.646 3435-3845/? D/NetworkStatsRecorder: entry.iface is null
10-12 11:06:15.646 3435-3845/? D/NetworkStatsRecorder: entry.iface is null
10-12 11:06:15.646 3435-3845/? D/NetworkStatsRecorder: entry.iface is null
10-12 11:06:15.646 3435-3845/? D/NetworkStatsRecorder: entry.iface is null
10-12 11:06:15.646 3435-3845/? D/NetworkStatsRecorder: entry.iface is null
10-12 11:06:15.646 3435-3845/? D/NetworkStatsRecorder: entry.iface is null
10-12 11:06:15.656 3435-3845/? D/NetworkStatsRecorder: entry.iface is null
10-12 11:06:15.656 3435-3845/? D/NetworkStatsRecorder: entry.iface is null
10-12 11:06:15.656 3435-3845/? D/NetworkStatsRecorder: entry.iface is null
10-12 11:06:15.656 3435-3845/? D/NetworkStatsRecorder: entry.iface is null
10-12 11:06:15.656 3435-3845/? D/NetworkStatsRecorder: entry.iface is null
10-12 11:06:15.656 3435-3845/? D/NetworkStatsRecorder: entry.iface is null
10-12 11:06:15.656 3435-3845/? D/NetworkStatsRecorder: entry.iface is null
10-12 11:06:15.656 3435-3845/? D/NetworkStatsRecorder: entry.iface is null
10-12 11:06:15.656 3435-3845/? D/NetworkStatsRecorder: entry.iface is null
10-12 11:06:15.656 3435-3845/? D/NetworkStatsRecorder: entry.iface is null
10-12 11:06:15.656 3435-3845/? D/NetworkStatsRecorder: entry.iface is null
10-12 11:06:15.656 3435-3845/? D/NetworkStatsRecorder: entry.iface is null
10-12 11:06:15.656 3435-3845/? D/NetworkStatsRecorder: entry.iface is null
10-12 11:06:15.656 3435-3845/? D/NetworkStatsRecorder: entry.iface is null
10-12 11:06:15.656 3435-3845/? D/NetworkStatsRecorder: entry.iface is null
10-12 11:06:15.666 4228-4228/? D/FusedLocationReceiver: BroadcastReceiver : ACTION_SCREEN_OFF
10-12 11:06:15.666 3435-3845/? V/NetworkStats: performPollLocked() took 26ms
10-12 11:06:15.666 3435-3845/? D/NtpTrustedTime: currentTimeMillis() cache hit
10-12 11:06:15.676 4300-16836/? D/NfcService: call the applyRouting
10-12 11:06:15.686 3435-3846/? D/NtpTrustedTime: currentTimeMillis() cache hit
10-12 11:06:15.686 3435-3846/? D/NtpTrustedTime: currentTimeMillis() cache hit
10-12 11:06:15.706 3931-4137/? D/NetworkController.MobileSignalController(0/2147483643): onDataActivity: direction=0
10-12 11:06:15.706 3931-3931/? D/KeyguardSecurityModel: getSecurityMode( getActivePasswordQuality = 196608 , currentuser = 0
10-12 11:06:15.706 3931-3931/? D/PhoneStatusBar: showKeyguard
10-12 11:06:15.706 3931-3931/? D/PhoneStatusBar: setBarState: state - 1
10-12 11:06:15.706 3931-3931/? D/StatusBar-Window: fnf=false sanc=true, kni=false, sbf=false
10-12 11:06:15.706 3931-3931/? D/CoverUI: applyFocusableFlag() : Remove SAMSUNG_FLAG_SVIEW_COVER
10-12 11:06:15.706 3931-3931/? D/StatusBarWindowManager: forceCollapsed : false isKeyguardShowingAndNotOccluded() : true panelVisible : false keyguardFadingAway : false bouncerShowing : false headsUpShowing : false
10-12 11:06:15.706 3931-3931/? D/CoverUI: applyHeight h = -1, oc = true, fa = false, ac = false, sc = false
10-12 11:06:15.706 3931-3931/? I/PhoneStatusBar: updateKeyguardState 0 to 1
10-12 11:06:15.716 3931-3931/? D/PanelView: updateQsState
10-12 11:06:15.716 3435-3787/? I/Sensors: #>LightSensor r=15 g=11 b=10 c=21 atime=245 again=64 lux=10
10-12 11:06:15.716 3931-3931/? D/KeyguardSwipeHelper: reset()
10-12 11:06:15.716 3931-3931/? D/KeyguardUnlockEventHandler: reset()
10-12 11:06:15.716 3931-3931/? D/KeyguardSwipeHelper: resetChildViewVI()
10-12 11:06:15.716 3931-3931/? D/StatusBar: LSSN:1
10-12 11:06:15.716 3931-3931/? E/LSO: LSO Service is not yet ready!!!
10-12 11:06:15.716 3931-3931/? D/PanelView: setKeyguardBottomAreaVisibility() prevState=0, newState - 1 goingToShade - false
10-12 11:06:15.736 3931-3931/? D/PhoneStatusBar/KeyguardBottomAreaView: updateCameraVisibility isCameraDisabledByDpm=false
10-12 11:06:15.736 3931-3931/? V/KeyguardBottomAreaShortcutView: updateLeftPreview
10-12 11:06:15.736 3931-3931/? V/KeyguardBottomAreaShortcutView: updateRightPreview
10-12 11:06:15.736 3931-3931/? D/KeyguardCircleAffordanceView: setPreviewView: mRight=false,preview=android.widget.RelativeLayout{a4d0c63 I.E...... ......ID 0,0-1440,2560}
10-12 11:06:15.736 3931-4094/? V/KeyguardBottomAreaShortcutView: updateLeftPreview - mLeftAffordanceView
10-12 11:06:15.746 3931-4094/? V/PreviewInflater: switching default dialer action
10-12 11:06:15.776 5352-5352/? D/BtGatt.GattService: LCD turned off
10-12 11:06:15.776 5352-5468/? D/BtGatt.ScanManager: handleLcdOffIntent
10-12 11:06:15.776 5352-5468/? D/BtGatt.ScanManager: handleLcdOffIntent : thresholdScanValue is = 10 mLastConfiguredScanValue =5
10-12 11:06:15.786 3931-3931/? D/KeyguardCircleAffordanceView: setPreviewView: mRight=true,preview=android.widget.AbsoluteLayout{426a060 I.E...... ......ID 0,0-1440,2560}
10-12 11:06:15.796 4300-16836/? D/NfcService: index : 0
10-12 11:06:15.796 4300-16836/? D/NfcService: index : 1
10-12 11:06:15.796 4300-16836/? D/NfcService: index : 2
10-12 11:06:15.796 3435-6368/? D/SSRM:n: SIOP:: AP = 290, PST = 271 (W:6), CP = 209, CUR = 170, LCD = 0
10-12 11:06:15.816 3435-3435/? I/SurveyLogManager: mDeviceInfo.mScreen = false
10-12 11:06:15.816 3435-6368/? D/ConnectivityService: returning getNetworkInfo for network type 1 : [type: WIFI[] - WIFI, state: CONNECTED/CONNECTED, reason: (unspecified), extra: "WLAN-198160", roaming: false, failover: false, isAvailable: true]
10-12 11:06:15.816 4758-4758/? I/AlpmModeManager: startAlpmMode : state = IDLE
10-12 11:06:15.816 4758-4758/? I/AlpmModeManager: handleUnblankDisplay: state = IDLE
10-12 11:06:15.816 4758-4758/? V/AlpmModeManager: handleUnblankDisplay: setDoze [DISPLAY_STATE_DOZE]
10-12 11:06:15.816 4758-4758/? D/AlpmModeManager: getLastAlpmHlpmBright : HighNit[false], AlpmHlpm[1], NitMode[[ALPM]_2NIT_ON]
10-12 11:06:15.816 3931-3931/? D/PanelView: updateQsState
10-12 11:06:15.816 3435-3475/? I/PowerManagerService: [api] setDozeOverrideFromAod AlpmHlpmSysfs = 1, screenState = 3, Brightness = 0, wakefulness = false
10-12 11:06:15.816 3435-3475/? D/PowerManagerService: [s] UserActivityState : 0 -> 1
10-12 11:06:15.826 4758-4758/? I/AlpmModeManager: handleUnblankDisplay: AlpmModeManager wakeLock [ACQUIRE]
10-12 11:06:15.826 3435-4325/? I/libsuspend: !@autosuspend_wakeup_count_disable
10-12 11:06:15.826 3435-4325/? D/PowerManagerService: [api] acquire WakeLock flags=0x40 tag=AlpmModeManager uid=10000 pid=4758
10-12 11:06:15.826 3435-4325/? I/libsuspend: !@autosuspend_wakeup_count_disable done
10-12 11:06:15.826 3435-4325/? D/PowerManagerService: mDisplayReady: false
10-12 11:06:15.826 3435-4325/? D/PowerManagerService: [PWL] sb acquire: PowerManagerService.Display
10-12 11:06:15.826 3435-3569/? D/DisplayPowerController: animateScreenStateChange[0]: target=3
10-12 11:06:15.826 3435-3569/? D/DisplayPowerState: !@ [0] ColorFade exit
10-12 11:06:15.826 3435-3569/? D/PowerManagerService: [input device light] onColorFadeExit(true)
10-12 11:06:15.826 3004-4000/? D/libEGL: eglTerminate EGLDisplay = 0x7facdfee78
10-12 11:06:15.826 3004-4000/? D/libEGL: eglTerminate EGLDisplay = 0x7facdfee78
10-12 11:06:15.836 3004-3013/? I/SurfaceFlinger: id=398 Removed DolorFade (9/11)
10-12 11:06:15.836 3004-4502/? I/SurfaceFlinger: id=398 Removed DolorFade (-2/11)
10-12 11:06:15.836 3435-3569/? D/DisplayPowerController: [Dual Screen Compatible] state[0] :3
10-12 11:06:15.836 3435-3569/? D/DisplayPowerController: getFinalBrightness : Summary is 1 -> 1
10-12 11:06:15.836 3435-3569/? D/DisplayPowerController: Animating brightness: target=1, rate=2000 (PSM:false, AB limit:(-1 ~ -1) MB Limit:(-1 ~ -1))
10-12 11:06:15.836 3435-3569/? D/DisplayPowerState: Requesting new screen state: [0] state=DOZE, backlight (By colorFade)=0
10-12 11:06:15.836 3435-3897/? D/DisplayPowerState: Updating screen state [0]: state=DOZE, backlight (by ColorFade)=0
10-12 11:06:15.836 3435-3579/? D/DisplayManagerService: !@display_state: OFF -> DOZE brightness: 0 -> 0
10-12 11:06:15.836 3004-3004/? D/SurfaceFlinger: Set power mode=1, type=0 flinger=0x7fb2403c00
10-12 11:06:15.836 3435-3565/? I/DisplayManagerService: Display device changed state: "Built-in Screen", DOZE
10-12 11:06:15.836 3004-3004/? I/hwcomposer: int exynos_setPowerMode(hwc_composer_device_1*, int, int):: disp(0), mode(1)
10-12 11:06:15.836 3435-3565/? I/DisplayManagerService: Display device changed state: "ActivityViewVirtualDisplay", DOZE
10-12 11:06:15.846 3435-3897/? D/lights: lcd : 1 +
10-12 11:06:15.846 3435-3569/? D/DisplayPowerController: animateScreenStateChange[0]: target=3
10-12 11:06:15.846 3435-3897/? D/lights: lcd : 1 -
10-12 11:06:15.846 3435-3569/? D/DisplayPowerController: [Dual Screen Compatible] state[0] :3
10-12 11:06:15.846 3435-3569/? D/DisplayPowerController: getFinalBrightness : Summary is 1 -> 1
10-12 11:06:15.846 3435-3569/? D/DisplayPowerController: Animating brightness: target=1, rate=2000 (PSM:false, AB limit:(-1 ~ -1) MB Limit:(-1 ~ -1))
10-12 11:06:15.856 3931-3931/? D/NotificationStackScrollLayout: scroll range should be extended : 884
10-12 11:06:15.866 3435-4325/? D/PowerManagerService: [api] acquire WakeLock flags=0x80 tag=Window:AOD uid=1000 pid=3435
10-12 11:06:15.886 3435-4802/? D/PowerManagerService: [api] acquire WakeLock flags=0x80 tag=Window:AOD uid=1000 pid=3435
10-12 11:06:15.896 3931-3931/? D/KeyguardSecurityModel: getSecurityMode( getActivePasswordQuality = 196608 , currentuser = 0
10-12 11:06:15.896 3931-3931/? D/PhoneStatusBar: Make expanded visible: expanded visible=false
10-12 11:06:15.896 3931-3931/? D/StatusBar-Window: fnf=false sanc=true, kni=false, sbf=true
10-12 11:06:15.896 3931-3931/? D/CoverUI: applyFocusableFlag() : Remove SAMSUNG_FLAG_SVIEW_COVER
10-12 11:06:15.896 3931-3931/? D/PhoneStatusBar: adjustDisableFlags:false, false, true, false, false, 1
10-12 11:06:15.896 3931-3931/? D/StatusBarWindowManager: forceCollapsed : false isKeyguardShowingAndNotOccluded() : true panelVisible : true keyguardFadingAway : false bouncerShowing : false headsUpShowing : false
10-12 11:06:15.896 3931-3931/? D/CoverUI: applyHeight h = -1, oc = true, fa = false, ac = false, sc = false
10-12 11:06:15.896 3931-3931/? D/PhoneStatusBar: disable: < expand ICONS* alerts SYSTEM_INFO* back home recent clock search quick_settings
> 10-12 11:06:15.906 4758-4758/? D/DefaultClockView: Start AOD Enter Animation
10-12 11:06:15.906 3435-30096/? I/BatteryStatsDumper: In refreshStats isReason Screen ON/OFF: true
10-12 11:06:15.906 8339-8339/? E/SamsungIME: resetNeedToLoadHwrLibrary : 0
10-12 11:06:15.906 6748-6748/? I/BeaconManager: BeaconManager.onReceive - receive Action : android.intent.action.SCREEN_OFF
10-12 11:06:15.906 6748-6748/? D/BeaconManager: BeaconManager.onReceive - end
10-12 11:06:15.906 6748-6791/? I/BeaconManager: BeaconManager.BeaconManagerWorkHandler - BroadcastReceiver onReceive start
10-12 11:06:15.906 6748-6791/? D/BeaconManager: BeaconManager.mScreenObserver - action:android.intent.action.SCREEN_OFF
10-12 11:06:15.906 6748-6791/? D/BeaconManager: AppControlManager.screenOnIntentReceived - start
10-12 11:06:15.906 6748-6791/? D/BeaconManager: AppControlManager.screenOnIntentReceived - end
10-12 11:06:15.906 6748-6791/? D/BeaconManager: EasySetupManager.screenOnIntentReceived - start
10-12 11:06:15.906 6748-6791/? D/BeaconManager: EasySetupManager.screenOnIntentReceived - end
10-12 11:06:15.906 6748-6791/? D/BeaconManager: BleScanHelper.screenOnIntentReceived - start
10-12 11:06:15.916 3435-30096/? D/BluetoothAdapter: STATE_BLE_ON
10-12 11:06:15.936 6748-6791/? D/BeaconManager: BleScanHelper.mBroadcastReceiver - Action: android.intent.action.SCREEN_OFF, user: 0
10-12 11:06:15.936 6748-6791/? V/BeaconManager: BleScanHelper.startBleScan - startBleScan
10-12 11:06:15.936 8339-8339/? E/SamsungIME: invoke(): method is null
10-12 11:06:15.936 3931-3931/? D/PhoneStatusBar: Make expanded visible: expanded visible=true
10-12 11:06:15.936 3931-3931/? D/StatusBar.BrightnessController: setListening = true
10-12 11:06:15.946 3931-3931/? D/KeyguardEffectViewLayered: reset()
10-12 11:06:15.946 3931-3931/? D/KeyguardEffectViewLayered: init()
10-12 11:06:15.946 3931-3931/? D/KeyguardEffectViewLayered: mViewWidth = 1440, mViewHeight = 96
10-12 11:06:15.946 3931-3931/? D/KeyguardEffectViewLayered: mBitmapImageList size = 3
10-12 11:06:15.946 3931-3931/? D/KeyguardEffectViewLayered: DENSITY = 1.0
10-12 11:06:15.946 6748-6791/? D/BluetoothAdapter: STATE_BLE_ON
10-12 11:06:15.946 3435-30096/? D/BatteryStatsImpl: poolsize= 1, curBatteryRealtime= 43730000, mUpdateTime= 0, mTimeout= 0, mNesting= 0, mTotalTime= 0
10-12 11:06:15.946 6748-6791/? D/BeaconManager: BleScanHelper.screenOnIntentReceived - end
10-12 11:06:15.946 6748-6791/? I/BeaconManager: BeaconManager.BeaconManagerWorkHandler - BroadcastReceiver onReceive end
10-12 11:06:15.956 6748-6798/? D/BeaconManager: BleScanHelper.MSG_CALL_START_LESCAN - ($)
10-12 11:06:15.956 3435-3992/? D/PowerManagerService: [api] acquire WakeLock flags=0x80 tag=Window:AOD uid=1000 pid=3435
10-12 11:06:15.966 3435-4325/? V/WindowStateAnimator: Finishing drawing window Window{c31806e u0 d0 com.sec.android.app.launcher/com.sec.android.app.launcher.activities.LauncherActivity}: mDrawState=HAS_DRAWN
10-12 11:06:15.966 3435-4341/? D/PowerManagerService: [api] acquire WakeLock flags=0x80 tag=Window:AOD uid=1000 pid=3435
10-12 11:06:15.966 6748-6798/? D/BluetoothAdapter: STATE_BLE_ON
10-12 11:06:15.966 3931-4094/? V/KeyguardBottomAreaShortcutView: updateRightPreview - mRightAffordanceView
10-12 11:06:15.966 3931-4094/? D/ShortcutManager: th = 1 is camera package
10-12 11:06:15.966 6748-6798/? D/BluetoothAdapter: STATE_BLE_ON
10-12 11:06:15.976 6748-6798/? D/BluetoothAdapter: appoCount is = 0
10-12 11:06:15.976 6748-6798/? I/BeaconManager: BleScanHelper.directStopLeScan - call BleScanner.stopScan()
10-12 11:06:15.976 6748-6798/? D/BluetoothAdapter: STATE_BLE_ON
10-12 11:06:15.986 3931-3931/? D/PhoneStatusBar/KeyguardBottomAreaView: updateCameraVisibility isCameraDisabledByDpm=false
10-12 11:06:15.986 6748-6798/? D/BluetoothAdapter: appoCount is = 0
10-12 11:06:15.986 6748-6798/? D/BluetoothAdapter: STATE_BLE_ON
10-12 11:06:15.986 6748-6798/? D/BluetoothLeScanner: Stop Scan
10-12 11:06:15.986 3931-3931/? D/KeyguardViewBase: show()
10-12 11:06:15.996 3931-4094/? V/PreviewInflater: switching default camera action
10-12 11:06:15.996 3435-30096/? D/BatteryStatsImpl: poolsize= 1, curBatteryRealtime= 43730000, mUpdateTime= 0, mTimeout= 0, mNesting= 0, mTotalTime= 0
10-12 11:06:15.996 5352-5364/? D/BtGatt.GattService: [GSIM LOG]: getCallingProcessName: com.samsung.android.beaconmanager
10-12 11:06:15.996 5352-5364/? D/BtGatt.GattService: [GSIM LOG]: getCallingProcessName: com.samsung.android.beaconmanager
10-12 11:06:15.996 5352-5364/? D/BtGatt.GattService: stopScan() - queue size =1
10-12 11:06:16.006 5352-5486/? E/BtGatt.GattService: [GSIM LOG]: gsimLogHandler: com.samsung.android.beaconmanager, msg: MESSAGE_STOP_SCAN
10-12 11:06:16.006 5352-5486/? D/BtGatt.GattService: [GSIM LOG]: gsimLogHandler: prevDate: 12, currDate: 12
10-12 11:06:16.006 5352-5486/? D/BtGatt.GattService: [GSIM LOG]: updateScanTime: 1
10-12 11:06:16.006 3435-30096/? I/BatteryStatsDumper: Previous Battery Level: 81 Current Level: 81 Delta: 0
10-12 11:06:16.006 5352-5468/? D/BtGatt.ScanManager: stop scan
10-12 11:06:16.006 5352-5468/? D/BtGatt.ScanManager: delete FilterIndex - 12
10-12 11:06:16.016 3435-4643/? V/AlarmManager: remove PendingIntent] PendingIntent{bfe9c64: PendingIntentRecord{5a8b9c0 com.android.bluetooth broadcastIntent}}
10-12 11:06:16.016 5352-16840/? D/BtGatt.GattService: unregisterClient() - clientIf=5
10-12 11:06:16.016 5352-5437/? D/BtGatt.GattService: onScanFilterParamsConfigured() - clientIf=5, status=0, action=1, availableSpace=29
10-12 11:06:16.016 5352-5437/? D/BtGatt.ScanManager: callback done for clientIf - 5 status - 0
10-12 11:06:16.016 5352-5468/? D/BtGatt.ScanManager: delete FilterIndex - 13
10-12 11:06:16.016 5352-5437/? D/BtGatt.GattService: onScanFilterParamsConfigured() - clientIf=5, status=0, action=1, availableSpace=30
10-12 11:06:16.016 5352-5437/? D/BtGatt.ScanManager: callback done for clientIf - 5 status - 0
10-12 11:06:16.016 5352-5468/? D/BtGatt.ScanManager: delete FilterIndex - 14
10-12 11:06:16.026 5352-5437/? D/BtGatt.GattService: onScanFilterParamsConfigured() - clientIf=5, status=0, action=1, availableSpace=31
10-12 11:06:16.026 5352-5437/? D/BtGatt.ScanManager: callback done for clientIf - 5 status - 0
10-12 11:06:16.026 5352-5468/? D/BtGatt.ScanManager: delete FilterIndex - 15
10-12 11:06:16.026 5352-5437/? D/BtGatt.GattService: onScanFilterParamsConfigured() - clientIf=5, status=0, action=1, availableSpace=32
10-12 11:06:16.026 5352-5437/? D/BtGatt.ScanManager: callback done for clientIf - 5 status - 0
10-12 11:06:16.026 5352-5468/? D/BtGatt.ScanManager: configureRegularScanParams() - queue=0
10-12 11:06:16.026 5352-5468/? D/BtGatt.ScanManager: configureRegularScanParams() - ScanSetting Scan mode=-2147483648 mLastConfiguredScanSetting=100
10-12 11:06:16.026 5352-5468/? D/BtGatt.ScanManager: configureRegularScanParams() - queue emtpy, scan stopped
10-12 11:06:16.026 5352-5486/? D/BtGatt.GattService: [GSIM LOG]: com.samsung.android.beaconmanager@Custom, R time : 149 => 150
10-12 11:06:16.026 5352-5486/? D/BtGatt.GattService: [GSIM LOG]: com.samsung.android.beaconmanager@Custom, A time : 149 => 150
10-12 11:06:16.026 5352-5486/? D/BtGatt.GattService: [GSIM LOG]: remove : com.samsung.android.beaconmanager at BLE_SCAN_ACTUAL_DB
10-12 11:06:16.026 5352-5486/? D/BtGatt.GattService: [GSIM LOG]: remove : com.samsung.android.beaconmanager at BLE_SCAN_REQUESTED_DB
10-12 11:06:16.036 4327-4327/? D/Launcher.Workspace: exitWidgetResizeMode. isClearResizeFrame is false
10-12 11:06:16.036 3931-3931/? D/KeyguardSecurityModel: getSecurityMode( getActivePasswordQuality = 196608 , currentuser = 0
10-12 11:06:16.036 3931-3931/? V/KeyguardSecurityView: showPrimarySecurityScreen(turningOff=false)
10-12 11:06:16.036 3931-3931/? D/KeyguardSecurityView: showSecurityScreen(PIN)
10-12 11:06:16.046 3931-3931/? D/KeyguardUpdateMonitor: onKeyguardVisibilityChanged(true)
10-12 11:06:16.046 3435-4337/? V/AlarmManager: remove PendingIntent] PendingIntent{8673ecd: PendingIntentRecord{5a8b9c0 com.android.bluetooth broadcastIntent}}
10-12 11:06:16.066 4718-5035/? W/MdnsClient_Cast: Multicast lock held. Releasing. Subtypes:"805741C9"
10-12 11:06:16.066 3435-4133/? V/AlarmManager: remove PendingIntent] PendingIntent{9b62a93: PendingIntentRecord{5a8b9c0 com.android.bluetooth broadcastIntent}}
10-12 11:06:16.076 3931-3931/? V/KeyguardFingerPrint: updateFingerprintListeningState(false)
10-12 11:06:16.076 3931-3931/? D/KeyguardFingerPrint: shouldListenForFingerprint ( FingerPrint is not enabled. )
10-12 11:06:16.076 3931-3931/? V/KeyguardUpdateMonitor: stopListeningForFingerprint()
10-12 11:06:16.086 3435-3894/? D/PowerManagerService: [PWL] sb release: PowerManagerService.Broadcasts
10-12 11:06:16.086 3435-3474/? V/AlarmManager: remove PendingIntent] PendingIntent{43b1ad0: PendingIntentRecord{5a8b9c0 com.android.bluetooth broadcastIntent}}
10-12 11:06:16.086 3931-3931/? D/KeyguardViewMediator: adjustStatusBarLocked: mShowing=true mOccluded=false isSecure=true --> flags=0x3200000
10-12 11:06:16.086 3435-4341/? D/StatusBarManagerService: manageDisableList userId=0 what=0x3200000 pkg=com.android.systemui
10-12 11:06:16.086 3435-4803/? D/PowerManagerService: [api] [s] userActivity : event: 0 flags: 0 (uid: 10062 pid: 3931) eventTime = 8994835
10-12 11:06:16.086 3931-3931/? D/KeyguardViewMediator: onSdpLocked :: Inside...
10-12 11:06:16.086 3931-3931/? D/KeyguardViewMediator: isPwdChangeRequested :: false
10-12 11:06:16.086 3931-3931/? D/KeyguardViewMediator: onSdpLocked :: Lock SDP for User 0
10-12 11:06:16.086 4006-4006/? D/Recents: onTaskStackChanged
10-12 11:06:16.086 3004-3004/? D/libEGL: eglTerminate EGLDisplay = 0x7ff090b748
10-12 11:06:16.086 3435-3579/? D/PowerManagerUtil: Excessive delay in !@display_state: DOZE: 257ms
10-12 11:06:16.086 3435-3579/? D/SurfaceControl: Excessive delay in setPowerMode(): 256ms
10-12 11:06:16.086 3435-3579/? D/PowerManagerUtil: Excessive delay in DisplayManagerInternal.requestDesiredDisplayState: 257ms
10-12 11:06:16.086 3004-3004/? D/libEGL: eglInitialize EGLDisplay = 0x7ff090b628
10-12 11:06:16.086 3435-3569/? D/DisplayPowerController: animateScreenStateChange[0]: target=3
10-12 11:06:16.086 3435-3569/? D/DisplayPowerController: [Dual Screen Compatible] state[0] :3
10-12 11:06:16.096 3435-3569/? I/libsuspend: !@autosuspend_wakeup_count_enable
10-12 11:06:16.086 3435-3569/? D/DisplayPowerController: getFinalBrightness : Summary is 1 -> 1
10-12 11:06:16.096 3435-3569/? I/libsuspend: !@autosuspend_wakeup_count_enable done
10-12 11:06:16.086 3435-3569/? D/DisplayPowerController: Animating brightness: target=1, rate=2000 (PSM:false, AB limit:(-1 ~ -1) MB Limit:(-1 ~ -1))
10-12 11:06:16.096 3004-3004/? D/libEGL: eglInitialize EGLDisplay = 0x7ff090b628
10-12 11:06:16.086 3435-3569/? D/DisplayPowerController: animateScreenStateChange[0]: target=3
10-12 11:06:16.096 4758-4758/? I/AlpmModeManager: handleAlpmModeOn: state = UNBLANK
10-12 11:06:16.086 3435-3569/? D/DisplayPowerController: [Dual Screen Compatible] state[0] :3
10-12 11:06:16.086 3435-3569/? D/DisplayPowerController: getFinalBrightness : Summary is 1 -> 1
10-12 11:06:16.086 3435-3569/? D/DisplayPowerController: Animating brightness: target=1, rate=2000 (PSM:false, AB limit:(-1 ~ -1) MB Limit:(-1 ~ -1))
10-12 11:06:16.096 3435-3569/? D/PowerManagerService: [s] DisplayPowerCallbacks : onStateChanged()
10-12 11:06:16.096 3435-3569/? D/PowerManagerService: mDisplayReady: true
10-12 11:06:16.096 3435-3569/? D/PowerManagerService: [PWL] sb release: PowerManagerService.Display
10-12 11:06:16.096 3435-3569/? D/DisplayPowerController: animateScreenStateChange[0]: target=3
10-12 11:06:16.096 3435-3569/? D/DisplayPowerController: [Dual Screen Compatible] state[0] :3
10-12 11:06:16.096 3435-3569/? D/DisplayPowerController: getFinalBrightness : Summary is 1 -> 1
10-12 11:06:16.096 3435-3569/? D/DisplayPowerController: Animating brightness: target=1, rate=2000 (PSM:false, AB limit:(-1 ~ -1) MB Limit:(-1 ~ -1))
10-12 11:06:16.096 3435-4341/? V/AlarmManager: remove PendingIntent] PendingIntent{c35fac9: PendingIntentRecord{5a8b9c0 com.android.bluetooth broadcastIntent}}
10-12 11:06:16.096 3435-4343/? D/PowerManagerService: [api] acquire WakeLock flags=0x80 tag=Window:AOD uid=1000 pid=3435
10-12 11:06:16.096 3931-3931/? V/KeyguardDisplayManager: show (false)
10-12 11:06:16.096 3931-3931/? D/SecKeyguardStatusView: onFinishedGoingToSleep() why=2
10-12 11:06:16.106 3435-4325/? E/SdpServiceKeeper: isLicensed {pid:3931 uid:10062 userid:0 doPkg:null}
10-12 11:06:16.106 3435-4325/? E/SdpServiceKeeper: System app. Skip license activation
10-12 11:06:16.106 3931-3931/? V/KeyguardFingerPrint: updateFingerprintListeningState(false)
10-12 11:06:16.106 3931-3931/? D/KeyguardFingerPrint: shouldListenForFingerprint ( FingerPrint is not enabled. )
10-12 11:06:16.106 3931-3931/? V/KeyguardUpdateMonitor: stopListeningForFingerprint()
10-12 11:06:16.106 3931-3931/? I/Choreographer: Skipped 43 frames! The application may be doing too much work on its main thread.
10-12 11:06:16.106 3435-4808/? V/AlarmManager: remove PendingIntent] PendingIntent{5db35ce: PendingIntentRecord{5a8b9c0 com.android.bluetooth broadcastIntent}}
10-12 11:06:16.106 3435-4200/? E/SdpServiceKeeper: isLicensed {pid:3931 uid:10062 userid:0 doPkg:null}
10-12 11:06:16.106 3435-4200/? E/SdpServiceKeeper: System app. Skip license activation
10-12 11:06:16.106 3435-30096/? I/BatteryStatsDumper: Writing to database completed
10-12 11:06:16.106 3435-4200/? D/SdpManagerService: lockInternal 0
10-12 11:06:16.106 3004-3004/? D/libEGL: eglInitialize EGLDisplay = 0x7ff090b628
10-12 11:06:16.116 3435-4200/? E/SDP.CRYPTO: On Locked OK, id 0
10-12 11:06:16.116 3435-4200/? D/SdpManagerService: clearCachedMasterKey (CMK) 0
10-12 11:06:16.116 3435-4200/? E/SdpManagerService: sendBroadcastAsUser(INTENT_SDP_STATE_CHANGED, state:1)
10-12 11:06:16.116 4758-4758/? D/DefaultClockView: End AOD Enter Animation : ForceStopAnimation : false
10-12 11:06:16.116 4758-4758/? D/AODService: : state = Start AOD mode!!
10-12 11:06:16.116 3931-30097/? D/KeyguardViewMediator: lockSdp :: Lock SDP Successful...!
10-12 11:06:16.116 6748-6798/? I/BeaconManager: BleScanHelper.startBleScan - Start filter Scan(SCREEN_OFF)
10-12 11:06:16.116 6748-6798/? D/BluetoothLeScanner: Start Scan
10-12 11:06:16.116 6748-6798/? D/BluetoothAdapter: STATE_BLE_ON
10-12 11:06:16.126 6748-6798/? D/BluetoothAdapter: appoCount is = 0
10-12 11:06:16.126 6748-6798/? D/BluetoothAdapter: STATE_BLE_ON
10-12 11:06:16.126 3435-3540/? V/BroadcastQueue: [foreground] Process cur broadcast BroadcastRecord{40edcef u0 com.sec.sdp.SDP_STATE_CHANGED qIdx=2}, state= (APP_RECEIVE) DELIVERED for app ProcessRecord{9d51ed7 29195:com.sec.android.app.sbrowser/u0a131}
10-12 11:06:16.126 3435-4825/? E/SdpServiceKeeper: isLicensed {pid:29195 uid:10131 userid:0 doPkg:null}
10-12 11:06:16.126 3435-4825/? E/SdpServiceKeeper: White listed. Skip license activation
10-12 11:06:16.126 6748-6798/? D/BluetoothAdapter: STATE_BLE_ON
10-12 11:06:16.126 6748-6798/? D/BluetoothAdapter: STATE_BLE_ON
10-12 11:06:16.126 29195-29195/? E/SdpStateChangedReceiver: com.sec.enterprise.knox.sdp.exception.SdpEngineNotExistsException
10-12 11:06:16.136 6748-6798/? D/BluetoothAdapter: appoCount is = 0
10-12 11:06:16.136 5352-5365/? D/BtGatt.GattService: registerClient() - UUID=01896a45-acd3-4e60-9f78-4d014a10dba5
10-12 11:06:16.136 3435-3992/? D/PowerManagerService: [api] acquire WakeLock flags=0x80 tag=Window:AOD uid=1000 pid=3435
10-12 11:06:16.136 4006-4006/? W/ResourcesManager: getTopLevelResources: /data/app/acr.browser.barebones-1/base.apk / 1.0 running in com.android.systemui rsrc of package acr.browser.barebones
10-12 11:06:16.146 3004-3015/? D/libEGL: eglTerminate EGLDisplay = 0x7fb1efee78
10-12 11:06:16.146 3004-3015/? D/libEGL: eglTerminate EGLDisplay = 0x7fb1efee78
10-12 11:06:16.146 4758-4758/? D/BatteryMeterView: onDraw batteryColor : -986896
10-12 11:06:16.146 3931-4134/? D/mali_winsys: EGLint new_window_surface(egl_winsys_display*, void*, EGLSurface, EGLConfig, egl_winsys_surface**, egl_color_buffer_format*, EGLBoolean) returns 0x3000, [1440x2560]-format:1
10-12 11:06:16.146 3931-3931/? D/KeyguardEffectViewController: onLayoutChange() v: com.android.keyguard.effect.EffectBehindView{abeda2e I.E...... ......ID 0,0-1440,2560 #7f0e0330 app:id/keyguard_effect_behind}, bottom : 2560, oldBottom : 96
10-12 11:06:16.146 3931-3931/? D/KeyguardEffectViewController: mShowing=true, mOccluded=false, mKeyguardFadingAway=false, match_parent=true
10-12 11:06:16.146 3931-3931/? D/NotificationStackScrollLayout: scroll range should be extended : 884
10-12 11:06:16.156 3435-4343/? V/AlarmManager: remove PendingIntent] PendingIntent{17f13fc: PendingIntentRecord{5a8b9c0 com.android.bluetooth broadcastIntent}}
10-12 11:06:16.156 3931-3931/? D/StatusBar-Window: fnf=false sanc=true, kni=false, sbf=true
10-12 11:06:16.156 3435-3960/? D/PowerManagerService: [api] acquire WakeLock flags=0x80 tag=Window:AOD uid=1000 pid=3435
10-12 11:06:16.156 3931-3931/? D/CoverUI: applyFocusableFlag() : Remove SAMSUNG_FLAG_SVIEW_COVER
10-12 11:06:16.156 3931-3931/? D/StatusBarWindowManager: forceCollapsed : false isKeyguardShowingAndNotOccluded() : true panelVisible : true keyguardFadingAway : false bouncerShowing : false headsUpShowing : false
10-12 11:06:16.156 3931-3931/? D/CoverUI: applyHeight h = -1, oc = true, fa = false, ac = false, sc = false
10-12 11:06:16.156 3435-4825/? D/PackageManager: getComponentMetadataForIconTray : acr.browser.lightning.activity.MainActivity does not exist in mServices
10-12 11:06:16.156 3435-4825/? D/PackageManager: getComponentMetadataForIconTray : acr.browser.lightning.activity.MainActivity does not exist in mProviders
10-12 11:06:16.156 3435-4825/? D/PackageManager: getComponentMetadataForIconTray : acr.browser.lightning.activity.MainActivity does not exist in mReceivers
10-12 11:06:16.166 3435-3974/? V/AlarmManager: remove PendingIntent] PendingIntent{c1a7a85: PendingIntentRecord{5a8b9c0 com.android.bluetooth broadcastIntent}}
10-12 11:06:16.166 4006-4006/? I/ApplicationPackageManager: load=acr.browser.barebones, bg=192-192, dr=192-192
10-12 11:06:16.166 4006-4006/? I/ApplicationPackageManager: scaled rate=0.98086953, size=192, alpha=4, hold=26, target=192
10-12 11:06:16.176 3435-3992/? V/AlarmManager: remove PendingIntent] PendingIntent{78e0da: PendingIntentRecord{5a8b9c0 com.android.bluetooth broadcastIntent}}
10-12 11:06:16.176 3435-4337/? V/AlarmManager: remove PendingIntent] PendingIntent{a96590b: PendingIntentRecord{5a8b9c0 com.android.bluetooth broadcastIntent}}
10-12 11:06:16.176 5352-5437/? D/BtGatt.GattService: onClientRegistered() - UUID=01896a45-acd3-4e60-9f78-4d014a10dba5, clientIf=5
10-12 11:06:16.186 6748-6762/? D/BluetoothLeScanner: onClientRegistered() - status=0 clientIf=5
10-12 11:06:16.186 5352-5364/? D/BtGatt.GattService: start scan with filters
10-12 11:06:16.186 5352-5364/? D/BluetoothAdapter: STATE_BLE_ON
10-12 11:06:16.196 5352-5364/? D/BluetoothAdapter: appoCount is = 0
10-12 11:06:16.196 3435-3960/? V/AlarmManager: remove PendingIntent] PendingIntent{aa773e8: PendingIntentRecord{5a8b9c0 com.android.bluetooth broadcastIntent}}
10-12 11:06:16.196 5352-5364/? D/BluetoothAdapter: STATE_BLE_ON
10-12 11:06:16.196 5352-5364/? D/BtGatt.GattService: getScanSettings
10-12 11:06:16.206 5352-5364/? D/BtGatt.GattService: Is it foreground application = false
10-12 11:06:16.206 5352-5364/? D/BtGatt.GattService: Its a background application running with Low Power scan mode
10-12 11:06:16.206 3435-4200/? V/AlarmManager: remove PendingIntent] PendingIntent{c0d3a01: PendingIntentRecord{5a8b9c0 com.android.bluetooth broadcastIntent}}
10-12 11:06:16.206 5352-5364/? D/BtGatt.GattService: [GSIM LOG]: getActualScanMode (100/1 vs -2147483648/0)
10-12 11:06:16.216 5352-5364/? D/BtGatt.GattService: [GSIM LOG]: getCallingProcessName: com.samsung.android.beaconmanager
10-12 11:06:16.216 5352-5364/? D/BtGatt.GattService: [GSIM LOG]: getCallingProcessName: com.samsung.android.beaconmanager
10-12 11:06:16.216 5352-5486/? E/BtGatt.GattService: [GSIM LOG]: gsimLogHandler: com.samsung.android.beaconmanager, msg: MESSAGE_START_SCAN
10-12 11:06:16.216 5352-5486/? D/BtGatt.GattService: [GSIM LOG]: gsimLogHandler: prevDate: 12, currDate: 12
