10-12 10:57:00.146 3435-3540/? V/BroadcastQueue: [background] Process cur broadcast BroadcastRecord{fb2a083 u0 null qIdx=4}, state= (APP_RECEIVE) DELIVERED for app ProcessRecord{7fb4010 4276:com.google.android.gms.persistent/u0a19}
10-12 10:57:00.156 3931-3931/? D/KeyguardUpdateMonitor: received broadcast android.intent.action.TIME_TICK
10-12 10:57:00.156 3931-3931/? D/KeyguardUpdateMonitor: handleTimeUpdate
10-12 10:57:00.166 3931-3931/? D/Clock: received broadcast android.intent.action.TIME_TICK
10-12 10:57:00.276 3931-3931/? D/DateView: received broadcast android.intent.action.TIME_TICK
10-12 10:57:00.336 4758-4758/? D/AODService.ClockTimer: onReceive : com.samsung.android.app.aodservice.ClockTimer.TICK, mWakeUp = true
10-12 10:57:00.336 4758-4758/? V/BatteryController: getBatteryLevel[79.0], batteryStatus[2]
10-12 10:57:00.346 3435-3992/? W/CAE: setCAProperty(ContextAwareService.java:578) - [setProperty 01] Mutex is locked for DEVICE_PHYSICAL_CONTEXT_MONITOR
10-12 10:57:00.346 3435-3992/? I/CAE: setPropertyValue(DevicePhysicalContextMonitorRunner.java:155) - Get status
10-12 10:57:00.346 3435-3992/? I/CAE: sendCmdToSensorHub(SensorHubCommManager.java:162) - -72, 56, 1, 1,
10-12 10:57:00.346 3435-3992/? D/SensorHubManager: SendSensorHubData: send data = -72, 56, 1, 1
10-12 10:57:00.346 3158-8639/? D/Sensorhubs: sendContextData: -72, 56, 1, 1
10-12 10:57:00.356 3435-3992/? I/CAE: setCAProperty(ContextAwareService.java:583) - result : true
10-12 10:57:00.356 3435-3992/? W/CAE: setCAProperty(ContextAwareService.java:584) - [setProperty 02] Mutex is unlocked for DEVICE_PHYSICAL_CONTEXT_MONITOR
10-12 10:57:00.356 3435-3992/? D/SContextService: requestToUpdate() : service = Device Physical Context Monitor
10-12 10:57:00.356 4758-4758/? D/SContextManager: .requestToUpdate : listener = com.samsung.android.app.aodservice.AODService$7@364f7c6, service=Device Physical Context Monitor
10-12 10:57:00.356 4758-4758/? I/AlpmModeManager: startAlpmMode : state = BLANK
10-12 10:57:00.356 4758-4758/? D/DefaultClockView: Window showed. Time views updating
10-12 10:57:00.356 3435-4808/? D/PowerManagerService: [api] acquire WakeLock flags=0x80 tag=Window:AOD uid=1000 pid=3435
10-12 10:57:00.356 3435-4808/? I/libsuspend: !@autosuspend_wakeup_count_disable
10-12 10:57:00.356 3435-4808/? D/PowerManagerService: mDisplayReady: false
10-12 10:57:00.356 3435-4808/? I/libsuspend: !@autosuspend_wakeup_count_disable done
10-12 10:57:00.356 3435-3569/? D/DisplayPowerController: animateScreenStateChange[0]: target=3
10-12 10:57:00.356 4758-4758/? D/AODUpdatePositionController: updatePosition: direction[7] updatePosition: X[-36] Y[862] NewPositionTimer[58]
10-12 10:57:00.356 3435-4808/? D/PowerManagerService: [PWL] sb acquire: PowerManagerService.Display
10-12 10:57:00.356 3435-3569/? D/DisplayPowerController: [Dual Screen Compatible] state[0] :3
10-12 10:57:00.366 4758-4758/? D/DefaultClockView: LocalTime Pattern : HH:mm
10-12 10:57:00.356 3435-3569/? D/DisplayPowerController: getFinalBrightness : Summary is 1 -> 1
10-12 10:57:00.366 4758-4758/? D/TimeViewHolder: onTimeUpdate: timeZone:libcore.util.ZoneInfo[id="Europe/Berlin",mRawOffset=3600000,mEarliestRawOffset=3600000,mUseDst=true,mDstSavings=3600000,transitions=144] isSplitHour:false isSingleView:false isAMPMonLeft:null time01: 10:57 time02: null ampm: null
10-12 10:57:00.356 3435-3569/? D/DisplayPowerController: Animating brightness: target=1, rate=2000 (PSM:false, AB limit:(-1 ~ -1) MB Limit:(-1 ~ -1))
10-12 10:57:00.366 3004-3004/? D/SurfaceFlinger: Set power mode=1, type=0 flinger=0x7fb2403c00
10-12 10:57:00.356 3435-3579/? D/DisplayManagerService: !@display_state: DOZE_SUSPEND -> DOZE brightness: 1 -> 1
10-12 10:57:00.366 3004-3004/? I/hwcomposer: int exynos_setPowerMode(hwc_composer_device_1*, int, int):: disp(0), mode(1)
10-12 10:57:00.356 3435-3565/? I/DisplayManagerService: Display device changed state: "Built-in Screen", DOZE
10-12 10:57:00.356 3435-3565/? I/DisplayManagerService: Display device changed state: "ActivityViewVirtualDisplay", DOZE
10-12 10:57:00.376 3158-3198/? D/Sensorhubs: readContextData: 1, 1, 56, 1, 1, 1, 1
10-12 10:57:00.376 3435-3810/? D/SensorHubManager: onGetSensorHubDataLocked: library(7) = 1, 1, 56, 1, 1, 1, 1
10-12 10:57:00.376 3435-3809/? I/CAE: sendCmdToSensorHub(SensorHubCommManager.java:162) - -63, 14, 8, 57, 0,
10-12 10:57:00.376 3435-3809/? D/SensorHubManager: SendSensorHubData: send data = -63, 14, 8, 57, 0
10-12 10:57:00.386 3435-3569/? D/DisplayPowerController: animateScreenStateChange[0]: target=3
10-12 10:57:00.386 3435-3569/? D/DisplayPowerController: [Dual Screen Compatible] state[0] :3
10-12 10:57:00.386 3435-3569/? D/DisplayPowerController: getFinalBrightness : Summary is 1 -> 1
10-12 10:57:00.386 3435-3569/? I/libsuspend: !@autosuspend_wakeup_count_enable
10-12 10:57:00.386 3435-3569/? D/DisplayPowerController: Animating brightness: target=1, rate=2000 (PSM:false, AB limit:(-1 ~ -1) MB Limit:(-1 ~ -1))
10-12 10:57:00.386 3435-3569/? I/libsuspend: !@autosuspend_wakeup_count_enable done
10-12 10:57:00.386 3435-3569/? D/DisplayPowerController: animateScreenStateChange[0]: target=3
10-12 10:57:00.386 3435-3569/? D/DisplayPowerController: [Dual Screen Compatible] state[0] :3
10-12 10:57:00.386 3158-3199/? D/Sensorhubs: sendContextData: -63, 14, 8, 57, 0
10-12 10:57:00.386 3435-3569/? D/DisplayPowerController: getFinalBrightness : Summary is 1 -> 1
10-12 10:57:00.386 3435-3569/? D/DisplayPowerController: Animating brightness: target=1, rate=2000 (PSM:false, AB limit:(-1 ~ -1) MB Limit:(-1 ~ -1))
10-12 10:57:00.386 3435-3569/? D/PowerManagerService: [s] DisplayPowerCallbacks : onStateChanged()
10-12 10:57:00.386 3435-3569/? D/PowerManagerService: mDisplayReady: true
10-12 10:57:00.386 3435-3569/? D/PowerManagerService: [PWL] sb release: PowerManagerService.Display
10-12 10:57:00.386 3435-3809/? D/CAE: onGetSensorHubData(SensorHubParserProvider.java:92) - onGetSensorHubData Event [event buffer len :7], AP_SLEEP
10-12 10:57:00.386 3435-3809/? I/CAE: parse(SensorHubParserProvider.java:188) - buffer size = 7
10-12 10:57:00.386 3435-3809/? I/CAE: parse(SensorHubParserProvider.java:199) - 1, 1, 56, 1, 1, 1, 1,
10-12 10:57:00.386 3435-3809/? D/CAE: display(ContextProvider.java:375) - ================= DEVICE_PHYSICAL_CONTEXT_MONITOR =================
10-12 10:57:00.386 3435-3809/? I/CAE: display(ContextProvider.java:391) - AODReason=[1], AODStatus=[1], DataType=[1]
10-12 10:57:00.396 3435-3812/? D/SContextService: updateSContext() : event = Device Physical Context Monitor
10-12 10:57:00.396 4758-4758/? D/RoamingTimeViewHolder: isDualClockSetting :: true isHomeTimeZoneExist :: false isEasyUxON :: false Utils.isRoaming(mContext) :: false
10-12 10:57:00.396 4758-4758/? D/RoamingTimeViewHolder: getHomeCalendar : No homecity_timezone, set as default : (libcore.util.ZoneInfo[id="Europe/Berlin",mRawOffset=3600000,mEarliestRawOffset=3600000,mUseDst=true,mDstSavings=3600000,transitions=144])
10-12 10:57:00.396 4758-4758/? D/RoamingTimeViewHolder: onTimeUpdate: isVisible:false timeZone:libcore.util.ZoneInfo[id="Europe/Berlin",mRawOffset=3600000,mEarliestRawOffset=3600000,mUseDst=true,mDstSavings=3600000,transitions=144] text:Wed, 12 Oct 10:57
10-12 10:57:00.396 4758-4758/? I/AODService.ClockTimer: startAlarm : TICK
10-12 10:57:00.396 3435-4341/? V/AlarmManager: Add whitelist package alarm :PendingIntent{9b67771: PendingIntentRecord{5684f7e com.samsung.android.app.aodservice broadcastIntent}}
10-12 10:57:00.406 4758-4758/? I/AlpmModeManager: handleUnblankDisplay: state = BLANK
10-12 10:57:00.406 4276-29538/? D/SecWifiDisplayUtil: Metadata value : SecSettings2
10-12 10:57:00.406 4758-4758/? V/AlpmModeManager: updateAlpmMode: setDoze [DISPLAY_STATE_DOZE_SUSPEND]
10-12 10:57:00.406 3435-4802/? I/PowerManagerService: [api] setDozeOverrideFromAod AlpmHlpmSysfs = -1, screenState = 4, Brightness = 0, wakefulness = false
10-12 10:57:00.406 3435-4802/? D/PowerManagerService: setDozeModeBySysfs: value is -1 , we ignore it.
10-12 10:57:00.406 3435-3960/? D/PowerManagerService: [api] acquire WakeLock flags=0x80 tag=Window:AOD uid=1000 pid=3435
10-12 10:57:00.406 4758-4758/? I/AODService: onSContextChanged: AODScreenShown state is already true
10-12 10:57:00.406 4758-4758/? D/DefaultClockView: RootView invalidate()
10-12 10:57:00.406 3435-3475/? D/PowerManagerService: [api] acquire WakeLock flags=0x80 tag=Window:AOD uid=1000 pid=3435
10-12 10:57:00.556 3435-3435/? D/PowerManagerService: [api] release WakeLock flags=0x80 tag=Window:AOD uid=1000 pid=3435 (0x0)
10-12 10:57:00.556 3435-3435/? I/libsuspend: !@autosuspend_wakeup_count_disable
10-12 10:57:00.556 3435-3435/? D/PowerManagerService: mDisplayReady: false
10-12 10:57:00.566 3435-3435/? I/libsuspend: !@autosuspend_wakeup_count_disable done
10-12 10:57:00.566 3435-3569/? D/DisplayPowerController: animateScreenStateChange[0]: target=4
10-12 10:57:00.566 3435-3435/? D/PowerManagerService: [PWL] sb acquire: PowerManagerService.Display
10-12 10:57:00.566 3435-3569/? D/DisplayPowerController: [Dual Screen Compatible] state[0] :4
10-12 10:57:00.566 3435-3569/? D/DisplayPowerController: getFinalBrightness : Summary is 1 -> 1
10-12 10:57:00.566 3435-3569/? D/DisplayPowerController: Animating brightness: target=1, rate=0 (PSM:false, AB limit:(-1 ~ -1) MB Limit:(-1 ~ -1))
10-12 10:57:00.566 3435-3579/? D/DisplayManagerService: !@display_state: DOZE -> DOZE_SUSPEND brightness: 1 -> 1
10-12 10:57:00.566 3004-3004/? D/SurfaceFlinger: Set power mode=3, type=0 flinger=0x7fb2403c00
10-12 10:57:00.566 3435-3565/? I/DisplayManagerService: Display device changed state: "Built-in Screen", DOZE_SUSPEND
10-12 10:57:00.566 3004-3004/? I/hwcomposer: int exynos_setPowerMode(hwc_composer_device_1*, int, int):: disp(0), mode(3)
10-12 10:57:00.566 3435-3565/? I/DisplayManagerService: Display device changed state: "ActivityViewVirtualDisplay", DOZE_SUSPEND
10-12 10:57:00.596 3435-3569/? D/DisplayPowerController: animateScreenStateChange[0]: target=4
10-12 10:57:00.596 3435-3569/? D/DisplayPowerController: [Dual Screen Compatible] state[0] :4
10-12 10:57:00.596 3435-3569/? D/DisplayPowerController: getFinalBrightness : Summary is 1 -> 1
10-12 10:57:00.596 3435-3569/? I/libsuspend: !@autosuspend_wakeup_count_enable
10-12 10:57:00.596 3435-3569/? D/DisplayPowerController: Animating brightness: target=1, rate=0 (PSM:false, AB limit:(-1 ~ -1) MB Limit:(-1 ~ -1))
10-12 10:57:00.596 3435-3569/? I/libsuspend: !@autosuspend_wakeup_count_enable done
10-12 10:57:00.596 3435-3569/? D/DisplayPowerController: animateScreenStateChange[0]: target=4
10-12 10:57:00.596 3435-3569/? D/DisplayPowerController: [Dual Screen Compatible] state[0] :4
10-12 10:57:00.596 3435-3569/? D/DisplayPowerController: getFinalBrightness : Summary is 1 -> 1
10-12 10:57:00.596 3435-3569/? D/DisplayPowerController: Animating brightness: target=1, rate=0 (PSM:false, AB limit:(-1 ~ -1) MB Limit:(-1 ~ -1))
10-12 10:57:00.596 3435-3569/? D/PowerManagerService: [s] DisplayPowerCallbacks : onStateChanged()
10-12 10:57:00.596 3435-3569/? D/PowerManagerService: mDisplayReady: true
10-12 10:57:00.596 3435-3569/? D/PowerManagerService: [PWL] sb release: PowerManagerService.Display
10-12 10:57:03.256 3143-3703/? E/NetlinkEvent: NetlinkEvent::FindParam(): Parameter 'LABEL' not found
10-12 10:57:03.366 3435-6368/? D/SSRM:n: SIOP:: AP = 250, PST = 255 (W:14), CP = 211, CUR = 445, LCD = 1
10-12 10:57:03.786 3435-3475/? D/BatteryService: !@BatteryListener : batteryPropertiesChanged!
10-12 10:57:03.786 3435-3475/? D/BatteryService: level:79, scale:100, status:2, health:2, present:true, voltage: 4155, temperature: 246, technology: Li-ion, AC powered:false, USB powered:true, POGO powered:false, Wireless powered:false, icon:17303413, invalid charger:0, maxChargingCurrent:0
10-12 10:57:03.786 3435-3475/? D/BatteryService: online:4, current avg:437, charge type:1, power sharing:false, high voltage charger:false, capacity:280000, batterySWSelfDischarging:false, current_now:470
10-12 10:57:03.786 3435-3475/? D/BatteryService: stay LED for charging
10-12 10:57:03.786 3435-3435/? D/BatteryService: Sending ACTION_BATTERY_CHANGED.
10-12 10:57:03.796 3435-3435/? I/MotionRecognitionService: Plugged
10-12 10:57:03.796 3435-3435/? D/MotionRecognitionService: cableConnection= 1
10-12 10:57:03.796 3435-3435/? D/MotionRecognitionService: setPowerConnected | current backoffstate = 1024 , state =1024
10-12 10:57:03.796 3435-3435/? D/MotionRecognitionService: skip setTransmitPower.
10-12 10:57:03.806 3435-3852/? D/WifiController: ApOrStaEnabledState msg.what= 155652
10-12 10:57:03.806 3931-3931/? D/KeyguardUpdateMonitor: received broadcast android.intent.action.BATTERY_CHANGED
10-12 10:57:03.806 3931-3931/? D/KeyguardUpdateMonitor: handleBatteryUpdate
10-12 10:57:03.806 3931-3931/? D/PowerUI: priorPlugType = 2 mPlugType = 2
10-12 10:57:03.816 3931-3931/? D/PowerUI.Notification: showChargingNotice oldChargingType : 1 currentChargingType : 1 oldChargingTime : 4510000 mChargingTime : 4485000
10-12 10:57:03.816 3931-3931/? D/PowerUI.Notification: showChargingNotification()
10-12 10:57:03.826 4449-4449/? D/CommonServiceConfiguration: getStringValueSetting
10-12 10:57:03.836 3435-4808/? D/ApplicationPolicy: isStatusBarNotificationAllowedAsUser: packageName = com.android.systemui,userId = -1
10-12 10:57:03.836 4449-4449/? D/BatteryMonitor: new battery level: 79
10-12 10:57:03.846 3931-3931/? D/BatteryMeterView: ACTION_BATTERY_CHANGED : level:79 status:2 health:2
10-12 10:57:03.846 3931-3931/? D/BatteryMeterView: ACTION_BATTERY_CHANGED : level:79 status:2 health:2
10-12 10:57:03.846 4758-4758/? D/BatteryController: saveBatteryData : level[79], status[2]
10-12 10:57:03.846 3435-3435/? D/MARsPolicyManager: NotificationListenerService OngoingNotificationPosted : com.android.systemui
10-12 10:57:03.886 3931-3931/? W/ResourcesManager: getTopLevelResources: /system/priv-app/SystemUI/SystemUI.apk / 1.0 running in com.android.systemui rsrc of package com.android.systemui
10-12 10:57:03.896 3931-3931/? D/PhoneStatusBar: setAreThereNotifications: N=2 any=true clearable=false
10-12 10:57:04.106 3143-3703/? E/NetlinkEvent: NetlinkEvent::FindParam(): Parameter 'LABEL' not found
10-12 10:57:06.136 3435-4154/? E/Watchdog: !@Sync 281 [10-12 10:57:06.145]
10-12 10:57:13.426 3435-6368/? D/SSRM:n: SIOP:: AP = 250, PST = 254 (W:14), CP = 210, CUR = 437, LCD = 1
10-12 10:57:13.846 3435-4133/? D/BatteryService: !@BatteryListener : batteryPropertiesChanged!
10-12 10:57:13.846 3435-4133/? D/BatteryService: level:79, scale:100, status:2, health:2, present:true, voltage: 4157, temperature: 245, technology: Li-ion, AC powered:false, USB powered:true, POGO powered:false, Wireless powered:false, icon:17303413, invalid charger:0, maxChargingCurrent:0
10-12 10:57:13.846 3435-4133/? D/BatteryService: online:4, current avg:448, charge type:1, power sharing:false, high voltage charger:false, capacity:280000, batterySWSelfDischarging:false, current_now:467
10-12 10:57:13.846 3435-4133/? D/BatteryService: stay LED for charging
10-12 10:57:13.846 3435-3435/? D/BatteryService: Sending ACTION_BATTERY_CHANGED.
10-12 10:57:13.856 3435-3435/? I/MotionRecognitionService: Plugged
10-12 10:57:13.856 3435-3435/? D/MotionRecognitionService: cableConnection= 1
10-12 10:57:13.856 3435-3435/? D/MotionRecognitionService: setPowerConnected | current backoffstate = 1024 , state =1024
10-12 10:57:13.856 3435-3435/? D/MotionRecognitionService: skip setTransmitPower.
10-12 10:57:13.856 3435-3852/? D/WifiController: ApOrStaEnabledState msg.what= 155652
10-12 10:57:13.856 3931-3931/? D/KeyguardUpdateMonitor: received broadcast android.intent.action.BATTERY_CHANGED
10-12 10:57:13.856 3931-3931/? D/KeyguardUpdateMonitor: handleBatteryUpdate
10-12 10:57:13.866 3931-3931/? D/PowerUI: priorPlugType = 2 mPlugType = 2
10-12 10:57:13.866 3931-3931/? D/PowerUI.Notification: showChargingNotice oldChargingType : 1 currentChargingType : 1 oldChargingTime : 4485000 mChargingTime : 4485000
10-12 10:57:13.866 3931-3931/? D/PowerUI.Notification: There is no change about charging status, so return!
10-12 10:57:13.876 4449-4449/? D/CommonServiceConfiguration: getStringValueSetting
10-12 10:57:13.886 4449-4449/? D/BatteryMonitor: new battery level: 79
10-12 10:57:13.886 4758-4758/? D/BatteryController: saveBatteryData : level[79], status[2]
10-12 10:57:13.896 3931-3931/? D/BatteryMeterView: ACTION_BATTERY_CHANGED : level:79 status:2 health:2
10-12 10:57:13.896 3931-3931/? D/BatteryMeterView: ACTION_BATTERY_CHANGED : level:79 status:2 health:2
10-12 10:57:23.486 3435-6368/? D/SSRM:n: SIOP:: AP = 250, PST = 253 (W:14), CP = 208, CUR = 448, LCD = 1
10-12 10:57:23.906 3435-4341/? D/BatteryService: !@BatteryListener : batteryPropertiesChanged!
10-12 10:57:23.906 3435-4341/? D/BatteryService: level:79, scale:100, status:2, health:2, present:true, voltage: 4146, temperature: 245, technology: Li-ion, AC powered:false, USB powered:true, POGO powered:false, Wireless powered:false, icon:17303413, invalid charger:0, maxChargingCurrent:0
10-12 10:57:23.906 3435-4341/? D/BatteryService: online:4, current avg:445, charge type:1, power sharing:false, high voltage charger:false, capacity:280000, batterySWSelfDischarging:false, current_now:347
10-12 10:57:23.906 3435-4341/? D/BatteryService: stay LED for charging
10-12 10:57:23.906 3435-3435/? D/BatteryService: Sending ACTION_BATTERY_CHANGED.
10-12 10:57:23.916 3435-3435/? I/MotionRecognitionService: Plugged
10-12 10:57:23.916 3435-3435/? D/MotionRecognitionService: cableConnection= 1
10-12 10:57:23.916 3435-3435/? D/MotionRecognitionService: setPowerConnected | current backoffstate = 1024 , state =1024
10-12 10:57:23.916 3435-3435/? D/MotionRecognitionService: skip setTransmitPower.
10-12 10:57:23.916 3435-3852/? D/WifiController: ApOrStaEnabledState msg.what= 155652
10-12 10:57:23.926 3931-3931/? D/KeyguardUpdateMonitor: received broadcast android.intent.action.BATTERY_CHANGED
10-12 10:57:23.926 3931-3931/? D/KeyguardUpdateMonitor: handleBatteryUpdate
10-12 10:57:23.926 3931-3931/? D/PowerUI: priorPlugType = 2 mPlugType = 2
10-12 10:57:23.926 3931-3931/? D/PowerUI.Notification: showChargingNotice oldChargingType : 1 currentChargingType : 1 oldChargingTime : 4485000 mChargingTime : 4485000
10-12 10:57:23.926 3931-3931/? D/PowerUI.Notification: There is no change about charging status, so return!
10-12 10:57:23.946 4449-4449/? D/CommonServiceConfiguration: getStringValueSetting
10-12 10:57:23.956 4449-4449/? D/BatteryMonitor: new battery level: 79
10-12 10:57:23.956 3931-3931/? D/BatteryMeterView: ACTION_BATTERY_CHANGED : level:79 status:2 health:2
10-12 10:57:23.956 3931-3931/? D/BatteryMeterView: ACTION_BATTERY_CHANGED : level:79 status:2 health:2
10-12 10:57:23.956 4758-4758/? D/BatteryController: saveBatteryData : level[79], status[2]
10-12 10:57:33.196 3931-4137/? D/NetworkController.MobileSignalController(0/2147483643): onCellLocationChanged
10-12 10:57:33.196 4449-4545/? I/CellLocationSupport: onCellLocationChanged
10-12 10:57:33.216 3435-4337/? D/ConnectivityService: returning getNetworkInfo for network type 0 : [type: MOBILE[] - MOBILE, state: DISCONNECTED/DISCONNECTED, reason: (unspecified), extra: (none), roaming: false, failover: false, isAvailable: true]
10-12 10:57:33.216 3435-4337/? D/ConnectivityService: returning getNetworkInfo for network type 1 : [type: WIFI[] - WIFI, state: CONNECTED/CONNECTED, reason: (unspecified), extra: "WLAN-198160", roaming: false, failover: false, isAvailable: true]
10-12 10:57:33.216 3435-4337/? D/ConnectivityService: returning getNetworkInfo for network type 2 : [type: MOBILE_MMS[] - MOBILE_MMS, state: DISCONNECTED/DISCONNECTED, reason: (unspecified), extra: (none), roaming: false, failover: false, isAvailable: true]
10-12 10:57:33.216 3435-4337/? D/ConnectivityService: returning getNetworkInfo for network type 3 : [type: MOBILE_SUPL[] - MOBILE_SUPL, state: DISCONNECTED/DISCONNECTED, reason: (unspecified), extra: (none), roaming: false, failover: false, isAvailable: true]
10-12 10:57:33.216 3435-4337/? D/ConnectivityService: returning getNetworkInfo for network type 4 : [type: MOBILE_DUN[] - MOBILE_DUN, state: DISCONNECTED/DISCONNECTED, reason: (unspecified), extra: (none), roaming: false, failover: false, isAvailable: true]
10-12 10:57:33.216 3435-4337/? D/ConnectivityService: returning getNetworkInfo for network type 5 : [type: MOBILE_HIPRI[] - MOBILE_HIPRI, state: DISCONNECTED/DISCONNECTED, reason: (unspecified), extra: (none), roaming: false, failover: false, isAvailable: true]
10-12 10:57:33.216 3435-4337/? D/ConnectivityService: returning getNetworkInfo for network type 7 : [type: BLUETOOTH[] - BLUETOOTH, state: DISCONNECTED/DISCONNECTED, reason: (unspecified), extra: (none), roaming: false, failover: false, isAvailable: true]
10-12 10:57:33.216 3435-4337/? D/ConnectivityService: returning getNetworkInfo for network type 9 : [type: ETHERNET[] - ETHERNET, state: DISCONNECTED/DISCONNECTED, reason: (unspecified), extra: (none), roaming: false, failover: false, isAvailable: true]
10-12 10:57:33.216 3435-4337/? D/ConnectivityService: returning getNetworkInfo for network type 10 : [type: MOBILE_FOTA[] - MOBILE_FOTA, state: DISCONNECTED/DISCONNECTED, reason: (unspecified), extra: (none), roaming: false, failover: false, isAvailable: true]
10-12 10:57:33.216 3435-4337/? D/ConnectivityService: returning getNetworkInfo for network type 11 : [type: MOBILE_IMS[] - MOBILE_IMS, state: DISCONNECTED/DISCONNECTED, reason: (unspecified), extra: (none), roaming: false, failover: false, isAvailable: true]
10-12 10:57:33.226 3435-4337/? D/ConnectivityService: returning getNetworkInfo for network type 12 : [type: MOBILE_CBS[] - MOBILE_CBS, state: DISCONNECTED/DISCONNECTED, reason: (unspecified), extra: (none), roaming: false, failover: false, isAvailable: true]
10-12 10:57:33.226 4449-4545/? D/TranslatorCollection: translateToNwkSvcType: networkType XAN_NWK_TYPE_WLAN
10-12 10:57:33.226 3435-4337/? D/ConnectivityService: returning getNetworkInfo for network type 13 : [type: WIFI_P2P[] - WIFI_P2P, state: UNKNOWN/IDLE, reason: (unspecified), extra: (none), roaming: false, failover: false, isAvailable: true]
10-12 10:57:33.226 4449-4545/? D/CellLocationSupport: Siso Stack not called RegisterAN yet on XAN_NWK_TYPE_WLAN
10-12 10:57:33.226 3435-4337/? D/ConnectivityService: returning getNetworkInfo for network type 14 : [type: MOBILE_IA[] - MOBILE_IA, state: DISCONNECTED/DISCONNECTED, reason: (unspecified), extra: (none), roaming: false, failover: false, isAvailable: true]
10-12 10:57:33.226 3435-4337/? D/ConnectivityService: returning getNetworkInfo for network type 15 : [type: MOBILE_EMERGENCY[] - MOBILE_EMERGENCY, state: DISCONNECTED/DISCONNECTED, reason: (unspecified), extra: (none), roaming: false, failover: false, isAvailable: true]
10-12 10:57:33.226 3435-4337/? D/ConnectivityService: returning getNetworkInfo for network type 17 : [type: VPN[] - VPN, state: DISCONNECTED/DISCONNECTED, reason: (unspecified), extra: (none), roaming: false, failover: false, isAvailable: true]
10-12 10:57:33.546 3435-6368/? D/SSRM:n: SIOP:: AP = 250, PST = 252 (W:14), CP = 208, CUR = 445, LCD = 1
10-12 10:57:33.966 3435-3960/? D/BatteryService: !@BatteryListener : batteryPropertiesChanged!
10-12 10:57:33.966 3435-3960/? D/BatteryService: level:79, scale:100, status:2, health:2, present:true, voltage: 4158, temperature: 244, technology: Li-ion, AC powered:false, USB powered:true, POGO powered:false, Wireless powered:false, icon:17303413, invalid charger:0, maxChargingCurrent:0
10-12 10:57:33.966 3435-3960/? D/BatteryService: online:4, current avg:448, charge type:1, power sharing:false, high voltage charger:false, capacity:280000, batterySWSelfDischarging:false, current_now:474
10-12 10:57:33.966 3435-3960/? D/BatteryService: stay LED for charging
10-12 10:57:33.966 3435-3435/? D/BatteryService: Sending ACTION_BATTERY_CHANGED.
10-12 10:57:33.966 3435-3435/? I/MotionRecognitionService: Plugged
10-12 10:57:33.966 3435-3435/? D/MotionRecognitionService: cableConnection= 1
10-12 10:57:33.976 3435-3435/? D/MotionRecognitionService: setPowerConnected | current backoffstate = 1024 , state =1024
10-12 10:57:33.976 3435-3435/? D/MotionRecognitionService: skip setTransmitPower.
10-12 10:57:33.976 3435-3852/? D/WifiController: ApOrStaEnabledState msg.what= 155652
10-12 10:57:33.976 3931-3931/? D/KeyguardUpdateMonitor: received broadcast android.intent.action.BATTERY_CHANGED
10-12 10:57:33.976 3931-3931/? D/KeyguardUpdateMonitor: handleBatteryUpdate
10-12 10:57:33.986 3931-3931/? D/PowerUI: priorPlugType = 2 mPlugType = 2
10-12 10:57:33.986 3931-3931/? D/PowerUI.Notification: showChargingNotice oldChargingType : 1 currentChargingType : 1 oldChargingTime : 4485000 mChargingTime : 4463000
10-12 10:57:33.986 3931-3931/? D/PowerUI.Notification: showChargingNotification()
10-12 10:57:34.006 3435-3474/? D/ApplicationPolicy: isStatusBarNotificationAllowedAsUser: packageName = com.android.systemui,userId = -1
10-12 10:57:34.006 4449-4449/? D/CommonServiceConfiguration: getStringValueSetting
10-12 10:57:34.006 3931-3931/? D/BatteryMeterView: ACTION_BATTERY_CHANGED : level:79 status:2 health:2
10-12 10:57:34.016 3931-3931/? D/BatteryMeterView: ACTION_BATTERY_CHANGED : level:79 status:2 health:2
10-12 10:57:34.016 4449-4449/? D/BatteryMonitor: new battery level: 79
10-12 10:57:34.016 3435-3435/? D/MARsPolicyManager: NotificationListenerService OngoingNotificationPosted : com.android.systemui
10-12 10:57:34.016 4758-4758/? D/BatteryController: saveBatteryData : level[79], status[2]
10-12 10:57:34.036 3931-3931/? W/ResourcesManager: getTopLevelResources: /system/priv-app/SystemUI/SystemUI.apk / 1.0 running in com.android.systemui rsrc of package com.android.systemui
10-12 10:57:34.046 3931-3931/? D/PhoneStatusBar: setAreThereNotifications: N=2 any=true clearable=false
10-12 10:57:35.506 3931-4137/? D/NetworkController.MobileSignalController(0/2147483643): onSignalStrengthsChanged signalStrength=SignalStrength: 11 99 -11 -200 -11 -200 -1 99 2147483647 2147483647 2147483647 2147483647 2147483647 0x4 gsm|lte level=4
10-12 10:57:35.506 3931-4137/? D/NetworkController.MobileSignalController(0/2147483643): getMobileIconGroup(): 0
10-12 10:57:36.136 3435-4154/? E/Watchdog: !@Sync 282 [10-12 10:57:36.146]
10-12 10:57:38.096 3931-4137/? D/NetworkController.MobileSignalController(0/2147483643): onSignalStrengthsChanged signalStrength=SignalStrength: 10 99 -10 -200 -10 -200 -1 99 2147483647 2147483647 2147483647 2147483647 2147483647 0x4 gsm|lte level=4
10-12 10:57:38.096 3931-4137/? D/NetworkController.MobileSignalController(0/2147483643): getMobileIconGroup(): 0
10-12 10:57:40.646 3931-4137/? D/NetworkController.MobileSignalController(0/2147483643): onSignalStrengthsChanged signalStrength=SignalStrength: 11 99 -11 -200 -11 -200 -1 99 2147483647 2147483647 2147483647 2147483647 2147483647 0x4 gsm|lte level=4
10-12 10:57:40.646 3931-4137/? D/NetworkController.MobileSignalController(0/2147483643): getMobileIconGroup(): 0
10-12 10:57:43.576 3435-6368/? D/SSRM:n: SIOP:: AP = 240, PST = 251 (W:14), CP = 207, CUR = 448, LCD = 1
10-12 10:57:44.026 3435-4643/? D/BatteryService: !@BatteryListener : batteryPropertiesChanged!
10-12 10:57:44.026 3435-4643/? D/BatteryService: level:79, scale:100, status:2, health:2, present:true, voltage: 4158, temperature: 244, technology: Li-ion, AC powered:false, USB powered:true, POGO powered:false, Wireless powered:false, icon:17303413, invalid charger:0, maxChargingCurrent:0
10-12 10:57:44.026 3435-4643/? D/BatteryService: online:4, current avg:449, charge type:1, power sharing:false, high voltage charger:false, capacity:280000, batterySWSelfDischarging:false, current_now:476
10-12 10:57:44.026 3435-4643/? D/BatteryService: stay LED for charging
10-12 10:57:44.026 3435-3435/? D/BatteryService: Sending ACTION_BATTERY_CHANGED.
10-12 10:57:44.026 3435-3435/? I/MotionRecognitionService: Plugged
10-12 10:57:44.026 3435-3435/? D/MotionRecognitionService: cableConnection= 1
10-12 10:57:44.026 3435-3435/? D/MotionRecognitionService: setPowerConnected | current backoffstate = 1024 , state =1024
10-12 10:57:44.026 3435-3435/? D/MotionRecognitionService: skip setTransmitPower.
10-12 10:57:44.036 3435-3852/? D/WifiController: ApOrStaEnabledState msg.what= 155652
10-12 10:57:44.036 3931-3931/? D/KeyguardUpdateMonitor: received broadcast android.intent.action.BATTERY_CHANGED
10-12 10:57:44.036 3931-3931/? D/KeyguardUpdateMonitor: handleBatteryUpdate
10-12 10:57:44.036 3931-3931/? D/PowerUI: priorPlugType = 2 mPlugType = 2
10-12 10:57:44.046 3931-3931/? D/PowerUI.Notification: showChargingNotice oldChargingType : 1 currentChargingType : 1 oldChargingTime : 4463000 mChargingTime : 4463000
10-12 10:57:44.046 3931-3931/? D/PowerUI.Notification: There is no change about charging status, so return!
10-12 10:57:44.056 4449-4449/? D/CommonServiceConfiguration: getStringValueSetting
10-12 10:57:44.066 4449-4449/? D/BatteryMonitor: new battery level: 79
10-12 10:57:44.076 4758-4758/? D/BatteryController: saveBatteryData : level[79], status[2]
10-12 10:57:44.086 3931-3931/? D/BatteryMeterView: ACTION_BATTERY_CHANGED : level:79 status:2 health:2
10-12 10:57:44.086 3931-3931/? D/BatteryMeterView: ACTION_BATTERY_CHANGED : level:79 status:2 health:2
10-12 10:57:50.316 27886-27901/? I/Quasar: start to send events
10-12 10:57:53.456 3931-4137/? D/NetworkController.MobileSignalController(0/2147483643): onSignalStrengthsChanged signalStrength=SignalStrength: 12 99 -12 -200 -12 -200 -1 99 2147483647 2147483647 2147483647 2147483647 2147483647 0x4 gsm|lte level=4
10-12 10:57:53.456 3931-4137/? D/NetworkController.MobileSignalController(0/2147483643): getMobileIconGroup(): 0
10-12 10:57:53.456 4116-4144/? D/ContactsProvider_EventLog: contents_sample_state: [ contacts(15) data(105) accounts({com.google (2)=15}) accounts deleted({}) calls([]) ] contents_sample_state: [ agr({[2]=15}) ]
10-12 10:57:53.606 3435-6368/? D/SSRM:n: SIOP:: AP = 240, PST = 250 (W:14), CP = 206, CUR = 449, LCD = 1
10-12 10:57:54.076 3435-4343/? D/BatteryService: !@BatteryListener : batteryPropertiesChanged!
10-12 10:57:54.076 3435-4343/? D/BatteryService: level:80, scale:100, status:2, health:2, present:true, voltage: 4159, temperature: 243, technology: Li-ion, AC powered:false, USB powered:true, POGO powered:false, Wireless powered:false, icon:17303413, invalid charger:0, maxChargingCurrent:0
10-12 10:57:54.076 3435-4343/? D/BatteryService: online:4, current avg:452, charge type:1, power sharing:false, high voltage charger:false, capacity:280000, batterySWSelfDischarging:false, current_now:466
10-12 10:57:54.086 3435-3435/? D/BatteryService: Sending ACTION_BATTERY_CHANGED.
10-12 10:57:54.086 3435-4343/? D/BatteryService: stay LED for charging
10-12 10:57:54.086 3435-3542/? D/BluetoothAdapter: STATE_BLE_ON
10-12 10:57:54.086 3435-3569/? D/PowerManagerService: [PSM] lowPowerModeEnabled: false (mLowPowerModeSetting: false, mIsPowered: true, mAutoLowPowerModeConfigured: false, mBatteryLevel: 80, mLowBatteryTriggerLevel: 0)
10-12 10:57:54.096 3435-3435/? I/MotionRecognitionService: Plugged
10-12 10:57:54.096 3435-3435/? D/MotionRecognitionService: cableConnection= 1
10-12 10:57:54.096 3435-3435/? D/MotionRecognitionService: setPowerConnected | current backoffstate = 1024 , state =1024
10-12 10:57:54.096 3435-3435/? D/MotionRecognitionService: skip setTransmitPower.
10-12 10:57:54.096 3435-3852/? D/WifiController: ApOrStaEnabledState msg.what= 155652
10-12 10:57:54.096 3931-3931/? D/KeyguardUpdateMonitor: received broadcast android.intent.action.BATTERY_CHANGED
10-12 10:57:54.096 3931-3931/? D/KeyguardUpdateMonitor: handleBatteryUpdate
10-12 10:57:54.116 4449-4449/? D/CommonServiceConfiguration: getStringValueSetting
10-12 10:57:54.126 3931-3931/? D/PowerUI: priorPlugType = 2 mPlugType = 2
10-12 10:57:54.126 4449-4449/? D/BatteryMonitor: new battery level: 80
10-12 10:57:54.126 3931-3931/? D/PowerUI.Notification: showChargingNotice oldChargingType : 1 currentChargingType : 1 oldChargingTime : 4463000 mChargingTime : 4413000
10-12 10:57:54.126 3931-3931/? D/PowerUI.Notification: showChargingNotification()
10-12 10:57:54.126 5024-5024/? E/MtpServerJNI: server is null in send_object_removed
10-12 10:57:54.136 4758-4758/? D/BatteryController: saveBatteryData : level[80], status[2]
10-12 10:57:54.136 4758-4758/? D/AODService: Received intent, service updating android.intent.action.BATTERY_CHANGED
10-12 10:57:54.136 3435-4200/? D/PowerManagerService: [api] acquire WakeLock flags=0x80 tag=Window:AOD uid=1000 pid=3435
10-12 10:57:54.136 3435-4200/? I/libsuspend: !@autosuspend_wakeup_count_disable
10-12 10:57:54.136 3435-4200/? D/PowerManagerService: mDisplayReady: false
10-12 10:57:54.136 3435-4200/? I/libsuspend: !@autosuspend_wakeup_count_disable done
10-12 10:57:54.136 3435-3569/? D/DisplayPowerController: animateScreenStateChange[0]: target=3
10-12 10:57:54.136 3435-4200/? D/PowerManagerService: [PWL] sb acquire: PowerManagerService.Display
10-12 10:57:54.146 3435-4325/? D/ApplicationPolicy: isStatusBarNotificationAllowedAsUser: packageName = com.android.systemui,userId = -1
10-12 10:57:54.146 3435-3569/? D/DisplayPowerController: [Dual Screen Compatible] state[0] :3
10-12 10:57:54.146 3435-3569/? D/DisplayPowerController: getFinalBrightness : Summary is 1 -> 1
10-12 10:57:54.146 3435-3569/? D/DisplayPowerController: Animating brightness: target=1, rate=2000 (PSM:false, AB limit:(-1 ~ -1) MB Limit:(-1 ~ -1))
10-12 10:57:54.146 3931-3931/? D/BatteryMeterView: ACTION_BATTERY_CHANGED : level:80 status:2 health:2
10-12 10:57:54.146 3435-3435/? D/MARsPolicyManager: NotificationListenerService OngoingNotificationPosted : com.android.systemui
10-12 10:57:54.146 3931-3931/? D/BatteryMeterView: ACTION_BATTERY_CHANGED : level:80 status:2 health:2
10-12 10:57:54.146 3004-3004/? D/SurfaceFlinger: Set power mode=1, type=0 flinger=0x7fb2403c00
10-12 10:57:54.146 3435-3579/? D/DisplayManagerService: !@display_state: DOZE_SUSPEND -> DOZE brightness: 1 -> 1
10-12 10:57:54.146 3004-3004/? I/hwcomposer: int exynos_setPowerMode(hwc_composer_device_1*, int, int):: disp(0), mode(1)
10-12 10:57:54.146 3435-3565/? I/DisplayManagerService: Display device changed state: "Built-in Screen", DOZE
10-12 10:57:54.146 3435-3565/? I/DisplayManagerService: Display device changed state: "ActivityViewVirtualDisplay", DOZE
10-12 10:57:54.166 3435-3569/? D/DisplayPowerController: animateScreenStateChange[0]: target=3
10-12 10:57:54.176 3435-3569/? I/libsuspend: !@autosuspend_wakeup_count_enable
10-12 10:57:54.166 3435-3569/? D/DisplayPowerController: [Dual Screen Compatible] state[0] :3
10-12 10:57:54.176 3435-3569/? I/libsuspend: !@autosuspend_wakeup_count_enable done
10-12 10:57:54.176 4758-4758/? D/BatteryMeterView: onDraw batteryColor : -986896
10-12 10:57:54.176 3435-3569/? D/DisplayPowerController: getFinalBrightness : Summary is 1 -> 1
10-12 10:57:54.176 3435-3569/? D/DisplayPowerController: Animating brightness: target=1, rate=2000 (PSM:false, AB limit:(-1 ~ -1) MB Limit:(-1 ~ -1))
10-12 10:57:54.176 3435-3569/? D/DisplayPowerController: animateScreenStateChange[0]: target=3
10-12 10:57:54.176 3435-3569/? D/DisplayPowerController: [Dual Screen Compatible] state[0] :3
10-12 10:57:54.176 3435-3569/? D/DisplayPowerController: getFinalBrightness : Summary is 1 -> 1
10-12 10:57:54.176 3435-3569/? D/DisplayPowerController: Animating brightness: target=1, rate=2000 (PSM:false, AB limit:(-1 ~ -1) MB Limit:(-1 ~ -1))
10-12 10:57:54.176 3435-3569/? D/PowerManagerService: [s] DisplayPowerCallbacks : onStateChanged()
10-12 10:57:54.176 3435-3569/? D/PowerManagerService: mDisplayReady: true
10-12 10:57:54.176 3435-3569/? D/PowerManagerService: [PWL] sb release: PowerManagerService.Display
10-12 10:57:54.196 3931-3931/? W/ResourcesManager: getTopLevelResources: /system/priv-app/SystemUI/SystemUI.apk / 1.0 running in com.android.systemui rsrc of package com.android.systemui
10-12 10:57:54.206 3931-3931/? D/PhoneStatusBar: setAreThereNotifications: N=2 any=true clearable=false
10-12 10:57:54.226 3435-3446/? I/art: Background sticky concurrent mark sweep GC freed 149558(10MB) AllocSpace objects, 140(3MB) LOS objects, 23% free, 46MB/61MB, paused 2.701ms total 122.684ms
10-12 10:57:54.296 3435-3435/? D/PowerManagerService: [api] release WakeLock flags=0x80 tag=Window:AOD uid=1000 pid=3435 (0x0)
10-12 10:57:54.296 3435-3435/? I/libsuspend: !@autosuspend_wakeup_count_disable
10-12 10:57:54.296 3435-3435/? D/PowerManagerService: mDisplayReady: false
10-12 10:57:54.296 3435-3435/? I/libsuspend: !@autosuspend_wakeup_count_disable done
10-12 10:57:54.296 3435-3435/? D/PowerManagerService: [PWL] sb acquire: PowerManagerService.Display
10-12 10:57:54.296 3435-3569/? D/DisplayPowerController: animateScreenStateChange[0]: target=4
10-12 10:57:54.296 3435-3569/? D/DisplayPowerController: [Dual Screen Compatible] state[0] :4
10-12 10:57:54.296 3435-3569/? D/DisplayPowerController: getFinalBrightness : Summary is 1 -> 1
10-12 10:57:54.296 3435-3569/? D/DisplayPowerController: Animating brightness: target=1, rate=0 (PSM:false, AB limit:(-1 ~ -1) MB Limit:(-1 ~ -1))
10-12 10:57:54.296 3435-3579/? D/DisplayManagerService: !@display_state: DOZE -> DOZE_SUSPEND brightness: 1 -> 1
10-12 10:57:54.296 3004-3004/? D/SurfaceFlinger: Set power mode=3, type=0 flinger=0x7fb2403c00
10-12 10:57:54.296 3435-3565/? I/DisplayManagerService: Display device changed state: "Built-in Screen", DOZE_SUSPEND
10-12 10:57:54.296 3004-3004/? I/hwcomposer: int exynos_setPowerMode(hwc_composer_device_1*, int, int):: disp(0), mode(3)
10-12 10:57:54.296 3435-3565/? I/DisplayManagerService: Display device changed state: "ActivityViewVirtualDisplay", DOZE_SUSPEND
10-12 10:57:54.316 3435-3569/? D/DisplayPowerController: animateScreenStateChange[0]: target=4
10-12 10:57:54.316 3435-3569/? D/DisplayPowerController: [Dual Screen Compatible] state[0] :4
10-12 10:57:54.316 3435-3569/? I/libsuspend: !@autosuspend_wakeup_count_enable
10-12 10:57:54.316 3435-3569/? D/DisplayPowerController: getFinalBrightness : Summary is 1 -> 1
10-12 10:57:54.316 3435-3569/? I/libsuspend: !@autosuspend_wakeup_count_enable done
10-12 10:57:54.316 3435-3569/? D/DisplayPowerController: Animating brightness: target=1, rate=0 (PSM:false, AB limit:(-1 ~ -1) MB Limit:(-1 ~ -1))
10-12 10:57:54.316 3435-3569/? D/DisplayPowerController: animateScreenStateChange[0]: target=4
10-12 10:57:54.316 3435-3569/? D/DisplayPowerController: [Dual Screen Compatible] state[0] :4
10-12 10:57:54.316 3435-3569/? D/DisplayPowerController: getFinalBrightness : Summary is 1 -> 1
10-12 10:57:54.316 3435-3569/? D/DisplayPowerController: Animating brightness: target=1, rate=0 (PSM:false, AB limit:(-1 ~ -1) MB Limit:(-1 ~ -1))
10-12 10:57:54.316 3435-3569/? D/PowerManagerService: [s] DisplayPowerCallbacks : onStateChanged()
10-12 10:57:54.316 3435-3569/? D/PowerManagerService: mDisplayReady: true
10-12 10:57:54.316 3435-3569/? D/PowerManagerService: [PWL] sb release: PowerManagerService.Display
10-12 10:57:59.996 3435-3807/? V/AlarmManager: Expired Alarm result :8
10-12 10:58:00.366 3435-3807/? V/AlarmManager: Expired Alarm result :8
10-12 10:58:00.396 3435-3807/? V/AlarmManager: Expired Alarm result :4
10-12 10:58:00.396 3435-3807/? V/AlarmManager: Send whitelist package alarm :PendingIntent{9b67771: PendingIntentRecord{5684f7e com.samsung.android.app.aodservice broadcastIntent}}
10-12 10:58:00.426 3435-3540/? V/BroadcastQueue: [background] Process cur broadcast BroadcastRecord{b6a19ad u0 null qIdx=4}, state= (APP_RECEIVE) DELIVERED for app ProcessRecord{7fb4010 4276:com.google.android.gms.persistent/u0a19}
10-12 10:58:00.426 3435-3435/? V/AlarmManager: ___SyncScheduler (v3) ACTIVATED___
10-12 10:58:00.426 3435-3435/? V/AlarmManagerEXT:
10-12 10:58:00.426 3435-3435/? V/AlarmManagerEXT: (AppSync) com.whatsapp : 3600(3540)
10-12 10:58:00.426 3435-3435/? V/AlarmManagerEXT: (AppSync) ### 1 added ###
10-12 10:58:00.426 3931-3931/? D/KeyguardUpdateMonitor: received broadcast android.intent.action.TIME_TICK
10-12 10:58:00.436 3931-3931/? D/KeyguardUpdateMonitor: handleTimeUpdate
10-12 10:58:00.456 3931-3931/? D/Clock: received broadcast android.intent.action.TIME_TICK
10-12 10:58:00.566 3931-3931/? D/DateView: received broadcast android.intent.action.TIME_TICK
10-12 10:58:00.616 4276-29547/? D/SecWifiDisplayUtil: Metadata value : SecSettings2
10-12 10:58:00.616 4758-4758/? D/AODService.ClockTimer: onReceive : com.samsung.android.app.aodservice.ClockTimer.TICK, mWakeUp = true
10-12 10:58:00.616 4758-4758/? V/BatteryController: getBatteryLevel[80.0], batteryStatus[2]
10-12 10:58:00.616 3435-4808/? W/CAE: setCAProperty(ContextAwareService.java:578) - [setProperty 01] Mutex is locked for DEVICE_PHYSICAL_CONTEXT_MONITOR
10-12 10:58:00.616 3435-4808/? I/CAE: setPropertyValue(DevicePhysicalContextMonitorRunner.java:155) - Get status
10-12 10:58:00.616 3435-4808/? I/CAE: sendCmdToSensorHub(SensorHubCommManager.java:162) - -72, 56, 1, 1,
10-12 10:58:00.616 3435-4808/? D/SensorHubManager: SendSensorHubData: send data = -72, 56, 1, 1
10-12 10:58:00.626 3158-3158/? D/Sensorhubs: sendContextData: -72, 56, 1, 1
10-12 10:58:00.626 3435-4808/? I/CAE: setCAProperty(ContextAwareService.java:583) - result : true
10-12 10:58:00.636 3435-4808/? W/CAE: setCAProperty(ContextAwareService.java:584) - [setProperty 02] Mutex is unlocked for DEVICE_PHYSICAL_CONTEXT_MONITOR
10-12 10:58:00.636 3435-4808/? D/SContextService: requestToUpdate() : service = Device Physical Context Monitor
10-12 10:58:00.636 4758-4758/? D/SContextManager: .requestToUpdate : listener = com.samsung.android.app.aodservice.AODService$7@364f7c6, service=Device Physical Context Monitor
10-12 10:58:00.636 4758-4758/? I/AlpmModeManager: startAlpmMode : state = BLANK
10-12 10:58:00.636 4758-4758/? D/DefaultClockView: Window showed. Time views updating
10-12 10:58:00.636 3435-3474/? I/libsuspend: !@autosuspend_wakeup_count_disable
10-12 10:58:00.636 3435-3474/? D/PowerManagerService: [api] acquire WakeLock flags=0x80 tag=Window:AOD uid=1000 pid=3435
10-12 10:58:00.636 3435-3474/? I/libsuspend: !@autosuspend_wakeup_count_disable done
10-12 10:58:00.636 3435-3474/? D/PowerManagerService: mDisplayReady: false
10-12 10:58:00.636 3435-3569/? D/DisplayPowerController: animateScreenStateChange[0]: target=3
10-12 10:58:00.636 3435-3474/? D/PowerManagerService: [PWL] sb acquire: PowerManagerService.Display
10-12 10:58:00.636 3435-3569/? D/DisplayPowerController: [Dual Screen Compatible] state[0] :3
10-12 10:58:00.636 3435-3569/? D/DisplayPowerController: getFinalBrightness : Summary is 1 -> 1
10-12 10:58:00.636 3435-3569/? D/DisplayPowerController: Animating brightness: target=1, rate=2000 (PSM:false, AB limit:(-1 ~ -1) MB Limit:(-1 ~ -1))
10-12 10:58:00.636 3435-3579/? D/DisplayManagerService: !@display_state: DOZE_SUSPEND -> DOZE brightness: 1 -> 1
10-12 10:58:00.636 3435-3565/? I/DisplayManagerService: Display device changed state: "Built-in Screen", DOZE
10-12 10:58:00.636 3435-3565/? I/DisplayManagerService: Display device changed state: "ActivityViewVirtualDisplay", DOZE
10-12 10:58:00.646 4758-4758/? D/AODUpdatePositionController: updatePosition: direction[1] updatePosition: X[-37] Y[861] NewPositionTimer[57]
10-12 10:58:00.646 4758-4758/? D/DefaultClockView: LocalTime Pattern : HH:mm
10-12 10:58:00.646 4758-4758/? D/TimeViewHolder: onTimeUpdate: timeZone:libcore.util.ZoneInfo[id="Europe/Berlin",mRawOffset=3600000,mEarliestRawOffset=3600000,mUseDst=true,mDstSavings=3600000,transitions=144] isSplitHour:false isSingleView:false isAMPMonLeft:null time01: 10:58 time02: null ampm: null
10-12 10:58:00.646 3004-3004/? D/SurfaceFlinger: Set power mode=1, type=0 flinger=0x7fb2403c00
10-12 10:58:00.646 3004-3004/? I/hwcomposer: int exynos_setPowerMode(hwc_composer_device_1*, int, int):: disp(0), mode(1)
10-12 10:58:00.656 3435-3569/? D/DisplayPowerController: animateScreenStateChange[0]: target=3
10-12 10:58:00.656 3435-3569/? I/libsuspend: !@autosuspend_wakeup_count_enable
10-12 10:58:00.656 3435-3569/? D/DisplayPowerController: [Dual Screen Compatible] state[0] :3
10-12 10:58:00.656 3435-3569/? I/libsuspend: !@autosuspend_wakeup_count_enable done
10-12 10:58:00.656 3435-3569/? D/DisplayPowerController: getFinalBrightness : Summary is 1 -> 1
10-12 10:58:00.656 3158-3198/? D/Sensorhubs: readContextData: 1, 1, 56, 1, 1, 1, 1
10-12 10:58:00.656 3435-3569/? D/DisplayPowerController: Animating brightness: target=1, rate=2000 (PSM:false, AB limit:(-1 ~ -1) MB Limit:(-1 ~ -1))
10-12 10:58:00.656 3435-3810/? D/SensorHubManager: onGetSensorHubDataLocked: library(7) = 1, 1, 56, 1, 1, 1, 1
10-12 10:58:00.656 3435-3569/? D/DisplayPowerController: animateScreenStateChange[0]: target=3
10-12 10:58:00.656 3435-3569/? D/DisplayPowerController: [Dual Screen Compatible] state[0] :3
10-12 10:58:00.666 3435-3809/? I/CAE: sendCmdToSensorHub(SensorHubCommManager.java:162) - -63, 14, 8, 58, 0,
10-12 10:58:00.656 3435-3569/? D/DisplayPowerController: getFinalBrightness : Summary is 1 -> 1
10-12 10:58:00.666 3435-3809/? D/SensorHubManager: SendSensorHubData: send data = -63, 14, 8, 58, 0
10-12 10:58:00.656 3435-3569/? D/DisplayPowerController: Animating brightness: target=1, rate=2000 (PSM:false, AB limit:(-1 ~ -1) MB Limit:(-1 ~ -1))
10-12 10:58:00.666 3158-8639/? D/Sensorhubs: sendContextData: -63, 14, 8, 58, 0
10-12 10:58:00.656 3435-3569/? D/PowerManagerService: [s] DisplayPowerCallbacks : onStateChanged()
10-12 10:58:00.656 3435-3569/? D/PowerManagerService: mDisplayReady: true
10-12 10:58:00.656 3435-3569/? D/PowerManagerService: [PWL] sb release: PowerManagerService.Display
10-12 10:58:00.666 4758-4758/? D/RoamingTimeViewHolder: isDualClockSetting :: true isHomeTimeZoneExist :: false isEasyUxON :: false Utils.isRoaming(mContext) :: false
10-12 10:58:00.666 4758-4758/? D/RoamingTimeViewHolder: getHomeCalendar : No homecity_timezone, set as default : (libcore.util.ZoneInfo[id="Europe/Berlin",mRawOffset=3600000,mEarliestRawOffset=3600000,mUseDst=true,mDstSavings=3600000,transitions=144])
10-12 10:58:00.666 3435-3809/? D/CAE: onGetSensorHubData(SensorHubParserProvider.java:92) - onGetSensorHubData Event [event buffer len :7], AP_SLEEP
10-12 10:58:00.666 3435-3809/? I/CAE: parse(SensorHubParserProvider.java:188) - buffer size = 7
10-12 10:58:00.666 3435-4808/? V/AlarmManager: Add whitelist package alarm :PendingIntent{3fbbaeb: PendingIntentRecord{5684f7e com.samsung.android.app.aodservice broadcastIntent}}
10-12 10:58:00.666 3435-3809/? I/CAE: parse(SensorHubParserProvider.java:199) - 1, 1, 56, 1, 1, 1, 1,
10-12 10:58:00.666 4758-4758/? D/RoamingTimeViewHolder: onTimeUpdate: isVisible:false timeZone:libcore.util.ZoneInfo[id="Europe/Berlin",mRawOffset=3600000,mEarliestRawOffset=3600000,mUseDst=true,mDstSavings=3600000,transitions=144] text:Wed, 12 Oct 10:58
10-12 10:58:00.666 4758-4758/? I/AODService.ClockTimer: startAlarm : TICK
10-12 10:58:00.666 3435-3809/? D/CAE: display(ContextProvider.java:375) - ================= DEVICE_PHYSICAL_CONTEXT_MONITOR =================
10-12 10:58:00.666 3435-3809/? I/CAE: display(ContextProvider.java:391) - AODReason=[1], AODStatus=[1], DataType=[1]
10-12 10:58:00.666 3435-3812/? D/SContextService: updateSContext() : event = Device Physical Context Monitor
10-12 10:58:00.676 4758-4758/? I/AlpmModeManager: handleUnblankDisplay: state = BLANK
10-12 10:58:00.676 4758-4758/? V/AlpmModeManager: updateAlpmMode: setDoze [DISPLAY_STATE_DOZE_SUSPEND]
10-12 10:58:00.676 3435-3974/? I/PowerManagerService: [api] setDozeOverrideFromAod AlpmHlpmSysfs = -1, screenState = 4, Brightness = 0, wakefulness = false
10-12 10:58:00.676 3435-3974/? D/PowerManagerService: setDozeModeBySysfs: value is -1 , we ignore it.
10-12 10:58:00.676 3435-4643/? D/PowerManagerService: [api] acquire WakeLock flags=0x80 tag=Window:AOD uid=1000 pid=3435
10-12 10:58:00.676 4758-4758/? D/DefaultClockView: RootView invalidate()
10-12 10:58:00.686 3435-4325/? D/PowerManagerService: [api] acquire WakeLock flags=0x80 tag=Window:AOD uid=1000 pid=3435
10-12 10:58:00.686 4758-4758/? I/AODService: onSContextChanged: AODScreenShown state is already true
10-12 10:58:00.836 3435-3435/? D/PowerManagerService: [api] release WakeLock flags=0x80 tag=Window:AOD uid=1000 pid=3435 (0x0)
10-12 10:58:00.836 3435-3435/? I/libsuspend: !@autosuspend_wakeup_count_disable
10-12 10:58:00.836 3435-3435/? D/PowerManagerService: mDisplayReady: false
10-12 10:58:00.836 3435-3435/? I/libsuspend: !@autosuspend_wakeup_count_disable done
10-12 10:58:00.836 3435-3569/? D/DisplayPowerController: animateScreenStateChange[0]: target=4
10-12 10:58:00.836 3435-3435/? D/PowerManagerService: [PWL] sb acquire: PowerManagerService.Display
10-12 10:58:00.836 3435-3569/? D/DisplayPowerController: [Dual Screen Compatible] state[0] :4
10-12 10:58:00.836 3435-3569/? D/DisplayPowerController: getFinalBrightness : Summary is 1 -> 1
10-12 10:58:00.836 3435-3569/? D/DisplayPowerController: Animating brightness: target=1, rate=0 (PSM:false, AB limit:(-1 ~ -1) MB Limit:(-1 ~ -1))
10-12 10:58:00.836 3004-3004/? D/SurfaceFlinger: Set power mode=3, type=0 flinger=0x7fb2403c00
10-12 10:58:00.836 3435-3579/? D/DisplayManagerService: !@display_state: DOZE -> DOZE_SUSPEND brightness: 1 -> 1
10-12 10:58:00.836 3004-3004/? I/hwcomposer: int exynos_setPowerMode(hwc_composer_device_1*, int, int):: disp(0), mode(3)
10-12 10:58:00.836 3435-3565/? I/DisplayManagerService: Display device changed state: "Built-in Screen", DOZE_SUSPEND
10-12 10:58:00.836 3435-3565/? I/DisplayManagerService: Display device changed state: "ActivityViewVirtualDisplay", DOZE_SUSPEND
10-12 10:58:00.866 3435-3569/? D/DisplayPowerController: animateScreenStateChange[0]: target=4
10-12 10:58:00.866 3435-3569/? D/DisplayPowerController: [Dual Screen Compatible] state[0] :4
10-12 10:58:00.866 3435-3569/? D/DisplayPowerController: getFinalBrightness : Summary is 1 -> 1
