10-12 11:04:39.816 29668-29668/? D/[WeatherWidget(1240)]  AutoRefresh: {[8FD2E506F874D7163C71C5FD167729A3F1524692913D8374891649955E8C59A90C19ED8315B58731AC2FE7582D4006FA]}
10-12 11:04:39.816 29668-29668/? D/[WeatherWidget(1240)]  WeatherDataBroadcast: {[F66E3CA8B365B88F6D0BA25F503D9342982FCFD7554314A31FE24F7BEA73AAAFA805DC6926DEA1D1A6F5E164474BE2EB]}
10-12 11:04:39.816 29668-29668/? D/[WeatherWidget(1240)]  DaemonReceiver: {[17CABE9AE3B899F8BDC3BC64262CA764FC982B2EE6A2627C238692721DAD9700B079C302013C0495DE23DB009ACAF24798691364B500F6DCC6BB884B08D07A4E1E260F31B98815E6BC99F4DA56141E5D727B70F7E3B25E5D201321EBBD0BEA0F69DBF454793E2A19776CC38EDCF07C17]}
10-12 11:04:39.816 6748-6798/? D/BluetoothAdapter: STATE_BLE_ON
10-12 11:04:39.816 6748-6798/? D/BluetoothAdapter: STATE_BLE_ON
10-12 11:04:39.816 6748-6798/? D/BluetoothAdapter: appoCount is = 0
10-12 11:04:39.826 5352-5365/? D/BtGatt.GattService: registerClient() - UUID=8f6a0bf9-8670-4948-8c16-80d68030a609
10-12 11:04:39.826 29668-29668/? I/[WeatherWidget(1240)]  WeatherDaemonService: {[0D15A0BDCA5CCB9CB67CEA5D6A5B701016D9A9720E81E0D70D7C86290AB31A49B4ED891E54FE125BEBDE9B7CBE4B5D93]}
10-12 11:04:39.826 29668-29684/? D/[WeatherWidget(1240)]  WeatherDaemonService: {[0D15A0BDCA5CCB9CB67CEA5D6A5B701075A94CC5F5E39D4820659FB74EC9EE50D3B69CC9A5DC07C12C897203BD7BF05815AFC081435E90246C2647FE9A16B6907156FCC031026A9015AA2FE6FF1394C0963F802A0E74D8513946C5016B465C1C5708C886DB69F158420185C5A943A90C]}
10-12 11:04:39.826 29668-29684/? D/[WeatherWidget(1240)]  ActionManager: {[A905772627D84EF979F40DA123EE8C705D20A053C07A35CF4AB0D21F217A5DD8469C5898F3508C1BFCEFFF1250A321A62569BDF1EA21B60B1F58779835477B0A29C9DA729EEC115A6BCC740493E7AF7211575E690A6B313C031BCFC7BA44E5DACBC1AEC856F1FA50F81BB4FE82149597BD013B57ED4E2A72E1667E8694CF4169]}
10-12 11:04:39.826 29668-29684/? D/[WeatherWidget(1240)]  ActionManager: {[557B36680099EF61ACFA42B26774F1A4B54FC50741ABA2FF69051D97F1E511783E1DF657C3F713471EDF5660C31751245A4AE60F70D651E2B3B7EA64A213E537]}
10-12 11:04:39.826 29668-29684/? D/[WeatherWidget(1240)]  ActionManager: {[457725A152217BDE973874415C177422E47CEF3E4798200CEC59C559239A7640F5214498631A498E7A9CB49032591FB9]}
10-12 11:04:39.826 29668-29684/? D/[WeatherWidget(1240)]  ActionManager: {[457725A152217BDE973874415C17742295DBD668680F17601DA247795D3D9A9BD80072841CD5EAE2D365BB828E248E3D0F5D8D1377F9246D429FE12FB74A3FDD]}
10-12 11:04:39.836 3435-4341/? V/BroadcastQueue: [background] Process cur broadcast BroadcastRecord{896026 u0 com.samsung.android.providers.context.log.action.REPORT_APP_STATUS_SURVEY qIdx=4}, state= (APP_RECEIVE) DELIVERED for app ProcessRecord{66cefe7 5380:com.samsung.android.providers.context/u0a7}
10-12 11:04:39.836 29668-29668/? I/[WeatherWidget(1240)]  WeatherDaemonService: {[0D15A0BDCA5CCB9CB67CEA5D6A5B701077D03F5B239D9A57CEB198C855FCF84100F8C88A9563C3B22DE390334BD7D366]}
10-12 11:04:39.836 3435-4341/? V/BroadcastQueue: [background] Process cur broadcast BroadcastRecord{92db467 u0 com.samsung.android.providers.context.log.action.REPORT_APP_STATUS_SURVEY qIdx=4}, state= (APP_RECEIVE) DELIVERED for app ProcessRecord{66cefe7 5380:com.samsung.android.providers.context/u0a7}
10-12 11:04:39.846 3435-4341/? I/ActivityManager: Killing 28999:com.samsung.android.app.galaxylabs/u0a15 (adj 15): DHA:empty #33
10-12 11:04:39.846 3435-4341/? V/BroadcastQueue: [background] Process cur broadcast BroadcastRecord{4176214 u0 com.samsung.android.providers.context.log.action.REPORT_APP_STATUS_SURVEY qIdx=4}, state= (APP_RECEIVE) DELIVERED for app ProcessRecord{66cefe7 5380:com.samsung.android.providers.context/u0a7}
10-12 11:04:39.856 3435-3974/? D/ActivityManager: isAutoRunBlockedApp:: com.samsung.android.app.galaxylabs, Auto Run ON
10-12 11:04:39.866 5352-5437/? D/BtGatt.GattService: onClientRegistered() - UUID=8f6a0bf9-8670-4948-8c16-80d68030a609, clientIf=5
10-12 11:04:39.866 6748-6758/? D/BluetoothLeScanner: onClientRegistered() - status=0 clientIf=5
10-12 11:04:39.866 5352-16840/? D/BtGatt.GattService: start scan with filters
10-12 11:04:39.866 5352-16840/? D/BluetoothAdapter: STATE_BLE_ON
10-12 11:04:39.866 5352-16840/? D/BluetoothAdapter: appoCount is = 0
10-12 11:04:39.866 5352-16840/? D/BluetoothAdapter: STATE_BLE_ON
10-12 11:04:39.866 5352-16840/? D/BtGatt.GattService: getScanSettings
10-12 11:04:39.866 5352-16840/? D/BtGatt.GattService: Is it foreground application = false
10-12 11:04:39.866 5352-16840/? D/BtGatt.GattService: Its a background application running with Low Power scan mode
10-12 11:04:39.866 5352-16840/? D/BtGatt.GattService: [GSIM LOG]: getActualScanMode (100/5 vs -2147483648/0)
10-12 11:04:39.866 5352-16840/? D/BtGatt.GattService: [GSIM LOG]: getCallingProcessName: com.samsung.android.beaconmanager
10-12 11:04:39.866 5352-16840/? D/BtGatt.GattService: [GSIM LOG]: getCallingProcessName: com.samsung.android.beaconmanager
10-12 11:04:39.866 5352-5486/? E/BtGatt.GattService: [GSIM LOG]: gsimLogHandler: com.samsung.android.beaconmanager, msg: MESSAGE_START_SCAN
10-12 11:04:39.866 5352-5486/? D/BtGatt.GattService: [GSIM LOG]: gsimLogHandler: prevDate: 12, currDate: 12
10-12 11:04:39.866 5352-5468/? D/BtGatt.ScanManager: handling starting scan
10-12 11:04:39.866 5352-5468/? D/BluetoothAdapter: STATE_BLE_ON
10-12 11:04:39.866 5352-5468/? D/BluetoothAdapter: STATE_BLE_ON
10-12 11:04:39.866 5352-5468/? D/BluetoothAdapter: appoCount is = 0
10-12 11:04:39.866 5352-5468/? D/BluetoothAdapter: STATE_BLE_ON
10-12 11:04:39.866 5352-5468/? D/BluetoothAdapter: STATE_BLE_ON
10-12 11:04:39.866 5352-5468/? D/BluetoothAdapter: appoCount is = 0
10-12 11:04:39.866 5352-5468/? D/BluetoothAdapter: STATE_BLE_ON
10-12 11:04:39.866 5352-5468/? D/BluetoothAdapter: STATE_BLE_ON
10-12 11:04:39.866 5352-5468/? D/BluetoothAdapter: appoCount is = 0
10-12 11:04:39.866 3435-3474/? V/AlarmManager: remove PendingIntent] PendingIntent{d4f0abd: PendingIntentRecord{5a8b9c0 com.android.bluetooth broadcastIntent}}
10-12 11:04:39.866 3158-3198/? D/Sensorhubs: readContextData: 1, 1, 26, 1, 1, -14, -90, -24, 0, 1
10-12 11:04:39.876 3435-3810/? D/SensorHubManager: onGetSensorHubDataLocked: library(10) = 1, 1, 26, 1, 1, -14, -90, -24, 0, 1
10-12 11:04:39.876 5352-5437/? D/BtGatt.GattService: onScanFilterEnableDisabled() - clientIf=5, status=0, action=1
10-12 11:04:39.876 5352-5437/? D/BtGatt.ScanManager: callback done for clientIf - 5 status - 0
10-12 11:04:39.876 3435-3809/? D/CAE: onGetSensorHubData(SensorHubParserProvider.java:92) - onGetSensorHubData Event [event buffer len :10], AP_WAKEUP
10-12 11:04:39.876 5352-5468/? D/BtGatt.ScanManager: set filter index= 6 for clientIf= 5
10-12 11:04:39.876 5352-5468/? D/BtGatt.ScanManager: addFilterToController: 5
10-12 11:04:39.876 3435-3809/? I/CAE: parse(SensorHubParserProvider.java:188) - buffer size = 10
10-12 11:04:39.876 3435-4337/? V/AlarmManager: remove PendingIntent] PendingIntent{b1b58b2: PendingIntentRecord{5a8b9c0 com.android.bluetooth broadcastIntent}}
10-12 11:04:39.876 3435-3809/? I/CAE: parse(SensorHubParserProvider.java:199) - 1, 1, 26, 1, 1, -14, -90, -24, 0, 1,
10-12 11:04:39.876 5352-5437/? D/BtGatt.GattService: onScanFilterConfig() - clientIf=5, action = 0 status = 0, filterType=5, availableSpace=47
10-12 11:04:39.876 5352-5437/? D/BtGatt.ScanManager: callback done for clientIf - 5 status - 0
10-12 11:04:39.876 3435-4808/? V/AlarmManager: remove PendingIntent] PendingIntent{b573003: PendingIntentRecord{5a8b9c0 com.android.bluetooth broadcastIntent}}
10-12 11:04:39.876 5352-5468/? D/BtGatt.ScanManager: High Rssi Filter value is = -128
10-12 11:04:39.876 3435-3435/? D/WifiService: mActivityTrackerListener: onSContextChanged(): 25
10-12 11:04:39.876 5352-5468/? D/BtGatt.ScanManager: Low Rssi Filter value is = -128
10-12 11:04:39.876 3435-3435/? D/WifiService: ACTIVITY_STATUS_UNKNOWN
10-12 11:04:39.876 5352-5468/? D/BtGatt.ScanManager: configureFilterParamter 500 10000 1 0highRssiThreshold = -128lowRssiThreshold = -128matchmode is =1
10-12 11:04:39.876 3435-4343/? V/AlarmManager: remove PendingIntent] PendingIntent{a128b80: PendingIntentRecord{5a8b9c0 com.android.bluetooth broadcastIntent}}
10-12 11:04:39.876 3435-3809/? D/CAE: display(ContextProvider.java:375) - ================= ACTIVITY_TRACKER =================
10-12 11:04:39.876 3435-4825/? V/AlarmManager: remove PendingIntent] PendingIntent{56695b9: PendingIntentRecord{5a8b9c0 com.android.bluetooth broadcastIntent}}
10-12 11:04:39.876 3435-3809/? I/CAE: display(ContextProvider.java:391) - Accuracy=[1], OperationMode=[0], ActivityType=[0], TimeStamp=[1476263079656]
10-12 11:04:39.876 3435-3812/? D/SContextService: updateSContext() : event = Activity Tracker
10-12 11:04:39.876 5352-5437/? D/BtGatt.GattService: onScanFilterParamsConfigured() - clientIf=5, status=0, action=0, availableSpace=31
10-12 11:04:39.876 3435-4341/? V/AlarmManager: remove PendingIntent] PendingIntent{4624dfe: PendingIntentRecord{5a8b9c0 com.android.bluetooth broadcastIntent}}
10-12 11:04:39.876 5352-5437/? D/BtGatt.ScanManager: callback done for clientIf - 5 status - 0
10-12 11:04:39.876 5352-5468/? D/BtGatt.ScanManager: set filter index= 7 for clientIf= 5
10-12 11:04:39.876 5352-5468/? D/BtGatt.ScanManager: addFilterToController: 5
10-12 11:04:39.876 3435-3974/? V/AlarmManager: remove PendingIntent] PendingIntent{212c95f: PendingIntentRecord{5a8b9c0 com.android.bluetooth broadcastIntent}}
10-12 11:04:39.876 3435-29681/? I/BatteryStatsDumper: Writing to database completed
10-12 11:04:39.876 5352-5437/? D/BtGatt.GattService: onScanFilterConfig() - clientIf=5, action = 0 status = 0, filterType=5, availableSpace=46
10-12 11:04:39.876 5352-5437/? D/BtGatt.ScanManager: callback done for clientIf - 5 status - 0
10-12 11:04:39.876 5352-5468/? D/BtGatt.ScanManager: High Rssi Filter value is = -128
10-12 11:04:39.876 3435-3960/? V/AlarmManager: remove PendingIntent] PendingIntent{9d4dfac: PendingIntentRecord{5a8b9c0 com.android.bluetooth broadcastIntent}}
10-12 11:04:39.876 5352-5468/? D/BtGatt.ScanManager: Low Rssi Filter value is = -128
10-12 11:04:39.876 5352-5468/? D/BtGatt.ScanManager: configureFilterParamter 500 10000 1 0highRssiThreshold = -128lowRssiThreshold = -128matchmode is =1
10-12 11:04:39.876 5352-5486/? D/BtGatt.GattService: [GSIM LOG]: increaseScanCount : com.samsung.android.beaconmanager : 70
10-12 11:04:39.876 5352-5486/? D/BtGatt.GattService: [GSIM LOG]: increaseScanCount : com.samsung.android.beaconmanager, com.samsung.android.beaconmanager
10-12 11:04:39.876 3435-3475/? V/AlarmManager: remove PendingIntent] PendingIntent{6d1d475: PendingIntentRecord{5a8b9c0 com.android.bluetooth broadcastIntent}}
10-12 11:04:39.876 5352-5437/? D/BtGatt.GattService: onScanFilterParamsConfigured() - clientIf=5, status=0, action=0, availableSpace=30
10-12 11:04:39.876 5352-5437/? D/BtGatt.ScanManager: callback done for clientIf - 5 status - 0
10-12 11:04:39.876 5352-5468/? D/BtGatt.ScanManager: set filter index= 8 for clientIf= 5
10-12 11:04:39.876 5352-5468/? D/BtGatt.ScanManager: addFilterToController: 5
10-12 11:04:39.876 5352-5437/? D/BtGatt.GattService: onScanFilterConfig() - clientIf=5, action = 0 status = 0, filterType=5, availableSpace=45
10-12 11:04:39.876 5352-5437/? D/BtGatt.ScanManager: callback done for clientIf - 5 status - 0
10-12 11:04:39.876 5352-5468/? D/BtGatt.ScanManager: High Rssi Filter value is = -128
10-12 11:04:39.876 5352-5468/? D/BtGatt.ScanManager: Low Rssi Filter value is = -128
10-12 11:04:39.876 5352-5468/? D/BtGatt.ScanManager: configureFilterParamter 500 10000 1 0highRssiThreshold = -128lowRssiThreshold = -128matchmode is =1
10-12 11:04:39.886 5352-5437/? D/BtGatt.GattService: onScanFilterParamsConfigured() - clientIf=5, status=0, action=0, availableSpace=29
10-12 11:04:39.886 5352-5437/? D/BtGatt.ScanManager: callback done for clientIf - 5 status - 0
10-12 11:04:39.886 5352-5468/? D/BtGatt.ScanManager: set filter index= 9 for clientIf= 5
10-12 11:04:39.886 3435-4643/? V/AlarmManager: remove PendingIntent] PendingIntent{d914c0a: PendingIntentRecord{5a8b9c0 com.android.bluetooth broadcastIntent}}
10-12 11:04:39.886 5352-5468/? D/BtGatt.ScanManager: addFilterToController: 5
10-12 11:04:39.886 5352-5486/? D/BtGatt.GattService: [GSIM LOG]: increaseScanCount 4 Battery : com.samsung.android.beaconmanager : 1
10-12 11:04:39.886 5352-5486/? D/BtGatt.GattService: [GSIM LOG]: setScanTime : com.samsung.android.beaconmanager : 24604384
10-12 11:04:39.886 3435-4803/? V/AlarmManager: remove PendingIntent] PendingIntent{5c49c7b: PendingIntentRecord{5a8b9c0 com.android.bluetooth broadcastIntent}}
10-12 11:04:39.886 5352-5486/? D/BtGatt.GattService: [GSIM LOG]: setRequestedScanType : com.samsung.android.beaconmanager : 100
10-12 11:04:39.886 5352-5486/? D/BtGatt.GattService: [GSIM LOG]: setActualScanType : com.samsung.android.beaconmanager : 100
10-12 11:04:39.886 5352-5486/? D/BtGatt.GattService: [GSIM LOG]: updateScanTime: 0
10-12 11:04:39.886 5352-5486/? D/BtGatt.GattService: [GSIM LOG]: com.samsung.android.beaconmanager@Custom, R time : 148 => 148
10-12 11:04:39.886 5352-5486/? D/BtGatt.GattService: [GSIM LOG]: com.samsung.android.beaconmanager@Custom, A time : 148 => 148
10-12 11:04:39.886 5352-5486/? D/BtGatt.GattService: [GSIM LOG]: updateScanTime: 0
10-12 11:04:39.886 5352-5486/? D/BtGatt.GattService: [GSIM LOG]: com.samsung.android.beaconmanager@Custom, R time : 148 => 148
10-12 11:04:39.886 5352-5486/? D/BtGatt.GattService: [GSIM LOG]: com.samsung.android.beaconmanager@Custom, A time : 148 => 148
10-12 11:04:39.886 5352-5486/? D/BtGatt.GattService: [GSIM LOG]: setActualScanType : com.samsung.android.beaconmanager : 100
10-12 11:04:39.886 5352-5486/? D/BtGatt.GattService: [GSIM LOG]: updateScanTime: 0
10-12 11:04:39.886 5352-5486/? D/BtGatt.GattService: [GSIM LOG]: com.samsung.android.beaconmanager@Custom, R time : 148 => 148
10-12 11:04:39.886 5352-5486/? D/BtGatt.GattService: [GSIM LOG]: com.samsung.android.beaconmanager@Custom, A time : 148 => 148
10-12 11:04:39.886 5352-5486/? D/BtGatt.GattService: [GSIM LOG]: setScanTime : com.samsung.android.beaconmanager : 24604384
10-12 11:04:39.886 5352-5437/? D/BtGatt.GattService: onScanFilterConfig() - clientIf=5, action = 0 status = 0, filterType=5, availableSpace=44
10-12 11:04:39.886 5352-5437/? D/BtGatt.ScanManager: callback done for clientIf - 5 status - 0
10-12 11:04:39.886 5352-5468/? D/BtGatt.ScanManager: High Rssi Filter value is = -128
10-12 11:04:39.886 5352-5468/? D/BtGatt.ScanManager: Low Rssi Filter value is = -128
10-12 11:04:39.886 5352-5468/? D/BtGatt.ScanManager: configureFilterParamter 500 10000 1 0highRssiThreshold = -128lowRssiThreshold = -128matchmode is =1
10-12 11:04:39.886 3435-4802/? V/AlarmManager: remove PendingIntent] PendingIntent{e864a98: PendingIntentRecord{5a8b9c0 com.android.bluetooth broadcastIntent}}
10-12 11:04:39.886 5352-5437/? D/BtGatt.GattService: onScanFilterParamsConfigured() - clientIf=5, status=0, action=0, availableSpace=28
10-12 11:04:39.886 5352-5437/? D/BtGatt.ScanManager: callback done for clientIf - 5 status - 0
10-12 11:04:39.886 5352-5468/? D/BtGatt.ScanManager: configureRegularScanParams() - queue=1
10-12 11:04:39.886 5352-5468/? I/BtGatt.ScanManager: custom scan scanMode = 100
10-12 11:04:39.886 5352-5468/? I/BtGatt.ScanManager: New scan mode custom scan scanInterval = 3120scanWindow = 160
10-12 11:04:39.886 5352-5468/? E/BtGatt.ScanManager: default value of curScanSetting 0 is choosen
10-12 11:04:39.886 5352-5468/? I/BtGatt.ScanManager: newScanMode = 5newcurScanSetting = 0
10-12 11:04:39.886 5352-5468/? I/BtGatt.ScanManager: comparing = 5 with = 0
10-12 11:04:39.886 5352-5468/? D/BtGatt.ScanManager: configureRegularScanParams() - ScanSetting Scan mode=100 mLastConfiguredScanSetting=-2147483648
10-12 11:04:39.886 5352-5468/? D/BtGatt.ScanManager: configureRegularScanParams - scanInterval = 4992configureRegularScanParams - scanWindow = 256
10-12 11:04:39.886 5352-5437/? D/BtGatt.GattService: onScanParamSetupCompleted() status=0, clientIf=5
10-12 11:04:39.886 3435-4200/? V/AlarmManager: remove PendingIntent] PendingIntent{37842f1: PendingIntentRecord{5a8b9c0 com.android.bluetooth broadcastIntent}}
10-12 11:04:39.886 5352-5437/? D/BtGatt.GattService: onScanParamSetupCompleted : 0
10-12 11:04:39.886 3435-4325/? V/AlarmManager: remove PendingIntent] PendingIntent{6001ed6: PendingIntentRecord{5a8b9c0 com.android.bluetooth broadcastIntent}}
10-12 11:04:39.886 3435-3992/? V/AlarmManager: remove PendingIntent] PendingIntent{6f68557: PendingIntentRecord{5a8b9c0 com.android.bluetooth broadcastIntent}}
10-12 11:04:39.886 3435-4133/? V/AlarmManager: remove PendingIntent] PendingIntent{be17844: PendingIntentRecord{5a8b9c0 com.android.bluetooth broadcastIntent}}
10-12 11:04:39.886 3435-3474/? V/AlarmManager: remove PendingIntent] PendingIntent{a3d1d2d: PendingIntentRecord{5a8b9c0 com.android.bluetooth broadcastIntent}}
10-12 11:04:39.886 3435-4337/? V/AlarmManager: remove PendingIntent] PendingIntent{8b75262: PendingIntentRecord{5a8b9c0 com.android.bluetooth broadcastIntent}}
10-12 11:04:39.896 3435-4808/? V/AlarmManager: remove PendingIntent] PendingIntent{af41ff3: PendingIntentRecord{5a8b9c0 com.android.bluetooth broadcastIntent}}
10-12 11:04:39.896 3435-4343/? V/AlarmManager: remove PendingIntent] PendingIntent{49fd4b0: PendingIntentRecord{5a8b9c0 com.android.bluetooth broadcastIntent}}
10-12 11:04:39.896 3435-4825/? V/AlarmManager: remove PendingIntent] PendingIntent{afb5f29: PendingIntentRecord{5a8b9c0 com.android.bluetooth broadcastIntent}}
10-12 11:04:39.896 3435-4341/? V/AlarmManager: remove PendingIntent] PendingIntent{6bc32ae: PendingIntentRecord{5a8b9c0 com.android.bluetooth broadcastIntent}}
10-12 11:04:39.896 3435-3974/? V/AlarmManager: remove PendingIntent] PendingIntent{626c84f: PendingIntentRecord{5a8b9c0 com.android.bluetooth broadcastIntent}}
10-12 11:04:39.896 3435-3960/? V/AlarmManager: remove PendingIntent] PendingIntent{ba58bdc: PendingIntentRecord{5a8b9c0 com.android.bluetooth broadcastIntent}}
10-12 11:04:39.896 3435-3475/? V/AlarmManager: remove PendingIntent] PendingIntent{e41c4e5: PendingIntentRecord{5a8b9c0 com.android.bluetooth broadcastIntent}}
10-12 11:04:39.896 3435-4643/? V/AlarmManager: remove PendingIntent] PendingIntent{a1ccbba: PendingIntentRecord{5a8b9c0 com.android.bluetooth broadcastIntent}}
10-12 11:04:39.896 3435-4803/? V/AlarmManager: remove PendingIntent] PendingIntent{319a6b: PendingIntentRecord{5a8b9c0 com.android.bluetooth broadcastIntent}}
10-12 11:04:39.896 3435-4802/? V/AlarmManager: remove PendingIntent] PendingIntent{bed89c8: PendingIntentRecord{5a8b9c0 com.android.bluetooth broadcastIntent}}
10-12 11:04:39.896 3435-4200/? V/AlarmManager: remove PendingIntent] PendingIntent{cceca61: PendingIntentRecord{5a8b9c0 com.android.bluetooth broadcastIntent}}
10-12 11:04:39.896 3435-4325/? V/AlarmManager: remove PendingIntent] PendingIntent{dbbe986: PendingIntentRecord{5a8b9c0 com.android.bluetooth broadcastIntent}}
10-12 11:04:39.906 3435-3992/? V/AlarmManager: remove PendingIntent] PendingIntent{dcd7247: PendingIntentRecord{5a8b9c0 com.android.bluetooth broadcastIntent}}
10-12 11:04:39.906 3435-4133/? V/AlarmManager: remove PendingIntent] PendingIntent{3357a74: PendingIntentRecord{5a8b9c0 com.android.bluetooth broadcastIntent}}
10-12 11:04:39.906 3435-3474/? V/AlarmManager: remove PendingIntent] PendingIntent{2ccab9d: PendingIntentRecord{5a8b9c0 com.android.bluetooth broadcastIntent}}
10-12 11:04:39.906 3435-4337/? V/AlarmManager: remove PendingIntent] PendingIntent{5dd1812: PendingIntentRecord{5a8b9c0 com.android.bluetooth broadcastIntent}}
10-12 11:04:39.906 3435-4808/? V/AlarmManager: remove PendingIntent] PendingIntent{c64ebe3: PendingIntentRecord{5a8b9c0 com.android.bluetooth broadcastIntent}}
10-12 11:04:39.906 3435-4343/? V/AlarmManager: remove PendingIntent] PendingIntent{b69c9e0: PendingIntentRecord{5a8b9c0 com.android.bluetooth broadcastIntent}}
10-12 11:04:39.906 3435-4825/? V/AlarmManager: remove PendingIntent] PendingIntent{acd6499: PendingIntentRecord{5a8b9c0 com.android.bluetooth broadcastIntent}}
10-12 11:04:39.906 3435-4341/? V/AlarmManager: remove PendingIntent] PendingIntent{570a35e: PendingIntentRecord{5a8b9c0 com.android.bluetooth broadcastIntent}}
10-12 11:04:39.906 3435-3974/? V/AlarmManager: remove PendingIntent] PendingIntent{b70633f: PendingIntentRecord{5a8b9c0 com.android.bluetooth broadcastIntent}}
10-12 11:04:39.906 3435-3960/? V/AlarmManager: remove PendingIntent] PendingIntent{ed1a40c: PendingIntentRecord{5a8b9c0 com.android.bluetooth broadcastIntent}}
10-12 11:04:39.906 3435-3475/? V/AlarmManager: remove PendingIntent] PendingIntent{c86b155: PendingIntentRecord{5a8b9c0 com.android.bluetooth broadcastIntent}}
10-12 11:04:40.236 3158-3198/? D/Sensorhubs: readContextData: 1, 1, 26, 1, 1, -14, -88, 85, 0, 0
10-12 11:04:40.236 3435-3810/? D/SensorHubManager: onGetSensorHubDataLocked: library(10) = 1, 1, 26, 1, 1, -14, -88, 85, 0, 0
10-12 11:04:40.236 3435-3809/? D/CAE: onGetSensorHubData(SensorHubParserProvider.java:92) - onGetSensorHubData Event [event buffer len :10], AP_WAKEUP
10-12 11:04:40.236 3435-3809/? I/CAE: parse(SensorHubParserProvider.java:188) - buffer size = 10
10-12 11:04:40.236 3435-3809/? I/CAE: parse(SensorHubParserProvider.java:199) - 1, 1, 26, 1, 1, -14, -88, 85, 0, 0,
10-12 11:04:40.236 3435-3809/? D/CAE: display(ContextProvider.java:375) - ================= ACTIVITY_TRACKER =================
10-12 11:04:40.236 3435-3809/? I/CAE: display(ContextProvider.java:391) - Accuracy=[0], OperationMode=[0], ActivityType=[0], TimeStamp=[1476263080021]
10-12 11:04:40.236 3435-3812/? D/SContextService: updateSContext() : event = Activity Tracker
10-12 11:04:40.246 3435-3435/? D/WifiService: mActivityTrackerListener: onSContextChanged(): 25
10-12 11:04:40.246 3435-3435/? D/WifiService: ACTIVITY_STATUS_UNKNOWN
10-12 11:04:40.266 3435-3435/? D/CustomFrequencyManagerService: releaseDVFSLockLocked : Getting Lock type frm List : DVFS_MIN_LIMIT frequency : 1144000 uid : 1000 pid : 3435 tag : WAKEUP_BOOSTER@30
10-12 11:04:40.546 3158-3198/? D/Sensorhubs: readContextData: 1, 1, 26, 1, 1, -14, -87, -122, 1, 0
10-12 11:04:40.546 3435-3810/? D/SensorHubManager: onGetSensorHubDataLocked: library(10) = 1, 1, 26, 1, 1, -14, -87, -122, 1, 0
10-12 11:04:40.546 3435-3809/? D/CAE: onGetSensorHubData(SensorHubParserProvider.java:92) - onGetSensorHubData Event [event buffer len :10], AP_WAKEUP
10-12 11:04:40.556 3435-3809/? I/CAE: parse(SensorHubParserProvider.java:188) - buffer size = 10
10-12 11:04:40.556 3435-3809/? I/CAE: parse(SensorHubParserProvider.java:199) - 1, 1, 26, 1, 1, -14, -87, -122, 1, 0,
10-12 11:04:40.556 3435-3809/? D/CAE: display(ContextProvider.java:375) - ================= ACTIVITY_TRACKER =================
10-12 11:04:40.556 3435-3809/? I/CAE: display(ContextProvider.java:391) - Accuracy=[0], OperationMode=[0], ActivityType=[1], TimeStamp=[1476263080326]
10-12 11:04:40.556 3435-3812/? D/SContextService: updateSContext() : event = Activity Tracker
10-12 11:04:40.556 3435-3435/? D/WifiService: mActivityTrackerListener: onSContextChanged(): 25
10-12 11:04:40.556 3435-3435/? D/WifiService: ACTIVITY_STATUS_STATIONARY
10-12 11:04:40.776 4718-5035/? W/MdnsClient_Cast: #acquireLock. Multicast lock not held. Acquiring. Subtypes:"805741C9"
10-12 11:04:40.786 3435-3475/? E/BatteryStatsImpl: Wifi multicast lock enabled by UID = 10019
10-12 11:04:40.866 3435-3895/? D/lights: button : 0 +
10-12 11:04:40.896 3435-3895/? D/lights: button : 0 -
10-12 11:04:41.086 3158-3198/? D/Sensorhubs: readContextData: 1, 1, 26, 1, 1, -14, -85, -92, 1, 1
10-12 11:04:41.086 3435-3810/? D/SensorHubManager: onGetSensorHubDataLocked: library(10) = 1, 1, 26, 1, 1, -14, -85, -92, 1, 1
10-12 11:04:41.086 3435-3809/? D/CAE: onGetSensorHubData(SensorHubParserProvider.java:92) - onGetSensorHubData Event [event buffer len :10], AP_WAKEUP
10-12 11:04:41.086 3435-3809/? I/CAE: parse(SensorHubParserProvider.java:188) - buffer size = 10
10-12 11:04:41.096 3435-3809/? I/CAE: parse(SensorHubParserProvider.java:199) - 1, 1, 26, 1, 1, -14, -85, -92, 1, 1,
10-12 11:04:41.096 3435-3809/? D/CAE: display(ContextProvider.java:375) - ================= ACTIVITY_TRACKER =================
10-12 11:04:41.096 3435-3809/? I/CAE: display(ContextProvider.java:391) - Accuracy=[1], OperationMode=[0], ActivityType=[1], TimeStamp=[1476263080868]
10-12 11:04:41.096 3435-3812/? D/SContextService: updateSContext() : event = Activity Tracker
10-12 11:04:41.096 3435-3435/? D/WifiService: mActivityTrackerListener: onSContextChanged(): 25
10-12 11:04:41.096 3435-3435/? D/WifiService: ACTIVITY_STATUS_STATIONARY
10-12 11:04:45.546 3435-3858/? D/ConnectivityService: updateCapabilities: oldCap = [ Transports: WIFI Capabilities: INTERNET&NOT_RESTRICTED&TRUSTED&NOT_VPN&VALIDATED LinkUpBandwidth>=1048576Kbps LinkDnBandwidth>=1048576Kbps SignalStrength: -68], newCap = [ Transports: WIFI Capabilities: INTERNET&NOT_RESTRICTED&TRUSTED&NOT_VPN LinkUpBandwidth>=1048576Kbps LinkDnBandwidth>=1048576Kbps SignalStrength: -63]
10-12 11:04:45.546 3435-3858/? D/ConnectivityService: rematching NetworkAgentInfo [WIFI () - 502]
10-12 11:04:45.556 3435-3858/? D/ConnectivityService: network has: NetworkAgentInfo{ ni{[type: WIFI[] - WIFI, state: CONNECTED/CONNECTED, reason: (unspecified), extra: "WLAN-198160", roaming: false, failover: false, isAvailable: true]} network{502} lp{{InterfaceName: wlan0 LinkAddresses: [fe80::ae5f:3eff:fe5a:4d38/64,192.168.2.117/24,2003:7a:4d12:82ae:ae5f:3eff:fe5a:4d38/64,2003:7a:4d12:82ae:bc25:b0a4:9c17:85bc/64,] Routes: [fe80::/64 -> :: wlan0,::/0 -> fe80::1 wlan0,2003:7a:4d12:82ae::/64 -> :: wlan0,192.168.2.0/24 -> 0.0.0.0 wlan0,0.0.0.0/0 -> 192.168.2.1 wlan0,] DnsAddresses: [192.168.2.1,] Domains: Speedport_W_921V_1_39_000 MTU: 0 TcpBufferSizes: 524288,1048576,2097120,524288,1048576,4194240}} nc{[ Transports: WIFI Capabilities: INTERNET&NOT_RESTRICTED&TRUSTED&NOT_VPN&VALIDATED LinkUpBandwidth>=1048576Kbps LinkDnBandwidth>=1048576Kbps SignalStrength: -63]} Score{60} everValidated{true} lastValidated{true} created{true} lingering{false} explicitlySelected{false} acceptUnvalidated{false} everCaptivePortalDetected{false} lastCaptivePortalDetected{false} }
10-12 11:04:45.556 3931-4137/? D/NetworkController: onReceive: intent=Intent { act=android.net.wifi.RSSI_CHANGED flg=0x4000010 bqHint=4 VirtualScreenParam=Params{mDisplayId=-1, null, mFlags=0x00000000)} (has extras) }
10-12 11:04:45.576 3435-3858/? D/ConnectivityService: Network NetworkAgentInfo [WIFI () - 502] was already satisfying request 1. No change.
10-12 11:04:45.586 3931-3931/? D/QSTileView: handleLabelStateChanged() label = Wi-Fi cellWidth 272
10-12 11:04:45.596 3435-3858/? D/ConnectivityService: checking if request is: NetworkRequest [ id=10, legacyType=-1, [ Capabilities: INTERNET&NOT_RESTRICTED&TRUSTED&NOT_VPN] ] satisfies: true nri.isRequest: false
10-12 11:04:45.616 3435-3858/? D/ConnectivityService: checking if request is: NetworkRequest [ id=3, legacyType=-1, [] ] satisfies: true nri.isRequest: false
10-12 11:04:45.626 3435-3858/? D/ConnectivityService: checking if request is: NetworkRequest [ id=4, legacyType=-1, [ Transports: CELLULAR Capabilities: INTERNET&NOT_RESTRICTED&TRUSTED&NOT_VPN] ] satisfies: false nri.isRequest: false
10-12 11:04:45.646 3435-3858/? D/ConnectivityService: checking if request is: NetworkRequest [ id=32, legacyType=-1, [ Capabilities: INTERNET&NOT_RESTRICTED&TRUSTED] ] satisfies: true nri.isRequest: false
10-12 11:04:45.646 3435-3858/? D/ConnectivityService: checking if request is: NetworkRequest [ id=5, legacyType=-1, [ Transports: WIFI Capabilities: INTERNET&NOT_RESTRICTED&TRUSTED&NOT_VPN] ] satisfies: true nri.isRequest: false
10-12 11:04:45.646 3435-3858/? D/ConnectivityService: notifyType CAP_CHANGED for NetworkAgentInfo [WIFI () - 502]
10-12 11:04:45.646 3435-3858/? D/ConnectivityService: sending notification for NetworkRequest [ id=1, legacyType=-1, [ Capabilities: INTERNET&NOT_RESTRICTED&TRUSTED&NOT_VPN] ]
10-12 11:04:45.646 3435-3858/? D/ConnectivityService: sending notification for NetworkRequest [ id=3, legacyType=-1, [] ]
10-12 11:04:45.646 3435-3858/? D/ConnectivityService: sending notification CAP_CHANGED for NetworkRequest [ id=3, legacyType=-1, [] ]
10-12 11:04:45.656 3435-3858/? D/ConnectivityService: sending notification for NetworkRequest [ id=5, legacyType=-1, [ Transports: WIFI Capabilities: INTERNET&NOT_RESTRICTED&TRUSTED&NOT_VPN] ]
10-12 11:04:45.656 3435-3858/? D/ConnectivityService: sending notification CAP_CHANGED for NetworkRequest [ id=5, legacyType=-1, [ Transports: WIFI Capabilities: INTERNET&NOT_RESTRICTED&TRUSTED&NOT_VPN] ]
10-12 11:04:45.656 3435-3858/? D/ConnectivityService: sending notification for NetworkRequest [ id=10, legacyType=-1, [ Capabilities: INTERNET&NOT_RESTRICTED&TRUSTED&NOT_VPN] ]
10-12 11:04:45.656 3435-3858/? D/ConnectivityService: sending notification CAP_CHANGED for NetworkRequest [ id=10, legacyType=-1, [ Capabilities: INTERNET&NOT_RESTRICTED&TRUSTED&NOT_VPN] ]
10-12 11:04:45.656 3435-3858/? D/ConnectivityService: sending notification for NetworkRequest [ id=32, legacyType=-1, [ Capabilities: INTERNET&NOT_RESTRICTED&TRUSTED] ]
10-12 11:04:45.656 3435-3858/? D/ConnectivityService: sending notification CAP_CHANGED for NetworkRequest [ id=32, legacyType=-1, [ Capabilities: INTERNET&NOT_RESTRICTED&TRUSTED] ]
10-12 11:04:46.406 3435-4643/? D/BatteryService: !@BatteryListener : batteryPropertiesChanged!
10-12 11:04:46.416 3435-4643/? D/BatteryService: level:81, scale:100, status:2, health:2, present:true, voltage: 4181, temperature: 230, technology: Li-ion, AC powered:false, USB powered:true, POGO powered:false, Wireless powered:false, icon:17303413, invalid charger:0, maxChargingCurrent:0
10-12 11:04:46.416 3435-4643/? D/BatteryService: online:4, current avg:398, charge type:1, power sharing:false, high voltage charger:false, capacity:280000, batterySWSelfDischarging:false, current_now:423
10-12 11:04:46.416 3435-3435/? D/BatteryService: Sending ACTION_BATTERY_CHANGED.
10-12 11:04:46.416 3435-3435/? I/MotionRecognitionService: Plugged
10-12 11:04:46.416 3435-3435/? D/MotionRecognitionService: cableConnection= 1
10-12 11:04:46.416 3435-3435/? D/MotionRecognitionService: setPowerConnected | current backoffstate = 1024 , state =1024
10-12 11:04:46.416 3435-3435/? D/MotionRecognitionService: skip setTransmitPower.
10-12 11:04:46.426 3435-3852/? D/WifiController: ApOrStaEnabledState msg.what= 155652
10-12 11:04:46.426 3931-3931/? D/KeyguardUpdateMonitor: received broadcast android.intent.action.BATTERY_CHANGED
10-12 11:04:46.426 3931-3931/? D/KeyguardUpdateMonitor: handleBatteryUpdate
10-12 11:04:46.436 3931-3931/? D/PowerUI: priorPlugType = 2 mPlugType = 2
10-12 11:04:46.436 3931-3931/? D/PowerUI.Notification: showChargingNotice oldChargingType : 1 currentChargingType : 1 oldChargingTime : 4010000 mChargingTime : 4010000
10-12 11:04:46.436 3931-3931/? D/PowerUI.Notification: There is no change about charging status, so return!
10-12 11:04:46.456 4449-4449/? D/CommonServiceConfiguration: getStringValueSetting
10-12 11:04:46.476 4449-4449/? D/BatteryMonitor: new battery level: 81
10-12 11:04:46.476 3931-3931/? D/BatteryMeterView: ACTION_BATTERY_CHANGED : level:81 status:2 health:2
10-12 11:04:46.476 3931-3931/? D/BatteryMeterView: ACTION_BATTERY_CHANGED : level:81 status:2 health:2
10-12 11:04:49.256 3435-3569/? D/PowerManagerService: [s] UserActivityState : 1 -> 4
10-12 11:04:49.256 3435-3569/? D/InputManager-JNI: setInteractive(false)
10-12 11:04:49.256 3435-3569/? I/PowerManagerService: !@[ps] Screen__Off - 34 : timeout (0x4) (2)
10-12 11:04:49.256 3435-3569/? I/PowerManagerService: Going to sleep due to screen timeout (uid 1000)...
10-12 11:04:49.256 3931-4982/? D/KeyguardViewMediator: onStartedGoingToSleep(3)
10-12 11:04:49.256 3435-3894/? D/NetworkPolicy: onScreenStateChanged, state: false, reason: 3
10-12 11:04:49.256 3435-3569/? D/PowerManagerService: mDisplayReady: false
10-12 11:04:49.256 3435-3569/? D/DisplayPowerController: animateScreenStateChange[0]: target=1
10-12 11:04:49.256 3435-3569/? D/ColorFade: prepare: mode=4
10-12 11:04:49.256 3004-3004/? I/SurfaceFlinger: id=386 createSurf (1440x2560),2 flag=404, DolorFade
10-12 11:04:49.266 3435-3569/? D/PowerManagerUtil: Excessive delay in ColorFade : createSurface: 10ms
10-12 11:04:49.266 3435-3569/? D/mali_winsys: EGLint new_window_surface(egl_winsys_display*, void*, EGLSurface, EGLConfig, egl_winsys_surface**, egl_color_buffer_format*, EGLBoolean) returns 0x3000, [1440x2560]-format:1
10-12 11:04:49.276 3931-4982/? E/KeyguardViewMediator: lockAfterTimeout = 5000 policyTimeout = 0
10-12 11:04:49.286 3931-4982/? D/KeyguardViewMediator: timeout : 5000
10-12 11:04:49.286 3931-4982/? D/KeyguardViewMediator: notifyStartedGoingToSleep
10-12 11:04:49.286 3931-3931/? V/KeyguardFingerPrint: updateFingerprintListeningState(false)
10-12 11:04:49.286 3931-3931/? D/KeyguardFingerPrint: shouldListenForFingerprint ( FingerPrint is not enabled. )
10-12 11:04:49.286 3931-3931/? V/KeyguardUpdateMonitor: stopListeningForFingerprint()
10-12 11:04:49.286 3931-3931/? D/KeyguardViewMediator: handleNotifyStartedGoingToSleep
10-12 11:04:49.326 3435-3569/? D/libEGL: eglInitialize EGLDisplay = 0x7f580d3778
10-12 11:04:49.326 3435-3569/? D/libEGL: eglTerminate EGLDisplay = 0x7f580d38e8
10-12 11:04:49.326 3435-3569/? D/ColorFade: ColorFade is ready
10-12 11:04:49.336 3435-3569/? D/DisplayPowerController: ColorFade: onAnimationStart
10-12 11:04:49.336 3435-3569/? D/DisplayPowerController: [Dual Screen Compatible] state[0] :2
10-12 11:04:49.336 3435-3569/? D/DisplayPowerController: getFinalBrightness : Summary is 88 -> 88
10-12 11:04:49.386 3004-3004/? D/libEGL: eglInitialize EGLDisplay = 0x7ff090b628
10-12 11:04:49.416 3004-3004/? D/libEGL: eglInitialize EGLDisplay = 0x7ff090b628
10-12 11:04:49.436 3004-3004/? D/libEGL: eglInitialize EGLDisplay = 0x7ff090b628
10-12 11:04:49.626 3435-6368/? D/SSRM:n: SIOP:: AP = 230, PST = 230 (W:14), CP = 191, CUR = 398, LCD = 88
10-12 11:04:49.626 3435-3569/? D/DisplayPowerState: !@ [0] ColorFade entry
10-12 11:04:49.626 3435-3569/? D/PowerManagerService: [input device light] onColorFadeExit(false)
10-12 11:04:49.626 3435-3569/? D/DisplayPowerController: ColorFade: onAnimationEnd
10-12 11:04:49.646 3435-3897/? D/lights: lcd : 0 +
10-12 11:04:49.646 3435-3569/? D/DisplayPowerController: animateScreenStateChange[0]: target=1
10-12 11:04:49.646 3435-3569/? D/SContextService: unregisterCallback() : Listener = android.hardware.scontext.SContextService$Listener@248b49b, Service = Auto Rotation, used = 0
10-12 11:04:49.646 3435-3569/? D/DisplayPowerController: [M OS] 0 REPORTED_TO_POLICY_SCREEN_* -> REPORTED_TO_POLICY_SCREEN_OFF.
10-12 11:04:49.646 3435-3569/? W/CAE: unregisterCallback(ContextAwareService.java:206) - [unregi 01] Mutex is locked for AUTO_ROTATION
10-12 11:04:49.646 3435-3569/? V/CAE: stop(ContextProvider.java:155)
10-12 11:04:49.656 3435-3569/? V/CAE: clear(AutoRotationRunner.java:182)
10-12 11:04:49.666 3435-3569/? V/CAE: disable(AutoRotationRunner.java:171)
10-12 11:04:49.666 3435-3569/? I/CAE: sendCmdToSensorHub(SensorHubCommManager.java:162) - -78, 7, 0, 0,
10-12 11:04:49.666 3435-3569/? D/SensorHubManager: SendSensorHubData: send data = -78, 7, 0, 0
10-12 11:04:49.666 3158-3158/? D/Sensorhubs: sendContextData: -78, 7, 0, 0
10-12 11:04:49.666 3435-3897/? D/lights: lcd : 0 -
10-12 11:04:49.676 3435-3569/? D/CAE: getFaultDetectionResult(AutoRotationRunner.java:195) - true
10-12 11:04:49.676 3435-3569/? I/CAE: notifyCmdProcessResultObserver(ContextProvider.java:627) - CheckResult = 0, Cause = Success
10-12 11:04:49.696 3435-3569/? D/CAE: doCommendProcess(ContextAwareService.java:433) - complete notify the operation result.
10-12 11:04:49.706 3435-3569/? I/CAE: displayUsedCountForService(ContextAwareService.java:525) - totalCnt = 0, serviceCount = 0, subCollectionCount = 0
10-12 11:04:49.706 3435-3569/? D/CAE: showListenerList(ContextAwareService.java:366) - ===== Context Aware Service List =====
10-12 11:04:49.706 3435-3569/? I/CAE: showListenerList(ContextAwareService.java:375) - Listener : com.samsung.android.contextaware.manager.ContextAwareService$Listener@665895c, Service : ACTIVITY_TRACKER_CURRENT_INFO(1)
10-12 11:04:49.706 3435-3569/? I/CAE: showListenerList(ContextAwareService.java:375) - Listener : com.samsung.android.contextaware.manager.ContextAwareService$Listener@665895c, Service : ACTIVITY_TRACKER(1)
10-12 11:04:49.706 3435-3569/? I/CAE: showListenerList(ContextAwareService.java:375) - Listener : com.samsung.android.contextaware.manager.ContextAwareService$Listener@898b6d9, Service : AUTO_BRIGHTNESS(1)
10-12 11:04:49.706 3435-3569/? W/CAE: unregisterCallback(ContextAwareService.java:241) - [unregi 02] Mutex is unlocked for AUTO_ROTATION
10-12 11:04:49.706 3435-3569/? D/SContextService: .unregisterCallback : 3, client=
10-12 11:04:49.706 3435-3569/? D/SContextService: ===== SContext Service List =====
10-12 11:04:49.706 3435-3569/? D/SContextService: Listener : android.hardware.scontext.SContextService$Listener@592289e, Service : Auto Brightness
10-12 11:04:49.706 3435-3569/? D/SContextService: Listener : android.hardware.scontext.SContextService$Listener@696811, Service : Activity Tracker
10-12 11:04:49.706 3435-3569/? D/DisplayPowerController: mWindowManagerPolicy.screenTurnedOff(0)
10-12 11:04:49.706 3435-3569/? D/SContextManager: .unregisterListener : listener = com.android.server.policy.WindowOrientationListener$OrientationSensorJudge@f322a22, service=Auto Rotation
10-12 11:04:49.706 3435-3569/? D/DisplayPowerController: [Dual Screen Compatible] state[0] :1
10-12 11:04:49.706 3435-3569/? V/KeyguardServiceDelegate: onScreenTurnedOff()
10-12 11:04:49.706 3435-3569/? D/PowerManagerUtil: fileWriteInt to /sys/class/tcon/tcon/auto_br, 0
10-12 11:04:49.706 3931-4152/? D/KeyguardViewMediator: notifyScreenTurnedOff
10-12 11:04:49.716 3435-3541/? W/ContextImpl: Calling a method in the system process without a qualified user: android.app.ContextImpl.startService:1305 com.android.server.policy.sec.SamsungPhoneWindowManager$22.run:4514 android.os.Handler.handleCallback:739 android.os.Handler.dispatchMessage:95 android.os.Looper.loop:158
10-12 11:04:49.706 3931-3931/? D/KeyguardViewMediator: handleNotifyScreenTurnedOff
10-12 11:04:49.716 3435-3569/? D/PowerManagerUtil: fileWriteInt to /sys/class/backlight/panel/auto_brightness, 0
10-12 11:04:49.706 3931-3931/? D/vol.SecVolumeDialog: onScreenTurnedOff()
10-12 11:04:49.716 3435-3896/? D/AutomaticBrightnessController: [DAB] setLightSensorEnabled : unregisterListenerRunnable
10-12 11:04:49.706 3931-3931/? D/vol.SecVolumeDialog: dismissH reason: 4
10-12 11:04:49.716 3435-3569/? D/PowerManagerUtil: fileWriteInt to /sys/class/mdnie/mdnie/auto_brightness, 0
10-12 11:04:49.706 3931-3931/? D/vol.SecVolumeDialog: dismissH : false
10-12 11:04:49.716 3435-3569/? D/AutomaticBrightnessController: [DAB] no lux value from sensor manager
10-12 11:04:49.716 3435-3896/? D/SContextService: unregisterCallback() : Listener = android.hardware.scontext.SContextService$Listener@592289e, Service = Auto Brightness, used = 0
10-12 11:04:49.716 3435-3569/? D/DisplayPowerController: getFinalBrightness : Summary is 0 -> 0
10-12 11:04:49.716 4758-4758/? I/AODService: onStartCommand : action : com.samsung.android.app.aodservice.intent.action.AOD_SCREEN_OFF
10-12 11:04:49.716 3435-3569/? D/DisplayPowerController: Animating brightness: target=0, rate=0 (PSM:false, AB limit:(-1 ~ -1) MB Limit:(-1 ~ -1))
10-12 11:04:49.716 4758-4758/? I/AODService: onCreate cause: [10-12 08:36:37.839][AOD:true, NightClock:false] (when Screen on ...)
10-12 11:04:49.716 3435-3569/? D/DisplayPowerController: animateScreenStateChange[0]: target=1
10-12 11:04:49.716 3435-3896/? W/CAE: unregisterCallback(ContextAwareService.java:206) - [unregi 01] Mutex is locked for AUTO_BRIGHTNESS
10-12 11:04:49.716 3435-3569/? D/DisplayPowerController: [Dual Screen Compatible] state[0] :1
10-12 11:04:49.716 3435-3896/? V/CAE: stop(ContextProvider.java:155)
10-12 11:04:49.716 3435-3569/? D/DisplayPowerController: getFinalBrightness : Summary is 0 -> 0
10-12 11:04:49.716 3435-3896/? V/CAE: clear(AutoBrightnessRunner.java:297)
10-12 11:04:49.716 3435-3569/? D/DisplayPowerController: Animating brightness: target=0, rate=0 (PSM:false, AB limit:(-1 ~ -1) MB Limit:(-1 ~ -1))
10-12 11:04:49.716 3435-3896/? V/CAE: disable(AutoBrightnessRunner.java:286)
10-12 11:04:49.716 3435-29696/? D/MISC PowerHAL: sysfs_write +: /sys/class/input/event1/device/enabled: 0
10-12 11:04:49.716 3435-3896/? I/CAE: sendCmdToSensorHub(SensorHubCommManager.java:162) - -78, 48, 0, 0,
10-12 11:04:49.716 3435-3896/? D/SensorHubManager: SendSensorHubData: send data = -78, 48, 0, 0
10-12 11:04:49.716 3158-8639/? D/Sensorhubs: sendContextData: -78, 48, 0, 0
10-12 11:04:49.716 3435-29695/? D/MISC PowerHAL: sysfs_write +: /sys/class/input/event0/device/enabled: 0
10-12 11:04:49.726 3435-29696/? D/MISC PowerHAL: sysfs_write -: /sys/class/input/event1/device/enabled: 0
10-12 11:04:49.726 3435-29695/? D/MISC PowerHAL: sysfs_write -: /sys/class/input/event0/device/enabled: 0
10-12 11:04:49.726 3435-3579/? D/MISC PowerHAL: sysfs_write +: /sys/class/power_supply/battery/lcd: 0
10-12 11:04:49.726 3435-3579/? D/MISC PowerHAL: sysfs_write -: /sys/class/power_supply/battery/lcd: 0
10-12 11:04:49.726 3435-3579/? D/DisplayManagerService: !@display_state: ON -> OFF brightness: 0 -> 0
10-12 11:04:49.726 3004-3004/? D/SurfaceFlinger: Set power mode=0, type=0 flinger=0x7fb2403c00
10-12 11:04:49.726 3435-3565/? I/DisplayManagerService: Display device changed state: "Built-in Screen", OFF
10-12 11:04:49.726 3004-3004/? I/hwcomposer: int exynos_setPowerMode(hwc_composer_device_1*, int, int):: disp(0), mode(0)
10-12 11:04:49.726 3435-3565/? I/DisplayManagerService: Display device changed state: "ActivityViewVirtualDisplay", OFF
10-12 11:04:49.736 3435-3896/? D/CAE: getFaultDetectionResult(AutoBrightnessRunner.java:311) - true
10-12 11:04:49.736 3435-3896/? I/CAE: notifyCmdProcessResultObserver(ContextProvider.java:627) - CheckResult = 0, Cause = Success
10-12 11:04:49.756 3435-3896/? D/CAE: doCommendProcess(ContextAwareService.java:433) - complete notify the operation result.
10-12 11:04:49.756 3435-3896/? I/CAE: displayUsedCountForService(ContextAwareService.java:525) - totalCnt = 0, serviceCount = 0, subCollectionCount = 0
10-12 11:04:49.756 3435-3896/? D/CAE: showListenerList(ContextAwareService.java:366) - ===== Context Aware Service List =====
10-12 11:04:49.756 3435-3896/? I/CAE: showListenerList(ContextAwareService.java:375) - Listener : com.samsung.android.contextaware.manager.ContextAwareService$Listener@665895c, Service : ACTIVITY_TRACKER_CURRENT_INFO(1)
10-12 11:04:49.756 3435-3896/? I/CAE: showListenerList(ContextAwareService.java:375) - Listener : com.samsung.android.contextaware.manager.ContextAwareService$Listener@665895c, Service : ACTIVITY_TRACKER(1)
10-12 11:04:49.756 3435-3896/? W/CAE: unregisterCallback(ContextAwareService.java:241) - [unregi 02] Mutex is unlocked for AUTO_BRIGHTNESS
10-12 11:04:49.756 3435-3896/? D/SContextService: .unregisterCallback : 2, client=
10-12 11:04:49.756 3435-3896/? D/SContextService: ===== SContext Service List =====
10-12 11:04:49.756 3435-3896/? D/PowerManagerUtil: Excessive delay in SensorHubAutoBrightnessEnabled::unregisterListener done: 44ms
10-12 11:04:49.756 3435-3896/? D/SContextService: Listener : android.hardware.scontext.SContextService$Listener@696811, Service : Activity Tracker
10-12 11:04:49.756 3435-3896/? D/SContextManager: .unregisterListener : listener = com.android.server.display.AutomaticBrightnessController$6@a8f2763, service=Auto Brightness
10-12 11:04:49.776 3435-4341/? D/WifiDisplayAdapter: getWifiDisplayStatusLocked: result=WifiDisplayStatus{featureState=2, scanState=0, activeDisplayState=0, activeDisplay=null, displays=[], sessionInfo=WifiDisplaySessionInfo: Client/Owner: Client GroupId: Passphrase: SessionId: 0 IP Address: , connectedState=-1, networkQoS=0}
10-12 11:04:49.776 3435-4200/? D/CoverManagerWhiteLists: isAllowedToUse : SIGNATURE_MATCH
10-12 11:04:49.776 4758-4758/? D/ScoverManager: registerListener
10-12 11:04:49.776 3435-4808/? D/CoverManagerWhiteLists: isAllowedToUse : SIGNATURE_MATCH
10-12 11:04:49.776 3435-3960/? D/CoverManagerWhiteLists: isAllowedToUse : SIGNATURE_MATCH
10-12 11:04:49.776 3435-3960/? D/CoverManager.StateNotifier: registerListenerCallback : binder = android.os.BinderProxy@54b60d, pid : 4758, uid : 10000, type : 1
10-12 11:04:49.776 4758-16834/? D/AODService: onCreate register mSContextListener : com.samsung.android.app.aodservice.AODService$7@364f7c6
10-12 11:04:49.786 3435-3992/? D/SensorService: SensorEventConnection::SocketBufferSize, SystemSocketBufferSize - 102400, 2097152
10-12 11:04:49.786 3435-4803/? W/CAE: setCAProperty(ContextAwareService.java:578) - [setProperty 01] Mutex is locked for DEVICE_PHYSICAL_CONTEXT_MONITOR
10-12 11:04:49.786 3435-4803/? I/CAE: sendCmdToSensorHub(SensorHubCommManager.java:162) - -63, 23, 56, 4, 0, 0, 0, 1, 2,
10-12 11:04:49.786 3435-4803/? D/SensorHubManager: SendSensorHubData: send data = -63, 23, 56, 4, 0, 0, 0, 1, 2
10-12 11:04:49.786 3158-3199/? D/Sensorhubs: sendContextData: -63, 23, 56, 4, 0, 0, 0, 1, 2
10-12 11:04:49.786 3435-4325/? I/Sensors: Light old sensor_state 0, new sensor_state : 512 en : 1
10-12 11:04:49.786 3435-4200/? D/WifiService: startScan by pid=4718, uid=10019
10-12 11:04:49.786 3435-3848/? I/WifiScanController: location is disabled
10-12 11:04:49.796 3435-3848/? D/WifiStateMachine: CMD_START_SCAN : scanLog.mLast - 1476263089801, scanLog.mStartTimeForBigdata - 1476255382124
10-12 11:04:49.796 3435-3848/? D/WifiStateMachine: CMD_START_SCAN : scanLog.mCountForBigdata - 34
10-12 11:04:49.796 3435-4803/? I/CAE: setCAProperty(ContextAwareService.java:583) - result : true
10-12 11:04:49.796 3887-3887/? I/wpa_supplicant: wlan0: Setting scan request: 0 sec 0 usec
10-12 11:04:49.796 3887-3887/? I/wpa_supplicant: P2P: Current p2p state = IDLE
10-12 11:04:49.796 3435-4803/? W/CAE: setCAProperty(ContextAwareService.java:584) - [setProperty 02] Mutex is unlocked for DEVICE_PHYSICAL_CONTEXT_MONITOR
10-12 11:04:49.796 3435-4803/? W/CAE: registerCallback(ContextAwareService.java:144) - [regi 01] Mutex is locked for DEVICE_PHYSICAL_CONTEXT_MONITOR
10-12 11:04:49.796 3435-4803/? V/CAE: start(ContextProvider.java:128)
10-12 11:04:49.796 3435-4803/? V/CAE: clear(DevicePhysicalContextMonitorRunner.java:497)
10-12 11:04:49.796 3435-4803/? V/CAE: enable(DevicePhysicalContextMonitorRunner.java:471)
10-12 11:04:49.796 3435-4803/? I/CAE: sendCmdToSensorHub(SensorHubCommManager.java:162) - -79, 56, 0, 9, 4, 49,
10-12 11:04:49.796 3435-4803/? D/SensorHubManager: SendSensorHubData: send data = -79, 56, 0, 9, 4, 49
10-12 11:04:49.796 3158-3158/? D/Sensorhubs: sendContextData: -79, 56, 0, 9, 4, 49
10-12 11:04:49.796 4758-4758/? D/SensorManager: registerListener :: 6, TMD4093 RGB Sensor, 200000, 0,
10-12 11:04:49.796 4758-4758/? D/AODService: registerBatteryReceiver
10-12 11:04:49.796 4758-4758/? D/BatteryController: saveBatteryData : level[81], status[2]
10-12 11:04:49.796 4758-4758/? D/AODService: Cover coverOpen[true], isBlackListCover(type)[false]
10-12 11:04:49.796 4758-4758/? D/AODService.ClockTimer: ClockTimer:start : true
10-12 11:04:49.806 3435-4803/? D/CAE: getFaultDetectionResult(DevicePhysicalContextMonitorRunner.java:521) - true
10-12 11:04:49.806 3435-4803/? I/CAE: notifyCmdProcessResultObserver(ContextProvider.java:627) - CheckResult = 0, Cause = Success
10-12 11:04:49.806 4758-4758/? D/AODService.ClockTimer: observe start aod
10-12 11:04:49.806 4758-4758/? D/AODService.ClockTimer: notifyWakeUp
10-12 11:04:49.806 4758-4758/? V/BatteryController: getBatteryLevel[81.0], batteryStatus[2]
10-12 11:04:49.806 3435-3475/? D/SettingsProvider: isChangeAllowed() : name = aod_show_state
10-12 11:04:49.806 3435-3475/? D/SecContentProvider: query(), uri = 17 selection = isSettingsChangesAllowed
10-12 11:04:49.806 3435-3475/? D/SettingsProvider: edmUri: content://com.sec.knox.provider/RestrictionPolicy3
10-12 11:04:49.806 3435-3475/? D/SettingsProvider: projectionArgs: isSettingsChangesAllowed
10-12 11:04:49.806 3435-3475/? D/SettingsProvider: selectionArgs: false
10-12 11:04:49.806 3435-3475/? D/SettingsProvider: selectionArgs: 10000
10-12 11:04:49.806 3435-3475/? D/SettingsProvider: ret = -1
10-12 11:04:49.816 4758-4758/? E/SettingsUtils: setAODShowState config = 1
10-12 11:04:49.816 4758-4758/? D/AlpmModeManager: setFirstStartALPM() initialize value
10-12 11:04:49.816 4758-4758/? D/AODService: createWindow
10-12 11:04:49.816 3435-4803/? D/CAE: doCommendProcess(ContextAwareService.java:433) - complete notify the operation result.
10-12 11:04:49.816 3435-4803/? I/CAE: displayUsedCountForService(ContextAwareService.java:525) - totalCnt = 1, serviceCount = 1, subCollectionCount = 0
10-12 11:04:49.816 3435-4803/? D/CAE: showListenerList(ContextAwareService.java:366) - ===== Context Aware Service List =====
10-12 11:04:49.816 3435-4803/? I/CAE: showListenerList(ContextAwareService.java:375) - Listener : com.samsung.android.contextaware.manager.ContextAwareService$Listener@665895c, Service : ACTIVITY_TRACKER_CURRENT_INFO(1)
10-12 11:04:49.816 3435-4803/? I/CAE: showListenerList(ContextAwareService.java:375) - Listener : com.samsung.android.contextaware.manager.ContextAwareService$Listener@665895c, Service : ACTIVITY_TRACKER(1)
10-12 11:04:49.816 3435-4803/? I/CAE: showListenerList(ContextAwareService.java:375) - Listener : com.samsung.android.contextaware.manager.ContextAwareService$Listener@574aa4b, Service : DEVICE_PHYSICAL_CONTEXT_MONITOR(1)
10-12 11:04:49.816 3435-4803/? W/CAE: registerCallback(ContextAwareService.java:180) - [regi 02] Mutex is unlocked for DEVICE_PHYSICAL_CONTEXT_MONITOR
10-12 11:04:49.826 3435-4803/? D/SContextService: .registerCallback : 2, client=
10-12 11:04:49.826 3435-4803/? D/SContextService: ===== SContext Service List =====
