10-12 11:05:38.096 3435-3858/? D/ConnectivityService: Network NetworkAgentInfo [WIFI () - 502] was already satisfying request 1. No change.
10-12 11:05:38.106 3435-3858/? D/ConnectivityService: checking if request is: NetworkRequest [ id=10, legacyType=-1, [ Capabilities: INTERNET&NOT_RESTRICTED&TRUSTED&NOT_VPN] ] satisfies: true nri.isRequest: false
10-12 11:05:38.116 3931-3931/? D/QSTileView: handleLabelStateChanged() label = Wi-Fi cellWidth 272
10-12 11:05:38.116 3435-3858/? D/ConnectivityService: checking if request is: NetworkRequest [ id=3, legacyType=-1, [] ] satisfies: true nri.isRequest: false
10-12 11:05:38.126 3435-3858/? D/ConnectivityService: checking if request is: NetworkRequest [ id=4, legacyType=-1, [ Transports: CELLULAR Capabilities: INTERNET&NOT_RESTRICTED&TRUSTED&NOT_VPN] ] satisfies: false nri.isRequest: false
10-12 11:05:38.126 3435-3858/? D/ConnectivityService: checking if request is: NetworkRequest [ id=32, legacyType=-1, [ Capabilities: INTERNET&NOT_RESTRICTED&TRUSTED] ] satisfies: true nri.isRequest: false
10-12 11:05:38.136 3435-3858/? D/ConnectivityService: checking if request is: NetworkRequest [ id=5, legacyType=-1, [ Transports: WIFI Capabilities: INTERNET&NOT_RESTRICTED&TRUSTED&NOT_VPN] ] satisfies: true nri.isRequest: false
10-12 11:05:38.136 3435-3858/? D/ConnectivityService: checking if request is: NetworkRequest [ id=34, legacyType=-1, [ Capabilities: INTERNET&NOT_RESTRICTED&TRUSTED] ] satisfies: true nri.isRequest: false
10-12 11:05:38.136 3435-3858/? D/ConnectivityService: notifyType CAP_CHANGED for NetworkAgentInfo [WIFI () - 502]
10-12 11:05:38.136 3435-3858/? D/ConnectivityService: sending notification for NetworkRequest [ id=1, legacyType=-1, [ Capabilities: INTERNET&NOT_RESTRICTED&TRUSTED&NOT_VPN] ]
10-12 11:05:38.136 3435-3858/? D/ConnectivityService: sending notification for NetworkRequest [ id=3, legacyType=-1, [] ]
10-12 11:05:38.136 3435-3858/? D/ConnectivityService: sending notification CAP_CHANGED for NetworkRequest [ id=3, legacyType=-1, [] ]
10-12 11:05:38.136 3435-3858/? D/ConnectivityService: sending notification for NetworkRequest [ id=5, legacyType=-1, [ Transports: WIFI Capabilities: INTERNET&NOT_RESTRICTED&TRUSTED&NOT_VPN] ]
10-12 11:05:38.136 3435-3858/? D/ConnectivityService: sending notification CAP_CHANGED for NetworkRequest [ id=5, legacyType=-1, [ Transports: WIFI Capabilities: INTERNET&NOT_RESTRICTED&TRUSTED&NOT_VPN] ]
10-12 11:05:38.136 3435-3858/? D/ConnectivityService: sending notification for NetworkRequest [ id=10, legacyType=-1, [ Capabilities: INTERNET&NOT_RESTRICTED&TRUSTED&NOT_VPN] ]
10-12 11:05:38.136 3435-3858/? D/ConnectivityService: sending notification CAP_CHANGED for NetworkRequest [ id=10, legacyType=-1, [ Capabilities: INTERNET&NOT_RESTRICTED&TRUSTED&NOT_VPN] ]
10-12 11:05:38.136 3435-3858/? D/ConnectivityService: sending notification for NetworkRequest [ id=32, legacyType=-1, [ Capabilities: INTERNET&NOT_RESTRICTED&TRUSTED] ]
10-12 11:05:38.136 3435-3858/? D/ConnectivityService: sending notification CAP_CHANGED for NetworkRequest [ id=32, legacyType=-1, [ Capabilities: INTERNET&NOT_RESTRICTED&TRUSTED] ]
10-12 11:05:38.136 3435-3858/? D/ConnectivityService: sending notification for NetworkRequest [ id=34, legacyType=-1, [ Capabilities: INTERNET&NOT_RESTRICTED&TRUSTED] ]
10-12 11:05:38.136 3435-3858/? D/ConnectivityService: sending notification CAP_CHANGED for NetworkRequest [ id=34, legacyType=-1, [ Capabilities: INTERNET&NOT_RESTRICTED&TRUSTED] ]
10-12 11:05:38.166 3143-3708/? D/EnterpriseController: netId is 0
10-12 11:05:38.166 3143-3708/? D/Netd: getNetworkForDns: using netid 502 for uid 10207
10-12 11:05:38.306 3143-3708/? D/EnterpriseController: netId is 0
10-12 11:05:38.306 3143-3708/? D/Netd: getNetworkForDns: using netid 502 for uid 10207
10-12 11:05:38.386 3143-3708/? D/EnterpriseController: netId is 0
10-12 11:05:38.386 3143-3708/? D/Netd: getNetworkForDns: using netid 502 for uid 10207
10-12 11:05:38.386 3143-3708/? D/EnterpriseController: netId is 0
10-12 11:05:38.386 3143-3708/? D/Netd: getNetworkForDns: using netid 502 for uid 10207
10-12 11:05:38.386 3143-3708/? D/EnterpriseController: netId is 0
10-12 11:05:38.386 3143-3708/? D/Netd: getNetworkForDns: using netid 502 for uid 10207
10-12 11:05:38.386 3143-3708/? D/EnterpriseController: netId is 0
10-12 11:05:38.386 3143-3708/? D/Netd: getNetworkForDns: using netid 502 for uid 10207
10-12 11:05:38.396 3143-3708/? D/EnterpriseController: netId is 0
10-12 11:05:38.396 3143-3708/? D/Netd: getNetworkForDns: using netid 502 for uid 10207
10-12 11:05:38.396 3143-3708/? D/EnterpriseController: netId is 0
10-12 11:05:38.396 3143-3708/? D/Netd: getNetworkForDns: using netid 502 for uid 10207
10-12 11:05:38.716 3143-3708/? D/EnterpriseController: netId is 0
10-12 11:05:38.716 3143-3708/? D/Netd: getNetworkForDns: using netid 502 for uid 10207
10-12 11:05:38.726 29809-29809/? W/DisplayListCanvas: DisplayListCanvas is started on unbinded RenderNode (without mOwningView)
10-12 11:05:38.786 3143-3708/? D/EnterpriseController: netId is 0
10-12 11:05:38.786 3143-3708/? D/Netd: getNetworkForDns: using netid 502 for uid 10207
10-12 11:05:38.796 3143-3708/? D/EnterpriseController: netId is 0
10-12 11:05:38.796 3143-3708/? D/Netd: getNetworkForDns: using netid 502 for uid 10207
10-12 11:05:38.806 3143-3708/? D/EnterpriseController: netId is 0
10-12 11:05:38.806 3143-3708/? D/Netd: getNetworkForDns: using netid 502 for uid 10207
10-12 11:05:38.816 3143-3708/? D/EnterpriseController: netId is 0
10-12 11:05:38.816 3143-3708/? D/Netd: getNetworkForDns: using netid 502 for uid 10207
10-12 11:05:38.836 3143-3708/? D/EnterpriseController: netId is 0
10-12 11:05:38.836 3143-3708/? D/Netd: getNetworkForDns: using netid 502 for uid 10207
10-12 11:05:38.846 29809-29809/? W/DisplayListCanvas: DisplayListCanvas is started on unbinded RenderNode (without mOwningView)
10-12 11:05:39.026 3435-3845/? V/NetworkStats: performPollLocked(flags=0x1)
10-12 11:05:39.026 3435-3845/? D/NtpTrustedTime: currentTimeMillis() cache hit
10-12 11:05:39.036 3435-3845/? D/NetworkStatsRecorder: entry.iface is null
10-12 11:05:39.036 3435-3845/? D/NetworkStatsRecorder: entry.iface is null
10-12 11:05:39.036 3435-3845/? D/NetworkStatsRecorder: entry.iface is null
10-12 11:05:39.036 3435-3845/? D/NetworkStatsRecorder: entry.iface is null
10-12 11:05:39.036 3435-3845/? D/NetworkStatsRecorder: entry.iface is null
10-12 11:05:39.036 3435-3845/? D/NetworkStatsRecorder: entry.iface is null
10-12 11:05:39.036 3435-3845/? D/NetworkStatsRecorder: entry.iface is null
10-12 11:05:39.036 3435-3845/? D/NetworkStatsRecorder: entry.iface is null
10-12 11:05:39.036 3435-3845/? D/NetworkStatsRecorder: entry.iface is null
10-12 11:05:39.036 3435-3845/? D/NetworkStatsRecorder: entry.iface is null
10-12 11:05:39.036 3435-3845/? D/NetworkStatsRecorder: entry.iface is null
10-12 11:05:39.036 3435-3845/? D/NetworkStatsRecorder: entry.iface is null
10-12 11:05:39.036 3435-3845/? D/NetworkStatsRecorder: entry.iface is null
10-12 11:05:39.036 3435-3845/? D/NetworkStatsRecorder: entry.iface is null
10-12 11:05:39.036 3435-3845/? D/NetworkStatsRecorder: entry.iface is null
10-12 11:05:39.036 3435-3845/? D/NetworkStatsRecorder: entry.iface is null
10-12 11:05:39.036 3435-3845/? D/NetworkStatsRecorder: entry.iface is null
10-12 11:05:39.036 3435-3845/? D/NetworkStatsRecorder: entry.iface is null
10-12 11:05:39.036 3435-3845/? D/NetworkStatsRecorder: entry.iface is null
10-12 11:05:39.036 3435-3845/? D/NetworkStatsRecorder: entry.iface is null
10-12 11:05:39.036 3435-3845/? D/NetworkStatsRecorder: entry.iface is null
10-12 11:05:39.036 3435-3845/? D/NetworkStatsRecorder: entry.iface is null
10-12 11:05:39.036 3435-3845/? D/NetworkStatsRecorder: entry.iface is null
10-12 11:05:39.036 3435-3845/? D/NetworkStatsRecorder: entry.iface is null
10-12 11:05:39.036 3435-3845/? D/NetworkStatsRecorder: entry.iface is null
10-12 11:05:39.036 3435-3845/? D/NetworkStatsRecorder: entry.iface is null
10-12 11:05:39.036 3435-3845/? D/NetworkStatsRecorder: entry.iface is null
10-12 11:05:39.036 3435-3845/? D/NetworkStatsRecorder: entry.iface is null
10-12 11:05:39.036 3435-3845/? D/NetworkStatsRecorder: entry.iface is null
10-12 11:05:39.036 3435-3845/? D/NetworkStatsRecorder: entry.iface is null
10-12 11:05:39.056 3435-3845/? V/NetworkStats: performPollLocked() took 27ms
10-12 11:05:39.056 3435-3845/? D/NtpTrustedTime: currentTimeMillis() cache hit
10-12 11:05:39.056 3435-3846/? D/NtpTrustedTime: currentTimeMillis() cache hit
10-12 11:05:39.056 3435-3846/? D/NtpTrustedTime: currentTimeMillis() cache hit
10-12 11:05:39.276 29809-29809/? W/DisplayListCanvas: DisplayListCanvas is started on unbinded RenderNode (without mOwningView)
10-12 11:05:39.366 3931-4137/? D/NetworkController.MobileSignalController(0/2147483643): onSignalStrengthsChanged signalStrength=SignalStrength: 9 99 -8 -200 -8 -200 -1 0 2147483647 2147483647 2147483647 2147483647 2147483647 0x3 gsm|lte level=3
10-12 11:05:39.366 3931-4137/? D/NetworkController.MobileSignalController(0/2147483643): getMobileIconGroup(): 0
10-12 11:05:39.396 29809-29809/? W/DisplayListCanvas: DisplayListCanvas is started on unbinded RenderNode (without mOwningView)
10-12 11:05:39.696 29809-29809/? W/DisplayListCanvas: DisplayListCanvas is started on unbinded RenderNode (without mOwningView)
10-12 11:05:39.796 29809-29809/? W/DisplayListCanvas: DisplayListCanvas is started on unbinded RenderNode (without mOwningView)
10-12 11:05:39.846 29809-29809/? I/chromium: [INFO:CONSOLE(1)] "TypeError: CNN.VideoPlayer.SimpleEmbedCodeCopy is not a constructor", source: http://edition.cnn.com/videos/politics/2016/10/07/donald-trump-women-lewd-comments-origwx-cs.cnn (1)
10-12 11:05:40.496 29809-29809/? I/chromium: [INFO:CONSOLE(3)] "preQueue timeout occurred - Fastlane", source: http://edition.i.cdn.cnn.com/.a/1.303.1/js/cnn-header-second.min.js (3)
10-12 11:05:40.506 29809-29809/? I/chromium: [INFO:CONSOLE(3)] "[AdFuel - WARNING]", source: http://edition.i.cdn.cnn.com/.a/1.303.1/js/cnn-header-second.min.js (3)
10-12 11:05:41.516 29809-29809/? I/chromium: [INFO:CONSOLE(3)] "postQueue timeout occurred - Proximic", source: http://edition.i.cdn.cnn.com/.a/1.303.1/js/cnn-header-second.min.js (3)
10-12 11:05:41.516 29809-29809/? I/chromium: [INFO:CONSOLE(3)] "[AdFuel - WARNING]", source: http://edition.i.cdn.cnn.com/.a/1.303.1/js/cnn-header-second.min.js (3)
10-12 11:05:41.536 29809-29809/? I/chromium: [INFO:CONSOLE(3)] "[AdFuel - WARNING]", source: http://edition.i.cdn.cnn.com/.a/1.303.1/js/cnn-header-second.min.js (3)
10-12 11:05:41.546 29809-29809/? I/chromium: [INFO:CONSOLE(3)] "[AdFuel - WARNING]", source: http://edition.i.cdn.cnn.com/.a/1.303.1/js/cnn-header-second.min.js (3)
10-12 11:05:41.646 3435-3596/? D/PackageManager: [MSG] WRITE_PACKAGE_RESTRICTIONS
10-12 11:05:41.676 3435-3596/? W/System.err: remove failed: ENOENT (No such file or directory) : /data/system/users/0/package-restrictions.xml.bak
10-12 11:05:42.546 29809-29809/? I/chromium: [INFO:CONSOLE(3)] "preDispatch timeout occurred - amazon", source: http://edition.i.cdn.cnn.com/.a/1.303.1/js/cnn-header-second.min.js (3)
10-12 11:05:42.546 29809-29809/? I/chromium: [INFO:CONSOLE(3)] "[AdFuel - WARNING]", source: http://edition.i.cdn.cnn.com/.a/1.303.1/js/cnn-header-second.min.js (3)
10-12 11:05:43.176 3435-6368/? D/SSRM:n: SIOP:: AP = 270, PST = 241 (W:6), CP = 202, CUR = 172, LCD = 83
10-12 11:05:43.806 3143-3708/? D/EnterpriseController: netId is 0
10-12 11:05:43.806 3143-3708/? D/Netd: getNetworkForDns: using netid 502 for uid 10207
10-12 11:05:43.856 3143-3708/? D/EnterpriseController: netId is 0
10-12 11:05:43.856 3143-3708/? D/Netd: getNetworkForDns: using netid 502 for uid 10207
10-12 11:05:43.856 3143-3708/? D/EnterpriseController: netId is 0
10-12 11:05:43.856 3143-3708/? D/Netd: getNetworkForDns: using netid 502 for uid 10207
10-12 11:05:43.856 3143-3708/? D/EnterpriseController: netId is 0
10-12 11:05:43.866 3143-3708/? D/Netd: getNetworkForDns: using netid 502 for uid 10207
10-12 11:05:43.866 3143-3708/? D/EnterpriseController: netId is 0
10-12 11:05:43.866 3143-3708/? D/Netd: getNetworkForDns: using netid 502 for uid 10207
10-12 11:05:43.886 3143-3708/? D/EnterpriseController: netId is 0
10-12 11:05:43.886 3143-3708/? D/Netd: getNetworkForDns: using netid 502 for uid 10207
10-12 11:05:43.926 3143-3708/? D/EnterpriseController: netId is 0
10-12 11:05:43.926 3143-3708/? D/Netd: getNetworkForDns: using netid 502 for uid 10207
10-12 11:05:43.966 3143-3708/? D/EnterpriseController: netId is 0
10-12 11:05:43.966 3143-3708/? D/Netd: getNetworkForDns: using netid 502 for uid 10207
10-12 11:05:43.996 3143-3708/? D/EnterpriseController: netId is 0
10-12 11:05:43.996 3143-3708/? D/Netd: getNetworkForDns: using netid 502 for uid 10207
10-12 11:05:44.006 3143-3708/? D/EnterpriseController: netId is 0
10-12 11:05:44.006 3143-3708/? D/Netd: getNetworkForDns: using netid 502 for uid 10207
10-12 11:05:44.096 29809-29809/? W/DisplayListCanvas: DisplayListCanvas is started on unbinded RenderNode (without mOwningView)
10-12 11:05:44.146 3143-3708/? D/EnterpriseController: netId is 0
10-12 11:05:44.146 3143-3708/? D/Netd: getNetworkForDns: using netid 502 for uid 10207
10-12 11:05:44.146 3143-3708/? D/EnterpriseController: netId is 0
10-12 11:05:44.146 3143-3708/? D/Netd: getNetworkForDns: using netid 502 for uid 10207
10-12 11:05:44.166 3143-3708/? D/EnterpriseController: netId is 0
10-12 11:05:44.166 3143-3708/? D/Netd: getNetworkForDns: using netid 502 for uid 10207
10-12 11:05:44.296 29809-29809/? W/DisplayListCanvas: DisplayListCanvas is started on unbinded RenderNode (without mOwningView)
10-12 11:05:44.466 29809-29809/? W/DisplayListCanvas: DisplayListCanvas is started on unbinded RenderNode (without mOwningView)
10-12 11:05:44.656 29809-29809/? W/DisplayListCanvas: DisplayListCanvas is started on unbinded RenderNode (without mOwningView)
10-12 11:05:44.746 29809-29809/? W/DisplayListCanvas: DisplayListCanvas is started on unbinded RenderNode (without mOwningView)
10-12 11:05:44.846 29809-29809/? W/DisplayListCanvas: DisplayListCanvas is started on unbinded RenderNode (without mOwningView)
10-12 11:05:44.996 29809-29809/? W/DisplayListCanvas: DisplayListCanvas is started on unbinded RenderNode (without mOwningView)
10-12 11:05:45.266 29809-29876/? W/chromium: [WARNING:webmediaplayer_impl.cc(341)] Using MultibufferDataSource
10-12 11:05:46.746 3435-4643/? D/BatteryService: !@BatteryListener : batteryPropertiesChanged!
10-12 11:05:46.746 3435-4643/? D/BatteryService: level:81, scale:100, status:2, health:2, present:true, voltage: 4151, temperature: 231, technology: Li-ion, AC powered:false, USB powered:true, POGO powered:false, Wireless powered:false, icon:17303413, invalid charger:0, maxChargingCurrent:0
10-12 11:05:46.746 3435-4643/? D/BatteryService: online:4, current avg:86, charge type:1, power sharing:false, high voltage charger:false, capacity:280000, batterySWSelfDischarging:false, current_now:272
10-12 11:05:46.746 3435-3435/? D/BatteryService: Sending ACTION_BATTERY_CHANGED.
10-12 11:05:46.746 3435-3435/? I/MotionRecognitionService: Plugged
10-12 11:05:46.746 3435-3435/? D/MotionRecognitionService: cableConnection= 1
10-12 11:05:46.746 3435-3435/? D/MotionRecognitionService: setPowerConnected | current backoffstate = 1024 , state =1024
10-12 11:05:46.746 3435-3435/? D/MotionRecognitionService: skip setTransmitPower.
10-12 11:05:46.756 3435-3852/? D/WifiController: ApOrStaEnabledState msg.what= 155652
10-12 11:05:46.756 3931-3931/? D/KeyguardUpdateMonitor: received broadcast android.intent.action.BATTERY_CHANGED
10-12 11:05:46.756 3931-3931/? D/KeyguardUpdateMonitor: handleBatteryUpdate
10-12 11:05:46.756 3931-3931/? D/PowerUI: priorPlugType = 2 mPlugType = 2
10-12 11:05:46.766 3931-3931/? D/PowerUI.Notification: showChargingNotice oldChargingType : 1 currentChargingType : 1 oldChargingTime : 3963000 mChargingTime : 3963000
10-12 11:05:46.766 3931-3931/? D/PowerUI.Notification: There is no change about charging status, so return!
10-12 11:05:46.776 4449-4449/? D/CommonServiceConfiguration: getStringValueSetting
10-12 11:05:46.796 4449-4449/? D/BatteryMonitor: new battery level: 81
10-12 11:05:46.806 3931-3931/? D/BatteryMeterView: ACTION_BATTERY_CHANGED : level:81 status:2 health:2
10-12 11:05:46.806 3931-3931/? D/BatteryMeterView: ACTION_BATTERY_CHANGED : level:81 status:2 health:2
10-12 11:05:49.036 3143-3708/? D/EnterpriseController: netId is 0
10-12 11:05:49.036 3143-3708/? D/Netd: getNetworkForDns: using netid 502 for uid 10207
10-12 11:05:49.056 3143-3708/? D/EnterpriseController: netId is 0
10-12 11:05:49.056 3143-3708/? D/Netd: getNetworkForDns: using netid 502 for uid 10207
10-12 11:05:49.066 3143-3708/? D/EnterpriseController: netId is 0
10-12 11:05:49.066 3143-3708/? D/Netd: getNetworkForDns: using netid 502 for uid 10207
10-12 11:05:49.086 3143-3708/? D/EnterpriseController: netId is 0
10-12 11:05:49.086 3143-3708/? D/Netd: getNetworkForDns: using netid 502 for uid 10207
10-12 11:05:49.096 3143-3708/? D/EnterpriseController: netId is 0
10-12 11:05:49.096 3143-3708/? D/Netd: getNetworkForDns: using netid 502 for uid 10207
10-12 11:05:49.116 3143-3708/? D/EnterpriseController: netId is 0
10-12 11:05:49.116 3143-3708/? D/Netd: getNetworkForDns: using netid 502 for uid 10207
10-12 11:05:49.146 3143-3708/? D/EnterpriseController: netId is 0
10-12 11:05:49.146 3143-3708/? D/Netd: getNetworkForDns: using netid 502 for uid 10207
10-12 11:05:49.236 3143-3708/? D/EnterpriseController: netId is 0
10-12 11:05:49.236 3143-3708/? D/Netd: getNetworkForDns: using netid 502 for uid 10207
10-12 11:05:49.276 3143-3708/? D/EnterpriseController: netId is 0
10-12 11:05:49.276 3143-3708/? D/Netd: getNetworkForDns: using netid 502 for uid 10207
10-12 11:05:49.306 3143-3708/? D/EnterpriseController: netId is 0
10-12 11:05:49.306 3143-3708/? D/Netd: getNetworkForDns: using netid 502 for uid 10207
10-12 11:05:49.356 3143-3708/? D/EnterpriseController: netId is 0
10-12 11:05:49.356 3143-3708/? D/Netd: getNetworkForDns: using netid 502 for uid 10207
10-12 11:05:49.366 3143-3708/? D/EnterpriseController: netId is 0
10-12 11:05:49.366 3143-3708/? D/Netd: getNetworkForDns: using netid 502 for uid 10207
10-12 11:05:49.516 29809-29809/? W/DisplayListCanvas: DisplayListCanvas is started on unbinded RenderNode (without mOwningView)
10-12 11:05:49.556 3143-3708/? D/EnterpriseController: netId is 0
10-12 11:05:49.556 3143-3708/? D/Netd: getNetworkForDns: using netid 502 for uid 10207
10-12 11:05:49.696 29809-29809/? W/DisplayListCanvas: DisplayListCanvas is started on unbinded RenderNode (without mOwningView)
10-12 11:05:49.716 3143-3708/? D/EnterpriseController: netId is 0
10-12 11:05:49.716 3143-3708/? D/Netd: getNetworkForDns: using netid 502 for uid 10207
10-12 11:05:49.766 29809-29988/? I/ACodec: [] Now uninitialized
10-12 11:05:49.766 29809-29990/? I/OMXClient: Using client-side OMX mux.
10-12 11:05:49.786 3151-4151/? D/libexynosv4l2: try node: /dev/video6
10-12 11:05:49.786 3151-3599/? W/AudioPolicyIntefaceImpl: Skipped to add effects on session 30
10-12 11:05:49.786 3151-3599/? I/APM::AudioPolicyManager: startOutput() output 4, stream 3, session 30
10-12 11:05:49.786 3151-4151/? I/libexynosv4l2: node found for device s5p-mfc-dec: /dev/video6
10-12 11:05:49.786 3151-3585/? D/audio_hw_primary: out_set_parameters: enter: kvpairs: routing=2
10-12 11:05:49.786 3151-3585/? D/AudioFlinger: setCurDevice() 0x2
10-12 11:05:49.786 3151-4151/? I/libexynosv4l2: open video device /dev/video6
10-12 11:05:49.786 29809-29990/? I/ACodec: [OMX.Exynos.avc.dec] Now Loaded
10-12 11:05:49.796 29809-29988/? W/VideoCapabilities: Unrecognized profile 2130706433 for video/avc
10-12 11:05:49.796 29809-29988/? W/VideoCapabilities: Unrecognized profile 2130706433 for video/avc
10-12 11:05:49.796 29809-29988/? W/VideoCapabilities: Unrecognized profile 2130706433 for video/avc
10-12 11:05:49.796 29809-29988/? W/VideoCapabilities: Unrecognized profile 2130706433 for video/avc
10-12 11:05:49.796 29809-29988/? W/VideoCapabilities: Unrecognized profile 2130706433 for video/avc
10-12 11:05:49.796 29809-29988/? W/VideoCapabilities: Unrecognized profile 2130706433 for video/avc
10-12 11:05:49.796 29809-29988/? W/VideoCapabilities: Unrecognized profile 2130706433 for video/avc
10-12 11:05:49.796 29809-29988/? W/VideoCapabilities: Unrecognized profile 2130706433 for video/avc
10-12 11:05:49.796 29809-29988/? W/VideoCapabilities: Unrecognized profile 2130706433 for video/avc
10-12 11:05:49.796 29809-29988/? W/VideoCapabilities: Unrecognized profile 2130706433 for video/avc
10-12 11:05:49.796 29809-29988/? W/VideoCapabilities: Unrecognized profile 2130706433 for video/avc
10-12 11:05:49.796 29809-29988/? W/VideoCapabilities: Unrecognized profile 2130706433 for video/avc
10-12 11:05:49.796 29809-29988/? W/VideoCapabilities: Unrecognized profile 2130706433 for video/avc
10-12 11:05:49.796 29809-29988/? W/VideoCapabilities: Unrecognized profile 2130706433 for video/avc
10-12 11:05:49.796 29809-29988/? W/VideoCapabilities: Unrecognized profile 2130706433 for video/avc
10-12 11:05:49.796 29809-29988/? W/VideoCapabilities: Unrecognized profile 2130706433 for video/avc
10-12 11:05:49.796 29809-29988/? W/VideoCapabilities: Unrecognized profile 2130706433 for video/avc
10-12 11:05:49.796 29809-29988/? W/VideoCapabilities: Unrecognized profile 2130706434 for video/avc
10-12 11:05:49.796 29809-29988/? W/VideoCapabilities: Unrecognized profile 2130706434 for video/avc
10-12 11:05:49.796 29809-29988/? W/VideoCapabilities: Unrecognized profile 2130706434 for video/avc
10-12 11:05:49.796 29809-29988/? W/VideoCapabilities: Unrecognized profile 2130706434 for video/avc
10-12 11:05:49.796 29809-29988/? W/VideoCapabilities: Unrecognized profile 2130706434 for video/avc
10-12 11:05:49.796 29809-29988/? W/VideoCapabilities: Unrecognized profile 2130706434 for video/avc
10-12 11:05:49.796 29809-29988/? W/VideoCapabilities: Unrecognized profile 2130706434 for video/avc
10-12 11:05:49.796 29809-29988/? W/VideoCapabilities: Unrecognized profile 2130706434 for video/avc
10-12 11:05:49.796 29809-29988/? W/VideoCapabilities: Unrecognized profile 2130706434 for video/avc
10-12 11:05:49.796 29809-29988/? W/VideoCapabilities: Unrecognized profile 2130706434 for video/avc
10-12 11:05:49.796 29809-29988/? W/VideoCapabilities: Unrecognized profile 2130706434 for video/avc
10-12 11:05:49.796 29809-29988/? W/VideoCapabilities: Unrecognized profile 2130706434 for video/avc
10-12 11:05:49.796 29809-29988/? W/VideoCapabilities: Unrecognized profile 2130706434 for video/avc
10-12 11:05:49.796 29809-29988/? W/VideoCapabilities: Unrecognized profile 2130706434 for video/avc
10-12 11:05:49.796 29809-29988/? W/VideoCapabilities: Unrecognized profile 2130706434 for video/avc
10-12 11:05:49.796 29809-29988/? W/VideoCapabilities: Unrecognized profile 2130706434 for video/avc
10-12 11:05:49.796 29809-29988/? W/VideoCapabilities: Unrecognized profile 2130706434 for video/avc
10-12 11:05:49.796 29809-29989/? I/MediaCodec: [OMX.Exynos.avc.dec] setting surface generation to 30524417
10-12 11:05:49.796 3151-4875/? I/Exynos_OSAL_Android: output buffer sharing mode is on (15)
10-12 11:05:49.796 29809-29990/? I/ACodec: can't find wfdsink-exynos-enable
10-12 11:05:49.796 3151-3585/? V/audio_hw_primary: start_output_stream+, out->device : 00000002 , out->type = 1
10-12 11:05:49.806 3151-3599/? I/OMX: width (480),height (270),fps (15)
10-12 11:05:49.806 3151-4880/? I/OMX: getparameter OMX_IndexParamVideoController remained resource:17565120, sum = 129600
10-12 11:05:49.806 3151-4880/? E/OMXNodeInstance: getConfig(5d:Exynos.avc.dec, ConfigCommonOutputCrop(0x700000f)) ERROR: NotReady(0x80001010)
10-12 11:05:49.816 3151-29992/? I/EXYNOS_BASE_COMP: [0xf11dfa00][Exynos_OMX_ComponentStateSet] current:(OMX_StateLoaded) dest:(OMX_StateIdle)
10-12 11:05:49.816 29809-29990/? I/ACodec: [OMX.Exynos.avc.dec] Now Loaded->Idle
10-12 11:05:49.836 29809-29990/? D/SurfaceUtils: set up nativeWindow 0xd3754008 for 480x270, color 0x105, rotation 0, usage 0x2900
10-12 11:05:49.836 29809-29990/? I/ACodec: [OMX.Exynos.avc.dec] configureOutputBuffersFromNativeWindow setBufferCount : 7, minUndequeuedBuffers : 5
10-12 11:05:49.836 3151-29992/? D/libexynosv4l2: try node: /dev/video6
10-12 11:05:49.836 3151-29992/? I/libexynosv4l2: node found for device s5p-mfc-dec: /dev/video6
10-12 11:05:49.846 3151-29992/? I/libexynosv4l2: open video device /dev/video6
10-12 11:05:49.846 3151-29992/? I/EXYNOS_BASE_COMP: [0xf11dfa00][Exynos_OMX_ComponentStateSet]:567 OMX_EventCmdComplete
10-12 11:05:49.846 29809-29990/? I/ACodec: [OMX.Exynos.avc.dec] Now Idle->Executing
10-12 11:05:49.846 3151-29992/? I/EXYNOS_BASE_COMP: [0xf11dfa00][Exynos_OMX_ComponentStateSet] current:(OMX_StateIdle) dest:(OMX_StateExecuting)
10-12 11:05:49.846 3151-29992/? I/EXYNOS_BASE_COMP: [0xf11dfa00][Exynos_OMX_ComponentStateSet]:567 OMX_EventCmdComplete
10-12 11:05:49.846 29809-29990/? I/ACodec: [OMX.Exynos.avc.dec] Now Executing
10-12 11:05:49.856 29809-29990/? I/ACodec: [OMX.Exynos.avc.dec] Now handling output port settings change
10-12 11:05:49.856 29809-29990/? W/AHierarchicalStateMachine: Warning message AMessage(what = 'omxI') = { int32_t type = 0 int32_t event = 3 int32_t data1 = 1 int32_t data2 = 117440527 } unhandled in root state.
10-12 11:05:49.856 29809-29990/? D/SurfaceUtils: set up nativeWindow 0xd3754008 for 480x272, color 0x105, rotation 0, usage 0x2900
10-12 11:05:49.856 29809-29990/? I/ACodec: [OMX.Exynos.avc.dec] configureOutputBuffersFromNativeWindow setBufferCount : 21, minUndequeuedBuffers : 5
10-12 11:05:49.876 29809-29990/? I/ACodec: [OMX.Exynos.avc.dec] Now Executing
10-12 11:05:49.876 3151-3585/? D/audio_hw_primary: start_output_stream (0xf136c7e0) out->pcm_device:6 out->config.rate:48000 out->config.format:0 out->period_size:240
10-12 11:05:49.876 3151-3585/? D/audio_hw_primary: start_output_stream (0xf136c7e0) out->config.rate:48000 out->config.format:0 out->period_size:240
10-12 11:05:49.876 3151-3585/? V/audio_hw_primary: select_devices output_scenario:0 input_scenario:-1 out_snd_device 0x2 in_snd_device:0x0
10-12 11:05:49.876 3151-3585/? I/audio_route: > audio_route_reset :
10-12 11:05:49.876 3151-3585/? I/audio_route: > audio_route_apply_path : "media-speaker"
10-12 11:05:49.906 29809-29886/? D/libEGL: eglInitialize EGLDisplay = 0xd83febd4
10-12 11:05:49.976 3151-3585/? V/audio_hw_primary: select_devices() output_route "media-speaker"
10-12 11:05:49.976 3151-3585/? I/audio_route: > audio_route_apply_path : "gain-media-speaker"
10-12 11:05:49.976 3151-3585/? V/audio_hw_primary: select_devices() output_gain "gain-media-speaker"
10-12 11:05:49.976 3151-3585/? I/audio_route: > audio_route_update_mixer : +
10-12 11:05:49.976 3151-3585/? I/audio_route: > audio_route_update_mixer : changed(0) -
10-12 11:05:49.976 3151-3585/? I/audio_hw_primary: select_devices -
10-12 11:05:49.976 3151-3585/? V/audio_hw_primary: start_output_stream-
10-12 11:05:50.326 27886-27901/? I/Quasar: start to send events
10-12 11:05:53.206 3435-6368/? D/SSRM:n: SIOP:: AP = 260, PST = 246 (W:6), CP = 204, CUR = 86, LCD = 83
10-12 11:05:54.326 4116-4144/? D/ContactsProvider_EventLog: contents_sample_state: [ contacts(15) data(105) accounts({com.google (2)=15}) accounts deleted({}) calls([]) ] contents_sample_state: [ agr({[2]=15}) ]
10-12 11:05:54.446 4116-4144/? E/ContactsProvider_EventLog: Flush buffer to file cnt : 5 size : 1Kb duration : 116ms lastUpdatedAfter : 180339ms
10-12 11:05:54.486 3143-3708/? D/EnterpriseController: netId is 0
10-12 11:05:54.486 3143-3708/? D/Netd: getNetworkForDns: using netid 502 for uid 10207
10-12 11:05:54.506 29809-29809/? W/DisplayListCanvas: DisplayListCanvas is started on unbinded RenderNode (without mOwningView)
10-12 11:05:54.706 29809-29809/? W/DisplayListCanvas: DisplayListCanvas is started on unbinded RenderNode (without mOwningView)
10-12 11:05:54.716 3143-3708/? D/EnterpriseController: netId is 0
10-12 11:05:54.716 3143-3708/? D/Netd: getNetworkForDns: using netid 502 for uid 10207
10-12 11:05:54.716 3143-3708/? D/EnterpriseController: netId is 0
10-12 11:05:54.716 3143-3708/? D/Netd: getNetworkForDns: using netid 502 for uid 10207
10-12 11:05:54.726 3143-3708/? D/EnterpriseController: netId is 0
10-12 11:05:54.726 3143-3708/? D/Netd: getNetworkForDns: using netid 502 for uid 10207
10-12 11:05:54.816 3143-3708/? D/EnterpriseController: netId is 0
10-12 11:05:54.816 3143-3708/? D/Netd: getNetworkForDns: using netid 502 for uid 10207
10-12 11:05:54.836 29809-29809/? W/DisplayListCanvas: DisplayListCanvas is started on unbinded RenderNode (without mOwningView)
10-12 11:05:55.136 3143-3708/? D/EnterpriseController: netId is 0
10-12 11:05:55.136 3143-3708/? D/Netd: getNetworkForDns: using netid 502 for uid 10207
10-12 11:05:55.136 3143-3708/? D/EnterpriseController: netId is 0
10-12 11:05:55.136 3143-3708/? D/Netd: getNetworkForDns: using netid 502 for uid 10207
10-12 11:05:55.136 3143-3708/? D/EnterpriseController: netId is 0
10-12 11:05:55.136 3143-3708/? D/Netd: getNetworkForDns: using netid 502 for uid 10207
10-12 11:05:55.166 3143-3708/? D/EnterpriseController: netId is 0
10-12 11:05:55.166 3143-3708/? D/Netd: getNetworkForDns: using netid 502 for uid 10207
10-12 11:05:55.166 3143-3708/? D/EnterpriseController: netId is 0
10-12 11:05:55.166 3143-3708/? D/Netd: getNetworkForDns: using netid 502 for uid 10207
10-12 11:05:55.226 29809-29809/? W/DisplayListCanvas: DisplayListCanvas is started on unbinded RenderNode (without mOwningView)
10-12 11:05:55.376 29809-29809/? W/DisplayListCanvas: DisplayListCanvas is started on unbinded RenderNode (without mOwningView)
10-12 11:05:55.586 29809-29809/? I/chromium: [INFO:CONSOLE(2)] ">FW 05:55 FreeWheel Integration Runtime js-6.1.0-r10810-201505040406", source: http://cvp1.cdn.turner.com/xslo/cvp/ads/freewheel/js/0/AdManager.js (2)
10-12 11:05:55.586 29809-29809/? I/chromium: [INFO:CONSOLE(2)] ">FW 05:55 Device: Android6 PLATFORM_IS_SAFARI: false", source: http://cvp1.cdn.turner.com/xslo/cvp/ads/freewheel/js/0/AdManager.js (2)
10-12 11:05:55.636 3143-3708/? D/EnterpriseController: netId is 0
10-12 11:05:55.636 3143-3708/? D/Netd: getNetworkForDns: using netid 502 for uid 10207
10-12 11:05:55.656 29809-29809/? W/DisplayListCanvas: DisplayListCanvas is started on unbinded RenderNode (without mOwningView)
10-12 11:05:55.976 29809-29809/? W/DisplayListCanvas: DisplayListCanvas is started on unbinded RenderNode (without mOwningView)
10-12 11:05:56.086 3143-3708/? D/EnterpriseController: netId is 0
10-12 11:05:56.086 3143-3708/? D/Netd: getNetworkForDns: using netid 502 for uid 10207
10-12 11:05:56.106 29809-29886/? D/libEGL: eglTerminate EGLDisplay = 0xd83ff0d4
10-12 11:05:56.106 29809-29988/? W/cr_media: calling MediaCodec.release() on OMX.Exynos.avc.dec
10-12 11:05:56.106 3151-29992/? I/EXYNOS_BASE_COMP: [0xf11dfa00][Exynos_OMX_ComponentStateSet] current:(OMX_StateExecuting) dest:(OMX_StateIdle)
10-12 11:05:56.106 29809-29990/? I/ACodec: [OMX.Exynos.avc.dec] Now Executing->Idle
10-12 11:05:56.106 3151-29996/? W/libexynosv4l2: failed to ioctl: VIDIOC_DQBUF (22 - Invalid argument)
10-12 11:05:56.116 3151-29995/? W/libexynosv4l2: failed to ioctl: VIDIOC_DQBUF (22 - Invalid argument)
10-12 11:05:56.116 3151-29992/? I/EXYNOS_BASE_COMP: [0xf11dfa00][Exynos_OMX_ComponentStateSet]:567 OMX_EventCmdComplete
10-12 11:05:56.116 3151-29992/? I/EXYNOS_BASE_COMP: [0xf11dfa00][Exynos_OMX_ComponentStateSet] current:(OMX_StateIdle) dest:(OMX_StateLoaded)
10-12 11:05:56.116 29809-29990/? E/BufferQueueProducer: [SurfaceTexture-53-29809-0] cancelBuffer: BufferQueue has been abandoned
10-12 11:05:56.126 29809-29990/? E/BufferQueueProducer: [SurfaceTexture-53-29809-0] cancelBuffer: BufferQueue has been abandoned
10-12 11:05:56.126 29809-29990/? E/BufferQueueProducer: [SurfaceTexture-53-29809-0] cancelBuffer: BufferQueue has been abandoned
10-12 11:05:56.126 29809-29990/? E/BufferQueueProducer: [SurfaceTexture-53-29809-0] cancelBuffer: BufferQueue has been abandoned
10-12 11:05:56.126 29809-29990/? E/BufferQueueProducer: [SurfaceTexture-53-29809-0] cancelBuffer: BufferQueue has been abandoned
10-12 11:05:56.126 29809-29990/? E/BufferQueueProducer: [SurfaceTexture-53-29809-0] cancelBuffer: BufferQueue has been abandoned
10-12 11:05:56.126 29809-29990/? E/BufferQueueProducer: [SurfaceTexture-53-29809-0] cancelBuffer: BufferQueue has been abandoned
10-12 11:05:56.126 29809-29990/? E/BufferQueueProducer: [SurfaceTexture-53-29809-0] cancelBuffer: BufferQueue has been abandoned
10-12 11:05:56.136 29809-29990/? E/BufferQueueProducer: [SurfaceTexture-53-29809-0] cancelBuffer: BufferQueue has been abandoned
10-12 11:05:56.136 29809-29990/? E/BufferQueueProducer: [SurfaceTexture-53-29809-0] cancelBuffer: BufferQueue has been abandoned
10-12 11:05:56.136 29809-29990/? E/BufferQueueProducer: [SurfaceTexture-53-29809-0] cancelBuffer: BufferQueue has been abandoned
10-12 11:05:56.136 29809-29990/? E/BufferQueueProducer: [SurfaceTexture-53-29809-0] cancelBuffer: BufferQueue has been abandoned
10-12 11:05:56.136 29809-29990/? E/BufferQueueProducer: [SurfaceTexture-53-29809-0] cancelBuffer: BufferQueue has been abandoned
10-12 11:05:56.136 29809-29990/? E/BufferQueueProducer: [SurfaceTexture-53-29809-0] cancelBuffer: BufferQueue has been abandoned
10-12 11:05:56.136 29809-29990/? E/BufferQueueProducer: [SurfaceTexture-53-29809-0] cancelBuffer: BufferQueue has been abandoned
10-12 11:05:56.136 29809-29990/? E/BufferQueueProducer: [SurfaceTexture-53-29809-0] cancelBuffer: BufferQueue has been abandoned
10-12 11:05:56.146 3151-3418/? I/APM::AudioPolicyManager: stopOutput() output 4, stream 3, session 30
10-12 11:05:56.146 3151-29992/? I/EXYNOS_BASE_COMP: [0xf11dfa00][Exynos_OMX_ComponentStateSet]:567 OMX_EventCmdComplete
10-12 11:05:56.146 29809-29990/? I/ACodec: [OMX.Exynos.avc.dec] Now Idle->Loaded
10-12 11:05:56.146 29809-29990/? I/ACodec: [OMX.Exynos.avc.dec] Now Loaded
10-12 11:05:56.146 29809-29990/? I/ACodec: [OMX.Exynos.avc.dec] Now uninitialized
10-12 11:05:56.146 29809-29990/? I/ACodec: [] Now kWhatShutdownCompleted event : 6991
10-12 11:05:56.156 29809-29989/? I/MediaCodec: Codec shutdown complete
10-12 11:05:56.276 3435-3821/? D/InputReader: Input event(4): value=1 when=8975023268000
10-12 11:05:56.276 3435-3821/? D/InputReader: Input event(4): value=1 when=8975023268000
10-12 11:05:56.276 3435-3821/? I/InputReader: Touch event's action is 0x0 (deviceType=0) [pCnt=1, s=0.560 ] when=8975023268000
10-12 11:05:56.276 3435-3821/? D/InputReader: lastThreadEndTime = 8955788177901, currentThreadStartTime = 8955788181362, diff = 0
10-12 11:05:56.276 3435-3820/? I/InputDispatcher: Delivering touch to (3931): action: 0x4, toolType: 1
10-12 11:05:56.276 3435-3820/? I/InputDispatcher: Delivering touch to (29809): action: 0x0, toolType: 1
10-12 11:05:56.286 29809-29809/? D/ViewRootImpl: ViewPostImeInputStage processPointer 0
10-12 11:05:56.286 29809-29809/? D/skia: --- SkImageDecoder::Factory returned null
10-12 11:05:56.306 29809-29809/? W/DisplayListCanvas: DisplayListCanvas is started on unbinded RenderNode (without mOwningView)
10-12 11:05:56.326 3435-3821/? D/InputReader: Input event(4): value=0 when=8975072694000
10-12 11:05:56.326 3435-3821/? D/InputReader: Input event(4): value=0 when=8975072694000
10-12 11:05:56.326 3435-3821/? I/InputReader: Touch event's action is 0x1 (deviceType=0) [pCnt=1, s=] when=8975072694000
10-12 11:05:56.326 3435-3820/? I/InputDispatcher: Delivering touch to (29809): action: 0x1, toolType: 1
10-12 11:05:56.336 29809-29809/? D/ViewRootImpl: ViewPostImeInputStage processPointer 1
10-12 11:05:56.506 3143-3708/? D/EnterpriseController: netId is 0
10-12 11:05:56.506 3143-3708/? D/Netd: getNetworkForDns: using netid 502 for uid 10207
10-12 11:05:56.556 29809-29809/? W/DisplayListCanvas: DisplayListCanvas is started on unbinded RenderNode (without mOwningView)
10-12 11:05:56.566 29809-29876/? W/chromium: [WARNING:webmediaplayer_impl.cc(341)] Using MultibufferDataSource
10-12 11:05:56.636 29809-29809/? W/DisplayListCanvas: DisplayListCanvas is started on unbinded RenderNode (without mOwningView)
10-12 11:05:56.686 3143-3708/? D/EnterpriseController: netId is 0
10-12 11:05:56.686 3143-3708/? D/Netd: getNetworkForDns: using netid 502 for uid 10207
10-12 11:05:56.716 29809-29809/? I/chromium: [INFO:CONSOLE(8)] "Failed to execute 'play' on 'HTMLMediaElement': API can only be initiated by a user gesture.", source: http://edition.i.cdn.cnn.com/.a/bundles/cvploader.fd91c0b14cd55392464f.bundle.js (8)
10-12 11:05:56.736 29809-29876/? W/chromium: [WARNING:webmediaplayer_impl.cc(341)] Using MultibufferDataSource
10-12 11:05:56.746 29809-29809/? I/chromium: [INFO:CONSOLE(8)] "Uncaught (in promise) NotAllowedError: play() can only be initiated by a user gesture.", source: http://edition.i.cdn.cnn.com/.a/bundles/cvploader.fd91c0b14cd55392464f.bundle.js (8)
10-12 11:05:56.746 3143-3708/? D/EnterpriseController: netId is 0
10-12 11:05:56.746 3143-3708/? D/Netd: getNetworkForDns: using netid 502 for uid 10207
10-12 11:05:56.816 29809-29809/? W/DisplayListCanvas: DisplayListCanvas is started on unbinded RenderNode (without mOwningView)
10-12 11:05:56.826 3143-3708/? D/EnterpriseController: netId is 0
10-12 11:05:56.826 3143-3708/? D/Netd: getNetworkForDns: using netid 502 for uid 10207
10-12 11:05:56.826 3435-4343/? D/BatteryService: !@BatteryListener : batteryPropertiesChanged!
10-12 11:05:56.826 3435-4343/? D/BatteryService: level:81, scale:100, status:2, health:2, present:true, voltage: 4120, temperature: 232, technology: Li-ion, AC powered:false, USB powered:true, POGO powered:false, Wireless powered:false, icon:17303413, invalid charger:0, maxChargingCurrent:0
10-12 11:05:56.826 3435-4343/? D/BatteryService: online:4, current avg:129, charge type:1, power sharing:false, high voltage charger:false, capacity:280000, batterySWSelfDischarging:false, current_now:-137
10-12 11:05:56.826 3435-3435/? D/BatteryService: Sending ACTION_BATTERY_CHANGED.
10-12 11:05:56.836 3435-3435/? I/MotionRecognitionService: Plugged
10-12 11:05:56.836 3435-3435/? D/MotionRecognitionService: cableConnection= 1
10-12 11:05:56.836 3435-3435/? D/MotionRecognitionService: setPowerConnected | current backoffstate = 1024 , state =1024
10-12 11:05:56.836 3435-3435/? D/MotionRecognitionService: skip setTransmitPower.
10-12 11:05:56.836 3435-3852/? D/WifiController: ApOrStaEnabledState msg.what= 155652
10-12 11:05:56.846 3931-3931/? D/KeyguardUpdateMonitor: received broadcast android.intent.action.BATTERY_CHANGED
10-12 11:05:56.846 3931-3931/? D/PowerUI: priorPlugType = 2 mPlugType = 2
10-12 11:05:56.856 3931-3931/? D/KeyguardUpdateMonitor: handleBatteryUpdate
10-12 11:05:56.856 3931-3931/? D/PowerUI.Notification: showChargingNotice oldChargingType : 1 currentChargingType : 1 oldChargingTime : 3963000 mChargingTime : 3963000
10-12 11:05:56.856 3931-3931/? D/PowerUI.Notification: There is no change about charging status, so return!
10-12 11:05:56.876 4449-4449/? D/CommonServiceConfiguration: getStringValueSetting
10-12 11:05:56.886 4449-4449/? D/BatteryMonitor: new battery level: 81
10-12 11:05:56.906 3931-3931/? D/BatteryMeterView: ACTION_BATTERY_CHANGED : level:81 status:2 health:2
10-12 11:05:56.906 3931-3931/? D/BatteryMeterView: ACTION_BATTERY_CHANGED : level:81 status:2 health:2
10-12 11:05:56.936 29809-29988/? I/ACodec: [] Now uninitialized
10-12 11:05:56.946 29809-30026/? I/OMXClient: Using client-side OMX mux.
10-12 11:05:56.946 3151-4880/? W/AudioPolicyIntefaceImpl: Skipped to add effects on session 30
10-12 11:05:56.946 3151-4880/? I/APM::AudioPolicyManager: startOutput() output 4, stream 3, session 30
10-12 11:05:56.956 3151-4875/? D/libexynosv4l2: try node: /dev/video6
10-12 11:05:56.956 3151-4875/? I/libexynosv4l2: node found for device s5p-mfc-dec: /dev/video6
10-12 11:05:56.956 3151-3585/? D/audio_hw_primary: out_set_parameters: enter: kvpairs: routing=2
10-12 11:05:56.956 3151-3585/? I/audio_hw_primary: out_set_parameters adev->out_device:2
10-12 11:05:56.956 3151-3585/? V/audio_hw_primary: select_devices output_scenario:0 input_scenario:-1 out_snd_device 0x2 in_snd_device:0x0
10-12 11:05:56.956 3151-3585/? I/audio_hw_primary: select_devices - do not update mixer_path
10-12 11:05:56.956 3151-3585/? D/AudioFlinger: setCurDevice() 0x2
10-12 11:05:56.966 3151-4875/? I/libexynosv4l2: open video device /dev/video6
10-12 11:05:56.976 29809-30026/? I/ACodec: [OMX.Exynos.avc.dec] Now Loaded
10-12 11:05:56.976 29809-29988/? W/VideoCapabilities: Unrecognized profile 2130706433 for video/avc
10-12 11:05:56.976 29809-29988/? W/VideoCapabilities: Unrecognized profile 2130706433 for video/avc
10-12 11:05:56.976 29809-29988/? W/VideoCapabilities: Unrecognized profile 2130706433 for video/avc
10-12 11:05:56.976 29809-29988/? W/VideoCapabilities: Unrecognized profile 2130706433 for video/avc
10-12 11:05:56.976 29809-29988/? W/VideoCapabilities: Unrecognized profile 2130706433 for video/avc
10-12 11:05:56.976 29809-29988/? W/VideoCapabilities: Unrecognized profile 2130706433 for video/avc
10-12 11:05:56.976 29809-29988/? W/VideoCapabilities: Unrecognized profile 2130706433 for video/avc
10-12 11:05:56.976 29809-29988/? W/VideoCapabilities: Unrecognized profile 2130706433 for video/avc
10-12 11:05:56.976 29809-29988/? W/VideoCapabilities: Unrecognized profile 2130706433 for video/avc
10-12 11:05:56.976 29809-29988/? W/VideoCapabilities: Unrecognized profile 2130706433 for video/avc
10-12 11:05:56.976 29809-29988/? W/VideoCapabilities: Unrecognized profile 2130706433 for video/avc
10-12 11:05:56.976 29809-29988/? W/VideoCapabilities: Unrecognized profile 2130706433 for video/avc
10-12 11:05:56.976 29809-29988/? W/VideoCapabilities: Unrecognized profile 2130706433 for video/avc
10-12 11:05:56.976 29809-29988/? W/VideoCapabilities: Unrecognized profile 2130706433 for video/avc
10-12 11:05:56.976 29809-29988/? W/VideoCapabilities: Unrecognized profile 2130706433 for video/avc
10-12 11:05:56.976 29809-29988/? W/VideoCapabilities: Unrecognized profile 2130706433 for video/avc
10-12 11:05:56.976 29809-29988/? W/VideoCapabilities: Unrecognized profile 2130706433 for video/avc
10-12 11:05:56.976 29809-29988/? W/VideoCapabilities: Unrecognized profile 2130706434 for video/avc
10-12 11:05:56.976 29809-29988/? W/VideoCapabilities: Unrecognized profile 2130706434 for video/avc
10-12 11:05:56.976 29809-29988/? W/VideoCapabilities: Unrecognized profile 2130706434 for video/avc
10-12 11:05:56.976 29809-29988/? W/VideoCapabilities: Unrecognized profile 2130706434 for video/avc
10-12 11:05:56.976 29809-29988/? W/VideoCapabilities: Unrecognized profile 2130706434 for video/avc
10-12 11:05:56.976 29809-29988/? W/VideoCapabilities: Unrecognized profile 2130706434 for video/avc
10-12 11:05:56.976 29809-29988/? W/VideoCapabilities: Unrecognized profile 2130706434 for video/avc
10-12 11:05:56.976 29809-29988/? W/VideoCapabilities: Unrecognized profile 2130706434 for video/avc
10-12 11:05:56.976 29809-29988/? W/VideoCapabilities: Unrecognized profile 2130706434 for video/avc
10-12 11:05:56.976 29809-29988/? W/VideoCapabilities: Unrecognized profile 2130706434 for video/avc
10-12 11:05:56.976 29809-29988/? W/VideoCapabilities: Unrecognized profile 2130706434 for video/avc
10-12 11:05:56.976 29809-29988/? W/VideoCapabilities: Unrecognized profile 2130706434 for video/avc
10-12 11:05:56.976 29809-29988/? W/VideoCapabilities: Unrecognized profile 2130706434 for video/avc
10-12 11:05:56.976 29809-29988/? W/VideoCapabilities: Unrecognized profile 2130706434 for video/avc
10-12 11:05:56.976 29809-29988/? W/VideoCapabilities: Unrecognized profile 2130706434 for video/avc
10-12 11:05:56.976 29809-29988/? W/VideoCapabilities: Unrecognized profile 2130706434 for video/avc
10-12 11:05:56.976 29809-29988/? W/VideoCapabilities: Unrecognized profile 2130706434 for video/avc
10-12 11:05:56.976 29809-30025/? I/MediaCodec: [OMX.Exynos.avc.dec] setting surface generation to 30524418
10-12 11:05:56.976 3151-4151/? I/Exynos_OSAL_Android: output buffer sharing mode is on (15)
10-12 11:05:56.976 29809-30026/? I/ACodec: can't find wfdsink-exynos-enable
10-12 11:05:56.986 3151-4151/? I/OMX: width (480),height (270),fps (15)
10-12 11:05:56.986 3151-4880/? I/OMX: getparameter OMX_IndexParamVideoController remained resource:17565120, sum = 129600
10-12 11:05:56.986 3151-4875/? E/OMXNodeInstance: getConfig(5e:Exynos.avc.dec, ConfigCommonOutputCrop(0x700000f)) ERROR: NotReady(0x80001010)
10-12 11:05:56.986 29809-30026/? I/ACodec: [OMX.Exynos.avc.dec] Now Loaded->Idle
10-12 11:05:56.986 3151-30028/? I/EXYNOS_BASE_COMP: [0xeb89df80][Exynos_OMX_ComponentStateSet] current:(OMX_StateLoaded) dest:(OMX_StateIdle)
10-12 11:05:56.996 29809-30026/? D/SurfaceUtils: set up nativeWindow 0xd3754008 for 480x270, color 0x105, rotation 0, usage 0x2900
10-12 11:05:56.996 29809-30026/? I/ACodec: [OMX.Exynos.avc.dec] configureOutputBuffersFromNativeWindow setBufferCount : 7, minUndequeuedBuffers : 5
10-12 11:05:57.006 3151-30028/? D/libexynosv4l2: try node: /dev/video6
10-12 11:05:57.006 3151-30028/? I/libexynosv4l2: node found for device s5p-mfc-dec: /dev/video6
10-12 11:05:57.016 3151-30028/? I/libexynosv4l2: open video device /dev/video6
10-12 11:05:57.016 3151-30028/? I/EXYNOS_BASE_COMP: [0xeb89df80][Exynos_OMX_ComponentStateSet]:567 OMX_EventCmdComplete
10-12 11:05:57.016 3151-30028/? I/EXYNOS_BASE_COMP: [0xeb89df80][Exynos_OMX_ComponentStateSet] current:(OMX_StateIdle) dest:(OMX_StateExecuting)
10-12 11:05:57.016 3151-30028/? I/EXYNOS_BASE_COMP: [0xeb89df80][Exynos_OMX_ComponentStateSet]:567 OMX_EventCmdComplete
10-12 11:05:57.016 29809-30026/? I/ACodec: [OMX.Exynos.avc.dec] Now Idle->Executing
10-12 11:05:57.026 29809-30026/? I/ACodec: [OMX.Exynos.avc.dec] Now Executing
10-12 11:05:57.046 29809-30026/? I/ACodec: [OMX.Exynos.avc.dec] Now handling output port settings change
10-12 11:05:57.046 29809-30026/? W/AHierarchicalStateMachine: Warning message AMessage(what = 'omxI') = { int32_t type = 0 int32_t event = 3 int32_t data1 = 1 int32_t data2 = 117440527 } unhandled in root state.
10-12 11:05:57.046 29809-30026/? D/SurfaceUtils: set up nativeWindow 0xd3754008 for 480x272, color 0x105, rotation 0, usage 0x2900
10-12 11:05:57.046 29809-30026/? I/ACodec: [OMX.Exynos.avc.dec] configureOutputBuffersFromNativeWindow setBufferCount : 21, minUndequeuedBuffers : 5
10-12 11:05:57.076 29809-30026/? I/ACodec: [OMX.Exynos.avc.dec] Now Executing
10-12 11:05:57.076 29809-29809/? W/cr_BindingManager: Cannot call determinedVisibility() - never saw a connection for the pid: 29809
10-12 11:05:57.116 29809-29809/? W/DisplayListCanvas: DisplayListCanvas is started on unbinded RenderNode (without mOwningView)
10-12 11:05:57.116 29809-29886/? D/libEGL: eglInitialize EGLDisplay = 0xd83febd4
10-12 11:05:57.206 29809-29809/? W/DisplayListCanvas: DisplayListCanvas is started on unbinded RenderNode (without mOwningView)
10-12 11:05:57.326 29809-29809/? W/DisplayListCanvas: DisplayListCanvas is started on unbinded RenderNode (without mOwningView)
10-12 11:05:57.426 29809-29809/? W/DisplayListCanvas: DisplayListCanvas is started on unbinded RenderNode (without mOwningView)
10-12 11:05:58.106 3435-3821/? D/InputReader: Input event(4): value=1 when=8976853251000
10-12 11:05:58.106 3435-3821/? D/InputReader: Input event(4): value=1 when=8976853251000
10-12 11:05:58.106 3435-3821/? I/InputReader: Touch event's action is 0x0 (deviceType=0) [pCnt=1, s=0.561 ] when=8976853251000
10-12 11:05:58.106 3435-3821/? D/InputReader: lastThreadEndTime = 8975072996387, currentThreadStartTime = 8975073000964, diff = 0
10-12 11:05:58.106 3435-3820/? I/InputDispatcher: Delivering touch to (3931): action: 0x4, toolType: 1
10-12 11:05:58.106 3435-3820/? I/InputDispatcher: Delivering touch to (29809): action: 0x0, toolType: 1
10-12 11:05:58.106 29809-29809/? D/ViewRootImpl: ViewPostImeInputStage processPointer 0
10-12 11:05:58.106 3435-3820/? D/PowerManagerService: [api] userActivityFromNative : 10 (event: 2 flags: 0) eventTime = 8976853
10-12 11:05:58.176 3435-3821/? D/InputReader: Input event(4): value=0 when=8976927899000
10-12 11:05:58.176 3435-3821/? D/InputReader: Input event(4): value=0 when=8976927899000
10-12 11:05:58.176 3435-3821/? I/InputReader: Touch event's action is 0x1 (deviceType=0) [pCnt=1, s=] when=8976927899000
10-12 11:05:58.176 3435-3820/? I/InputDispatcher: Delivering touch to (29809): action: 0x1, toolType: 1
10-12 11:05:58.176 29809-29809/? D/ViewRootImpl: ViewPostImeInputStage processPointer 1
10-12 11:05:59.986 3435-3807/? V/AlarmManager: Expired Alarm result :8
10-12 11:06:00.006 3931-3931/? D/KeyguardUpdateMonitor: received broadcast android.intent.action.TIME_TICK
10-12 11:06:00.006 3931-3931/? D/KeyguardUpdateMonitor: handleTimeUpdate
10-12 11:06:00.026 3931-3931/? D/Clock: received broadcast android.intent.action.TIME_TICK
10-12 11:06:00.086 3931-3931/? D/DateView: received broadcast android.intent.action.TIME_TICK
10-12 11:06:03.236 3435-6368/? D/SSRM:n: SIOP:: AP = 270, PST = 253 (W:6), CP = 207, CUR = 129, LCD = 83
10-12 11:06:03.846 3435-3807/? V/AlarmManager: Expired Alarm result :8
10-12 11:06:03.876 3435-3540/? V/BroadcastQueue: [background] Process cur broadcast BroadcastRecord{564da79 u0 null qIdx=4}, state= (APP_RECEIVE) DELIVERED for app ProcessRecord{7fb4010 4276:com.google.android.gms.persistent/u0a19}
10-12 11:06:04.006 4276-30036/? D/SecWifiDisplayUtil: Metadata value : SecSettings2
10-12 11:06:05.906 3435-3821/? D/InputReader: Input event(4): value=1 when=8984656923000
10-12 11:06:05.906 3435-3821/? D/InputReader: Input event(4): value=1 when=8984656923000
10-12 11:06:05.906 3435-3821/? I/InputReader: Touch event's action is 0x0 (deviceType=0) [pCnt=1, s=0.562 ] when=8984656923000
10-12 11:06:05.906 3435-3821/? D/InputReader: lastThreadEndTime = 8976928565193, currentThreadStartTime = 8976928570386, diff = 0
