10-12 10:58:00.866 3435-3569/? I/libsuspend: !@autosuspend_wakeup_count_enable
10-12 10:58:00.866 3435-3569/? D/DisplayPowerController: Animating brightness: target=1, rate=0 (PSM:false, AB limit:(-1 ~ -1) MB Limit:(-1 ~ -1))
10-12 10:58:00.866 3435-3569/? I/libsuspend: !@autosuspend_wakeup_count_enable done
10-12 10:58:00.866 3435-3569/? D/DisplayPowerController: animateScreenStateChange[0]: target=4
10-12 10:58:00.866 3435-3569/? D/DisplayPowerController: [Dual Screen Compatible] state[0] :4
10-12 10:58:00.866 3435-3569/? D/DisplayPowerController: getFinalBrightness : Summary is 1 -> 1
10-12 10:58:00.866 3435-3569/? D/DisplayPowerController: Animating brightness: target=1, rate=0 (PSM:false, AB limit:(-1 ~ -1) MB Limit:(-1 ~ -1))
10-12 10:58:00.866 3435-3569/? D/PowerManagerService: [s] DisplayPowerCallbacks : onStateChanged()
10-12 10:58:00.866 3435-3569/? D/PowerManagerService: mDisplayReady: true
10-12 10:58:00.866 3435-3569/? D/PowerManagerService: [PWL] sb release: PowerManagerService.Display
10-12 10:58:03.666 3435-6368/? D/SSRM:n: SIOP:: AP = 240, PST = 248 (W:14), CP = 205, CUR = 452, LCD = 1
10-12 10:58:03.696 3435-6368/? D/ConnectivityService: returning getNetworkInfo for network type 1 : [type: WIFI[] - WIFI, state: CONNECTED/CONNECTED, reason: (unspecified), extra: "WLAN-198160", roaming: false, failover: false, isAvailable: true]
10-12 10:58:04.136 3435-4808/? D/BatteryService: !@BatteryListener : batteryPropertiesChanged!
10-12 10:58:04.136 3435-4808/? D/BatteryService: level:80, scale:100, status:2, health:2, present:true, voltage: 4152, temperature: 243, technology: Li-ion, AC powered:false, USB powered:true, POGO powered:false, Wireless powered:false, icon:17303413, invalid charger:0, maxChargingCurrent:0
10-12 10:58:04.136 3435-4808/? D/BatteryService: online:4, current avg:441, charge type:1, power sharing:false, high voltage charger:false, capacity:280000, batterySWSelfDischarging:false, current_now:347
10-12 10:58:04.136 3435-4808/? D/BatteryService: stay LED for charging
10-12 10:58:04.136 3435-3435/? D/BatteryService: Sending ACTION_BATTERY_CHANGED.
10-12 10:58:04.146 3435-3435/? I/MotionRecognitionService: Plugged
10-12 10:58:04.146 3435-3435/? D/MotionRecognitionService: cableConnection= 1
10-12 10:58:04.146 3435-3435/? D/MotionRecognitionService: setPowerConnected | current backoffstate = 1024 , state =1024
10-12 10:58:04.146 3435-3435/? D/MotionRecognitionService: skip setTransmitPower.
10-12 10:58:04.156 3435-3852/? D/WifiController: ApOrStaEnabledState msg.what= 155652
10-12 10:58:04.156 3931-3931/? D/KeyguardUpdateMonitor: received broadcast android.intent.action.BATTERY_CHANGED
10-12 10:58:04.156 3931-3931/? D/KeyguardUpdateMonitor: handleBatteryUpdate
10-12 10:58:04.156 3931-3931/? D/PowerUI: priorPlugType = 2 mPlugType = 2
10-12 10:58:04.166 3931-3931/? D/PowerUI.Notification: showChargingNotice oldChargingType : 1 currentChargingType : 1 oldChargingTime : 4413000 mChargingTime : 4413000
10-12 10:58:04.166 3931-3931/? D/PowerUI.Notification: There is no change about charging status, so return!
10-12 10:58:04.176 4449-4449/? D/CommonServiceConfiguration: getStringValueSetting
10-12 10:58:04.186 4449-4449/? D/BatteryMonitor: new battery level: 80
10-12 10:58:04.196 4758-4758/? D/BatteryController: saveBatteryData : level[80], status[2]
10-12 10:58:04.206 3931-3931/? D/BatteryMeterView: ACTION_BATTERY_CHANGED : level:80 status:2 health:2
10-12 10:58:04.206 3931-3931/? D/BatteryMeterView: ACTION_BATTERY_CHANGED : level:80 status:2 health:2
10-12 10:58:06.146 3435-4154/? E/Watchdog: !@Sync 283 [10-12 10:58:06.148]
10-12 10:58:13.776 3435-6368/? D/SSRM:n: SIOP:: AP = 240, PST = 247 (W:14), CP = 205, CUR = 441, LCD = 1
10-12 10:58:14.196 3435-4341/? D/BatteryService: !@BatteryListener : batteryPropertiesChanged!
10-12 10:58:14.196 3435-4341/? D/BatteryService: level:80, scale:100, status:2, health:2, present:true, voltage: 4157, temperature: 242, technology: Li-ion, AC powered:false, USB powered:true, POGO powered:false, Wireless powered:false, icon:17303413, invalid charger:0, maxChargingCurrent:0
10-12 10:58:14.196 3435-4341/? D/BatteryService: online:4, current avg:447, charge type:1, power sharing:false, high voltage charger:false, capacity:280000, batterySWSelfDischarging:false, current_now:468
10-12 10:58:14.196 3435-4341/? D/BatteryService: stay LED for charging
10-12 10:58:14.196 3435-3435/? D/BatteryService: Sending ACTION_BATTERY_CHANGED.
10-12 10:58:14.206 3435-3435/? I/MotionRecognitionService: Plugged
10-12 10:58:14.206 3435-3435/? D/MotionRecognitionService: cableConnection= 1
10-12 10:58:14.206 3435-3435/? D/MotionRecognitionService: setPowerConnected | current backoffstate = 1024 , state =1024
10-12 10:58:14.206 3435-3435/? D/MotionRecognitionService: skip setTransmitPower.
10-12 10:58:14.216 3435-3852/? D/WifiController: ApOrStaEnabledState msg.what= 155652
10-12 10:58:14.216 3931-3931/? D/KeyguardUpdateMonitor: received broadcast android.intent.action.BATTERY_CHANGED
10-12 10:58:14.216 3931-3931/? D/KeyguardUpdateMonitor: handleBatteryUpdate
10-12 10:58:14.216 3931-3931/? D/PowerUI: priorPlugType = 2 mPlugType = 2
10-12 10:58:14.216 3931-3931/? D/PowerUI.Notification: showChargingNotice oldChargingType : 1 currentChargingType : 1 oldChargingTime : 4413000 mChargingTime : 4413000
10-12 10:58:14.216 3931-3931/? D/PowerUI.Notification: There is no change about charging status, so return!
10-12 10:58:14.236 4449-4449/? D/CommonServiceConfiguration: getStringValueSetting
10-12 10:58:14.246 4758-4758/? D/BatteryController: saveBatteryData : level[80], status[2]
10-12 10:58:14.246 4449-4449/? D/BatteryMonitor: new battery level: 80
10-12 10:58:14.266 3931-3931/? D/BatteryMeterView: ACTION_BATTERY_CHANGED : level:80 status:2 health:2
10-12 10:58:14.266 3931-3931/? D/BatteryMeterView: ACTION_BATTERY_CHANGED : level:80 status:2 health:2
10-12 10:58:23.796 3435-6368/? D/SSRM:n: SIOP:: AP = 240, PST = 246 (W:14), CP = 204, CUR = 447, LCD = 1
10-12 10:58:24.256 3435-3992/? D/BatteryService: !@BatteryListener : batteryPropertiesChanged!
10-12 10:58:24.256 3435-3992/? D/BatteryService: level:80, scale:100, status:2, health:2, present:true, voltage: 4161, temperature: 242, technology: Li-ion, AC powered:false, USB powered:true, POGO powered:false, Wireless powered:false, icon:17303413, invalid charger:0, maxChargingCurrent:0
10-12 10:58:24.256 3435-3992/? D/BatteryService: online:4, current avg:451, charge type:1, power sharing:false, high voltage charger:false, capacity:280000, batterySWSelfDischarging:false, current_now:477
10-12 10:58:24.256 3435-3992/? D/BatteryService: stay LED for charging
10-12 10:58:24.256 3435-3435/? D/BatteryService: Sending ACTION_BATTERY_CHANGED.
10-12 10:58:24.266 3435-3435/? I/MotionRecognitionService: Plugged
10-12 10:58:24.266 3435-3435/? D/MotionRecognitionService: cableConnection= 1
10-12 10:58:24.266 3435-3435/? D/MotionRecognitionService: setPowerConnected | current backoffstate = 1024 , state =1024
10-12 10:58:24.266 3435-3435/? D/MotionRecognitionService: skip setTransmitPower.
10-12 10:58:24.266 3435-3852/? D/WifiController: ApOrStaEnabledState msg.what= 155652
10-12 10:58:24.266 3931-3931/? D/KeyguardUpdateMonitor: received broadcast android.intent.action.BATTERY_CHANGED
10-12 10:58:24.266 3931-3931/? D/KeyguardUpdateMonitor: handleBatteryUpdate
10-12 10:58:24.276 3931-3931/? D/PowerUI: priorPlugType = 2 mPlugType = 2
10-12 10:58:24.276 3931-3931/? D/PowerUI.Notification: showChargingNotice oldChargingType : 1 currentChargingType : 1 oldChargingTime : 4413000 mChargingTime : 4391000
10-12 10:58:24.276 3931-3931/? D/PowerUI.Notification: showChargingNotification()
10-12 10:58:24.296 4449-4449/? D/CommonServiceConfiguration: getStringValueSetting
10-12 10:58:24.296 3435-4200/? D/ApplicationPolicy: isStatusBarNotificationAllowedAsUser: packageName = com.android.systemui,userId = -1
10-12 10:58:24.306 4449-4449/? D/BatteryMonitor: new battery level: 80
10-12 10:58:24.316 3931-3931/? D/BatteryMeterView: ACTION_BATTERY_CHANGED : level:80 status:2 health:2
10-12 10:58:24.316 3931-3931/? D/BatteryMeterView: ACTION_BATTERY_CHANGED : level:80 status:2 health:2
10-12 10:58:24.316 4758-4758/? D/BatteryController: saveBatteryData : level[80], status[2]
10-12 10:58:24.316 3435-3435/? D/MARsPolicyManager: NotificationListenerService OngoingNotificationPosted : com.android.systemui
10-12 10:58:24.336 3931-3931/? W/ResourcesManager: getTopLevelResources: /system/priv-app/SystemUI/SystemUI.apk / 1.0 running in com.android.systemui rsrc of package com.android.systemui
10-12 10:58:24.356 3931-3931/? D/PhoneStatusBar: setAreThereNotifications: N=2 any=true clearable=false
10-12 10:58:26.726 3931-4137/? D/NetworkController.MobileSignalController(0/2147483643): onSignalStrengthsChanged signalStrength=SignalStrength: 11 99 -11 -200 -11 -200 -1 99 2147483647 2147483647 2147483647 2147483647 2147483647 0x4 gsm|lte level=4
10-12 10:58:26.726 3931-4137/? D/NetworkController.MobileSignalController(0/2147483643): getMobileIconGroup(): 0
10-12 10:58:33.856 3435-6368/? D/SSRM:n: SIOP:: AP = 240, PST = 245 (W:14), CP = 204, CUR = 451, LCD = 1
10-12 10:58:34.306 3435-4802/? D/BatteryService: !@BatteryListener : batteryPropertiesChanged!
10-12 10:58:34.306 3435-4802/? D/BatteryService: level:80, scale:100, status:2, health:2, present:true, voltage: 4161, temperature: 242, technology: Li-ion, AC powered:false, USB powered:true, POGO powered:false, Wireless powered:false, icon:17303413, invalid charger:0, maxChargingCurrent:0
10-12 10:58:34.306 3435-4802/? D/BatteryService: online:4, current avg:446, charge type:1, power sharing:false, high voltage charger:false, capacity:280000, batterySWSelfDischarging:false, current_now:353
10-12 10:58:34.306 3435-4802/? D/BatteryService: stay LED for charging
10-12 10:58:34.306 3435-3435/? D/BatteryService: Sending ACTION_BATTERY_CHANGED.
10-12 10:58:34.316 3435-3435/? I/MotionRecognitionService: Plugged
10-12 10:58:34.316 3435-3435/? D/MotionRecognitionService: cableConnection= 1
10-12 10:58:34.316 3435-3435/? D/MotionRecognitionService: setPowerConnected | current backoffstate = 1024 , state =1024
10-12 10:58:34.316 3435-3435/? D/MotionRecognitionService: skip setTransmitPower.
10-12 10:58:34.326 3435-3852/? D/WifiController: ApOrStaEnabledState msg.what= 155652
10-12 10:58:34.326 3931-3931/? D/KeyguardUpdateMonitor: received broadcast android.intent.action.BATTERY_CHANGED
10-12 10:58:34.326 3931-3931/? D/KeyguardUpdateMonitor: handleBatteryUpdate
10-12 10:58:34.326 3931-3931/? D/PowerUI: priorPlugType = 2 mPlugType = 2
10-12 10:58:34.326 3931-3931/? D/PowerUI.Notification: showChargingNotice oldChargingType : 1 currentChargingType : 1 oldChargingTime : 4391000 mChargingTime : 4391000
10-12 10:58:34.326 3931-3931/? D/PowerUI.Notification: There is no change about charging status, so return!
10-12 10:58:34.346 4449-4449/? D/CommonServiceConfiguration: getStringValueSetting
10-12 10:58:34.356 4449-4449/? D/BatteryMonitor: new battery level: 80
10-12 10:58:34.356 4758-4758/? D/BatteryController: saveBatteryData : level[80], status[2]
10-12 10:58:34.356 3931-3931/? D/BatteryMeterView: ACTION_BATTERY_CHANGED : level:80 status:2 health:2
10-12 10:58:34.356 3931-3931/? D/BatteryMeterView: ACTION_BATTERY_CHANGED : level:80 status:2 health:2
10-12 10:58:34.416 3931-4137/? D/NetworkController.MobileSignalController(0/2147483643): onSignalStrengthsChanged signalStrength=SignalStrength: 12 99 -12 -200 -12 -200 -1 99 2147483647 2147483647 2147483647 2147483647 2147483647 0x4 gsm|lte level=4
10-12 10:58:34.416 3931-4137/? D/NetworkController.MobileSignalController(0/2147483643): getMobileIconGroup(): 0
10-12 10:58:36.146 3435-4154/? E/Watchdog: !@Sync 284 [10-12 10:58:36.150]
10-12 10:58:43.916 3435-6368/? D/SSRM:n: SIOP:: AP = 240, PST = 245 (W:14), CP = 203, CUR = 446, LCD = 1
10-12 10:58:44.366 3435-4341/? D/BatteryService: !@BatteryListener : batteryPropertiesChanged!
10-12 10:58:44.366 3435-4341/? D/BatteryService: level:80, scale:100, status:2, health:2, present:true, voltage: 4162, temperature: 241, technology: Li-ion, AC powered:false, USB powered:true, POGO powered:false, Wireless powered:false, icon:17303413, invalid charger:0, maxChargingCurrent:0
10-12 10:58:44.366 3435-4341/? D/BatteryService: online:4, current avg:447, charge type:1, power sharing:false, high voltage charger:false, capacity:280000, batterySWSelfDischarging:false, current_now:475
10-12 10:58:44.366 3435-4341/? D/BatteryService: stay LED for charging
10-12 10:58:44.366 3435-3435/? D/BatteryService: Sending ACTION_BATTERY_CHANGED.
10-12 10:58:44.366 3435-3435/? I/MotionRecognitionService: Plugged
10-12 10:58:44.366 3435-3435/? D/MotionRecognitionService: cableConnection= 1
10-12 10:58:44.366 3435-3435/? D/MotionRecognitionService: setPowerConnected | current backoffstate = 1024 , state =1024
10-12 10:58:44.366 3435-3435/? D/MotionRecognitionService: skip setTransmitPower.
10-12 10:58:44.376 3435-3852/? D/WifiController: ApOrStaEnabledState msg.what= 155652
10-12 10:58:44.376 3931-3931/? D/KeyguardUpdateMonitor: received broadcast android.intent.action.BATTERY_CHANGED
10-12 10:58:44.376 3931-3931/? D/KeyguardUpdateMonitor: handleBatteryUpdate
10-12 10:58:44.376 3931-3931/? D/PowerUI: priorPlugType = 2 mPlugType = 2
10-12 10:58:44.386 3931-3931/? D/PowerUI.Notification: showChargingNotice oldChargingType : 1 currentChargingType : 1 oldChargingTime : 4391000 mChargingTime : 4366000
10-12 10:58:44.386 3931-3931/? D/PowerUI.Notification: showChargingNotification()
10-12 10:58:44.406 3435-3960/? D/ApplicationPolicy: isStatusBarNotificationAllowedAsUser: packageName = com.android.systemui,userId = -1
10-12 10:58:44.406 4449-4449/? D/CommonServiceConfiguration: getStringValueSetting
10-12 10:58:44.416 4449-4449/? D/BatteryMonitor: new battery level: 80
10-12 10:58:44.416 3931-3931/? D/BatteryMeterView: ACTION_BATTERY_CHANGED : level:80 status:2 health:2
10-12 10:58:44.416 3931-3931/? D/BatteryMeterView: ACTION_BATTERY_CHANGED : level:80 status:2 health:2
10-12 10:58:44.426 4758-4758/? D/BatteryController: saveBatteryData : level[80], status[2]
10-12 10:58:44.426 3435-3435/? D/MARsPolicyManager: NotificationListenerService OngoingNotificationPosted : com.android.systemui
10-12 10:58:44.466 3931-3931/? W/ResourcesManager: getTopLevelResources: /system/priv-app/SystemUI/SystemUI.apk / 1.0 running in com.android.systemui rsrc of package com.android.systemui
10-12 10:58:44.476 3931-3931/? D/PhoneStatusBar: setAreThereNotifications: N=2 any=true clearable=false
10-12 10:58:50.326 27886-27901/? I/Quasar: start to send events
10-12 10:58:53.576 4116-4144/? D/ContactsProvider_EventLog: contents_sample_state: [ contacts(15) data(105) accounts({com.google (2)=15}) accounts deleted({}) calls([]) ] contents_sample_state: [ agr({[2]=15}) ]
10-12 10:58:53.946 3435-6368/? D/SSRM:n: SIOP:: AP = 240, PST = 244 (W:14), CP = 203, CUR = 447, LCD = 1
10-12 10:58:54.416 3435-3960/? D/BatteryService: !@BatteryListener : batteryPropertiesChanged!
10-12 10:58:54.426 3435-3960/? D/BatteryService: level:80, scale:100, status:2, health:2, present:true, voltage: 4156, temperature: 241, technology: Li-ion, AC powered:false, USB powered:true, POGO powered:false, Wireless powered:false, icon:17303413, invalid charger:0, maxChargingCurrent:0
10-12 10:58:54.426 3435-3960/? D/BatteryService: online:4, current avg:449, charge type:1, power sharing:false, high voltage charger:false, capacity:280000, batterySWSelfDischarging:false, current_now:364
10-12 10:58:54.426 3435-3960/? D/BatteryService: stay LED for charging
10-12 10:58:54.426 3435-3435/? D/BatteryService: Sending ACTION_BATTERY_CHANGED.
10-12 10:58:54.426 3435-3435/? I/MotionRecognitionService: Plugged
10-12 10:58:54.426 3435-3435/? D/MotionRecognitionService: cableConnection= 1
10-12 10:58:54.426 3435-3435/? D/MotionRecognitionService: setPowerConnected | current backoffstate = 1024 , state =1024
10-12 10:58:54.426 3435-3435/? D/MotionRecognitionService: skip setTransmitPower.
10-12 10:58:54.436 3435-3852/? D/WifiController: ApOrStaEnabledState msg.what= 155652
10-12 10:58:54.436 3931-3931/? D/KeyguardUpdateMonitor: received broadcast android.intent.action.BATTERY_CHANGED
10-12 10:58:54.436 3931-3931/? D/KeyguardUpdateMonitor: handleBatteryUpdate
10-12 10:58:54.436 3931-3931/? D/PowerUI: priorPlugType = 2 mPlugType = 2
10-12 10:58:54.446 3931-3931/? D/PowerUI.Notification: showChargingNotice oldChargingType : 1 currentChargingType : 1 oldChargingTime : 4366000 mChargingTime : 4366000
10-12 10:58:54.446 3931-3931/? D/PowerUI.Notification: There is no change about charging status, so return!
10-12 10:58:54.466 4449-4449/? D/CommonServiceConfiguration: getStringValueSetting
10-12 10:58:54.476 4449-4449/? D/BatteryMonitor: new battery level: 80
10-12 10:58:54.476 4758-4758/? D/BatteryController: saveBatteryData : level[80], status[2]
10-12 10:58:54.486 3931-3931/? D/BatteryMeterView: ACTION_BATTERY_CHANGED : level:80 status:2 health:2
10-12 10:58:54.486 3931-3931/? D/BatteryMeterView: ACTION_BATTERY_CHANGED : level:80 status:2 health:2
10-12 10:58:59.996 3435-3807/? V/AlarmManager: Expired Alarm result :8
10-12 10:59:00.606 3435-3807/? V/AlarmManager: Expired Alarm result :8
10-12 10:59:00.666 3435-3807/? V/AlarmManager: Expired Alarm result :4
10-12 10:59:00.676 3435-3807/? V/AlarmManager: Send whitelist package alarm :PendingIntent{3fbbaeb: PendingIntentRecord{5684f7e com.samsung.android.app.aodservice broadcastIntent}}
10-12 10:59:00.696 3435-3540/? V/BroadcastQueue: [background] Process cur broadcast BroadcastRecord{7591ac7 u0 null qIdx=4}, state= (APP_RECEIVE) DELIVERED for app ProcessRecord{7fb4010 4276:com.google.android.gms.persistent/u0a19}
10-12 10:59:00.706 3931-3931/? D/KeyguardUpdateMonitor: received broadcast android.intent.action.TIME_TICK
10-12 10:59:00.706 3931-3931/? D/KeyguardUpdateMonitor: handleTimeUpdate
10-12 10:59:00.716 3931-3931/? D/Clock: received broadcast android.intent.action.TIME_TICK
10-12 10:59:00.816 3931-3931/? D/DateView: received broadcast android.intent.action.TIME_TICK
10-12 10:59:00.856 4758-4758/? D/AODService.ClockTimer: onReceive : com.samsung.android.app.aodservice.ClockTimer.TICK, mWakeUp = true
10-12 10:59:00.856 4758-4758/? V/BatteryController: getBatteryLevel[80.0], batteryStatus[2]
10-12 10:59:00.856 3435-4802/? W/CAE: setCAProperty(ContextAwareService.java:578) - [setProperty 01] Mutex is locked for DEVICE_PHYSICAL_CONTEXT_MONITOR
10-12 10:59:00.856 3435-4802/? I/CAE: setPropertyValue(DevicePhysicalContextMonitorRunner.java:155) - Get status
10-12 10:59:00.856 3435-4802/? I/CAE: sendCmdToSensorHub(SensorHubCommManager.java:162) - -72, 56, 1, 1,
10-12 10:59:00.856 3435-4802/? D/SensorHubManager: SendSensorHubData: send data = -72, 56, 1, 1
10-12 10:59:00.856 3158-3199/? D/Sensorhubs: sendContextData: -72, 56, 1, 1
10-12 10:59:00.866 3435-4802/? I/CAE: setCAProperty(ContextAwareService.java:583) - result : true
10-12 10:59:00.866 3435-4802/? W/CAE: setCAProperty(ContextAwareService.java:584) - [setProperty 02] Mutex is unlocked for DEVICE_PHYSICAL_CONTEXT_MONITOR
10-12 10:59:00.866 3435-4802/? D/SContextService: requestToUpdate() : service = Device Physical Context Monitor
10-12 10:59:00.866 4758-4758/? D/SContextManager: .requestToUpdate : listener = com.samsung.android.app.aodservice.AODService$7@364f7c6, service=Device Physical Context Monitor
10-12 10:59:00.866 4758-4758/? I/AlpmModeManager: startAlpmMode : state = BLANK
10-12 10:59:00.866 4758-4758/? D/DefaultClockView: Window showed. Time views updating
10-12 10:59:00.866 3435-3992/? D/PowerManagerService: [api] acquire WakeLock flags=0x80 tag=Window:AOD uid=1000 pid=3435
10-12 10:59:00.866 3435-3992/? I/libsuspend: !@autosuspend_wakeup_count_disable
10-12 10:59:00.866 3435-3992/? D/PowerManagerService: mDisplayReady: false
10-12 10:59:00.866 3435-3992/? I/libsuspend: !@autosuspend_wakeup_count_disable done
10-12 10:59:00.866 3435-3569/? D/DisplayPowerController: animateScreenStateChange[0]: target=3
10-12 10:59:00.866 3435-3992/? D/PowerManagerService: [PWL] sb acquire: PowerManagerService.Display
10-12 10:59:00.866 3004-3004/? D/SurfaceFlinger: Set power mode=1, type=0 flinger=0x7fb2403c00
10-12 10:59:00.866 3435-3569/? D/DisplayPowerController: [Dual Screen Compatible] state[0] :3
10-12 10:59:00.866 3004-3004/? I/hwcomposer: int exynos_setPowerMode(hwc_composer_device_1*, int, int):: disp(0), mode(1)
10-12 10:59:00.866 3435-3569/? D/DisplayPowerController: getFinalBrightness : Summary is 1 -> 1
10-12 10:59:00.866 3435-3569/? D/DisplayPowerController: Animating brightness: target=1, rate=2000 (PSM:false, AB limit:(-1 ~ -1) MB Limit:(-1 ~ -1))
10-12 10:59:00.866 4758-4758/? D/AODUpdatePositionController: updatePosition: direction[3] updatePosition: X[-36] Y[860] NewPositionTimer[56]
10-12 10:59:00.866 3435-3579/? D/DisplayManagerService: !@display_state: DOZE_SUSPEND -> DOZE brightness: 1 -> 1
10-12 10:59:00.866 3435-3565/? I/DisplayManagerService: Display device changed state: "Built-in Screen", DOZE
10-12 10:59:00.866 3435-3565/? I/DisplayManagerService: Display device changed state: "ActivityViewVirtualDisplay", DOZE
10-12 10:59:00.876 4758-4758/? D/DefaultClockView: LocalTime Pattern : HH:mm
10-12 10:59:00.876 4758-4758/? D/TimeViewHolder: onTimeUpdate: timeZone:libcore.util.ZoneInfo[id="Europe/Berlin",mRawOffset=3600000,mEarliestRawOffset=3600000,mUseDst=true,mDstSavings=3600000,transitions=144] isSplitHour:false isSingleView:false isAMPMonLeft:null time01: 10:59 time02: null ampm: null
10-12 10:59:00.886 3435-3569/? D/DisplayPowerController: animateScreenStateChange[0]: target=3
10-12 10:59:00.886 3435-3569/? D/DisplayPowerController: [Dual Screen Compatible] state[0] :3
10-12 10:59:00.886 3435-3569/? D/DisplayPowerController: getFinalBrightness : Summary is 1 -> 1
10-12 10:59:00.886 3435-3569/? D/DisplayPowerController: Animating brightness: target=1, rate=2000 (PSM:false, AB limit:(-1 ~ -1) MB Limit:(-1 ~ -1))
10-12 10:59:00.886 3435-3569/? I/libsuspend: !@autosuspend_wakeup_count_enable
10-12 10:59:00.886 3435-3569/? D/DisplayPowerController: animateScreenStateChange[0]: target=3
10-12 10:59:00.886 3435-3569/? I/libsuspend: !@autosuspend_wakeup_count_enable done
10-12 10:59:00.886 3435-3569/? D/DisplayPowerController: [Dual Screen Compatible] state[0] :3
10-12 10:59:00.886 3435-3569/? D/DisplayPowerController: getFinalBrightness : Summary is 1 -> 1
10-12 10:59:00.886 3435-3569/? D/DisplayPowerController: Animating brightness: target=1, rate=2000 (PSM:false, AB limit:(-1 ~ -1) MB Limit:(-1 ~ -1))
10-12 10:59:00.886 3435-3569/? D/PowerManagerService: [s] DisplayPowerCallbacks : onStateChanged()
10-12 10:59:00.886 3435-3569/? D/PowerManagerService: mDisplayReady: true
10-12 10:59:00.886 3435-3569/? D/PowerManagerService: [PWL] sb release: PowerManagerService.Display
10-12 10:59:00.886 4758-4758/? D/RoamingTimeViewHolder: isDualClockSetting :: true isHomeTimeZoneExist :: false isEasyUxON :: false Utils.isRoaming(mContext) :: false
10-12 10:59:00.886 4758-4758/? D/RoamingTimeViewHolder: getHomeCalendar : No homecity_timezone, set as default : (libcore.util.ZoneInfo[id="Europe/Berlin",mRawOffset=3600000,mEarliestRawOffset=3600000,mUseDst=true,mDstSavings=3600000,transitions=144])
10-12 10:59:00.896 4758-4758/? D/RoamingTimeViewHolder: onTimeUpdate: isVisible:false timeZone:libcore.util.ZoneInfo[id="Europe/Berlin",mRawOffset=3600000,mEarliestRawOffset=3600000,mUseDst=true,mDstSavings=3600000,transitions=144] text:Wed, 12 Oct 10:59
10-12 10:59:00.896 4758-4758/? I/AODService.ClockTimer: startAlarm : TICK
10-12 10:59:00.896 3435-3992/? V/AlarmManager: Add whitelist package alarm :PendingIntent{e22ddd5: PendingIntentRecord{5684f7e com.samsung.android.app.aodservice broadcastIntent}}
10-12 10:59:00.896 4276-29563/? D/SecWifiDisplayUtil: Metadata value : SecSettings2
10-12 10:59:00.896 4758-4758/? I/AlpmModeManager: handleUnblankDisplay: state = BLANK
10-12 10:59:00.896 4758-4758/? V/AlpmModeManager: updateAlpmMode: setDoze [DISPLAY_STATE_DOZE_SUSPEND]
10-12 10:59:00.896 3435-4325/? I/PowerManagerService: [api] setDozeOverrideFromAod AlpmHlpmSysfs = -1, screenState = 4, Brightness = 0, wakefulness = false
10-12 10:59:00.896 3435-4325/? D/PowerManagerService: setDozeModeBySysfs: value is -1 , we ignore it.
10-12 10:59:00.906 4758-4758/? D/DefaultClockView: RootView invalidate()
10-12 10:59:00.906 3435-3960/? D/PowerManagerService: [api] acquire WakeLock flags=0x80 tag=Window:AOD uid=1000 pid=3435
10-12 10:59:00.926 3158-3198/? D/Sensorhubs: readContextData: 1, 1, 56, 1, 1, 1, 1
10-12 10:59:00.926 3435-3810/? D/SensorHubManager: onGetSensorHubDataLocked: library(7) = 1, 1, 56, 1, 1, 1, 1
10-12 10:59:00.926 3435-3809/? I/CAE: sendCmdToSensorHub(SensorHubCommManager.java:162) - -63, 14, 8, 59, 0,
10-12 10:59:00.926 3435-3809/? D/SensorHubManager: SendSensorHubData: send data = -63, 14, 8, 59, 0
10-12 10:59:00.926 3158-3158/? D/Sensorhubs: sendContextData: -63, 14, 8, 59, 0
10-12 10:59:00.936 3435-3809/? D/CAE: onGetSensorHubData(SensorHubParserProvider.java:92) - onGetSensorHubData Event [event buffer len :7], AP_SLEEP
10-12 10:59:00.936 3435-3809/? I/CAE: parse(SensorHubParserProvider.java:188) - buffer size = 7
10-12 10:59:00.936 3435-3809/? I/CAE: parse(SensorHubParserProvider.java:199) - 1, 1, 56, 1, 1, 1, 1,
10-12 10:59:00.936 3435-3809/? D/CAE: display(ContextProvider.java:375) - ================= DEVICE_PHYSICAL_CONTEXT_MONITOR =================
10-12 10:59:00.936 3435-3809/? I/CAE: display(ContextProvider.java:391) - AODReason=[1], AODStatus=[1], DataType=[1]
10-12 10:59:00.936 3435-3812/? D/SContextService: updateSContext() : event = Device Physical Context Monitor
10-12 10:59:00.936 4758-4758/? I/AODService: onSContextChanged: AODScreenShown state is already true
10-12 10:59:01.056 3435-3435/? D/PowerManagerService: [api] release WakeLock flags=0x80 tag=Window:AOD uid=1000 pid=3435 (0x0)
10-12 10:59:01.056 3435-3435/? I/libsuspend: !@autosuspend_wakeup_count_disable
10-12 10:59:01.056 3435-3435/? D/PowerManagerService: mDisplayReady: false
10-12 10:59:01.056 3435-3435/? I/libsuspend: !@autosuspend_wakeup_count_disable done
10-12 10:59:01.056 3435-3569/? D/DisplayPowerController: animateScreenStateChange[0]: target=4
10-12 10:59:01.056 3435-3435/? D/PowerManagerService: [PWL] sb acquire: PowerManagerService.Display
10-12 10:59:01.056 3435-3569/? D/DisplayPowerController: [Dual Screen Compatible] state[0] :4
10-12 10:59:01.056 3435-3569/? D/DisplayPowerController: getFinalBrightness : Summary is 1 -> 1
10-12 10:59:01.056 3435-3569/? D/DisplayPowerController: Animating brightness: target=1, rate=0 (PSM:false, AB limit:(-1 ~ -1) MB Limit:(-1 ~ -1))
10-12 10:59:01.056 3435-3579/? D/DisplayManagerService: !@display_state: DOZE -> DOZE_SUSPEND brightness: 1 -> 1
10-12 10:59:01.056 3435-3565/? I/DisplayManagerService: Display device changed state: "Built-in Screen", DOZE_SUSPEND
10-12 10:59:01.056 3004-3004/? D/SurfaceFlinger: Set power mode=3, type=0 flinger=0x7fb2403c00
10-12 10:59:01.056 3004-3004/? I/hwcomposer: int exynos_setPowerMode(hwc_composer_device_1*, int, int):: disp(0), mode(3)
10-12 10:59:01.056 3435-3565/? I/DisplayManagerService: Display device changed state: "ActivityViewVirtualDisplay", DOZE_SUSPEND
10-12 10:59:01.086 3435-3569/? D/DisplayPowerController: animateScreenStateChange[0]: target=4
10-12 10:59:01.086 3435-3569/? D/DisplayPowerController: [Dual Screen Compatible] state[0] :4
10-12 10:59:01.086 3435-3569/? D/DisplayPowerController: getFinalBrightness : Summary is 1 -> 1
10-12 10:59:01.086 3435-3569/? I/libsuspend: !@autosuspend_wakeup_count_enable
10-12 10:59:01.086 3435-3569/? D/DisplayPowerController: Animating brightness: target=1, rate=0 (PSM:false, AB limit:(-1 ~ -1) MB Limit:(-1 ~ -1))
10-12 10:59:01.086 3435-3569/? I/libsuspend: !@autosuspend_wakeup_count_enable done
10-12 10:59:01.086 3435-3569/? D/DisplayPowerController: animateScreenStateChange[0]: target=4
10-12 10:59:01.086 3435-3569/? D/DisplayPowerController: [Dual Screen Compatible] state[0] :4
10-12 10:59:01.086 3435-3569/? D/DisplayPowerController: getFinalBrightness : Summary is 1 -> 1
10-12 10:59:01.086 3435-3569/? D/DisplayPowerController: Animating brightness: target=1, rate=0 (PSM:false, AB limit:(-1 ~ -1) MB Limit:(-1 ~ -1))
10-12 10:59:01.086 3435-3569/? D/PowerManagerService: [s] DisplayPowerCallbacks : onStateChanged()
10-12 10:59:01.086 3435-3569/? D/PowerManagerService: mDisplayReady: true
10-12 10:59:01.086 3435-3569/? D/PowerManagerService: [PWL] sb release: PowerManagerService.Display
10-12 10:59:04.006 3435-6368/? D/SSRM:n: SIOP:: AP = 240, PST = 243 (W:14), CP = 202, CUR = 449, LCD = 1
10-12 10:59:04.486 3435-3474/? D/BatteryService: !@BatteryListener : batteryPropertiesChanged!
10-12 10:59:04.486 3435-3474/? D/BatteryService: level:80, scale:100, status:2, health:2, present:true, voltage: 4164, temperature: 240, technology: Li-ion, AC powered:false, USB powered:true, POGO powered:false, Wireless powered:false, icon:17303413, invalid charger:0, maxChargingCurrent:0
10-12 10:59:04.486 3435-3474/? D/BatteryService: online:4, current avg:449, charge type:1, power sharing:false, high voltage charger:false, capacity:280000, batterySWSelfDischarging:false, current_now:465
10-12 10:59:04.486 3435-3474/? D/BatteryService: stay LED for charging
10-12 10:59:04.486 3435-3435/? D/BatteryService: Sending ACTION_BATTERY_CHANGED.
10-12 10:59:04.486 3435-3435/? I/MotionRecognitionService: Plugged
10-12 10:59:04.486 3435-3435/? D/MotionRecognitionService: cableConnection= 1
10-12 10:59:04.486 3435-3435/? D/MotionRecognitionService: setPowerConnected | current backoffstate = 1024 , state =1024
10-12 10:59:04.486 3435-3435/? D/MotionRecognitionService: skip setTransmitPower.
10-12 10:59:04.496 3435-3852/? D/WifiController: ApOrStaEnabledState msg.what= 155652
10-12 10:59:04.496 3931-3931/? D/KeyguardUpdateMonitor: received broadcast android.intent.action.BATTERY_CHANGED
10-12 10:59:04.496 3931-3931/? D/KeyguardUpdateMonitor: handleBatteryUpdate
10-12 10:59:04.496 3931-3931/? D/PowerUI: priorPlugType = 2 mPlugType = 2
10-12 10:59:04.506 3931-3931/? D/PowerUI.Notification: showChargingNotice oldChargingType : 1 currentChargingType : 1 oldChargingTime : 4366000 mChargingTime : 4344000
10-12 10:59:04.506 3931-3931/? D/PowerUI.Notification: showChargingNotification()
10-12 10:59:04.516 4449-4449/? D/CommonServiceConfiguration: getStringValueSetting
10-12 10:59:04.526 3435-4341/? D/ApplicationPolicy: isStatusBarNotificationAllowedAsUser: packageName = com.android.systemui,userId = -1
10-12 10:59:04.526 4449-4449/? D/BatteryMonitor: new battery level: 80
10-12 10:59:04.536 4758-4758/? D/BatteryController: saveBatteryData : level[80], status[2]
10-12 10:59:04.536 3931-3931/? D/BatteryMeterView: ACTION_BATTERY_CHANGED : level:80 status:2 health:2
10-12 10:59:04.536 3931-3931/? D/BatteryMeterView: ACTION_BATTERY_CHANGED : level:80 status:2 health:2
10-12 10:59:04.546 3435-3435/? D/MARsPolicyManager: NotificationListenerService OngoingNotificationPosted : com.android.systemui
10-12 10:59:04.576 3931-3931/? W/ResourcesManager: getTopLevelResources: /system/priv-app/SystemUI/SystemUI.apk / 1.0 running in com.android.systemui rsrc of package com.android.systemui
10-12 10:59:04.596 3931-3931/? D/PhoneStatusBar: setAreThereNotifications: N=2 any=true clearable=false
10-12 10:59:05.136 3931-4137/? D/NetworkController.MobileSignalController(0/2147483643): onSignalStrengthsChanged signalStrength=SignalStrength: 12 99 -12 -200 -12 -200 -1 99 2147483647 2147483647 2147483647 2147483647 2147483647 0x4 gsm|lte level=4
10-12 10:59:05.136 3931-4137/? D/NetworkController.MobileSignalController(0/2147483643): getMobileIconGroup(): 0
10-12 10:59:06.146 3435-4154/? E/Watchdog: !@Sync 285 [10-12 10:59:06.152]
10-12 10:59:10.026 3435-3535/? I/UsageStatsService: User[0] Flushing usage stats to disk
10-12 10:59:14.066 3435-6368/? D/SSRM:n: SIOP:: AP = 240, PST = 242 (W:14), CP = 202, CUR = 449, LCD = 1
10-12 10:59:14.536 3435-4802/? D/BatteryService: !@BatteryListener : batteryPropertiesChanged!
10-12 10:59:14.546 3435-4802/? D/BatteryService: level:80, scale:100, status:2, health:2, present:true, voltage: 4155, temperature: 240, technology: Li-ion, AC powered:false, USB powered:true, POGO powered:false, Wireless powered:false, icon:17303413, invalid charger:0, maxChargingCurrent:0
10-12 10:59:14.546 3435-4802/? D/BatteryService: online:4, current avg:446, charge type:1, power sharing:false, high voltage charger:false, capacity:280000, batterySWSelfDischarging:false, current_now:453
10-12 10:59:14.546 3435-4802/? D/BatteryService: stay LED for charging
10-12 10:59:14.546 3435-3435/? D/BatteryService: Sending ACTION_BATTERY_CHANGED.
10-12 10:59:14.546 3435-3435/? I/MotionRecognitionService: Plugged
10-12 10:59:14.546 3435-3435/? D/MotionRecognitionService: cableConnection= 1
10-12 10:59:14.546 3435-3435/? D/MotionRecognitionService: setPowerConnected | current backoffstate = 1024 , state =1024
10-12 10:59:14.546 3435-3435/? D/MotionRecognitionService: skip setTransmitPower.
10-12 10:59:14.556 3435-3852/? D/WifiController: ApOrStaEnabledState msg.what= 155652
10-12 10:59:14.556 3931-3931/? D/KeyguardUpdateMonitor: received broadcast android.intent.action.BATTERY_CHANGED
10-12 10:59:14.556 3931-3931/? D/KeyguardUpdateMonitor: handleBatteryUpdate
10-12 10:59:14.556 3931-3931/? D/PowerUI: priorPlugType = 2 mPlugType = 2
10-12 10:59:14.566 3931-3931/? D/PowerUI.Notification: showChargingNotice oldChargingType : 1 currentChargingType : 1 oldChargingTime : 4344000 mChargingTime : 4344000
10-12 10:59:14.566 3931-3931/? D/PowerUI.Notification: There is no change about charging status, so return!
10-12 10:59:14.576 4449-4449/? D/CommonServiceConfiguration: getStringValueSetting
10-12 10:59:14.586 4449-4449/? D/BatteryMonitor: new battery level: 80
10-12 10:59:14.596 4758-4758/? D/BatteryController: saveBatteryData : level[80], status[2]
10-12 10:59:14.606 3931-3931/? D/BatteryMeterView: ACTION_BATTERY_CHANGED : level:80 status:2 health:2
10-12 10:59:14.606 3931-3931/? D/BatteryMeterView: ACTION_BATTERY_CHANGED : level:80 status:2 health:2
10-12 10:59:18.456 3143-3703/? E/NetlinkEvent: NetlinkEvent::FindParam(): Parameter 'LABEL' not found
10-12 10:59:24.096 3435-6368/? D/SSRM:n: SIOP:: AP = 240, PST = 242 (W:14), CP = 201, CUR = 446, LCD = 1
10-12 10:59:24.596 3435-3475/? D/BatteryService: !@BatteryListener : batteryPropertiesChanged!
10-12 10:59:24.596 3435-3475/? D/BatteryService: level:80, scale:100, status:2, health:2, present:true, voltage: 4163, temperature: 240, technology: Li-ion, AC powered:false, USB powered:true, POGO powered:false, Wireless powered:false, icon:17303413, invalid charger:0, maxChargingCurrent:0
10-12 10:59:24.596 3435-3475/? D/BatteryService: online:4, current avg:448, charge type:1, power sharing:false, high voltage charger:false, capacity:280000, batterySWSelfDischarging:false, current_now:465
10-12 10:59:24.596 3435-3475/? D/BatteryService: stay LED for charging
10-12 10:59:24.596 3435-3435/? D/BatteryService: Sending ACTION_BATTERY_CHANGED.
10-12 10:59:24.606 3435-3435/? I/MotionRecognitionService: Plugged
10-12 10:59:24.606 3435-3435/? D/MotionRecognitionService: cableConnection= 1
10-12 10:59:24.606 3435-3435/? D/MotionRecognitionService: setPowerConnected | current backoffstate = 1024 , state =1024
10-12 10:59:24.606 3435-3435/? D/MotionRecognitionService: skip setTransmitPower.
10-12 10:59:24.616 3435-3852/? D/WifiController: ApOrStaEnabledState msg.what= 155652
10-12 10:59:24.616 3931-3931/? D/KeyguardUpdateMonitor: received broadcast android.intent.action.BATTERY_CHANGED
10-12 10:59:24.616 3931-3931/? D/KeyguardUpdateMonitor: handleBatteryUpdate
10-12 10:59:24.616 3931-3931/? D/PowerUI: priorPlugType = 2 mPlugType = 2
10-12 10:59:24.626 3931-3931/? D/PowerUI.Notification: showChargingNotice oldChargingType : 1 currentChargingType : 1 oldChargingTime : 4344000 mChargingTime : 4319000
10-12 10:59:24.626 3931-3931/? D/PowerUI.Notification: showChargingNotification()
10-12 10:59:24.636 4449-4449/? D/CommonServiceConfiguration: getStringValueSetting
10-12 10:59:24.646 3435-4802/? D/ApplicationPolicy: isStatusBarNotificationAllowedAsUser: packageName = com.android.systemui,userId = -1
10-12 10:59:24.646 4449-4449/? D/BatteryMonitor: new battery level: 80
10-12 10:59:24.656 4758-4758/? D/BatteryController: saveBatteryData : level[80], status[2]
10-12 10:59:24.656 3435-3435/? D/MARsPolicyManager: NotificationListenerService OngoingNotificationPosted : com.android.systemui
10-12 10:59:24.656 3931-3931/? D/BatteryMeterView: ACTION_BATTERY_CHANGED : level:80 status:2 health:2
10-12 10:59:24.656 3931-3931/? D/BatteryMeterView: ACTION_BATTERY_CHANGED : level:80 status:2 health:2
10-12 10:59:24.706 3931-3931/? W/ResourcesManager: getTopLevelResources: /system/priv-app/SystemUI/SystemUI.apk / 1.0 running in com.android.systemui rsrc of package com.android.systemui
10-12 10:59:24.716 3931-3931/? D/PhoneStatusBar: setAreThereNotifications: N=2 any=true clearable=false
10-12 10:59:26.296 3143-3703/? E/NetlinkEvent: NetlinkEvent::FindParam(): Parameter 'LABEL' not found
10-12 10:59:34.156 3435-6368/? D/SSRM:n: SIOP:: AP = 240, PST = 241 (W:14), CP = 201, CUR = 448, LCD = 1
10-12 10:59:34.656 3435-4808/? D/BatteryService: !@BatteryListener : batteryPropertiesChanged!
10-12 10:59:34.656 3435-4808/? D/BatteryService: level:80, scale:100, status:2, health:2, present:true, voltage: 4165, temperature: 239, technology: Li-ion, AC powered:false, USB powered:true, POGO powered:false, Wireless powered:false, icon:17303413, invalid charger:0, maxChargingCurrent:0
10-12 10:59:34.656 3435-4808/? D/BatteryService: online:4, current avg:446, charge type:1, power sharing:false, high voltage charger:false, capacity:280000, batterySWSelfDischarging:false, current_now:476
10-12 10:59:34.656 3435-4808/? D/BatteryService: stay LED for charging
10-12 10:59:34.666 3435-3435/? D/BatteryService: Sending ACTION_BATTERY_CHANGED.
10-12 10:59:34.666 3435-3435/? I/MotionRecognitionService: Plugged
10-12 10:59:34.666 3435-3435/? D/MotionRecognitionService: cableConnection= 1
10-12 10:59:34.666 3435-3435/? D/MotionRecognitionService: setPowerConnected | current backoffstate = 1024 , state =1024
10-12 10:59:34.666 3435-3435/? D/MotionRecognitionService: skip setTransmitPower.
10-12 10:59:34.676 3435-3852/? D/WifiController: ApOrStaEnabledState msg.what= 155652
10-12 10:59:34.676 3931-3931/? D/KeyguardUpdateMonitor: received broadcast android.intent.action.BATTERY_CHANGED
10-12 10:59:34.676 3931-3931/? D/KeyguardUpdateMonitor: handleBatteryUpdate
10-12 10:59:34.676 3931-3931/? D/PowerUI: priorPlugType = 2 mPlugType = 2
10-12 10:59:34.686 3931-3931/? D/PowerUI.Notification: showChargingNotice oldChargingType : 1 currentChargingType : 1 oldChargingTime : 4319000 mChargingTime : 4319000
10-12 10:59:34.686 3931-3931/? D/PowerUI.Notification: There is no change about charging status, so return!
10-12 10:59:34.696 4449-4449/? D/CommonServiceConfiguration: getStringValueSetting
10-12 10:59:34.706 4449-4449/? D/BatteryMonitor: new battery level: 80
10-12 10:59:34.716 4758-4758/? D/BatteryController: saveBatteryData : level[80], status[2]
10-12 10:59:34.726 3931-3931/? D/BatteryMeterView: ACTION_BATTERY_CHANGED : level:80 status:2 health:2
10-12 10:59:34.726 3931-3931/? D/BatteryMeterView: ACTION_BATTERY_CHANGED : level:80 status:2 health:2
10-12 10:59:36.146 3435-4154/? E/Watchdog: !@Sync 286 [10-12 10:59:36.154]
10-12 10:59:44.216 3435-6368/? D/SSRM:n: SIOP:: AP = 240, PST = 240 (W:14), CP = 200, CUR = 446, LCD = 1
10-12 10:59:44.716 3435-3974/? D/BatteryService: !@BatteryListener : batteryPropertiesChanged!
10-12 10:59:44.716 3435-3974/? D/BatteryService: level:80, scale:100, status:2, health:2, present:true, voltage: 4166, temperature: 239, technology: Li-ion, AC powered:false, USB powered:true, POGO powered:false, Wireless powered:false, icon:17303413, invalid charger:0, maxChargingCurrent:0
10-12 10:59:44.716 3435-3974/? D/BatteryService: online:4, current avg:441, charge type:1, power sharing:false, high voltage charger:false, capacity:280000, batterySWSelfDischarging:false, current_now:468
10-12 10:59:44.716 3435-3974/? D/BatteryService: stay LED for charging
10-12 10:59:44.716 3435-3435/? D/BatteryService: Sending ACTION_BATTERY_CHANGED.
10-12 10:59:44.726 3435-3435/? I/MotionRecognitionService: Plugged
10-12 10:59:44.726 3435-3435/? D/MotionRecognitionService: cableConnection= 1
10-12 10:59:44.726 3435-3435/? D/MotionRecognitionService: setPowerConnected | current backoffstate = 1024 , state =1024
10-12 10:59:44.726 3435-3435/? D/MotionRecognitionService: skip setTransmitPower.
10-12 10:59:44.736 3435-3852/? D/WifiController: ApOrStaEnabledState msg.what= 155652
10-12 10:59:44.736 3931-3931/? D/KeyguardUpdateMonitor: received broadcast android.intent.action.BATTERY_CHANGED
10-12 10:59:44.736 3931-3931/? D/KeyguardUpdateMonitor: handleBatteryUpdate
10-12 10:59:44.736 3931-3931/? D/PowerUI: priorPlugType = 2 mPlugType = 2
10-12 10:59:44.736 3931-3931/? D/PowerUI.Notification: showChargingNotice oldChargingType : 1 currentChargingType : 1 oldChargingTime : 4319000 mChargingTime : 4319000
10-12 10:59:44.746 3931-3931/? D/PowerUI.Notification: There is no change about charging status, so return!
10-12 10:59:44.756 4449-4449/? D/CommonServiceConfiguration: getStringValueSetting
10-12 10:59:44.766 4449-4449/? D/BatteryMonitor: new battery level: 80
10-12 10:59:44.766 4758-4758/? D/BatteryController: saveBatteryData : level[80], status[2]
10-12 10:59:44.786 3931-3931/? D/BatteryMeterView: ACTION_BATTERY_CHANGED : level:80 status:2 health:2
10-12 10:59:44.786 3931-3931/? D/BatteryMeterView: ACTION_BATTERY_CHANGED : level:80 status:2 health:2
10-12 10:59:50.316 27886-27901/? I/Quasar: start to send events
10-12 10:59:53.626 4116-4144/? D/ContactsProvider_EventLog: contents_sample_state: [ contacts(15) data(105) accounts({com.google (2)=15}) accounts deleted({}) calls([]) ] contents_sample_state: [ agr({[2]=15}) ]
10-12 10:59:53.726 4116-4144/? E/ContactsProvider_EventLog: Flush buffer to file cnt : 5 size : 1Kb duration : 95ms lastUpdatedAfter : 180374ms
10-12 10:59:54.246 3435-6368/? D/SSRM:n: SIOP:: AP = 240, PST = 240 (W:14), CP = 200, CUR = 441, LCD = 1
10-12 10:59:54.776 3435-3474/? D/BatteryService: !@BatteryListener : batteryPropertiesChanged!
10-12 10:59:54.776 3435-3474/? D/BatteryService: level:80, scale:100, status:2, health:2, present:true, voltage: 4165, temperature: 239, technology: Li-ion, AC powered:false, USB powered:true, POGO powered:false, Wireless powered:false, icon:17303413, invalid charger:0, maxChargingCurrent:0
10-12 10:59:54.776 3435-3474/? D/BatteryService: online:4, current avg:446, charge type:1, power sharing:false, high voltage charger:false, capacity:280000, batterySWSelfDischarging:false, current_now:346
10-12 10:59:54.776 3435-3474/? D/BatteryService: stay LED for charging
10-12 10:59:54.776 3435-3435/? D/BatteryService: Sending ACTION_BATTERY_CHANGED.
10-12 10:59:54.786 3435-3435/? I/MotionRecognitionService: Plugged
10-12 10:59:54.786 3435-3435/? D/MotionRecognitionService: cableConnection= 1
10-12 10:59:54.786 3435-3435/? D/MotionRecognitionService: setPowerConnected | current backoffstate = 1024 , state =1024
10-12 10:59:54.786 3435-3435/? D/MotionRecognitionService: skip setTransmitPower.
10-12 10:59:54.786 3435-3852/? D/WifiController: ApOrStaEnabledState msg.what= 155652
10-12 10:59:54.796 3931-3931/? D/KeyguardUpdateMonitor: received broadcast android.intent.action.BATTERY_CHANGED
10-12 10:59:54.796 3931-3931/? D/KeyguardUpdateMonitor: handleBatteryUpdate
10-12 10:59:54.796 3931-3931/? D/PowerUI: priorPlugType = 2 mPlugType = 2
10-12 10:59:54.796 3931-3931/? D/PowerUI.Notification: showChargingNotice oldChargingType : 1 currentChargingType : 1 oldChargingTime : 4319000 mChargingTime : 4294000
10-12 10:59:54.796 3931-3931/? D/PowerUI.Notification: showChargingNotification()
10-12 10:59:54.816 4449-4449/? D/CommonServiceConfiguration: getStringValueSetting
10-12 10:59:54.816 3435-4808/? D/ApplicationPolicy: isStatusBarNotificationAllowedAsUser: packageName = com.android.systemui,userId = -1
10-12 10:59:54.826 4758-4758/? D/BatteryController: saveBatteryData : level[80], status[2]
10-12 10:59:54.826 3931-3931/? D/BatteryMeterView: ACTION_BATTERY_CHANGED : level:80 status:2 health:2
10-12 10:59:54.826 4449-4449/? D/BatteryMonitor: new battery level: 80
10-12 10:59:54.826 3931-3931/? D/BatteryMeterView: ACTION_BATTERY_CHANGED : level:80 status:2 health:2
10-12 10:59:54.826 3435-3435/? D/MARsPolicyManager: NotificationListenerService OngoingNotificationPosted : com.android.systemui
10-12 10:59:54.846 3931-3931/? W/ResourcesManager: getTopLevelResources: /system/priv-app/SystemUI/SystemUI.apk / 1.0 running in com.android.systemui rsrc of package com.android.systemui
10-12 10:59:54.856 3931-3931/? D/PhoneStatusBar: setAreThereNotifications: N=2 any=true clearable=false
10-12 10:59:59.996 3435-3807/? V/AlarmManager: Expired Alarm result :8
10-12 11:00:00.866 3435-3807/? V/AlarmManager: Expired Alarm result :8
10-12 11:00:00.896 3435-3807/? V/AlarmManager: Expired Alarm result :4
10-12 11:00:00.896 3435-3807/? V/AlarmManager: Send whitelist package alarm :PendingIntent{e22ddd5: PendingIntentRecord{5684f7e com.samsung.android.app.aodservice broadcastIntent}}
10-12 11:00:00.916 3435-3540/? V/BroadcastQueue: [background] Process cur broadcast BroadcastRecord{bc08251 u0 null qIdx=4}, state= (APP_RECEIVE) DELIVERED for app ProcessRecord{7fb4010 4276:com.google.android.gms.persistent/u0a19}
10-12 11:00:00.926 3931-3931/? D/KeyguardUpdateMonitor: received broadcast android.intent.action.TIME_TICK
10-12 11:00:00.926 3931-3931/? D/KeyguardUpdateMonitor: handleTimeUpdate
10-12 11:00:00.936 3931-3931/? D/Clock: received broadcast android.intent.action.TIME_TICK
10-12 11:00:01.016 3931-3931/? D/DateView: received broadcast android.intent.action.TIME_TICK
10-12 11:00:01.066 4758-4758/? D/AODService.ClockTimer: onReceive : com.samsung.android.app.aodservice.ClockTimer.TICK, mWakeUp = true
10-12 11:00:01.066 4758-4758/? V/BatteryController: getBatteryLevel[80.0], batteryStatus[2]
10-12 11:00:01.066 3435-3992/? W/CAE: setCAProperty(ContextAwareService.java:578) - [setProperty 01] Mutex is locked for DEVICE_PHYSICAL_CONTEXT_MONITOR
10-12 11:00:01.066 3435-3992/? I/CAE: setPropertyValue(DevicePhysicalContextMonitorRunner.java:155) - Get status
10-12 11:00:01.066 3435-3992/? I/CAE: sendCmdToSensorHub(SensorHubCommManager.java:162) - -72, 56, 1, 1,
10-12 11:00:01.066 3435-3992/? D/SensorHubManager: SendSensorHubData: send data = -72, 56, 1, 1
10-12 11:00:01.066 3158-8639/? D/Sensorhubs: sendContextData: -72, 56, 1, 1
10-12 11:00:01.076 3435-3992/? I/CAE: setCAProperty(ContextAwareService.java:583) - result : true
10-12 11:00:01.076 3435-3992/? W/CAE: setCAProperty(ContextAwareService.java:584) - [setProperty 02] Mutex is unlocked for DEVICE_PHYSICAL_CONTEXT_MONITOR
10-12 11:00:01.076 3435-3992/? D/SContextService: requestToUpdate() : service = Device Physical Context Monitor
10-12 11:00:01.076 4758-4758/? D/SContextManager: .requestToUpdate : listener = com.samsung.android.app.aodservice.AODService$7@364f7c6, service=Device Physical Context Monitor
10-12 11:00:01.076 4758-4758/? I/AlpmModeManager: startAlpmMode : state = BLANK
10-12 11:00:01.076 4758-4758/? D/DefaultClockView: Window showed. Time views updating
10-12 11:00:01.086 3435-4803/? I/libsuspend: !@autosuspend_wakeup_count_disable
10-12 11:00:01.086 3435-4803/? D/PowerManagerService: [api] acquire WakeLock flags=0x80 tag=Window:AOD uid=1000 pid=3435
10-12 11:00:01.086 3435-4803/? I/libsuspend: !@autosuspend_wakeup_count_disable done
10-12 11:00:01.086 3435-4803/? D/PowerManagerService: mDisplayReady: false
10-12 11:00:01.086 4758-4758/? D/AODUpdatePositionController: updatePosition: direction[3] updatePosition: X[-35] Y[859] NewPositionTimer[55]
10-12 11:00:01.086 3435-4803/? D/PowerManagerService: [PWL] sb acquire: PowerManagerService.Display
10-12 11:00:01.086 3435-3569/? D/DisplayPowerController: animateScreenStateChange[0]: target=3
10-12 11:00:01.086 4758-4758/? D/DefaultClockView: LocalTime Pattern : HH:mm
10-12 11:00:01.086 3435-3569/? D/DisplayPowerController: [Dual Screen Compatible] state[0] :3
10-12 11:00:01.086 3435-3569/? D/DisplayPowerController: getFinalBrightness : Summary is 1 -> 1
10-12 11:00:01.086 3435-3569/? D/DisplayPowerController: Animating brightness: target=1, rate=2000 (PSM:false, AB limit:(-1 ~ -1) MB Limit:(-1 ~ -1))
10-12 11:00:01.086 4758-4758/? D/TimeViewHolder: onTimeUpdate: timeZone:libcore.util.ZoneInfo[id="Europe/Berlin",mRawOffset=3600000,mEarliestRawOffset=3600000,mUseDst=true,mDstSavings=3600000,transitions=144] isSplitHour:false isSingleView:false isAMPMonLeft:null time01: 11:00 time02: null ampm: null
10-12 11:00:01.086 3435-3579/? D/DisplayManagerService: !@display_state: DOZE_SUSPEND -> DOZE brightness: 1 -> 1
10-12 11:00:01.086 3435-3565/? I/DisplayManagerService: Display device changed state: "Built-in Screen", DOZE
10-12 11:00:01.086 3435-3565/? I/DisplayManagerService: Display device changed state: "ActivityViewVirtualDisplay", DOZE
10-12 11:00:01.096 3004-3004/? D/SurfaceFlinger: Set power mode=1, type=0 flinger=0x7fb2403c00
10-12 11:00:01.096 3004-3004/? I/hwcomposer: int exynos_setPowerMode(hwc_composer_device_1*, int, int):: disp(0), mode(1)
10-12 11:00:01.096 3158-3198/? D/Sensorhubs: readContextData: 1, 1, 56, 1, 1, 1, 1
10-12 11:00:01.096 3435-3810/? D/SensorHubManager: onGetSensorHubDataLocked: library(7) = 1, 1, 56, 1, 1, 1, 1
10-12 11:00:01.096 3435-3809/? I/CAE: sendCmdToSensorHub(SensorHubCommManager.java:162) - -63, 14, 9, 0, 1,
10-12 11:00:01.096 3435-3809/? D/SensorHubManager: SendSensorHubData: send data = -63, 14, 9, 0, 1
10-12 11:00:01.106 3158-3199/? D/Sensorhubs: sendContextData: -63, 14, 9, 0, 1
