10-12 11:06:16.216 5352-5468/? D/BtGatt.ScanManager: handling starting scan
10-12 11:06:16.216 5352-5468/? D/BluetoothAdapter: STATE_BLE_ON
10-12 11:06:16.216 5352-5468/? D/BluetoothAdapter: STATE_BLE_ON
10-12 11:06:16.216 5352-5468/? D/BluetoothAdapter: appoCount is = 0
10-12 11:06:16.216 5352-5468/? D/BluetoothAdapter: STATE_BLE_ON
10-12 11:06:16.216 5352-5468/? D/BluetoothAdapter: STATE_BLE_ON
10-12 11:06:16.216 5352-5468/? D/BluetoothAdapter: appoCount is = 0
10-12 11:06:16.226 5352-5468/? D/BluetoothAdapter: STATE_BLE_ON
10-12 11:06:16.226 5352-5468/? D/BluetoothAdapter: STATE_BLE_ON
10-12 11:06:16.226 5352-5468/? D/BluetoothAdapter: appoCount is = 0
10-12 11:06:16.226 3435-4802/? V/AlarmManager: remove PendingIntent] PendingIntent{71430a6: PendingIntentRecord{5a8b9c0 com.android.bluetooth broadcastIntent}}
10-12 11:06:16.226 5352-5437/? D/BtGatt.GattService: onScanFilterEnableDisabled() - clientIf=5, status=0, action=1
10-12 11:06:16.226 5352-5437/? D/BtGatt.ScanManager: callback done for clientIf - 5 status - 0
10-12 11:06:16.226 5352-5486/? D/BtGatt.GattService: [GSIM LOG]: increaseScanCount : com.samsung.android.beaconmanager : 73
10-12 11:06:16.226 5352-5468/? D/BtGatt.ScanManager: set filter index= 16 for clientIf= 5
10-12 11:06:16.226 5352-5468/? D/BtGatt.ScanManager: addFilterToController: 5
10-12 11:06:16.226 5352-5486/? D/BtGatt.GattService: [GSIM LOG]: increaseScanCount : com.samsung.android.beaconmanager, com.samsung.android.beaconmanager
10-12 11:06:16.226 5352-5437/? D/BtGatt.GattService: onScanFilterConfig() - clientIf=5, action = 0 status = 0, filterType=5, availableSpace=47
10-12 11:06:16.226 5352-5437/? D/BtGatt.ScanManager: callback done for clientIf - 5 status - 0
10-12 11:06:16.226 3435-3474/? V/AlarmManager: remove PendingIntent] PendingIntent{cf7ae7: PendingIntentRecord{5a8b9c0 com.android.bluetooth broadcastIntent}}
10-12 11:06:16.226 5352-5468/? D/BtGatt.ScanManager: High Rssi Filter value is = -128
10-12 11:06:16.226 5352-5468/? D/BtGatt.ScanManager: Low Rssi Filter value is = -128
10-12 11:06:16.226 5352-5468/? D/BtGatt.ScanManager: configureFilterParamter 500 10000 1 0highRssiThreshold = -128lowRssiThreshold = -128matchmode is =1
10-12 11:06:16.236 5352-5437/? D/BtGatt.GattService: onScanFilterParamsConfigured() - clientIf=5, status=0, action=0, availableSpace=31
10-12 11:06:16.236 5352-5437/? D/BtGatt.ScanManager: callback done for clientIf - 5 status - 0
10-12 11:06:16.236 5352-5468/? D/BtGatt.ScanManager: set filter index= 17 for clientIf= 5
10-12 11:06:16.236 5352-5468/? D/BtGatt.ScanManager: addFilterToController: 5
10-12 11:06:16.236 5352-5486/? D/BtGatt.GattService: [GSIM LOG]: increaseScanCount 4 Battery : com.samsung.android.beaconmanager : 4
10-12 11:06:16.236 5352-5486/? D/BtGatt.GattService: [GSIM LOG]: setScanTime : com.samsung.android.beaconmanager : 24604386
10-12 11:06:16.236 5352-5486/? D/BtGatt.GattService: [GSIM LOG]: setRequestedScanType : com.samsung.android.beaconmanager : 100
10-12 11:06:16.236 3435-3974/? V/AlarmManager: remove PendingIntent] PendingIntent{573e694: PendingIntentRecord{5a8b9c0 com.android.bluetooth broadcastIntent}}
10-12 11:06:16.236 5352-5486/? D/BtGatt.GattService: [GSIM LOG]: setActualScanType : com.samsung.android.beaconmanager : 100
10-12 11:06:16.236 5352-5486/? D/BtGatt.GattService: [GSIM LOG]: updateScanTime: 0
10-12 11:06:16.236 5352-5486/? D/BtGatt.GattService: [GSIM LOG]: com.samsung.android.beaconmanager@Custom, R time : 150 => 150
10-12 11:06:16.236 5352-5486/? D/BtGatt.GattService: [GSIM LOG]: com.samsung.android.beaconmanager@Custom, A time : 150 => 150
10-12 11:06:16.236 5352-5486/? D/BtGatt.GattService: [GSIM LOG]: updateScanTime: 0
10-12 11:06:16.236 5352-5437/? D/BtGatt.GattService: onScanFilterConfig() - clientIf=5, action = 0 status = 0, filterType=5, availableSpace=46
10-12 11:06:16.236 5352-5486/? D/BtGatt.GattService: [GSIM LOG]: com.samsung.android.beaconmanager@Custom, R time : 150 => 150
10-12 11:06:16.236 5352-5437/? D/BtGatt.ScanManager: callback done for clientIf - 5 status - 0
10-12 11:06:16.236 5352-5486/? D/BtGatt.GattService: [GSIM LOG]: com.samsung.android.beaconmanager@Custom, A time : 150 => 150
10-12 11:06:16.236 5352-5486/? D/BtGatt.GattService: [GSIM LOG]: setActualScanType : com.samsung.android.beaconmanager : 100
10-12 11:06:16.236 5352-5486/? D/BtGatt.GattService: [GSIM LOG]: updateScanTime: 0
10-12 11:06:16.236 5352-5486/? D/BtGatt.GattService: [GSIM LOG]: com.samsung.android.beaconmanager@Custom, R time : 150 => 150
10-12 11:06:16.236 5352-5486/? D/BtGatt.GattService: [GSIM LOG]: com.samsung.android.beaconmanager@Custom, A time : 150 => 150
10-12 11:06:16.236 5352-5486/? D/BtGatt.GattService: [GSIM LOG]: setScanTime : com.samsung.android.beaconmanager : 24604386
10-12 11:06:16.236 5352-5468/? D/BtGatt.ScanManager: High Rssi Filter value is = -128
10-12 11:06:16.236 5352-5468/? D/BtGatt.ScanManager: Low Rssi Filter value is = -128
10-12 11:06:16.236 5352-5468/? D/BtGatt.ScanManager: configureFilterParamter 500 10000 1 0highRssiThreshold = -128lowRssiThreshold = -128matchmode is =1
10-12 11:06:16.236 5352-5437/? D/BtGatt.GattService: onScanFilterParamsConfigured() - clientIf=5, status=0, action=0, availableSpace=30
10-12 11:06:16.236 5352-5437/? D/BtGatt.ScanManager: callback done for clientIf - 5 status - 0
10-12 11:06:16.236 5352-5468/? D/BtGatt.ScanManager: configureRegularScanParams() - queue=1
10-12 11:06:16.236 3435-4343/? V/AlarmManager: remove PendingIntent] PendingIntent{d12753d: PendingIntentRecord{5a8b9c0 com.android.bluetooth broadcastIntent}}
10-12 11:06:16.236 5352-5468/? I/BtGatt.ScanManager: custom scan scanMode = 100
10-12 11:06:16.236 5352-5468/? I/BtGatt.ScanManager: New scan mode custom scan scanInterval = 3120scanWindow = 55
10-12 11:06:16.236 5352-5468/? E/BtGatt.ScanManager: default value of curScanSetting 0 is choosen
10-12 11:06:16.236 5352-5468/? I/BtGatt.ScanManager: newScanMode = 1newcurScanSetting = 0
10-12 11:06:16.236 5352-5468/? I/BtGatt.ScanManager: comparing = 1 with = 0
10-12 11:06:16.236 5352-5468/? D/BtGatt.ScanManager: configureRegularScanParams() - ScanSetting Scan mode=100 mLastConfiguredScanSetting=-2147483648
10-12 11:06:16.236 5352-5468/? D/BtGatt.ScanManager: configureRegularScanParams - scanInterval = 4992configureRegularScanParams - scanWindow = 88
10-12 11:06:16.236 5352-5437/? D/BtGatt.GattService: onScanParamSetupCompleted() status=0, clientIf=5
10-12 11:06:16.236 5352-5437/? D/BtGatt.GattService: onScanParamSetupCompleted : 0
10-12 11:06:16.246 3435-4325/? V/AlarmManager: remove PendingIntent] PendingIntent{ac2b132: PendingIntentRecord{5a8b9c0 com.android.bluetooth broadcastIntent}}
10-12 11:06:16.246 3435-4337/? V/AlarmManager: remove PendingIntent] PendingIntent{58ede83: PendingIntentRecord{5a8b9c0 com.android.bluetooth broadcastIntent}}
10-12 11:06:16.246 3435-4133/? V/AlarmManager: remove PendingIntent] PendingIntent{1f2d800: PendingIntentRecord{5a8b9c0 com.android.bluetooth broadcastIntent}}
10-12 11:06:16.256 3435-4643/? V/AlarmManager: remove PendingIntent] PendingIntent{2362839: PendingIntentRecord{5a8b9c0 com.android.bluetooth broadcastIntent}}
10-12 11:06:16.256 3435-4803/? V/AlarmManager: remove PendingIntent] PendingIntent{666ae7e: PendingIntentRecord{5a8b9c0 com.android.bluetooth broadcastIntent}}
10-12 11:06:16.266 3435-4808/? V/AlarmManager: remove PendingIntent] PendingIntent{656dfdf: PendingIntentRecord{5a8b9c0 com.android.bluetooth broadcastIntent}}
10-12 11:06:16.266 3435-3960/? V/AlarmManager: remove PendingIntent] PendingIntent{ad742c: PendingIntentRecord{5a8b9c0 com.android.bluetooth broadcastIntent}}
10-12 11:06:16.266 3435-4825/? V/AlarmManager: remove PendingIntent] PendingIntent{9480ef5: PendingIntentRecord{5a8b9c0 com.android.bluetooth broadcastIntent}}
10-12 11:06:16.276 3435-4341/? V/AlarmManager: remove PendingIntent] PendingIntent{ebb348a: PendingIntentRecord{5a8b9c0 com.android.bluetooth broadcastIntent}}
10-12 11:06:16.276 3435-4343/? V/AlarmManager: remove PendingIntent] PendingIntent{c739afb: PendingIntentRecord{5a8b9c0 com.android.bluetooth broadcastIntent}}
10-12 11:06:16.276 3435-4325/? V/AlarmManager: remove PendingIntent] PendingIntent{f93a718: PendingIntentRecord{5a8b9c0 com.android.bluetooth broadcastIntent}}
10-12 11:06:16.286 3435-4337/? V/AlarmManager: remove PendingIntent] PendingIntent{357a571: PendingIntentRecord{5a8b9c0 com.android.bluetooth broadcastIntent}}
10-12 11:06:16.286 3435-4133/? V/AlarmManager: remove PendingIntent] PendingIntent{7200f56: PendingIntentRecord{5a8b9c0 com.android.bluetooth broadcastIntent}}
10-12 11:06:16.286 3435-4341/? V/AlarmManager: remove PendingIntent] PendingIntent{fd6ebd7: PendingIntentRecord{5a8b9c0 com.android.bluetooth broadcastIntent}}
10-12 11:06:16.296 3435-4803/? V/AlarmManager: remove PendingIntent] PendingIntent{9a81cc4: PendingIntentRecord{5a8b9c0 com.android.bluetooth broadcastIntent}}
10-12 11:06:16.296 3435-4808/? V/AlarmManager: remove PendingIntent] PendingIntent{8f027ad: PendingIntentRecord{5a8b9c0 com.android.bluetooth broadcastIntent}}
10-12 11:06:16.296 3435-3960/? V/AlarmManager: remove PendingIntent] PendingIntent{725cae2: PendingIntentRecord{5a8b9c0 com.android.bluetooth broadcastIntent}}
10-12 11:06:16.306 3435-3435/? D/PowerManagerService: [api] release WakeLock flags=0x80 tag=Window:AOD uid=1000 pid=3435 (0x0)
10-12 11:06:16.306 3435-4825/? V/AlarmManager: remove PendingIntent] PendingIntent{bb46e73: PendingIntentRecord{5a8b9c0 com.android.bluetooth broadcastIntent}}
10-12 11:06:16.376 3435-4341/? V/WindowStateAnimator: Finishing drawing window Window{605dc1a u0 d0 StatusBar}: mDrawState=DRAW_PENDING
10-12 11:06:16.396 3931-3931/? D/KeyguardCircleAffordanceView: setPreviewView: mRight=false,preview=android.widget.RelativeLayout{1c5b904 I.E...... ......ID 0,0-0,0}
10-12 11:06:16.396 3931-3931/? V/KeyguardBottomAreaShortcutView: mLeftAffordanceView preview = android.widget.RelativeLayout{1c5b904 I.E...... ......ID 0,0-0,0}
10-12 11:06:16.396 3931-3931/? D/KeyguardCircleAffordanceView: setPreviewView: mRight=true,preview=android.widget.AbsoluteLayout{ca72eed I.E...... ......ID 0,0-0,0}
10-12 11:06:16.396 3931-3931/? V/KeyguardBottomAreaShortcutView: mRightAffordanceView preview = android.widget.AbsoluteLayout{ca72eed I.E...... ......ID 0,0-0,0}
10-12 11:06:16.396 3931-3931/? D/KeyguardUpdateMonitor: handleKeyguardReset
10-12 11:06:16.396 3931-3931/? V/KeyguardFingerPrint: updateFingerprintListeningState(false)
10-12 11:06:16.396 3931-3931/? D/KeyguardFingerPrint: shouldListenForFingerprint ( FingerPrint is not enabled. )
10-12 11:06:16.396 3931-3931/? V/KeyguardUpdateMonitor: stopListeningForFingerprint()
10-12 11:06:16.396 3931-3931/? D/PhoneStatusBar: adjustDisableFlags:false, false, true, false, false, 1
10-12 11:06:16.406 3931-3931/? D/PhoneStatusBar: disable: < expand ICONS alerts SYSTEM_INFO back HOME* RECENT* clock SEARCH* quick_settings
> 10-12 11:06:16.406 3931-3931/? D/ViewRootImpl: MSG_RESIZED_REPORT: ci=Rect(0, 0 - 0, 0) vi=Rect(0, 0 - 0, 0) or=1
10-12 11:06:16.406 3004-3004/? D/libEGL: eglInitialize EGLDisplay = 0x7ff090b628
10-12 11:06:16.406 3004-3004/? D/libEGL: eglTerminate EGLDisplay = 0x7ff090b6b8
10-12 11:06:16.416 4758-4758/? I/AlpmModeManager: handleBlankDisplay: current state [ALPM_ON] to [ALPM_STATE_BLANK]
10-12 11:06:16.416 4758-4758/? V/AlpmModeManager: handleBlankDisplay: setDoze [DISPLAY_STATE_DOZE_SUSPEND] Keep bright
10-12 11:06:16.416 3435-4341/? I/PowerManagerService: [api] setDozeOverrideFromAod AlpmHlpmSysfs = -1, screenState = 4, Brightness = 0, wakefulness = false
10-12 11:06:16.416 3435-4341/? I/libsuspend: !@autosuspend_wakeup_count_disable
10-12 11:06:16.416 3435-4341/? D/PowerManagerService: setDozeModeBySysfs: value is -1 , we ignore it.
10-12 11:06:16.416 3435-4341/? I/libsuspend: !@autosuspend_wakeup_count_disable done
10-12 11:06:16.416 3435-4341/? D/PowerManagerService: mDisplayReady: false
10-12 11:06:16.416 3435-4341/? D/PowerManagerService: [PWL] sb acquire: PowerManagerService.Display
10-12 11:06:16.416 3435-3569/? D/DisplayPowerController: animateScreenStateChange[0]: target=4
10-12 11:06:16.416 3435-3569/? D/DisplayPowerController: [Dual Screen Compatible] state[0] :4
10-12 11:06:16.416 3004-3004/? D/SurfaceFlinger: Set power mode=3, type=0 flinger=0x7fb2403c00
10-12 11:06:16.416 3435-3569/? D/DisplayPowerController: getFinalBrightness : Summary is 1 -> 1
10-12 11:06:16.416 3004-3004/? I/hwcomposer: int exynos_setPowerMode(hwc_composer_device_1*, int, int):: disp(0), mode(3)
10-12 11:06:16.416 3435-3569/? D/DisplayPowerController: Animating brightness: target=1, rate=0 (PSM:false, AB limit:(-1 ~ -1) MB Limit:(-1 ~ -1))
10-12 11:06:16.416 3435-3579/? D/DisplayManagerService: !@display_state: DOZE -> DOZE_SUSPEND brightness: 1 -> 1
10-12 11:06:16.416 3435-3565/? I/DisplayManagerService: Display device changed state: "Built-in Screen", DOZE_SUSPEND
10-12 11:06:16.416 3435-3565/? I/DisplayManagerService: Display device changed state: "ActivityViewVirtualDisplay", DOZE_SUSPEND
10-12 11:06:16.426 3435-3569/? D/DisplayPowerController: animateScreenStateChange[0]: target=4
10-12 11:06:16.426 3435-3569/? D/DisplayPowerController: [Dual Screen Compatible] state[0] :4
10-12 11:06:16.426 3435-3569/? D/DisplayPowerController: getFinalBrightness : Summary is 1 -> 1
10-12 11:06:16.426 3435-3569/? I/libsuspend: !@autosuspend_wakeup_count_enable
10-12 11:06:16.426 3435-3569/? D/DisplayPowerController: Animating brightness: target=1, rate=0 (PSM:false, AB limit:(-1 ~ -1) MB Limit:(-1 ~ -1))
10-12 11:06:16.426 3435-3569/? I/libsuspend: !@autosuspend_wakeup_count_enable done
10-12 11:06:16.426 3435-3569/? D/DisplayPowerController: animateScreenStateChange[0]: target=4
10-12 11:06:16.426 3435-3569/? D/DisplayPowerController: [Dual Screen Compatible] state[0] :4
10-12 11:06:16.426 3435-3569/? D/DisplayPowerController: getFinalBrightness : Summary is 1 -> 1
10-12 11:06:16.426 3435-3569/? D/DisplayPowerController: Animating brightness: target=1, rate=0 (PSM:false, AB limit:(-1 ~ -1) MB Limit:(-1 ~ -1))
10-12 11:06:16.426 3435-3569/? D/PowerManagerService: [s] DisplayPowerCallbacks : onStateChanged()
10-12 11:06:16.426 3435-3569/? D/PowerManagerService: mDisplayReady: true
10-12 11:06:16.426 3435-3569/? D/PowerManagerService: [PWL] sb release: PowerManagerService.Display
10-12 11:06:16.436 3931-3931/? D/KeyguardEffectViewController: onLayoutChange() v: com.android.keyguard.effect.EffectBehindView{abeda2e V.E...... ......I. 0,0-1440,2560 #7f0e0330 app:id/keyguard_effect_behind}, bottom : 2560, oldBottom : 2560
10-12 11:06:16.466 3435-3474/? V/WindowStateAnimator: Finishing drawing window Window{605dc1a u0 d0 StatusBar}: mDrawState=READY_TO_SHOW
10-12 11:06:16.466 3931-3931/? D/Recents: handleProxyCall type=3
10-12 11:06:16.476 3004-3004/? D/libEGL: eglInitialize EGLDisplay = 0x7ff090b628
10-12 11:06:16.476 4006-4006/? D/Recents: handleProxyCall type=3
10-12 11:06:16.536 3004-3004/? D/libEGL: eglInitialize EGLDisplay = 0x7ff090b628
10-12 11:06:16.946 3435-3974/? D/BatteryService: !@BatteryListener : batteryPropertiesChanged!
10-12 11:06:16.946 3435-3974/? D/BatteryService: level:81, scale:100, status:2, health:2, present:true, voltage: 4160, temperature: 234, technology: Li-ion, AC powered:false, USB powered:true, POGO powered:false, Wireless powered:false, icon:17303413, invalid charger:0, maxChargingCurrent:0
10-12 11:06:16.946 3435-3974/? D/BatteryService: online:4, current avg:55, charge type:1, power sharing:false, high voltage charger:false, capacity:280000, batterySWSelfDischarging:false, current_now:321
10-12 11:06:16.946 3435-3974/? D/BatteryService: stay LED for charging
10-12 11:06:16.946 3435-3435/? D/BatteryService: Sending ACTION_BATTERY_CHANGED.
10-12 11:06:16.956 3435-3435/? I/MotionRecognitionService: Plugged
10-12 11:06:16.956 3435-3435/? D/MotionRecognitionService: cableConnection= 1
10-12 11:06:16.956 3435-3435/? D/MotionRecognitionService: setPowerConnected | current backoffstate = 1024 , state =1024
10-12 11:06:16.956 3435-3435/? D/MotionRecognitionService: skip setTransmitPower.
10-12 11:06:16.956 3435-3852/? D/WifiController: ApOrStaEnabledState msg.what= 155652
10-12 11:06:16.956 3931-3931/? D/KeyguardUpdateMonitor: received broadcast android.intent.action.BATTERY_CHANGED
10-12 11:06:16.956 3931-3931/? D/PowerUI: priorPlugType = 2 mPlugType = 2
10-12 11:06:16.966 3931-3931/? D/PowerUI.Notification: showChargingNotice oldChargingType : 1 currentChargingType : 1 oldChargingTime : 3963000 mChargingTime : 3963000
10-12 11:06:16.966 3931-3931/? D/KeyguardUpdateMonitor: handleBatteryUpdate
10-12 11:06:16.966 3931-3931/? D/PowerUI.Notification: There is no change about charging status, so return!
10-12 11:06:16.966 4449-4449/? D/CommonServiceConfiguration: getStringValueSetting
10-12 11:06:16.966 3931-3931/? D/BatteryMeterView: ACTION_BATTERY_CHANGED : level:81 status:2 health:2
10-12 11:06:16.966 3931-3931/? D/BatteryMeterView: ACTION_BATTERY_CHANGED : level:81 status:2 health:2
10-12 11:06:16.976 4449-4449/? D/BatteryMonitor: new battery level: 81
10-12 11:06:16.976 4758-4758/? D/BatteryController: saveBatteryData : level[81], status[2]
10-12 11:06:17.436 3151-3585/? I/audio_hw_primary: do_out_standby +
10-12 11:06:17.456 3151-3585/? D/audio_hw_primary: output_devices devices:0
10-12 11:06:17.456 3151-3585/? D/audio_hw_primary: output_devices devices:0
10-12 11:06:17.456 3151-3585/? V/audio_hw_primary: select_devices output_scenario:-1 input_scenario:-1 out_snd_device 0x0 in_snd_device:0x0
10-12 11:06:17.456 3151-3585/? I/audio_hw_primary: set_spk_rx_mute mute(1), rx val=0
10-12 11:06:17.456 3151-3585/? I/audio_route: > audio_route_reset :
10-12 11:06:17.456 3151-3585/? I/audio_route: > audio_route_update_mixer : +
10-12 11:06:17.476 3151-3585/? I/audio_route: > audio_route_update_mixer : changed(2) -
10-12 11:06:17.476 3151-3585/? I/audio_hw_primary: select_devices -
10-12 11:06:17.476 3151-3585/? I/audio_hw_primary: do_out_standby -
10-12 11:06:20.556 3435-6368/? D/ConnectivityService: returning getNetworkInfo for network type 1 : [type: WIFI[] - WIFI, state: CONNECTED/CONNECTED, reason: (unspecified), extra: "WLAN-198160", roaming: false, failover: false, isAvailable: true]
10-12 11:06:21.486 3435-3542/? D/BluetoothAdapter: STATE_BLE_ON
10-12 11:06:21.506 3435-3542/? D/BatteryStatsImpl: poolsize= 1, curBatteryRealtime= 43730000, mUpdateTime= 0, mTimeout= 0, mNesting= 0, mTotalTime= 0
10-12 11:06:25.596 3435-3807/? V/AlarmManager: Expired Alarm result :8
10-12 11:06:25.836 3435-6368/? D/SSRM:n: SIOP:: AP = 260, PST = 271 (W:14), CP = 209, CUR = 55, LCD = 1
10-12 11:06:27.016 3435-4325/? D/BatteryService: !@BatteryListener : batteryPropertiesChanged!
10-12 11:06:27.016 3435-4325/? D/BatteryService: level:82, scale:100, status:2, health:2, present:true, voltage: 4177, temperature: 233, technology: Li-ion, AC powered:false, USB powered:true, POGO powered:false, Wireless powered:false, icon:17303413, invalid charger:0, maxChargingCurrent:0
10-12 11:06:27.016 3435-4325/? D/BatteryService: online:4, current avg:268, charge type:1, power sharing:false, high voltage charger:false, capacity:280000, batterySWSelfDischarging:false, current_now:478
10-12 11:06:27.016 3435-3435/? D/BatteryService: Sending ACTION_BATTERY_CHANGED.
10-12 11:06:27.016 3435-4325/? D/BatteryService: stay LED for charging
10-12 11:06:27.016 3435-3542/? D/BluetoothAdapter: STATE_BLE_ON
10-12 11:06:27.016 3435-3569/? D/PowerManagerService: [PSM] lowPowerModeEnabled: false (mLowPowerModeSetting: false, mIsPowered: true, mAutoLowPowerModeConfigured: false, mBatteryLevel: 82, mLowBatteryTriggerLevel: 0)
10-12 11:06:27.026 3435-3435/? I/MotionRecognitionService: Plugged
10-12 11:06:27.026 3435-3435/? D/MotionRecognitionService: cableConnection= 1
10-12 11:06:27.026 3435-3435/? D/MotionRecognitionService: setPowerConnected | current backoffstate = 1024 , state =1024
10-12 11:06:27.026 3435-3435/? D/MotionRecognitionService: skip setTransmitPower.
10-12 11:06:27.026 3435-3852/? D/WifiController: ApOrStaEnabledState msg.what= 155652
10-12 11:06:27.026 3931-3931/? D/KeyguardUpdateMonitor: received broadcast android.intent.action.BATTERY_CHANGED
10-12 11:06:27.026 3931-3931/? D/KeyguardUpdateMonitor: handleBatteryUpdate
10-12 11:06:27.046 4449-4449/? D/CommonServiceConfiguration: getStringValueSetting
10-12 11:06:27.056 3931-3931/? D/PowerUI: priorPlugType = 2 mPlugType = 2
10-12 11:06:27.096 3931-3931/? D/PowerUI.Notification: showChargingNotice oldChargingType : 1 currentChargingType : 1 oldChargingTime : 3963000 mChargingTime : 3938000
10-12 11:06:27.096 3931-3931/? D/PowerUI.Notification: showChargingNotification()
10-12 11:06:27.106 4449-4449/? D/BatteryMonitor: new battery level: 82
10-12 11:06:27.106 5024-5024/? E/MtpServerJNI: server is null in send_object_removed
10-12 11:06:27.106 4758-4758/? D/BatteryController: saveBatteryData : level[82], status[2]
10-12 11:06:27.106 4758-4758/? D/AODService: Received intent, service updating android.intent.action.BATTERY_CHANGED
10-12 11:06:27.116 3435-4337/? D/PowerManagerService: [api] acquire WakeLock flags=0x80 tag=Window:AOD uid=1000 pid=3435
10-12 11:06:27.116 3435-4337/? I/libsuspend: !@autosuspend_wakeup_count_disable
10-12 11:06:27.116 3435-4337/? D/PowerManagerService: mDisplayReady: false
10-12 11:06:27.116 3435-4337/? I/libsuspend: !@autosuspend_wakeup_count_disable done
10-12 11:06:27.116 3435-3569/? D/DisplayPowerController: animateScreenStateChange[0]: target=3
10-12 11:06:27.116 3435-4337/? D/PowerManagerService: [PWL] sb acquire: PowerManagerService.Display
10-12 11:06:27.126 3435-3569/? D/DisplayPowerController: [Dual Screen Compatible] state[0] :3
10-12 11:06:27.126 3435-3569/? D/DisplayPowerController: getFinalBrightness : Summary is 1 -> 1
10-12 11:06:27.126 3435-3569/? D/DisplayPowerController: Animating brightness: target=1, rate=2000 (PSM:false, AB limit:(-1 ~ -1) MB Limit:(-1 ~ -1))
10-12 11:06:27.126 3435-3579/? D/DisplayManagerService: !@display_state: DOZE_SUSPEND -> DOZE brightness: 1 -> 1
10-12 11:06:27.126 3435-3565/? I/DisplayManagerService: Display device changed state: "Built-in Screen", DOZE
10-12 11:06:27.126 3435-3565/? I/DisplayManagerService: Display device changed state: "ActivityViewVirtualDisplay", DOZE
10-12 11:06:27.126 3004-3004/? D/SurfaceFlinger: Set power mode=1, type=0 flinger=0x7fb2403c00
10-12 11:06:27.126 3004-3004/? I/hwcomposer: int exynos_setPowerMode(hwc_composer_device_1*, int, int):: disp(0), mode(1)
10-12 11:06:27.136 3435-3569/? I/libsuspend: !@autosuspend_wakeup_count_enable
10-12 11:06:27.136 3435-3569/? D/DisplayPowerController: animateScreenStateChange[0]: target=3
10-12 11:06:27.136 3435-3569/? I/libsuspend: !@autosuspend_wakeup_count_enable done
10-12 11:06:27.136 3435-3569/? D/DisplayPowerController: [Dual Screen Compatible] state[0] :3
10-12 11:06:27.136 3435-3569/? D/DisplayPowerController: getFinalBrightness : Summary is 1 -> 1
10-12 11:06:27.136 3435-3569/? D/DisplayPowerController: Animating brightness: target=1, rate=2000 (PSM:false, AB limit:(-1 ~ -1) MB Limit:(-1 ~ -1))
10-12 11:06:27.136 3435-3569/? D/DisplayPowerController: animateScreenStateChange[0]: target=3
10-12 11:06:27.136 3435-3569/? D/DisplayPowerController: [Dual Screen Compatible] state[0] :3
10-12 11:06:27.136 3435-3569/? D/DisplayPowerController: getFinalBrightness : Summary is 1 -> 1
10-12 11:06:27.136 3435-3569/? D/DisplayPowerController: Animating brightness: target=1, rate=2000 (PSM:false, AB limit:(-1 ~ -1) MB Limit:(-1 ~ -1))
10-12 11:06:27.136 3435-3569/? D/PowerManagerService: [s] DisplayPowerCallbacks : onStateChanged()
10-12 11:06:27.136 3435-3569/? D/PowerManagerService: mDisplayReady: true
10-12 11:06:27.136 3435-3569/? D/PowerManagerService: [PWL] sb release: PowerManagerService.Display
10-12 11:06:27.156 3435-3992/? D/ApplicationPolicy: isStatusBarNotificationAllowedAsUser: packageName = com.android.systemui,userId = -1
10-12 11:06:27.156 3435-4337/? D/PowerManagerService: [api] acquire WakeLock flags=0x80 tag=Window:AOD uid=1000 pid=3435
10-12 11:06:27.156 3931-3931/? D/BatteryMeterView: ACTION_BATTERY_CHANGED : level:82 status:2 health:2
10-12 11:06:27.156 3435-3435/? D/MARsPolicyManager: NotificationListenerService OngoingNotificationPosted : com.android.systemui
10-12 11:06:27.156 3931-3931/? D/BatteryMeterView: ACTION_BATTERY_CHANGED : level:82 status:2 health:2
10-12 11:06:27.166 4758-4758/? D/BatteryMeterView: onDraw batteryColor : -986896
10-12 11:06:27.186 3931-3931/? W/ResourcesManager: getTopLevelResources: /system/priv-app/SystemUI/SystemUI.apk / 1.0 running in com.android.systemui rsrc of package com.android.systemui
10-12 11:06:27.196 3931-3931/? D/PhoneStatusBar: setAreThereNotifications: N=2 any=true clearable=false
10-12 11:06:27.306 3435-3435/? D/PowerManagerService: [api] release WakeLock flags=0x80 tag=Window:AOD uid=1000 pid=3435 (0x0)
10-12 11:06:27.306 3435-3435/? I/libsuspend: !@autosuspend_wakeup_count_disable
10-12 11:06:27.306 3435-3435/? D/PowerManagerService: mDisplayReady: false
10-12 11:06:27.306 3435-3435/? I/libsuspend: !@autosuspend_wakeup_count_disable done
10-12 11:06:27.306 3435-3569/? D/DisplayPowerController: animateScreenStateChange[0]: target=4
10-12 11:06:27.306 3435-3569/? D/DisplayPowerController: [Dual Screen Compatible] state[0] :4
10-12 11:06:27.306 3435-3435/? D/PowerManagerService: [PWL] sb acquire: PowerManagerService.Display
10-12 11:06:27.306 3435-3569/? D/DisplayPowerController: getFinalBrightness : Summary is 1 -> 1
10-12 11:06:27.306 3435-3569/? D/DisplayPowerController: Animating brightness: target=1, rate=0 (PSM:false, AB limit:(-1 ~ -1) MB Limit:(-1 ~ -1))
10-12 11:06:27.306 3435-3579/? D/DisplayManagerService: !@display_state: DOZE -> DOZE_SUSPEND brightness: 1 -> 1
10-12 11:06:27.306 3004-3004/? D/SurfaceFlinger: Set power mode=3, type=0 flinger=0x7fb2403c00
10-12 11:06:27.306 3435-3565/? I/DisplayManagerService: Display device changed state: "Built-in Screen", DOZE_SUSPEND
10-12 11:06:27.306 3004-3004/? I/hwcomposer: int exynos_setPowerMode(hwc_composer_device_1*, int, int):: disp(0), mode(3)
10-12 11:06:27.306 3435-3565/? I/DisplayManagerService: Display device changed state: "ActivityViewVirtualDisplay", DOZE_SUSPEND
10-12 11:06:27.346 3435-3569/? D/DisplayPowerController: animateScreenStateChange[0]: target=4
10-12 11:06:27.346 3435-3569/? D/DisplayPowerController: [Dual Screen Compatible] state[0] :4
10-12 11:06:27.346 3435-3569/? D/DisplayPowerController: getFinalBrightness : Summary is 1 -> 1
10-12 11:06:27.346 3435-3569/? I/libsuspend: !@autosuspend_wakeup_count_enable
10-12 11:06:27.346 3435-3569/? D/DisplayPowerController: Animating brightness: target=1, rate=0 (PSM:false, AB limit:(-1 ~ -1) MB Limit:(-1 ~ -1))
10-12 11:06:27.346 3435-3569/? I/libsuspend: !@autosuspend_wakeup_count_enable done
10-12 11:06:27.346 3435-3569/? D/DisplayPowerController: animateScreenStateChange[0]: target=4
10-12 11:06:27.346 3435-3569/? D/DisplayPowerController: [Dual Screen Compatible] state[0] :4
10-12 11:06:27.346 3435-3569/? D/DisplayPowerController: getFinalBrightness : Summary is 1 -> 1
10-12 11:06:27.346 3435-3569/? D/DisplayPowerController: Animating brightness: target=1, rate=0 (PSM:false, AB limit:(-1 ~ -1) MB Limit:(-1 ~ -1))
10-12 11:06:27.346 3435-3569/? D/PowerManagerService: [s] DisplayPowerCallbacks : onStateChanged()
10-12 11:06:27.346 3435-3569/? D/PowerManagerService: mDisplayReady: true
10-12 11:06:27.346 3435-3569/? D/PowerManagerService: [PWL] sb release: PowerManagerService.Display
10-12 11:06:28.326 3435-6368/? D/ConnectivityService: returning getNetworkInfo for network type 1 : [type: WIFI[] - WIFI, state: CONNECTED/CONNECTED, reason: (unspecified), extra: "WLAN-198160", roaming: false, failover: false, isAvailable: true]
10-12 11:06:28.326 3435-6368/? D/ConnectivityService: returning getNetworkInfo for network type 0 : [type: MOBILE[] - MOBILE, state: DISCONNECTED/DISCONNECTED, reason: (unspecified), extra: (none), roaming: false, failover: false, isAvailable: true]
10-12 11:06:28.326 3435-6368/? I/SurveyLogManager: REASON : REASON_BY_BATTERY_LEVEL_CHANGE
10-12 11:06:28.326 3435-6368/? W/ContextImpl: Calling a method in the system process without a qualified user: android.app.ContextImpl.sendBroadcast:830 g.g.insertLog:-1 g.g.a:-1 g.d.handleMessage:-1 android.os.Handler.dispatchMessage:102
10-12 11:06:28.326 3435-6368/? D/SurveyLogging: app_id = com.android.server.ssrm, feature = BATT, extra = {"SIOP":"0", "PST_TMP":"271", "BAT_TMP":"233", "CHG_TMP":"265", "PA_TMP":"209", "BAT_LV":"82", "BAT_CUR":"55", "RSSI":"-95", "RAD_DAT":"0", "WIFI_DAT":"20146373", "BRI":"1", "CHR_TYPE":"2", "KNOX":"false", "SCRN":"false", "RAD":"2", "CALL":"false", "CF":"-1", "GF":"-1", "CG":"100", "TOP_PROC":"top", "TOP_USE":"1", "FOR_PKG":"com.sec.android.app.launcher"}
10-12 11:06:28.346 3435-3540/? V/BroadcastQueue: [background] Process cur broadcast BroadcastRecord{56c4130 u0 com.samsung.android.providers.context.log.action.USE_APP_FEATURE_SURVEY qIdx=4}, state= (APP_RECEIVE) DELIVERED for app ProcessRecord{66cefe7 5380:com.samsung.android.providers.context/u0a7}
10-12 11:06:28.586 3435-3807/? V/AlarmManager: Expired Alarm result :8
10-12 11:06:34.536 3435-3799/? D/TimaService: TIMA: TimaService scheduler is intialized.
10-12 11:06:34.536 3435-3799/? D/TimaService: TIMA: checkEvent, operation: 50000 subject: 10000
10-12 11:06:34.536 3435-3798/? D/TimaService: TimaServiceHandler.handleMessage what =1
10-12 11:06:35.876 3435-6368/? D/SSRM:n: SIOP:: AP = 250, PST = 263 (W:14), CP = 205, CUR = 268, LCD = 1
10-12 11:06:35.906 3435-6368/? D/ConnectivityService: returning getNetworkInfo for network type 1 : [type: WIFI[] - WIFI, state: CONNECTED/CONNECTED, reason: (unspecified), extra: "WLAN-198160", roaming: false, failover: false, isAvailable: true]
10-12 11:06:36.166 3435-4154/? E/Watchdog: !@Sync 300 [10-12 11:06:36.177]
10-12 11:06:37.066 3435-3974/? D/BatteryService: !@BatteryListener : batteryPropertiesChanged!
10-12 11:06:37.066 3435-3974/? D/BatteryService: level:82, scale:100, status:2, health:2, present:true, voltage: 4177, temperature: 234, technology: Li-ion, AC powered:false, USB powered:true, POGO powered:false, Wireless powered:false, icon:17303413, invalid charger:0, maxChargingCurrent:0
10-12 11:06:37.066 3435-3974/? D/BatteryService: online:4, current avg:363, charge type:1, power sharing:false, high voltage charger:false, capacity:280000, batterySWSelfDischarging:false, current_now:433
10-12 11:06:37.076 3435-3974/? D/BatteryService: stay LED for charging
10-12 11:06:37.076 3435-3435/? D/BatteryService: Sending ACTION_BATTERY_CHANGED.
10-12 11:06:37.076 3435-3435/? I/MotionRecognitionService: Plugged
10-12 11:06:37.076 3435-3435/? D/MotionRecognitionService: cableConnection= 1
10-12 11:06:37.076 3435-3435/? D/MotionRecognitionService: setPowerConnected | current backoffstate = 1024 , state =1024
10-12 11:06:37.076 3435-3435/? D/MotionRecognitionService: skip setTransmitPower.
10-12 11:06:37.086 3435-3852/? D/WifiController: ApOrStaEnabledState msg.what= 155652
10-12 11:06:37.086 3931-3931/? D/KeyguardUpdateMonitor: received broadcast android.intent.action.BATTERY_CHANGED
10-12 11:06:37.086 3931-3931/? D/PowerUI: priorPlugType = 2 mPlugType = 2
10-12 11:06:37.086 3931-3931/? D/KeyguardUpdateMonitor: handleBatteryUpdate
10-12 11:06:37.096 3931-3931/? D/PowerUI.Notification: showChargingNotice oldChargingType : 1 currentChargingType : 1 oldChargingTime : 3938000 mChargingTime : 3938000
10-12 11:06:37.096 3931-3931/? D/PowerUI.Notification: There is no change about charging status, so return!
10-12 11:06:37.116 4449-4449/? D/CommonServiceConfiguration: getStringValueSetting
10-12 11:06:37.126 4449-4449/? D/BatteryMonitor: new battery level: 82
10-12 11:06:37.126 4758-4758/? D/BatteryController: saveBatteryData : level[82], status[2]
10-12 11:06:37.146 3931-3931/? D/BatteryMeterView: ACTION_BATTERY_CHANGED : level:82 status:2 health:2
10-12 11:06:37.146 3931-3931/? D/BatteryMeterView: ACTION_BATTERY_CHANGED : level:82 status:2 health:2
10-12 11:06:37.706 3435-3799/? I/TLC_TIMA_PKM_measure_kernel: TIMA: response_id = 3
10-12 11:06:37.706 3435-3799/? I/TLC_TIMA_PKM_measure_kernel: TIMA: response ret = 0, result_ondemand = MSG=Kernel Verification Success;
10-12 11:06:37.716 3435-3799/? D/TimaService: TIMA MEASUREMENT Result: TIMA_STATUS=0;MSG=Kernel Verification Success;
10-12 11:06:37.716 3435-3799/? D/TimaService: TIMA MEASUREMENT success status: TIMA_STATUS=0;MSG=Kernel Verification Success;
10-12 11:06:38.446 3435-3569/? D/PowerManagerService: [s] UserActivityState : 1 -> 2
10-12 11:06:44.456 3435-3569/? D/PowerManagerService: [s] UserActivityState : 2 -> 4
10-12 11:06:45.726 3435-3807/? V/AlarmManager: Expired Alarm result :4
10-12 11:06:45.736 3435-3974/? V/AlarmManager: remove PendingIntent] PendingIntent{dd7ecf: PendingIntentRecord{6b7c7ef com.google.android.gms broadcastIntent}}
10-12 11:06:45.736 3435-3846/? D/NetworkPolicy: isUidForegroundLocked: 10019, mScreenOn: false, uidstate: 3, mProxSensorScreenOff: false
10-12 11:06:45.736 3435-3846/? D/NetworkPolicy: isUidForegroundLocked: 10019, mScreenOn: false, uidstate: 3, mProxSensorScreenOff: false
10-12 11:06:45.796 3435-3435/? I/BackgroundCompactionService: onStart. jobID=801
10-12 11:06:45.796 3435-3435/? I/BackgroundCompactionService: onStart done. jobID=801
10-12 11:06:45.796 3435-30115/? I/BackgroundCompactionService: Execute BGCompaction (type1). (25 times)
10-12 11:06:45.796 3435-30115/? I/BackgroundCompactionService: compact_memory command done
10-12 11:06:45.986 3435-6368/? D/SSRM:n: SIOP:: AP = 240, PST = 262 (W:14), CP = 201, CUR = 363, LCD = 1