10-12 11:01:45.406 3435-4803/? D/BatteryService: level:80, scale:100, status:2, health:2, present:true, voltage: 4165, temperature: 235, technology: Li-ion, AC powered:false, USB powered:true, POGO powered:false, Wireless powered:false, icon:17303413, invalid charger:0, maxChargingCurrent:0
10-12 11:01:45.406 3435-4803/? D/BatteryService: online:4, current avg:447, charge type:1, power sharing:false, high voltage charger:false, capacity:280000, batterySWSelfDischarging:false, current_now:358
10-12 11:01:45.406 3435-4803/? D/BatteryService: stay LED for charging
10-12 11:01:45.406 3435-3435/? D/BatteryService: Sending ACTION_BATTERY_CHANGED.
10-12 11:01:45.416 3435-3435/? I/MotionRecognitionService: Plugged
10-12 11:01:45.416 3435-3435/? D/MotionRecognitionService: cableConnection= 1
10-12 11:01:45.416 3435-3435/? D/MotionRecognitionService: setPowerConnected | current backoffstate = 1024 , state =1024
10-12 11:01:45.416 3435-3435/? D/MotionRecognitionService: skip setTransmitPower.
10-12 11:01:45.416 3435-3852/? D/WifiController: ApOrStaEnabledState msg.what= 155652
10-12 11:01:45.416 3931-3931/? D/KeyguardUpdateMonitor: received broadcast android.intent.action.BATTERY_CHANGED
10-12 11:01:45.426 3931-3931/? D/KeyguardUpdateMonitor: handleBatteryUpdate
10-12 11:01:45.426 3931-3931/? D/PowerUI: priorPlugType = 2 mPlugType = 2
10-12 11:01:45.426 3931-3931/? D/PowerUI.Notification: showChargingNotice oldChargingType : 1 currentChargingType : 1 oldChargingTime : 4200000 mChargingTime : 4200000
10-12 11:01:45.426 3931-3931/? D/PowerUI.Notification: There is no change about charging status, so return!
10-12 11:01:45.446 4449-4449/? D/CommonServiceConfiguration: getStringValueSetting
10-12 11:01:45.456 4449-4449/? D/BatteryMonitor: new battery level: 80
10-12 11:01:45.456 4758-4758/? D/BatteryController: saveBatteryData : level[80], status[2]
10-12 11:01:45.486 3931-3931/? D/BatteryMeterView: ACTION_BATTERY_CHANGED : level:80 status:2 health:2
10-12 11:01:45.486 3931-3931/? D/BatteryMeterView: ACTION_BATTERY_CHANGED : level:80 status:2 health:2
10-12 11:01:50.326 27886-27901/? I/Quasar: start to send events
10-12 11:01:53.906 4116-4144/? D/ContactsProvider_EventLog: contents_sample_state: [ contacts(15) data(105) accounts({com.google (2)=15}) accounts deleted({}) calls([]) ] contents_sample_state: [ agr({[2]=15}) ]
10-12 11:01:54.826 3435-6368/? D/SSRM:n: SIOP:: AP = 230, PST = 239 (W:14), CP = 196, CUR = 447, LCD = 1
10-12 11:01:55.466 3435-4802/? D/BatteryService: !@BatteryListener : batteryPropertiesChanged!
10-12 11:01:55.466 3435-4802/? D/BatteryService: level:81, scale:100, status:2, health:2, present:true, voltage: 4174, temperature: 234, technology: Li-ion, AC powered:false, USB powered:true, POGO powered:false, Wireless powered:false, icon:17303413, invalid charger:0, maxChargingCurrent:0
10-12 11:01:55.466 3435-4802/? D/BatteryService: online:4, current avg:446, charge type:1, power sharing:false, high voltage charger:false, capacity:280000, batterySWSelfDischarging:false, current_now:461
10-12 11:01:55.466 3435-3435/? D/BatteryService: Sending ACTION_BATTERY_CHANGED.
10-12 11:01:55.466 3435-4802/? D/BatteryService: stay LED for charging
10-12 11:01:55.476 3435-3542/? D/BluetoothAdapter: STATE_BLE_ON
10-12 11:01:55.476 3435-3569/? D/PowerManagerService: [PSM] lowPowerModeEnabled: false (mLowPowerModeSetting: false, mIsPowered: true, mAutoLowPowerModeConfigured: false, mBatteryLevel: 81, mLowBatteryTriggerLevel: 0)
10-12 11:01:55.476 3435-3435/? I/MotionRecognitionService: Plugged
10-12 11:01:55.476 3435-3435/? D/MotionRecognitionService: cableConnection= 1
10-12 11:01:55.476 3435-3435/? D/MotionRecognitionService: setPowerConnected | current backoffstate = 1024 , state =1024
10-12 11:01:55.476 3435-3435/? D/MotionRecognitionService: skip setTransmitPower.
10-12 11:01:55.486 3435-3852/? D/WifiController: ApOrStaEnabledState msg.what= 155652
10-12 11:01:55.486 3931-3931/? D/KeyguardUpdateMonitor: received broadcast android.intent.action.BATTERY_CHANGED
10-12 11:01:55.486 3931-3931/? D/KeyguardUpdateMonitor: handleBatteryUpdate
10-12 11:01:55.506 4449-4449/? D/CommonServiceConfiguration: getStringValueSetting
10-12 11:01:55.516 3931-3931/? D/PowerUI: priorPlugType = 2 mPlugType = 2
10-12 11:01:55.516 4449-4449/? D/BatteryMonitor: new battery level: 81
10-12 11:01:55.516 5024-5024/? E/MtpServerJNI: server is null in send_object_removed
10-12 11:01:55.516 4758-4758/? D/BatteryController: saveBatteryData : level[81], status[2]
10-12 11:01:55.516 3931-3931/? D/PowerUI.Notification: showChargingNotice oldChargingType : 1 currentChargingType : 1 oldChargingTime : 4200000 mChargingTime : 4175000
10-12 11:01:55.516 4758-4758/? D/AODService: Received intent, service updating android.intent.action.BATTERY_CHANGED
10-12 11:01:55.516 3931-3931/? D/PowerUI.Notification: showChargingNotification()
10-12 11:01:55.516 3435-4341/? D/PowerManagerService: [api] acquire WakeLock flags=0x80 tag=Window:AOD uid=1000 pid=3435
10-12 11:01:55.516 3435-4341/? I/libsuspend: !@autosuspend_wakeup_count_disable
10-12 11:01:55.516 3435-4341/? D/PowerManagerService: mDisplayReady: false
10-12 11:01:55.516 3435-4341/? I/libsuspend: !@autosuspend_wakeup_count_disable done
10-12 11:01:55.516 3435-3569/? D/DisplayPowerController: animateScreenStateChange[0]: target=3
10-12 11:01:55.516 3435-4341/? D/PowerManagerService: [PWL] sb acquire: PowerManagerService.Display
10-12 11:01:55.526 3435-3569/? D/DisplayPowerController: [Dual Screen Compatible] state[0] :3
10-12 11:01:55.526 3435-3569/? D/DisplayPowerController: getFinalBrightness : Summary is 1 -> 1
10-12 11:01:55.526 3435-3569/? D/DisplayPowerController: Animating brightness: target=1, rate=2000 (PSM:false, AB limit:(-1 ~ -1) MB Limit:(-1 ~ -1))
10-12 11:01:55.526 3435-3579/? D/DisplayManagerService: !@display_state: DOZE_SUSPEND -> DOZE brightness: 1 -> 1
10-12 11:01:55.526 3435-3565/? I/DisplayManagerService: Display device changed state: "Built-in Screen", DOZE
10-12 11:01:55.526 3004-3004/? D/SurfaceFlinger: Set power mode=1, type=0 flinger=0x7fb2403c00
10-12 11:01:55.526 3435-3565/? I/DisplayManagerService: Display device changed state: "ActivityViewVirtualDisplay", DOZE
10-12 11:01:55.526 3004-3004/? I/hwcomposer: int exynos_setPowerMode(hwc_composer_device_1*, int, int):: disp(0), mode(1)
10-12 11:01:55.526 4758-4758/? D/BatteryMeterView: onDraw batteryColor : -986896
10-12 11:01:55.546 3435-3569/? D/DisplayPowerController: animateScreenStateChange[0]: target=3
10-12 11:01:55.546 3435-3569/? I/libsuspend: !@autosuspend_wakeup_count_enable
10-12 11:01:55.546 3435-3569/? D/DisplayPowerController: [Dual Screen Compatible] state[0] :3
10-12 11:01:55.546 3435-3569/? I/libsuspend: !@autosuspend_wakeup_count_enable done
10-12 11:01:55.546 3435-3569/? D/DisplayPowerController: getFinalBrightness : Summary is 1 -> 1
10-12 11:01:55.546 3435-3569/? D/DisplayPowerController: Animating brightness: target=1, rate=2000 (PSM:false, AB limit:(-1 ~ -1) MB Limit:(-1 ~ -1))
10-12 11:01:55.546 3435-3569/? D/DisplayPowerController: animateScreenStateChange[0]: target=3
10-12 11:01:55.546 3435-3569/? D/DisplayPowerController: [Dual Screen Compatible] state[0] :3
10-12 11:01:55.546 3435-3569/? D/DisplayPowerController: getFinalBrightness : Summary is 1 -> 1
10-12 11:01:55.546 3435-3569/? D/DisplayPowerController: Animating brightness: target=1, rate=2000 (PSM:false, AB limit:(-1 ~ -1) MB Limit:(-1 ~ -1))
10-12 11:01:55.546 3435-3569/? D/PowerManagerService: [s] DisplayPowerCallbacks : onStateChanged()
10-12 11:01:55.546 3435-3569/? D/PowerManagerService: mDisplayReady: true
10-12 11:01:55.546 3435-3569/? D/PowerManagerService: [PWL] sb release: PowerManagerService.Display
10-12 11:01:55.556 3435-3992/? D/ApplicationPolicy: isStatusBarNotificationAllowedAsUser: packageName = com.android.systemui,userId = -1
10-12 11:01:55.556 3435-3435/? D/MARsPolicyManager: NotificationListenerService OngoingNotificationPosted : com.android.systemui
10-12 11:01:55.566 3931-3931/? D/BatteryMeterView: ACTION_BATTERY_CHANGED : level:81 status:2 health:2
10-12 11:01:55.566 3931-3931/? D/BatteryMeterView: ACTION_BATTERY_CHANGED : level:81 status:2 health:2
10-12 11:01:55.576 3931-3931/? W/ResourcesManager: getTopLevelResources: /system/priv-app/SystemUI/SystemUI.apk / 1.0 running in com.android.systemui rsrc of package com.android.systemui
10-12 11:01:55.586 3931-3931/? D/PhoneStatusBar: setAreThereNotifications: N=2 any=true clearable=false
10-12 11:01:55.676 3435-3435/? D/PowerManagerService: [api] release WakeLock flags=0x80 tag=Window:AOD uid=1000 pid=3435 (0x0)
10-12 11:01:55.676 3435-3435/? I/libsuspend: !@autosuspend_wakeup_count_disable
10-12 11:01:55.676 3435-3435/? D/PowerManagerService: mDisplayReady: false
10-12 11:01:55.676 3435-3435/? I/libsuspend: !@autosuspend_wakeup_count_disable done
10-12 11:01:55.676 3435-3569/? D/DisplayPowerController: animateScreenStateChange[0]: target=4
10-12 11:01:55.676 3435-3435/? D/PowerManagerService: [PWL] sb acquire: PowerManagerService.Display
10-12 11:01:55.676 3435-3569/? D/DisplayPowerController: [Dual Screen Compatible] state[0] :4
10-12 11:01:55.676 3435-3569/? D/DisplayPowerController: getFinalBrightness : Summary is 1 -> 1
10-12 11:01:55.676 3435-3569/? D/DisplayPowerController: Animating brightness: target=1, rate=0 (PSM:false, AB limit:(-1 ~ -1) MB Limit:(-1 ~ -1))
10-12 11:01:55.676 3435-3579/? D/DisplayManagerService: !@display_state: DOZE -> DOZE_SUSPEND brightness: 1 -> 1
10-12 11:01:55.676 3004-3004/? D/SurfaceFlinger: Set power mode=3, type=0 flinger=0x7fb2403c00
10-12 11:01:55.676 3435-3565/? I/DisplayManagerService: Display device changed state: "Built-in Screen", DOZE_SUSPEND
10-12 11:01:55.676 3004-3004/? I/hwcomposer: int exynos_setPowerMode(hwc_composer_device_1*, int, int):: disp(0), mode(3)
10-12 11:01:55.676 3435-3565/? I/DisplayManagerService: Display device changed state: "ActivityViewVirtualDisplay", DOZE_SUSPEND
10-12 11:01:55.706 3435-3569/? D/DisplayPowerController: animateScreenStateChange[0]: target=4
10-12 11:01:55.706 3435-3569/? D/DisplayPowerController: [Dual Screen Compatible] state[0] :4
10-12 11:01:55.706 3435-3569/? D/DisplayPowerController: getFinalBrightness : Summary is 1 -> 1
10-12 11:01:55.706 3435-3569/? I/libsuspend: !@autosuspend_wakeup_count_enable
10-12 11:01:55.706 3435-3569/? D/DisplayPowerController: Animating brightness: target=1, rate=0 (PSM:false, AB limit:(-1 ~ -1) MB Limit:(-1 ~ -1))
10-12 11:01:55.706 3435-3569/? I/libsuspend: !@autosuspend_wakeup_count_enable done
10-12 11:01:55.706 3435-3569/? D/DisplayPowerController: animateScreenStateChange[0]: target=4
10-12 11:01:55.706 3435-3569/? D/DisplayPowerController: [Dual Screen Compatible] state[0] :4
10-12 11:01:55.706 3435-3569/? D/DisplayPowerController: getFinalBrightness : Summary is 1 -> 1
10-12 11:01:55.706 3435-3569/? D/DisplayPowerController: Animating brightness: target=1, rate=0 (PSM:false, AB limit:(-1 ~ -1) MB Limit:(-1 ~ -1))
10-12 11:01:55.706 3435-3569/? D/PowerManagerService: [s] DisplayPowerCallbacks : onStateChanged()
10-12 11:01:55.706 3435-3569/? D/PowerManagerService: mDisplayReady: true
10-12 11:01:55.706 3435-3569/? D/PowerManagerService: [PWL] sb release: PowerManagerService.Display
10-12 11:01:59.986 3435-3807/? V/AlarmManager: Expired Alarm result :8
10-12 11:02:00.296 3435-3807/? V/AlarmManager: Expired Alarm result :4
10-12 11:02:00.296 3435-3807/? V/AlarmManager: Send whitelist package alarm :PendingIntent{b4419a: PendingIntentRecord{5684f7e com.samsung.android.app.aodservice broadcastIntent}}
10-12 11:02:00.316 3435-3540/? V/BroadcastQueue: [background] Process cur broadcast BroadcastRecord{484dd66 u0 null qIdx=4}, state= (APP_RECEIVE) DELIVERED for app ProcessRecord{7fb4010 4276:com.google.android.gms.persistent/u0a19}
10-12 11:02:00.316 3931-3931/? D/KeyguardUpdateMonitor: received broadcast android.intent.action.TIME_TICK
10-12 11:02:00.316 3931-3931/? D/KeyguardUpdateMonitor: handleTimeUpdate
10-12 11:02:00.336 3931-3931/? D/Clock: received broadcast android.intent.action.TIME_TICK
10-12 11:02:00.476 3931-3931/? D/DateView: received broadcast android.intent.action.TIME_TICK
10-12 11:02:00.526 4758-4758/? D/AODService.ClockTimer: onReceive : com.samsung.android.app.aodservice.ClockTimer.TICK, mWakeUp = true
10-12 11:02:00.526 4758-4758/? V/BatteryController: getBatteryLevel[81.0], batteryStatus[2]
10-12 11:02:00.526 4276-29619/? D/SecWifiDisplayUtil: Metadata value : SecSettings2
10-12 11:02:00.526 3435-4133/? W/CAE: setCAProperty(ContextAwareService.java:578) - [setProperty 01] Mutex is locked for DEVICE_PHYSICAL_CONTEXT_MONITOR
10-12 11:02:00.526 3435-4133/? I/CAE: setPropertyValue(DevicePhysicalContextMonitorRunner.java:155) - Get status
10-12 11:02:00.526 3435-4133/? I/CAE: sendCmdToSensorHub(SensorHubCommManager.java:162) - -72, 56, 1, 1,
10-12 11:02:00.526 3435-4133/? D/SensorHubManager: SendSensorHubData: send data = -72, 56, 1, 1
10-12 11:02:00.526 3158-3199/? D/Sensorhubs: sendContextData: -72, 56, 1, 1
10-12 11:02:00.536 3435-4133/? I/CAE: setCAProperty(ContextAwareService.java:583) - result : true
10-12 11:02:00.536 3435-4133/? W/CAE: setCAProperty(ContextAwareService.java:584) - [setProperty 02] Mutex is unlocked for DEVICE_PHYSICAL_CONTEXT_MONITOR
10-12 11:02:00.536 3435-4133/? D/SContextService: requestToUpdate() : service = Device Physical Context Monitor
10-12 11:02:00.536 4758-4758/? D/SContextManager: .requestToUpdate : listener = com.samsung.android.app.aodservice.AODService$7@364f7c6, service=Device Physical Context Monitor
10-12 11:02:00.536 4758-4758/? I/AlpmModeManager: startAlpmMode : state = BLANK
10-12 11:02:00.536 4758-4758/? D/DefaultClockView: Window showed. Time views updating
10-12 11:02:00.536 3435-3992/? D/PowerManagerService: [api] acquire WakeLock flags=0x80 tag=Window:AOD uid=1000 pid=3435
10-12 11:02:00.536 3435-3992/? I/libsuspend: !@autosuspend_wakeup_count_disable
10-12 11:02:00.536 3435-3992/? D/PowerManagerService: mDisplayReady: false
10-12 11:02:00.536 3435-3992/? I/libsuspend: !@autosuspend_wakeup_count_disable done
10-12 11:02:00.536 3435-3569/? D/DisplayPowerController: animateScreenStateChange[0]: target=3
10-12 11:02:00.536 4758-4758/? D/AODUpdatePositionController: updatePosition: direction[5] updatePosition: X[-33] Y[861] NewPositionTimer[53]
10-12 11:02:00.536 3435-3992/? D/PowerManagerService: [PWL] sb acquire: PowerManagerService.Display
10-12 11:02:00.536 4758-4758/? D/DefaultClockView: LocalTime Pattern : HH:mm
10-12 11:02:00.536 3435-3569/? D/DisplayPowerController: [Dual Screen Compatible] state[0] :3
10-12 11:02:00.536 3004-3004/? D/SurfaceFlinger: Set power mode=1, type=0 flinger=0x7fb2403c00
10-12 11:02:00.536 3435-3569/? D/DisplayPowerController: getFinalBrightness : Summary is 1 -> 1
10-12 11:02:00.536 3004-3004/? I/hwcomposer: int exynos_setPowerMode(hwc_composer_device_1*, int, int):: disp(0), mode(1)
10-12 11:02:00.536 3435-3569/? D/DisplayPowerController: Animating brightness: target=1, rate=2000 (PSM:false, AB limit:(-1 ~ -1) MB Limit:(-1 ~ -1))
10-12 11:02:00.536 3435-3579/? D/DisplayManagerService: !@display_state: DOZE_SUSPEND -> DOZE brightness: 1 -> 1
10-12 11:02:00.546 4758-4758/? D/TimeViewHolder: onTimeUpdate: timeZone:libcore.util.ZoneInfo[id="Europe/Berlin",mRawOffset=3600000,mEarliestRawOffset=3600000,mUseDst=true,mDstSavings=3600000,transitions=144] isSplitHour:false isSingleView:false isAMPMonLeft:null time01: 11:02 time02: null ampm: null
10-12 11:02:00.536 3435-3565/? I/DisplayManagerService: Display device changed state: "Built-in Screen", DOZE
10-12 11:02:00.536 3435-3565/? I/DisplayManagerService: Display device changed state: "ActivityViewVirtualDisplay", DOZE
10-12 11:02:00.556 3435-3569/? D/DisplayPowerController: animateScreenStateChange[0]: target=3
10-12 11:02:00.556 3435-3569/? D/DisplayPowerController: [Dual Screen Compatible] state[0] :3
10-12 11:02:00.556 3435-3569/? I/libsuspend: !@autosuspend_wakeup_count_enable
10-12 11:02:00.556 3435-3569/? D/DisplayPowerController: getFinalBrightness : Summary is 1 -> 1
10-12 11:02:00.556 3435-3569/? I/libsuspend: !@autosuspend_wakeup_count_enable done
10-12 11:02:00.556 3435-3569/? D/DisplayPowerController: Animating brightness: target=1, rate=2000 (PSM:false, AB limit:(-1 ~ -1) MB Limit:(-1 ~ -1))
10-12 11:02:00.556 3435-3569/? D/DisplayPowerController: animateScreenStateChange[0]: target=3
10-12 11:02:00.556 3435-3569/? D/DisplayPowerController: [Dual Screen Compatible] state[0] :3
10-12 11:02:00.556 3435-3569/? D/DisplayPowerController: getFinalBrightness : Summary is 1 -> 1
10-12 11:02:00.556 3435-3569/? D/DisplayPowerController: Animating brightness: target=1, rate=2000 (PSM:false, AB limit:(-1 ~ -1) MB Limit:(-1 ~ -1))
10-12 11:02:00.556 3435-3569/? D/PowerManagerService: [s] DisplayPowerCallbacks : onStateChanged()
10-12 11:02:00.556 3435-3569/? D/PowerManagerService: mDisplayReady: true
10-12 11:02:00.556 3435-3569/? D/PowerManagerService: [PWL] sb release: PowerManagerService.Display
10-12 11:02:00.566 4758-4758/? D/RoamingTimeViewHolder: isDualClockSetting :: true isHomeTimeZoneExist :: false isEasyUxON :: false Utils.isRoaming(mContext) :: false
10-12 11:02:00.566 4758-4758/? D/RoamingTimeViewHolder: getHomeCalendar : No homecity_timezone, set as default : (libcore.util.ZoneInfo[id="Europe/Berlin",mRawOffset=3600000,mEarliestRawOffset=3600000,mUseDst=true,mDstSavings=3600000,transitions=144])
10-12 11:02:00.566 4758-4758/? D/RoamingTimeViewHolder: onTimeUpdate: isVisible:false timeZone:libcore.util.ZoneInfo[id="Europe/Berlin",mRawOffset=3600000,mEarliestRawOffset=3600000,mUseDst=true,mDstSavings=3600000,transitions=144] text:Wed, 12 Oct 11:02
10-12 11:02:00.566 4758-4758/? I/AODService.ClockTimer: startAlarm : TICK
10-12 11:02:00.566 3435-3475/? V/AlarmManager: Add whitelist package alarm :PendingIntent{66866ec: PendingIntentRecord{5684f7e com.samsung.android.app.aodservice broadcastIntent}}
10-12 11:02:00.566 4758-4758/? I/AlpmModeManager: handleUnblankDisplay: state = BLANK
10-12 11:02:00.566 4758-4758/? V/AlpmModeManager: updateAlpmMode: setDoze [DISPLAY_STATE_DOZE_SUSPEND]
10-12 11:02:00.576 3435-4325/? I/PowerManagerService: [api] setDozeOverrideFromAod AlpmHlpmSysfs = -1, screenState = 4, Brightness = 0, wakefulness = false
10-12 11:02:00.576 3435-4325/? D/PowerManagerService: setDozeModeBySysfs: value is -1 , we ignore it.
10-12 11:02:00.586 4758-4758/? D/DefaultClockView: RootView invalidate()
10-12 11:02:00.586 3435-4802/? D/PowerManagerService: [api] acquire WakeLock flags=0x80 tag=Window:AOD uid=1000 pid=3435
10-12 11:02:00.586 3158-3198/? D/Sensorhubs: readContextData: 1, 1, 56, 1, 1, 1, 1
10-12 11:02:00.586 3435-3810/? D/SensorHubManager: onGetSensorHubDataLocked: library(7) = 1, 1, 56, 1, 1, 1, 1
10-12 11:02:00.596 3435-3809/? I/CAE: sendCmdToSensorHub(SensorHubCommManager.java:162) - -63, 14, 9, 2, 0,
10-12 11:02:00.596 3435-3809/? D/SensorHubManager: SendSensorHubData: send data = -63, 14, 9, 2, 0
10-12 11:02:00.596 3158-3158/? D/Sensorhubs: sendContextData: -63, 14, 9, 2, 0
10-12 11:02:00.596 3435-3809/? D/CAE: onGetSensorHubData(SensorHubParserProvider.java:92) - onGetSensorHubData Event [event buffer len :7], AP_SLEEP
10-12 11:02:00.596 3435-3809/? I/CAE: parse(SensorHubParserProvider.java:188) - buffer size = 7
10-12 11:02:00.596 3435-3809/? I/CAE: parse(SensorHubParserProvider.java:199) - 1, 1, 56, 1, 1, 1, 1,
10-12 11:02:00.596 3435-3809/? D/CAE: display(ContextProvider.java:375) - ================= DEVICE_PHYSICAL_CONTEXT_MONITOR =================
10-12 11:02:00.596 3435-3809/? I/CAE: display(ContextProvider.java:391) - AODReason=[1], AODStatus=[1], DataType=[1]
10-12 11:02:00.596 3435-3812/? D/SContextService: updateSContext() : event = Device Physical Context Monitor
10-12 11:02:00.616 4758-4758/? I/AODService: onSContextChanged: AODScreenShown state is already true
10-12 11:02:00.736 3435-3435/? D/PowerManagerService: [api] release WakeLock flags=0x80 tag=Window:AOD uid=1000 pid=3435 (0x0)
10-12 11:02:00.736 3435-3435/? I/libsuspend: !@autosuspend_wakeup_count_disable
10-12 11:02:00.736 3435-3435/? D/PowerManagerService: mDisplayReady: false
10-12 11:02:00.736 3435-3435/? I/libsuspend: !@autosuspend_wakeup_count_disable done
10-12 11:02:00.736 3435-3569/? D/DisplayPowerController: animateScreenStateChange[0]: target=4
10-12 11:02:00.736 3435-3435/? D/PowerManagerService: [PWL] sb acquire: PowerManagerService.Display
10-12 11:02:00.736 3435-3569/? D/DisplayPowerController: [Dual Screen Compatible] state[0] :4
10-12 11:02:00.736 3435-3569/? D/DisplayPowerController: getFinalBrightness : Summary is 1 -> 1
10-12 11:02:00.736 3435-3569/? D/DisplayPowerController: Animating brightness: target=1, rate=0 (PSM:false, AB limit:(-1 ~ -1) MB Limit:(-1 ~ -1))
10-12 11:02:00.736 3435-3579/? D/DisplayManagerService: !@display_state: DOZE -> DOZE_SUSPEND brightness: 1 -> 1
10-12 11:02:00.736 3435-3565/? I/DisplayManagerService: Display device changed state: "Built-in Screen", DOZE_SUSPEND
10-12 11:02:00.736 3004-3004/? D/SurfaceFlinger: Set power mode=3, type=0 flinger=0x7fb2403c00
10-12 11:02:00.736 3004-3004/? I/hwcomposer: int exynos_setPowerMode(hwc_composer_device_1*, int, int):: disp(0), mode(3)
10-12 11:02:00.736 3435-3565/? I/DisplayManagerService: Display device changed state: "ActivityViewVirtualDisplay", DOZE_SUSPEND
10-12 11:02:00.766 3435-3569/? D/DisplayPowerController: animateScreenStateChange[0]: target=4
10-12 11:02:00.766 3435-3569/? D/DisplayPowerController: [Dual Screen Compatible] state[0] :4
10-12 11:02:00.766 3435-3569/? D/DisplayPowerController: getFinalBrightness : Summary is 1 -> 1
10-12 11:02:00.766 3435-3569/? I/libsuspend: !@autosuspend_wakeup_count_enable
10-12 11:02:00.766 3435-3569/? D/DisplayPowerController: Animating brightness: target=1, rate=0 (PSM:false, AB limit:(-1 ~ -1) MB Limit:(-1 ~ -1))
10-12 11:02:00.766 3435-3569/? I/libsuspend: !@autosuspend_wakeup_count_enable done
10-12 11:02:00.766 3435-3569/? D/DisplayPowerController: animateScreenStateChange[0]: target=4
10-12 11:02:00.766 3435-3569/? D/DisplayPowerController: [Dual Screen Compatible] state[0] :4
10-12 11:02:00.766 3435-3569/? D/DisplayPowerController: getFinalBrightness : Summary is 1 -> 1
10-12 11:02:00.766 3435-3569/? D/DisplayPowerController: Animating brightness: target=1, rate=0 (PSM:false, AB limit:(-1 ~ -1) MB Limit:(-1 ~ -1))
10-12 11:02:00.766 3435-3569/? D/PowerManagerService: [s] DisplayPowerCallbacks : onStateChanged()
10-12 11:02:00.766 3435-3569/? D/PowerManagerService: mDisplayReady: true
10-12 11:02:00.766 3435-3569/? D/PowerManagerService: [PWL] sb release: PowerManagerService.Display
10-12 11:02:04.896 3435-6368/? D/SSRM:n: SIOP:: AP = 230, PST = 238 (W:14), CP = 196, CUR = 446, LCD = 1
10-12 11:02:04.926 3435-6368/? D/ConnectivityService: returning getNetworkInfo for network type 1 : [type: WIFI[] - WIFI, state: CONNECTED/CONNECTED, reason: (unspecified), extra: "WLAN-198160", roaming: false, failover: false, isAvailable: true]
10-12 11:02:05.506 3435-4337/? D/BatteryService: !@BatteryListener : batteryPropertiesChanged!
10-12 11:02:05.506 3435-4337/? D/BatteryService: level:81, scale:100, status:2, health:2, present:true, voltage: 4166, temperature: 234, technology: Li-ion, AC powered:false, USB powered:true, POGO powered:false, Wireless powered:false, icon:17303413, invalid charger:0, maxChargingCurrent:0
10-12 11:02:05.506 3435-4337/? D/BatteryService: online:4, current avg:442, charge type:1, power sharing:false, high voltage charger:false, capacity:280000, batterySWSelfDischarging:false, current_now:334
10-12 11:02:05.506 3435-4337/? D/BatteryService: stay LED for charging
10-12 11:02:05.506 3435-3435/? D/BatteryService: Sending ACTION_BATTERY_CHANGED.
10-12 11:02:05.506 3435-3435/? I/MotionRecognitionService: Plugged
10-12 11:02:05.506 3435-3435/? D/MotionRecognitionService: cableConnection= 1
10-12 11:02:05.506 3435-3435/? D/MotionRecognitionService: setPowerConnected | current backoffstate = 1024 , state =1024
10-12 11:02:05.506 3435-3435/? D/MotionRecognitionService: skip setTransmitPower.
10-12 11:02:05.516 3435-3852/? D/WifiController: ApOrStaEnabledState msg.what= 155652
10-12 11:02:05.516 3931-3931/? D/KeyguardUpdateMonitor: received broadcast android.intent.action.BATTERY_CHANGED
10-12 11:02:05.516 3931-3931/? D/PowerUI: priorPlugType = 2 mPlugType = 2
10-12 11:02:05.516 3931-3931/? D/KeyguardUpdateMonitor: handleBatteryUpdate
10-12 11:02:05.516 3931-3931/? D/PowerUI.Notification: showChargingNotice oldChargingType : 1 currentChargingType : 1 oldChargingTime : 4175000 mChargingTime : 4175000
10-12 11:02:05.516 3931-3931/? D/PowerUI.Notification: There is no change about charging status, so return!
10-12 11:02:05.526 4449-4449/? D/CommonServiceConfiguration: getStringValueSetting
10-12 11:02:05.526 4449-4449/? D/BatteryMonitor: new battery level: 81
10-12 11:02:05.526 4758-4758/? D/BatteryController: saveBatteryData : level[81], status[2]
10-12 11:02:05.536 3931-3931/? D/BatteryMeterView: ACTION_BATTERY_CHANGED : level:81 status:2 health:2
10-12 11:02:05.536 3931-3931/? D/BatteryMeterView: ACTION_BATTERY_CHANGED : level:81 status:2 health:2
10-12 11:02:06.156 3435-4154/? E/Watchdog: !@Sync 291 [10-12 11:02:06.161]
10-12 11:02:15.006 3435-6368/? D/SSRM:n: SIOP:: AP = 230, PST = 237 (W:14), CP = 195, CUR = 442, LCD = 1
10-12 11:02:15.566 3435-4325/? D/BatteryService: !@BatteryListener : batteryPropertiesChanged!
10-12 11:02:15.566 3435-4325/? D/BatteryService: level:81, scale:100, status:2, health:2, present:true, voltage: 4166, temperature: 234, technology: Li-ion, AC powered:false, USB powered:true, POGO powered:false, Wireless powered:false, icon:17303413, invalid charger:0, maxChargingCurrent:0
10-12 11:02:15.566 3435-4325/? D/BatteryService: online:4, current avg:442, charge type:1, power sharing:false, high voltage charger:false, capacity:280000, batterySWSelfDischarging:false, current_now:363
10-12 11:02:15.566 3435-4325/? D/BatteryService: stay LED for charging
10-12 11:02:15.566 3435-3435/? D/BatteryService: Sending ACTION_BATTERY_CHANGED.
10-12 11:02:15.576 3435-3435/? I/MotionRecognitionService: Plugged
10-12 11:02:15.576 3435-3435/? D/MotionRecognitionService: cableConnection= 1
10-12 11:02:15.576 3435-3435/? D/MotionRecognitionService: setPowerConnected | current backoffstate = 1024 , state =1024
10-12 11:02:15.576 3435-3435/? D/MotionRecognitionService: skip setTransmitPower.
10-12 11:02:15.586 3435-3852/? D/WifiController: ApOrStaEnabledState msg.what= 155652
10-12 11:02:15.586 3931-3931/? D/KeyguardUpdateMonitor: received broadcast android.intent.action.BATTERY_CHANGED
10-12 11:02:15.586 3931-3931/? D/KeyguardUpdateMonitor: handleBatteryUpdate
10-12 11:02:15.586 3931-3931/? D/PowerUI: priorPlugType = 2 mPlugType = 2
10-12 11:02:15.596 3931-3931/? D/PowerUI.Notification: showChargingNotice oldChargingType : 1 currentChargingType : 1 oldChargingTime : 4175000 mChargingTime : 4154000
10-12 11:02:15.596 3931-3931/? D/PowerUI.Notification: showChargingNotification()
10-12 11:02:15.606 4449-4449/? D/CommonServiceConfiguration: getStringValueSetting
10-12 11:02:15.616 3435-4133/? D/ApplicationPolicy: isStatusBarNotificationAllowedAsUser: packageName = com.android.systemui,userId = -1
10-12 11:02:15.626 4449-4449/? D/BatteryMonitor: new battery level: 81
10-12 11:02:15.626 4758-4758/? D/BatteryController: saveBatteryData : level[81], status[2]
10-12 11:02:15.626 3931-3931/? D/BatteryMeterView: ACTION_BATTERY_CHANGED : level:81 status:2 health:2
10-12 11:02:15.626 3931-3931/? D/BatteryMeterView: ACTION_BATTERY_CHANGED : level:81 status:2 health:2
10-12 11:02:15.636 3435-3435/? D/MARsPolicyManager: NotificationListenerService OngoingNotificationPosted : com.android.systemui
10-12 11:02:15.676 3931-3931/? W/ResourcesManager: getTopLevelResources: /system/priv-app/SystemUI/SystemUI.apk / 1.0 running in com.android.systemui rsrc of package com.android.systemui
10-12 11:02:15.686 3931-3931/? D/PhoneStatusBar: setAreThereNotifications: N=2 any=true clearable=false
10-12 11:02:25.036 3435-6368/? D/SSRM:n: SIOP:: AP = 230, PST = 237 (W:14), CP = 195, CUR = 442, LCD = 1
10-12 11:02:25.626 3435-4341/? D/BatteryService: !@BatteryListener : batteryPropertiesChanged!
10-12 11:02:25.626 3435-4341/? D/BatteryService: level:81, scale:100, status:2, health:2, present:true, voltage: 4175, temperature: 233, technology: Li-ion, AC powered:false, USB powered:true, POGO powered:false, Wireless powered:false, icon:17303413, invalid charger:0, maxChargingCurrent:0
10-12 11:02:25.626 3435-4341/? D/BatteryService: online:4, current avg:448, charge type:1, power sharing:false, high voltage charger:false, capacity:280000, batterySWSelfDischarging:false, current_now:451
10-12 11:02:25.626 3435-4341/? D/BatteryService: stay LED for charging
10-12 11:02:25.626 3435-3435/? D/BatteryService: Sending ACTION_BATTERY_CHANGED.
10-12 11:02:25.636 3435-3435/? I/MotionRecognitionService: Plugged
10-12 11:02:25.636 3435-3435/? D/MotionRecognitionService: cableConnection= 1
10-12 11:02:25.636 3435-3435/? D/MotionRecognitionService: setPowerConnected | current backoffstate = 1024 , state =1024
10-12 11:02:25.636 3435-3435/? D/MotionRecognitionService: skip setTransmitPower.
10-12 11:02:25.646 3435-3852/? D/WifiController: ApOrStaEnabledState msg.what= 155652
10-12 11:02:25.646 3931-3931/? D/KeyguardUpdateMonitor: received broadcast android.intent.action.BATTERY_CHANGED
10-12 11:02:25.646 3931-3931/? D/KeyguardUpdateMonitor: handleBatteryUpdate
10-12 11:02:25.646 3931-3931/? D/PowerUI: priorPlugType = 2 mPlugType = 2
10-12 11:02:25.646 3931-3931/? D/PowerUI.Notification: showChargingNotice oldChargingType : 1 currentChargingType : 1 oldChargingTime : 4154000 mChargingTime : 4154000
10-12 11:02:25.646 3931-3931/? D/PowerUI.Notification: There is no change about charging status, so return!
10-12 11:02:25.666 4449-4449/? D/CommonServiceConfiguration: getStringValueSetting
10-12 11:02:25.676 4449-4449/? D/BatteryMonitor: new battery level: 81
10-12 11:02:25.676 4758-4758/? D/BatteryController: saveBatteryData : level[81], status[2]
10-12 11:02:25.706 3931-3931/? D/BatteryMeterView: ACTION_BATTERY_CHANGED : level:81 status:2 health:2
10-12 11:02:25.706 3931-3931/? D/BatteryMeterView: ACTION_BATTERY_CHANGED : level:81 status:2 health:2
10-12 11:02:35.106 3435-6368/? D/SSRM:n: SIOP:: AP = 230, PST = 236 (W:14), CP = 194, CUR = 448, LCD = 1
10-12 11:02:35.676 3435-4808/? D/BatteryService: !@BatteryListener : batteryPropertiesChanged!
10-12 11:02:35.686 3435-4808/? D/BatteryService: level:81, scale:100, status:2, health:2, present:true, voltage: 4167, temperature: 233, technology: Li-ion, AC powered:false, USB powered:true, POGO powered:false, Wireless powered:false, icon:17303413, invalid charger:0, maxChargingCurrent:0
10-12 11:02:35.686 3435-4808/? D/BatteryService: online:4, current avg:449, charge type:1, power sharing:false, high voltage charger:false, capacity:280000, batterySWSelfDischarging:false, current_now:396
10-12 11:02:35.686 3435-4808/? D/BatteryService: stay LED for charging
10-12 11:02:35.686 3435-3435/? D/BatteryService: Sending ACTION_BATTERY_CHANGED.
10-12 11:02:35.686 3435-3435/? I/MotionRecognitionService: Plugged
10-12 11:02:35.686 3435-3435/? D/MotionRecognitionService: cableConnection= 1
10-12 11:02:35.686 3435-3435/? D/MotionRecognitionService: setPowerConnected | current backoffstate = 1024 , state =1024
10-12 11:02:35.686 3435-3435/? D/MotionRecognitionService: skip setTransmitPower.
10-12 11:02:35.696 3435-3852/? D/WifiController: ApOrStaEnabledState msg.what= 155652
10-12 11:02:35.696 3931-3931/? D/KeyguardUpdateMonitor: received broadcast android.intent.action.BATTERY_CHANGED
10-12 11:02:35.696 3931-3931/? D/KeyguardUpdateMonitor: handleBatteryUpdate
10-12 11:02:35.706 3931-3931/? D/PowerUI: priorPlugType = 2 mPlugType = 2
10-12 11:02:35.706 3931-3931/? D/PowerUI.Notification: showChargingNotice oldChargingType : 1 currentChargingType : 1 oldChargingTime : 4154000 mChargingTime : 4128000
10-12 11:02:35.706 3931-3931/? D/PowerUI.Notification: showChargingNotification()
10-12 11:02:35.716 4449-4449/? D/CommonServiceConfiguration: getStringValueSetting
10-12 11:02:35.726 3435-3475/? D/ApplicationPolicy: isStatusBarNotificationAllowedAsUser: packageName = com.android.systemui,userId = -1
10-12 11:02:35.736 4449-4449/? D/BatteryMonitor: new battery level: 81
10-12 11:02:35.736 4758-4758/? D/BatteryController: saveBatteryData : level[81], status[2]
10-12 11:02:35.736 3931-3931/? D/BatteryMeterView: ACTION_BATTERY_CHANGED : level:81 status:2 health:2
10-12 11:02:35.736 3931-3931/? D/BatteryMeterView: ACTION_BATTERY_CHANGED : level:81 status:2 health:2
10-12 11:02:35.746 3435-3435/? D/MARsPolicyManager: NotificationListenerService OngoingNotificationPosted : com.android.systemui
10-12 11:02:35.766 3931-3931/? W/ResourcesManager: getTopLevelResources: /system/priv-app/SystemUI/SystemUI.apk / 1.0 running in com.android.systemui rsrc of package com.android.systemui
10-12 11:02:35.776 3931-3931/? D/PhoneStatusBar: setAreThereNotifications: N=2 any=true clearable=false
10-12 11:02:36.156 3435-4154/? E/Watchdog: !@Sync 292 [10-12 11:02:36.163]
10-12 11:02:45.166 3435-6368/? D/SSRM:n: SIOP:: AP = 230, PST = 235 (W:14), CP = 194, CUR = 449, LCD = 1
10-12 11:02:45.736 3435-3474/? D/BatteryService: !@BatteryListener : batteryPropertiesChanged!
10-12 11:02:45.736 3435-3474/? D/BatteryService: level:81, scale:100, status:2, health:2, present:true, voltage: 4177, temperature: 233, technology: Li-ion, AC powered:false, USB powered:true, POGO powered:false, Wireless powered:false, icon:17303413, invalid charger:0, maxChargingCurrent:0
10-12 11:02:45.736 3435-3474/? D/BatteryService: online:4, current avg:449, charge type:1, power sharing:false, high voltage charger:false, capacity:280000, batterySWSelfDischarging:false, current_now:465
10-12 11:02:45.736 3435-3474/? D/BatteryService: stay LED for charging
10-12 11:02:45.736 3435-3435/? D/BatteryService: Sending ACTION_BATTERY_CHANGED.
10-12 11:02:45.746 3435-3435/? I/MotionRecognitionService: Plugged
10-12 11:02:45.746 3435-3435/? D/MotionRecognitionService: cableConnection= 1
10-12 11:02:45.746 3435-3435/? D/MotionRecognitionService: setPowerConnected | current backoffstate = 1024 , state =1024
10-12 11:02:45.746 3435-3435/? D/MotionRecognitionService: skip setTransmitPower.
10-12 11:02:45.756 3435-3852/? D/WifiController: ApOrStaEnabledState msg.what= 155652
10-12 11:02:45.756 3931-3931/? D/KeyguardUpdateMonitor: received broadcast android.intent.action.BATTERY_CHANGED
10-12 11:02:45.756 3931-3931/? D/KeyguardUpdateMonitor: handleBatteryUpdate
10-12 11:02:45.756 3931-3931/? D/PowerUI: priorPlugType = 2 mPlugType = 2
10-12 11:02:45.766 3931-3931/? D/PowerUI.Notification: showChargingNotice oldChargingType : 1 currentChargingType : 1 oldChargingTime : 4128000 mChargingTime : 4128000
10-12 11:02:45.766 3931-3931/? D/PowerUI.Notification: There is no change about charging status, so return!
10-12 11:02:45.776 4449-4449/? D/CommonServiceConfiguration: getStringValueSetting
10-12 11:02:45.786 4449-4449/? D/BatteryMonitor: new battery level: 81
10-12 11:02:45.796 3931-3931/? D/BatteryMeterView: ACTION_BATTERY_CHANGED : level:81 status:2 health:2
10-12 11:02:45.796 3931-3931/? D/BatteryMeterView: ACTION_BATTERY_CHANGED : level:81 status:2 health:2
10-12 11:02:45.796 4758-4758/? D/BatteryController: saveBatteryData : level[81], status[2]
10-12 11:02:50.326 27886-27901/? I/Quasar: start to send events
10-12 11:02:53.956 4116-4144/? D/ContactsProvider_EventLog: contents_sample_state: [ contacts(15) data(105) accounts({com.google (2)=15}) accounts deleted({}) calls([]) ] contents_sample_state: [ agr({[2]=15}) ]
10-12 11:02:54.106 4116-4144/? E/ContactsProvider_EventLog: Flush buffer to file cnt : 5 size : 1Kb duration : 145ms lastUpdatedAfter : 180380ms
10-12 11:02:55.206 3435-6368/? D/SSRM:n: SIOP:: AP = 230, PST = 235 (W:14), CP = 194, CUR = 449, LCD = 1
10-12 11:02:55.796 3435-4643/? D/BatteryService: !@BatteryListener : batteryPropertiesChanged!
10-12 11:02:55.796 3435-4643/? D/BatteryService: level:81, scale:100, status:2, health:2, present:true, voltage: 4177, temperature: 232, technology: Li-ion, AC powered:false, USB powered:true, POGO powered:false, Wireless powered:false, icon:17303413, invalid charger:0, maxChargingCurrent:0
10-12 11:02:55.796 3435-4643/? D/BatteryService: online:4, current avg:450, charge type:1, power sharing:false, high voltage charger:false, capacity:280000, batterySWSelfDischarging:false, current_now:460
10-12 11:02:55.796 3435-4643/? D/BatteryService: stay LED for charging
10-12 11:02:55.796 3435-3435/? D/BatteryService: Sending ACTION_BATTERY_CHANGED.
10-12 11:02:55.806 3435-3435/? I/MotionRecognitionService: Plugged
10-12 11:02:55.806 3435-3435/? D/MotionRecognitionService: cableConnection= 1
10-12 11:02:55.806 3435-3435/? D/MotionRecognitionService: setPowerConnected | current backoffstate = 1024 , state =1024
10-12 11:02:55.806 3435-3435/? D/MotionRecognitionService: skip setTransmitPower.
10-12 11:02:55.816 3435-3852/? D/WifiController: ApOrStaEnabledState msg.what= 155652
10-12 11:02:55.816 3931-3931/? D/KeyguardUpdateMonitor: received broadcast android.intent.action.BATTERY_CHANGED
10-12 11:02:55.816 3931-3931/? D/KeyguardUpdateMonitor: handleBatteryUpdate
10-12 11:02:55.816 3931-3931/? D/PowerUI: priorPlugType = 2 mPlugType = 2
10-12 11:02:55.816 3931-3931/? D/PowerUI.Notification: showChargingNotice oldChargingType : 1 currentChargingType : 1 oldChargingTime : 4128000 mChargingTime : 4128000
10-12 11:02:55.816 3931-3931/? D/PowerUI.Notification: There is no change about charging status, so return!
10-12 11:02:55.836 4449-4449/? D/CommonServiceConfiguration: getStringValueSetting
10-12 11:02:55.846 4449-4449/? D/BatteryMonitor: new battery level: 81
10-12 11:02:55.856 3931-3931/? D/BatteryMeterView: ACTION_BATTERY_CHANGED : level:81 status:2 health:2
10-12 11:02:55.856 3931-3931/? D/BatteryMeterView: ACTION_BATTERY_CHANGED : level:81 status:2 health:2
10-12 11:02:55.856 4758-4758/? D/BatteryController: saveBatteryData : level[81], status[2]
10-12 11:02:59.996 3435-3807/? V/AlarmManager: Expired Alarm result :8
10-12 11:03:00.516 3435-3807/? V/AlarmManager: Expired Alarm result :8
10-12 11:03:00.566 3435-3807/? V/AlarmManager: Expired Alarm result :4
10-12 11:03:00.566 3435-3807/? V/AlarmManager: Send whitelist package alarm :PendingIntent{66866ec: PendingIntentRecord{5684f7e com.samsung.android.app.aodservice broadcastIntent}}
10-12 11:03:00.596 3435-3540/? V/BroadcastQueue: [background] Process cur broadcast BroadcastRecord{feb05d8 u0 null qIdx=4}, state= (APP_RECEIVE) DELIVERED for app ProcessRecord{7fb4010 4276:com.google.android.gms.persistent/u0a19}
10-12 11:03:00.596 3931-3931/? D/KeyguardUpdateMonitor: received broadcast android.intent.action.TIME_TICK
10-12 11:03:00.596 3931-3931/? D/KeyguardUpdateMonitor: handleTimeUpdate
10-12 11:03:00.606 3931-3931/? D/Clock: received broadcast android.intent.action.TIME_TICK
10-12 11:03:00.696 3931-3931/? D/DateView: received broadcast android.intent.action.TIME_TICK
10-12 11:03:00.736 4758-4758/? D/AODService.ClockTimer: onReceive : com.samsung.android.app.aodservice.ClockTimer.TICK, mWakeUp = true
10-12 11:03:00.736 4758-4758/? V/BatteryController: getBatteryLevel[81.0], batteryStatus[2]
10-12 11:03:00.746 3435-4341/? W/CAE: setCAProperty(ContextAwareService.java:578) - [setProperty 01] Mutex is locked for DEVICE_PHYSICAL_CONTEXT_MONITOR
10-12 11:03:00.746 3435-4341/? I/CAE: setPropertyValue(DevicePhysicalContextMonitorRunner.java:155) - Get status
10-12 11:03:00.746 3435-4341/? I/CAE: sendCmdToSensorHub(SensorHubCommManager.java:162) - -72, 56, 1, 1,
10-12 11:03:00.746 3435-4341/? D/SensorHubManager: SendSensorHubData: send data = -72, 56, 1, 1
10-12 11:03:00.746 3158-8639/? D/Sensorhubs: sendContextData: -72, 56, 1, 1
10-12 11:03:00.756 3435-4341/? I/CAE: setCAProperty(ContextAwareService.java:583) - result : true
10-12 11:03:00.756 3435-4341/? W/CAE: setCAProperty(ContextAwareService.java:584) - [setProperty 02] Mutex is unlocked for DEVICE_PHYSICAL_CONTEXT_MONITOR
10-12 11:03:00.756 3435-4341/? D/SContextService: requestToUpdate() : service = Device Physical Context Monitor
10-12 11:03:00.756 4758-4758/? D/SContextManager: .requestToUpdate : listener = com.samsung.android.app.aodservice.AODService$7@364f7c6, service=Device Physical Context Monitor
10-12 11:03:00.756 4758-4758/? I/AlpmModeManager: startAlpmMode : state = BLANK
10-12 11:03:00.756 4758-4758/? D/DefaultClockView: Window showed. Time views updating
10-12 11:03:00.756 3435-3992/? D/PowerManagerService: [api] acquire WakeLock flags=0x80 tag=Window:AOD uid=1000 pid=3435
10-12 11:03:00.756 3435-3992/? I/libsuspend: !@autosuspend_wakeup_count_disable
10-12 11:03:00.756 4276-29634/? D/SecWifiDisplayUtil: Metadata value : SecSettings2
10-12 11:03:00.756 3435-3992/? I/libsuspend: !@autosuspend_wakeup_count_disable done
10-12 11:03:00.756 3435-3992/? D/PowerManagerService: mDisplayReady: false
10-12 11:03:00.756 4758-4758/? D/AODUpdatePositionController: updatePosition: direction[4] updatePosition: X[-32] Y[861] NewPositionTimer[52]
10-12 11:03:00.756 3435-3569/? D/DisplayPowerController: animateScreenStateChange[0]: target=3
10-12 11:03:00.756 3435-3992/? D/PowerManagerService: [PWL] sb acquire: PowerManagerService.Display
10-12 11:03:00.756 3435-3569/? D/DisplayPowerController: [Dual Screen Compatible] state[0] :3
10-12 11:03:00.756 3435-3569/? D/DisplayPowerController: getFinalBrightness : Summary is 1 -> 1
10-12 11:03:00.756 4758-4758/? D/DefaultClockView: LocalTime Pattern : HH:mm
10-12 11:03:00.756 3435-3569/? D/DisplayPowerController: Animating brightness: target=1, rate=2000 (PSM:false, AB limit:(-1 ~ -1) MB Limit:(-1 ~ -1))
10-12 11:03:00.756 4758-4758/? D/TimeViewHolder: onTimeUpdate: timeZone:libcore.util.ZoneInfo[id="Europe/Berlin",mRawOffset=3600000,mEarliestRawOffset=3600000,mUseDst=true,mDstSavings=3600000,transitions=144] isSplitHour:false isSingleView:false isAMPMonLeft:null time01: 11:03 time02: null ampm: null
10-12 11:03:00.766 3435-3579/? D/DisplayManagerService: !@display_state: DOZE_SUSPEND -> DOZE brightness: 1 -> 1
10-12 11:03:00.766 3435-3565/? I/DisplayManagerService: Display device changed state: "Built-in Screen", DOZE
10-12 11:03:00.766 3435-3565/? I/DisplayManagerService: Display device changed state: "ActivityViewVirtualDisplay", DOZE
10-12 11:03:00.766 3004-3004/? D/SurfaceFlinger: Set power mode=1, type=0 flinger=0x7fb2403c00
10-12 11:03:00.766 3004-3004/? I/hwcomposer: int exynos_setPowerMode(hwc_composer_device_1*, int, int):: disp(0), mode(1)
10-12 11:03:00.776 3435-3569/? I/libsuspend: !@autosuspend_wakeup_count_enable
10-12 11:03:00.776 3435-3569/? D/DisplayPowerController: animateScreenStateChange[0]: target=3
10-12 11:03:00.776 3435-3569/? I/libsuspend: !@autosuspend_wakeup_count_enable done
10-12 11:03:00.776 3435-3569/? D/DisplayPowerController: [Dual Screen Compatible] state[0] :3
10-12 11:03:00.776 3435-3569/? D/DisplayPowerController: getFinalBrightness : Summary is 1 -> 1
10-12 11:03:00.776 3435-3569/? D/DisplayPowerController: Animating brightness: target=1, rate=2000 (PSM:false, AB limit:(-1 ~ -1) MB Limit:(-1 ~ -1))
10-12 11:03:00.776 3435-3569/? D/DisplayPowerController: animateScreenStateChange[0]: target=3
10-12 11:03:00.776 3435-3569/? D/DisplayPowerController: [Dual Screen Compatible] state[0] :3
10-12 11:03:00.776 3435-3569/? D/DisplayPowerController: getFinalBrightness : Summary is 1 -> 1
10-12 11:03:00.776 3435-3569/? D/DisplayPowerController: Animating brightness: target=1, rate=2000 (PSM:false, AB limit:(-1 ~ -1) MB Limit:(-1 ~ -1))
10-12 11:03:00.776 3435-3569/? D/PowerManagerService: [s] DisplayPowerCallbacks : onStateChanged()
10-12 11:03:00.776 3435-3569/? D/PowerManagerService: mDisplayReady: true
10-12 11:03:00.776 3435-3569/? D/PowerManagerService: [PWL] sb release: PowerManagerService.Display
10-12 11:03:00.786 4758-4758/? D/RoamingTimeViewHolder: isDualClockSetting :: true isHomeTimeZoneExist :: false isEasyUxON :: false Utils.isRoaming(mContext) :: false
10-12 11:03:00.786 4758-4758/? D/RoamingTimeViewHolder: getHomeCalendar : No homecity_timezone, set as default : (libcore.util.ZoneInfo[id="Europe/Berlin",mRawOffset=3600000,mEarliestRawOffset=3600000,mUseDst=true,mDstSavings=3600000,transitions=144])
10-12 11:03:00.786 4758-4758/? D/RoamingTimeViewHolder: onTimeUpdate: isVisible:false timeZone:libcore.util.ZoneInfo[id="Europe/Berlin",mRawOffset=3600000,mEarliestRawOffset=3600000,mUseDst=true,mDstSavings=3600000,transitions=144] text:Wed, 12 Oct 11:03
10-12 11:03:00.786 4758-4758/? I/AODService.ClockTimer: startAlarm : TICK
10-12 11:03:00.786 3435-4825/? V/AlarmManager: Add whitelist package alarm :PendingIntent{d65e7ee: PendingIntentRecord{5684f7e com.samsung.android.app.aodservice broadcastIntent}}
10-12 11:03:00.786 4758-4758/? I/AlpmModeManager: handleUnblankDisplay: state = BLANK
10-12 11:03:00.786 4758-4758/? V/AlpmModeManager: updateAlpmMode: setDoze [DISPLAY_STATE_DOZE_SUSPEND]
10-12 11:03:00.786 3435-3960/? I/PowerManagerService: [api] setDozeOverrideFromAod AlpmHlpmSysfs = -1, screenState = 4, Brightness = 0, wakefulness = false
10-12 11:03:00.786 3435-3960/? D/PowerManagerService: setDozeModeBySysfs: value is -1 , we ignore it.
10-12 11:03:00.796 4758-4758/? D/DefaultClockView: RootView invalidate()
10-12 11:03:00.796 3435-3475/? D/PowerManagerService: [api] acquire WakeLock flags=0x80 tag=Window:AOD uid=1000 pid=3435
10-12 11:03:00.816 3158-3198/? D/Sensorhubs: readContextData: 1, 1, 56, 1, 1, 1, 1
10-12 11:03:00.816 3435-3810/? D/SensorHubManager: onGetSensorHubDataLocked: library(7) = 1, 1, 56, 1, 1, 1, 1
10-12 11:03:00.816 3435-3809/? I/CAE: sendCmdToSensorHub(SensorHubCommManager.java:162) - -63, 14, 9, 3, 0,
10-12 11:03:00.816 3435-3809/? D/SensorHubManager: SendSensorHubData: send data = -63, 14, 9, 3, 0
10-12 11:03:00.816 3158-3199/? D/Sensorhubs: sendContextData: -63, 14, 9, 3, 0
10-12 11:03:00.816 3435-3809/? D/CAE: onGetSensorHubData(SensorHubParserProvider.java:92) - onGetSensorHubData Event [event buffer len :7], AP_SLEEP
10-12 11:03:00.816 3435-3809/? I/CAE: parse(SensorHubParserProvider.java:188) - buffer size = 7
10-12 11:03:00.816 3435-3809/? I/CAE: parse(SensorHubParserProvider.java:199) - 1, 1, 56, 1, 1, 1, 1,
10-12 11:03:00.816 3435-3809/? D/CAE: display(ContextProvider.java:375) - ================= DEVICE_PHYSICAL_CONTEXT_MONITOR =================
10-12 11:03:00.826 3435-3809/? I/CAE: display(ContextProvider.java:391) - AODReason=[1], AODStatus=[1], DataType=[1]
10-12 11:03:00.826 3435-3812/? D/SContextService: updateSContext() : event = Device Physical Context Monitor
10-12 11:03:00.826 4758-4758/? I/AODService: onSContextChanged: AODScreenShown state is already true
10-12 11:03:00.956 3435-3435/? D/PowerManagerService: [api] release WakeLock flags=0x80 tag=Window:AOD uid=1000 pid=3435 (0x0)
10-12 11:03:00.956 3435-3435/? I/libsuspend: !@autosuspend_wakeup_count_disable
10-12 11:03:00.956 3435-3435/? D/PowerManagerService: mDisplayReady: false
10-12 11:03:00.956 3435-3435/? I/libsuspend: !@autosuspend_wakeup_count_disable done
10-12 11:03:00.956 3435-3569/? D/DisplayPowerController: animateScreenStateChange[0]: target=4
10-12 11:03:00.956 3435-3435/? D/PowerManagerService: [PWL] sb acquire: PowerManagerService.Display
10-12 11:03:00.956 3004-3004/? D/SurfaceFlinger: Set power mode=3, type=0 flinger=0x7fb2403c00
10-12 11:03:00.956 3435-3569/? D/DisplayPowerController: [Dual Screen Compatible] state[0] :4
10-12 11:03:00.956 3004-3004/? I/hwcomposer: int exynos_setPowerMode(hwc_composer_device_1*, int, int):: disp(0), mode(3)
10-12 11:03:00.956 3435-3569/? D/DisplayPowerController: getFinalBrightness : Summary is 1 -> 1
10-12 11:03:00.956 3435-3569/? D/DisplayPowerController: Animating brightness: target=1, rate=0 (PSM:false, AB limit:(-1 ~ -1) MB Limit:(-1 ~ -1))
10-12 11:03:00.956 3435-3579/? D/DisplayManagerService: !@display_state: DOZE -> DOZE_SUSPEND brightness: 1 -> 1
10-12 11:03:00.956 3435-3565/? I/DisplayManagerService: Display device changed state: "Built-in Screen", DOZE_SUSPEND
10-12 11:03:00.956 3435-3565/? I/DisplayManagerService: Display device changed state: "ActivityViewVirtualDisplay", DOZE_SUSPEND
10-12 11:03:00.986 3435-3569/? D/DisplayPowerController: animateScreenStateChange[0]: target=4
10-12 11:03:00.986 3435-3569/? D/DisplayPowerController: [Dual Screen Compatible] state[0] :4
10-12 11:03:00.986 3435-3569/? D/DisplayPowerController: getFinalBrightness : Summary is 1 -> 1
10-12 11:03:00.986 3435-3569/? I/libsuspend: !@autosuspend_wakeup_count_enable
10-12 11:03:00.986 3435-3569/? D/DisplayPowerController: Animating brightness: target=1, rate=0 (PSM:false, AB limit:(-1 ~ -1) MB Limit:(-1 ~ -1))
10-12 11:03:00.986 3435-3569/? I/libsuspend: !@autosuspend_wakeup_count_enable done
10-12 11:03:00.986 3435-3569/? D/DisplayPowerController: animateScreenStateChange[0]: target=4
10-12 11:03:00.986 3435-3569/? D/DisplayPowerController: [Dual Screen Compatible] state[0] :4
10-12 11:03:00.986 3435-3569/? D/DisplayPowerController: getFinalBrightness : Summary is 1 -> 1
10-12 11:03:00.986 3435-3569/? D/DisplayPowerController: Animating brightness: target=1, rate=0 (PSM:false, AB limit:(-1 ~ -1) MB Limit:(-1 ~ -1))
10-12 11:03:00.986 3435-3569/? D/PowerManagerService: [s] DisplayPowerCallbacks : onStateChanged()
10-12 11:03:00.986 3435-3569/? D/PowerManagerService: mDisplayReady: true
10-12 11:03:00.986 3435-3569/? D/PowerManagerService: [PWL] sb release: PowerManagerService.Display
10-12 11:03:05.266 3435-6368/? D/SSRM:n: SIOP:: AP = 230, PST = 234 (W:14), CP = 193, CUR = 450, LCD = 1
10-12 11:03:05.846 3435-3475/? D/BatteryService: !@BatteryListener : batteryPropertiesChanged!
