11-01 01:55:07.540 1276-1276 D/MobileDataStateTracker: supl: Received state=DISCONNECTED, old=DISCONNECTED, reason=radioTurnedOff
11-01 01:55:07.540 1276-1276 D/MobileDataStateTracker: hipri: Broadcast received: android.intent.action.ANY_DATA_STATE apnType=hipri
11-01 01:55:07.540 1276-1276 D/MobileDataStateTracker: hipri: Received state=DISCONNECTED, old=DISCONNECTED, reason=radioTurnedOff
11-01 01:55:07.540 1276-1276 D/MobileDataStateTracker: ims: Broadcast received: android.intent.action.ANY_DATA_STATE apnType=ims
11-01 01:55:07.540 1276-1276 D/MobileDataStateTracker: ims: Received state=DISCONNECTED, old=DISCONNECTED, reason=radioTurnedOff
11-01 01:55:07.540 1276-1276 D/MobileDataStateTracker: default: Broadcast received: android.intent.action.ANY_DATA_STATE apnType=default
11-01 01:55:07.540 1276-1276 D/MobileDataStateTracker: default: Received state=DISCONNECTED, old=DISCONNECTED, reason=radioTurnedOff
11-01 01:55:07.540 1276-1276 D/MobileDataStateTracker: mms: Broadcast received: android.intent.action.ANY_DATA_STATE apnType=mms
11-01 01:55:07.540 1276-1276 D/MobileDataStateTracker: mms: Received state=DISCONNECTED, old=DISCONNECTED, reason=radioTurnedOff
11-01 01:55:07.600 1276-1276 D/MobileDataStateTracker: cbs: Broadcast received: android.intent.action.ANY_DATA_STATE apnType=cbs
11-01 01:55:07.600 1276-1276 D/MobileDataStateTracker: cbs: Received state=DISCONNECTED, old=DISCONNECTED, reason=radioTurnedOff
11-01 01:55:07.620 1276-1276 D/MobileDataStateTracker: fota: Broadcast received: android.intent.action.ANY_DATA_STATE apnType=fota
11-01 01:55:07.620 1276-1276 D/MobileDataStateTracker: fota: Received state=DISCONNECTED, old=DISCONNECTED, reason=radioTurnedOff
11-01 01:55:07.690 1276-1276 D/MobileDataStateTracker: ia: Broadcast received: android.intent.action.ANY_DATA_STATE apnType=ia
11-01 01:55:07.690 1276-1276 D/MobileDataStateTracker: ia: Received state=DISCONNECTED, old=DISCONNECTED, reason=radioTurnedOff
11-01 01:55:07.690 1276-1276 D/MobileDataStateTracker: supl: Broadcast received: android.intent.action.ANY_DATA_STATE apnType=supl
11-01 01:55:07.690 1276-1276 D/MobileDataStateTracker: supl: Received state=DISCONNECTED, old=DISCONNECTED, reason=radioTurnedOff
11-01 01:55:07.690 1276-1276 D/MobileDataStateTracker: hipri: Broadcast received: android.intent.action.ANY_DATA_STATE apnType=hipri
11-01 01:55:07.690 1276-1276 D/MobileDataStateTracker: hipri: Received state=DISCONNECTED, old=DISCONNECTED, reason=radioTurnedOff
11-01 01:55:07.710 1276-1276 D/MobileDataStateTracker: ims: Broadcast received: android.intent.action.ANY_DATA_STATE apnType=ims
11-01 01:55:07.710 1276-1276 D/MobileDataStateTracker: ims: Received state=DISCONNECTED, old=DISCONNECTED, reason=radioTurnedOff
11-01 01:55:07.760 1276-1287 D/dalvikvm: GC_FOR_ALLOC freed 634K, 12% free 5516K/6208K, paused 23ms, total 34ms
11-01 01:55:07.770 1333-1333 D/dalvikvm: GC_FOR_ALLOC freed 183K, 6% free 4061K/4296K, paused 5ms, total 5ms
11-01 01:55:07.800 1276-1276 D/MobileDataStateTracker: default: Broadcast received: android.intent.action.ANY_DATA_STATE apnType=default
11-01 01:55:07.800 1276-1276 D/MobileDataStateTracker: default: Received state=DISCONNECTED, old=DISCONNECTED, reason=radioTurnedOff
11-01 01:55:07.800 1276-1276 D/MobileDataStateTracker: mms: Broadcast received: android.intent.action.ANY_DATA_STATE apnType=mms
11-01 01:55:07.800 1276-1276 D/MobileDataStateTracker: mms: Received state=DISCONNECTED, old=DISCONNECTED, reason=radioTurnedOff
11-01 01:55:07.800 1276-1276 D/MobileDataStateTracker: cbs: Broadcast received: android.intent.action.ANY_DATA_STATE apnType=cbs
11-01 01:55:07.800 1276-1276 D/MobileDataStateTracker: cbs: Received state=DISCONNECTED, old=DISCONNECTED, reason=radioTurnedOff
11-01 01:55:07.810 1462-1522 D/dalvikvm: GC_FOR_ALLOC freed 258K, 9% free 3130K/3436K, paused 96ms, total 96ms
11-01 01:55:07.900 1276-1276 D/MobileDataStateTracker: fota: Broadcast received: android.intent.action.ANY_DATA_STATE apnType=fota
11-01 01:55:07.900 1276-1276 D/MobileDataStateTracker: fota: Received state=DISCONNECTED, old=DISCONNECTED, reason=dataDetached
11-01 01:55:07.900 1276-1276 D/MobileDataStateTracker: ia: Broadcast received: android.intent.action.ANY_DATA_STATE apnType=ia
11-01 01:55:07.900 1276-1276 D/MobileDataStateTracker: ia: Received state=DISCONNECTED, old=DISCONNECTED, reason=dataDetached
11-01 01:55:07.920 1276-1276 D/MobileDataStateTracker: supl: Broadcast received: android.intent.action.ANY_DATA_STATE apnType=supl
11-01 01:55:07.920 1276-1276 D/MobileDataStateTracker: supl: Received state=DISCONNECTED, old=DISCONNECTED, reason=dataDetached
11-01 01:55:07.980 1365-1526 I/LatinIME:LogUtils: Dictionary info: dictionary = UserHistoryDictionary.ru.dict ; version = ? ; date = 1477321201
11-01 01:55:07.990 1365-1528 I/LatinIME:LogUtils: Dictionary info: dictionary = personalization.ru.dict ; version = ? ; date = 1476445578
11-01 01:55:08.000 1365-1529 I/LatinIME:LogUtils: Dictionary info: dictionary = PersonalizationPredictionDictio ; version = ? ; date = 1476445578
11-01 01:55:08.020 1408-1449 D/dalvikvm: GC_FOR_ALLOC freed 140K, 5% free 3879K/4076K, paused 157ms, total 158ms
11-01 01:55:08.060 1388-1388 D/TelephonyDebugService: TelephonyDebugService()
11-01 01:55:08.080 1276-1451 D/dalvikvm: GC_FOR_ALLOC freed 244K, 11% free 5534K/6208K, paused 75ms, total 77ms
11-01 01:55:08.090 1276-1276 D/MobileDataStateTracker: hipri: Broadcast received: android.intent.action.ANY_DATA_STATE apnType=hipri
11-01 01:55:08.090 1276-1276 D/MobileDataStateTracker: hipri: Received state=DISCONNECTED, old=DISCONNECTED, reason=dataDetached
11-01 01:55:08.200 1333-1333 D/dalvikvm: GC_FOR_ALLOC freed 506K, 13% free 4064K/4620K, paused 3ms, total 4ms
11-01 01:55:08.220 1276-1276 D/MobileDataStateTracker: ims: Broadcast received: android.intent.action.ANY_DATA_STATE apnType=ims
11-01 01:55:08.220 1276-1276 D/MobileDataStateTracker: ims: Received state=DISCONNECTED, old=DISCONNECTED, reason=dataDetached
11-01 01:55:08.230 1276-1276 D/MobileDataStateTracker: default: Broadcast received: android.intent.action.ANY_DATA_STATE apnType=default
11-01 01:55:08.230 1276-1276 D/MobileDataStateTracker: default: Received state=DISCONNECTED, old=DISCONNECTED, reason=dataDetached
11-01 01:55:08.330 1276-1276 D/MobileDataStateTracker: mms: Broadcast received: android.intent.action.ANY_DATA_STATE apnType=mms
11-01 01:55:08.330 1276-1276 D/MobileDataStateTracker: mms: Received state=DISCONNECTED, old=DISCONNECTED, reason=dataDetached
11-01 01:55:08.380 1276-1276 D/MobileDataStateTracker: cbs: Broadcast received: android.intent.action.ANY_DATA_STATE apnType=cbs
11-01 01:55:08.380 1276-1276 D/MobileDataStateTracker: cbs: Received state=DISCONNECTED, old=DISCONNECTED, reason=dataDetached
11-01 01:55:08.390 1276-1276 D/MobileDataStateTracker: fota: Broadcast received: android.intent.action.ANY_DATA_STATE apnType=fota
11-01 01:55:08.390 1276-1276 D/MobileDataStateTracker: fota: Received state=DISCONNECTED, old=DISCONNECTED, reason=roamingOff
11-01 01:55:08.390 1276-1276 D/MobileDataStateTracker: ia: Broadcast received: android.intent.action.ANY_DATA_STATE apnType=ia
11-01 01:55:08.390 1276-1276 D/MobileDataStateTracker: ia: Received state=DISCONNECTED, old=DISCONNECTED, reason=roamingOff
11-01 01:55:08.410 1276-1276 D/MobileDataStateTracker: supl: Broadcast received: android.intent.action.ANY_DATA_STATE apnType=supl
11-01 01:55:08.410 1276-1276 D/MobileDataStateTracker: supl: Received state=DISCONNECTED, old=DISCONNECTED, reason=roamingOff
11-01 01:55:08.410 1276-1276 D/MobileDataStateTracker: hipri: Broadcast received: android.intent.action.ANY_DATA_STATE apnType=hipri
11-01 01:55:08.410 1276-1276 D/MobileDataStateTracker: hipri: Received state=DISCONNECTED, old=DISCONNECTED, reason=roamingOff
11-01 01:55:08.410 1276-1276 D/MobileDataStateTracker: ims: Broadcast received: android.intent.action.ANY_DATA_STATE apnType=ims
11-01 01:55:08.410 1276-1276 D/MobileDataStateTracker: ims: Received state=DISCONNECTED, old=DISCONNECTED, reason=roamingOff
11-01 01:55:08.460 1276-1276 D/MobileDataStateTracker: default: Broadcast received: android.intent.action.ANY_DATA_STATE apnType=default
11-01 01:55:08.460 1276-1276 D/MobileDataStateTracker: default: Received state=DISCONNECTED, old=DISCONNECTED, reason=roamingOff
11-01 01:55:08.460 1276-1276 D/MobileDataStateTracker: mms: Broadcast received: android.intent.action.ANY_DATA_STATE apnType=mms
11-01 01:55:08.460 1276-1276 D/MobileDataStateTracker: mms: Received state=DISCONNECTED, old=DISCONNECTED, reason=roamingOff
11-01 01:55:08.460 1276-1276 D/MobileDataStateTracker: cbs: Broadcast received: android.intent.action.ANY_DATA_STATE apnType=cbs
11-01 01:55:08.460 1276-1276 D/MobileDataStateTracker: cbs: Received state=DISCONNECTED, old=DISCONNECTED, reason=roamingOff
11-01 01:55:08.460 1276-1276 D/MobileDataStateTracker: fota: Broadcast received: android.intent.action.ANY_DATA_STATE apnType=fota
11-01 01:55:08.460 1276-1276 D/MobileDataStateTracker: fota: Received state=DISCONNECTED, old=DISCONNECTED, reason=roamingOff
11-01 01:55:08.460 1276-1276 D/MobileDataStateTracker: ia: Broadcast received: android.intent.action.ANY_DATA_STATE apnType=ia
11-01 01:55:08.460 1276-1276 D/MobileDataStateTracker: ia: Received state=DISCONNECTED, old=DISCONNECTED, reason=roamingOff
11-01 01:55:08.480 1276-1276 D/MobileDataStateTracker: supl: Broadcast received: android.intent.action.ANY_DATA_STATE apnType=supl
11-01 01:55:08.480 1276-1276 D/MobileDataStateTracker: supl: Received state=DISCONNECTED, old=DISCONNECTED, reason=roamingOff
11-01 01:55:08.490 1276-1276 D/MobileDataStateTracker: hipri: Broadcast received: android.intent.action.ANY_DATA_STATE apnType=hipri
11-01 01:55:08.490 1276-1276 D/MobileDataStateTracker: hipri: Received state=DISCONNECTED, old=DISCONNECTED, reason=roamingOff
11-01 01:55:08.490 1276-1276 D/MobileDataStateTracker: ims: Broadcast received: android.intent.action.ANY_DATA_STATE apnType=ims
11-01 01:55:08.490 1276-1276 D/MobileDataStateTracker: ims: Received state=DISCONNECTED, old=DISCONNECTED, reason=roamingOff
11-01 01:55:08.530 1276-1276 D/MobileDataStateTracker: default: Broadcast received: android.intent.action.ANY_DATA_STATE apnType=default
11-01 01:55:08.530 1276-1276 D/MobileDataStateTracker: default: Received state=DISCONNECTED, old=DISCONNECTED, reason=roamingOff
11-01 01:55:08.530 1276-1276 D/MobileDataStateTracker: mms: Broadcast received: android.intent.action.ANY_DATA_STATE apnType=mms
11-01 01:55:08.530 1276-1276 D/MobileDataStateTracker: mms: Received state=DISCONNECTED, old=DISCONNECTED, reason=roamingOff
11-01 01:55:08.530 1276-1276 D/MobileDataStateTracker: cbs: Broadcast received: android.intent.action.ANY_DATA_STATE apnType=cbs
11-01 01:55:08.530 1276-1276 D/MobileDataStateTracker: cbs: Received state=DISCONNECTED, old=DISCONNECTED, reason=roamingOff
11-01 01:55:08.610 1276-1525 D/dalvikvm: GC_FOR_ALLOC freed 399K, 12% free 5546K/6256K, paused 13ms, total 18ms
11-01 01:55:08.610 1276-1525 I/dalvikvm-heap: Grow heap (frag case) to 5.537MB for 69262-byte allocation
11-01 01:55:08.650 1276-1523 D/dalvikvm: GC_FOR_ALLOC freed 59K, 13% free 5554K/6324K, paused 42ms, total 42ms
11-01 01:55:08.710 1276-1328 D/dalvikvm: GC_FOR_ALLOC freed 24K, 13% free 5559K/6324K, paused 46ms, total 49ms
11-01 01:55:08.710 1276-1328 I/dalvikvm-heap: Grow heap (frag case) to 5.582MB for 103890-byte allocation
11-01 01:55:08.760 1276-1430 D/dalvikvm: GC_FOR_ALLOC freed <1K, 12% free 5660K/6428K, paused 45ms, total 45ms
11-01 01:55:08.800 1408-1408 I/Choreographer: Skipped 72 frames! The application may be doing too much work on its main thread.
11-01 01:55:08.820 1276-1523 I/ActivityManager: Start proc com.android.externalstorage for broadcast com.android.externalstorage/.MountReceiver: pid=1538 uid=10006 gids={50006, 1028, 1015, 1023}
11-01 01:55:08.880 1388-1477 D/dalvikvm: GC_FOR_ALLOC freed 375K, 12% free 3293K/3716K, paused 107ms, total 110ms
11-01 01:55:08.940 1276-1328 D/dalvikvm: GC_FOR_ALLOC freed 126K, 13% free 5595K/6428K, paused 22ms, total 22ms
11-01 01:55:08.940 1276-1328 I/dalvikvm-heap: Grow heap (frag case) to 5.666MB for 155832-byte allocation
11-01 01:55:08.990 1276-1288 D/dalvikvm: GC_FOR_ALLOC freed 102K, 15% free 5644K/6584K, paused 0ms, total 9ms [
11-01 01:55:09.010 1408: 1408 D/ ] HostConnection::get() New Host Connection established 0xb93227c0, tid 1408
11-01 01:55:09.040 1408-1408 W/EGL_emulation: eglSurfaceAttrib not implemented
11-01 01:55:09.040 1408-1408 D/OpenGLRenderer: Enabling debug mode 0
11-01 01:55:09.090 1538-1538 D/ExternalStorage: Missing UUID for /storage/sdcard; skipping
11-01 01:55:09.090 1538-1538 D/ExternalStorage: After updating volumes, found 0 active roots
11-01 01:55:09.090 1538-1538 D/ExternalStorage: Missing UUID for /storage/sdcard; skipping
11-01 01:55:09.090 1538-1538 D/ExternalStorage: After updating volumes, found 0 active roots
11-01 01:55:09.090 1501-1501 D/MediaScannerReceiver: action: android.intent.action.MEDIA_MOUNTED path: /storage/sdcard
11-01 01:55:09.180 1276-1276 D/MobileDataStateTracker: fota: Broadcast received: android.intent.action.ANY_DATA_STATE apnType=fota
11-01 01:55:09.180 1276-1276 D/MobileDataStateTracker: fota: Received state=DISCONNECTED, old=DISCONNECTED, reason=dataAttached
11-01 01:55:09.190 1276-1276 D/MobileDataStateTracker: ia: Broadcast received: android.intent.action.ANY_DATA_STATE apnType=ia
11-01 01:55:09.190 1276-1276 D/MobileDataStateTracker: ia: Received state=DISCONNECTED, old=DISCONNECTED, reason=dataAttached
11-01 01:55:09.210 1276-1276 D/MobileDataStateTracker: supl: Broadcast received: android.intent.action.ANY_DATA_STATE apnType=supl
11-01 01:55:09.210 1276-1276 D/MobileDataStateTracker: supl: Received state=DISCONNECTED, old=DISCONNECTED, reason=dataAttached
11-01 01:55:09.210 1276-1276 D/MobileDataStateTracker: hipri: Broadcast received: android.intent.action.ANY_DATA_STATE apnType=hipri
11-01 01:55:09.210 1276-1276 D/MobileDataStateTracker: hipri: Received state=DISCONNECTED, old=DISCONNECTED, reason=dataAttached
11-01 01:55:09.210 1276-1276 D/MobileDataStateTracker: ims: Broadcast received: android.intent.action.ANY_DATA_STATE apnType=ims
11-01 01:55:09.210 1276-1276 D/MobileDataStateTracker: ims: Received state=DISCONNECTED, old=DISCONNECTED, reason=dataAttached
11-01 01:55:09.260 1276-1276 D/MobileDataStateTracker: mms: Broadcast received: android.intent.action.ANY_DATA_STATE apnType=mms
11-01 01:55:09.260 1276-1276 D/MobileDataStateTracker: mms: Received state=DISCONNECTED, old=DISCONNECTED, reason=dataAttached
11-01 01:55:09.260 1276-1276 D/MobileDataStateTracker: cbs: Broadcast received: android.intent.action.ANY_DATA_STATE apnType=cbs
11-01 01:55:09.260 1276-1276 D/MobileDataStateTracker: cbs: Received state=DISCONNECTED, old=DISCONNECTED, reason=dataAttached
11-01 01:55:09.260 1276-1276 D/MobileDataStateTracker: fota: Broadcast received: android.intent.action.ANY_DATA_STATE apnType=fota
11-01 01:55:09.260 1276-1276 D/MobileDataStateTracker: fota: Received state=DISCONNECTED, old=DISCONNECTED, reason=dataAttached
11-01 01:55:09.260 1276-1276 D/MobileDataStateTracker: ia: Broadcast received: android.intent.action.ANY_DATA_STATE apnType=ia
11-01 01:55:09.260 1276-1276 D/MobileDataStateTracker: ia: Received state=DISCONNECTED, old=DISCONNECTED, reason=dataAttached
11-01 01:55:09.340 1276-1276 D/MobileDataStateTracker: supl: Broadcast received: android.intent.action.ANY_DATA_STATE apnType=supl
11-01 01:55:09.340 1276-1276 D/MobileDataStateTracker: supl: Received state=DISCONNECTED, old=DISCONNECTED, reason=dataAttached
11-01 01:55:09.340 1276-1276 D/MobileDataStateTracker: hipri: Broadcast received: android.intent.action.ANY_DATA_STATE apnType=hipri
11-01 01:55:09.340 1276-1276 D/MobileDataStateTracker: hipri: Received state=DISCONNECTED, old=DISCONNECTED, reason=dataAttached
11-01 01:55:09.400 1276-1290 I/ActivityManager: Displayed com.android.launcher/com.android.launcher2.Launcher: +5s347ms
11-01 01:55:09.440 1276-1276 D/MobileDataStateTracker: ims: Broadcast received: android.intent.action.ANY_DATA_STATE apnType=ims
11-01 01:55:09.440 1276-1276 D/MobileDataStateTracker: ims: Received state=DISCONNECTED, old=DISCONNECTED, reason=dataAttached
11-01 01:55:09.510 1276-1276 D/MobileDataStateTracker: mms: Broadcast received: android.intent.action.ANY_DATA_STATE apnType=mms
11-01 01:55:09.510 1276-1276 D/MobileDataStateTracker: mms: Received state=DISCONNECTED, old=DISCONNECTED, reason=dataAttached
11-01 01:55:09.510 1276-1276 D/MobileDataStateTracker: cbs: Broadcast received: android.intent.action.ANY_DATA_STATE apnType=cbs
11-01 01:55:09.520 1276-1276 D/MobileDataStateTracker: cbs: Received state=DISCONNECTED, old=DISCONNECTED, reason=dataAttached
11-01 01:55:09.540 1333-1333 D/PhoneStatusBar: mSettingsPanelGravity = 55
11-01 01:55:09.540 1276-1288 I/StatusBarManagerService: registerStatusBar bar=com.android.internal.statusbar.IStatusBar$Stub$Proxy@a51c7f80
11-01 01:55:09.620 1333-1333 D/dalvikvm: GC_FOR_ALLOC freed 582K, 14% free 3994K/4624K, paused 76ms, total 76ms
11-01 01:55:09.690 1408-1408 D/dalvikvm: GC_FOR_ALLOC freed 172K, 5% free 4192K/4412K, paused 2ms, total 2ms
11-01 01:55:09.690 1408-1408 I/dalvikvm-heap: Grow heap (frag case) to 5.017MB for 921612-byte allocation
11-01 01:55:09.700 1408-1419 D/dalvikvm: GC_FOR_ALLOC freed 6K, 5% free 5085K/5316K, paused 2ms, total 3ms
11-01 01:55:09.710 1333-1333 D/dalvikvm: GC_FOR_ALLOC freed 5K, 14% free 3994K/4624K, paused 3ms, total 4ms
11-01 01:55:09.730 1388-1388 D/MccTable: updateMccMncConfiguration: mcc=310, mnc=260
11-01 01:55:09.730 1388-1388 D/MccTable: getLocaleFromMcc to en_us mcc=310
11-01 01:55:09.730 1388-1388 D/MccTable: getLocaleForLanguageCountry: skipping already persisted
11-01 01:55:09.730 1388-1388 D/MccTable: getLocaleForLanguageCountry: X locale=null
11-01 01:55:09.730 1388-1388 D/MccTable: WIFI_COUNTRY_CODE set to us
11-01 01:55:09.740 1276-1451 I/WifiService: WifiService trying to set country code to us with persist set to true
11-01 01:55:09.740 1388-1388 D/MccTable: updateMccMncConfiguration updateConfig config={1.0 310mcc260mnc ?locale ?layoutDir ?swdp ?wdp ?hdp ?density ?lsize ?long ?orien ?uimode ?night ?touch ?keyb/?/? ?nav/?}
11-01 01:55:09.740 1276-1431 I/ActivityManager: Config changes=3 {1.0 310mcc260mnc ru_RU ldltr sw384dp w384dp h567dp 320dpi nrml port finger qwerty/v/v -nav/h s.6}
11-01 01:55:09.790 938-1009 D/PermissionCache: checking android.permission.READ_FRAME_BUFFER for uid=1000 => granted (118 us)
11-01 01:55:09.790 938-1009 E/gralloc_goldfish: gralloc_alloc: Mismatched usage flags: 768 x 1280, usage b33
11-01 01:55:09.790 938-1009 W/GraphicBufferAllocator: alloc(768, 1280, 1, 00000b33, ...) failed -22 (Invalid argument) [
11-01 01:55:09.790 938: 1009 E/ ] GraphicBufferAlloc::createGraphicBuffer(w=768, h=1280) failed (Invalid argument), handle=0x0
11-01 01:55:09.790 938-1009 E/BufferQueue: [ScreenshotSurface] dequeueBuffer: SurfaceComposer::createGraphicBuffer failed
11-01 01:55:09.840 1408-1408 D/dalvikvm: GC_FOR_ALLOC freed 3K, 5% free 5083K/5316K, paused 117ms, total 117ms
11-01 01:55:09.840 1408-1408 I/dalvikvm-heap: Grow heap (frag case) to 5.887MB for 921612-byte allocation
11-01 01:55:09.840 1276-1291 I/ActivityManager: Start proc com.android.deskclock for broadcast com.android.deskclock/com.android.alarmclock.AnalogAppWidgetProvider: pid=1564 uid=10020 gids={50020, 1028}
11-01 01:55:09.860 1408-1429 D/dalvikvm: GC_FOR_ALLOC freed <1K, 4% free 5983K/6220K, paused 17ms, total 17ms
11-01 01:55:09.930 1388-1388 D/MccTable: updateMccMncConfiguration: mcc=310, mnc=260
11-01 01:55:09.930 1388-1388 D/MccTable: getLocaleFromMcc to en_us mcc=310
11-01 01:55:09.930 1388-1388 D/MccTable: getLocaleForLanguageCountry: skipping already persisted
11-01 01:55:09.930 1388-1388 D/MccTable: getLocaleForLanguageCountry: X locale=null
11-01 01:55:09.930 1388-1388 D/MccTable: WIFI_COUNTRY_CODE set to us
11-01 01:55:09.930 1276-1453 I/WifiService: WifiService trying to set country code to us with persist set to true
11-01 01:55:09.930 1388-1388 D/MccTable: updateMccMncConfiguration updateConfig config={1.0 310mcc260mnc ?locale ?layoutDir ?swdp ?wdp ?hdp ?density ?lsize ?long ?orien ?uimode ?night ?touch ?keyb/?/? ?nav/?}
11-01 01:55:09.950 1408-1408 D/dalvikvm: GC_FOR_ALLOC freed <1K, 4% free 5986K/6220K, paused 77ms, total 77ms
11-01 01:55:09.950 1408-1408 I/dalvikvm-heap: Grow heap (frag case) to 6.769MB for 921612-byte allocation
11-01 01:55:09.970 1408-1429 D/dalvikvm: GC_FOR_ALLOC freed <1K, 4% free 6886K/7124K, paused 21ms, total 21ms
11-01 01:55:10.040 1333-1333 D/dalvikvm: GC_FOR_ALLOC freed 26K, 9% free 4229K/4624K, paused 2ms, total 2ms
11-01 01:55:10.100 1333-1333 D/dalvikvm: GC_FOR_ALLOC freed <1K, 9% free 4328K/4724K, paused 53ms, total 53ms
11-01 01:55:10.100 1333-1333 I/dalvikvm-heap: Grow heap (frag case) to 5.346MB for 1127532-byte allocation
11-01 01:55:10.120 1333-1343 D/dalvikvm: GC_FOR_ALLOC freed <1K, 7% free 5428K/5828K, paused 22ms, total 22ms
11-01 01:55:10.130 1388-1388 D/dalvikvm: GC_FOR_ALLOC freed 387K, 12% free 3416K/3852K, paused 43ms, total 44ms
11-01 01:55:10.140 1408-1408 I/Choreographer: Skipped 38 frames! The application may be doing too much work on its main thread.
11-01 01:55:10.310 1276-1525 D/dalvikvm: GC_FOR_ALLOC freed 760K, 16% free 5579K/6584K, paused 21ms, total 27ms
11-01 01:55:10.350 1333-1333 D/dalvikvm: GC_FOR_ALLOC freed 27K, 4% free 6132K/6324K, paused 20ms, total 23ms
11-01 01:55:10.360 1381-1381 E/BluetoothAdapter: Bluetooth binder is null
11-01 01:55:10.420 1408-1449 W/Launcher.Model: LoaderTask running with no launcher (loadAllAppsByBatch)
11-01 01:55:10.490 1333-1333 E/BluetoothAdapter: Bluetooth binder is null
11-01 01:55:10.490 1333-1333 E/BluetoothAdapter: Bluetooth binder is null
11-01 01:55:10.530 1333-1333 E/BluetoothAdapter: Bluetooth binder is null
11-01 01:55:10.570 1276-1276 D/MobileDataStateTracker: fota: Broadcast received: android.intent.action.ANY_DATA_STATE apnType=fota
11-01 01:55:10.580 1276-1276 D/MobileDataStateTracker: fota: Received state=DISCONNECTED, old=DISCONNECTED, reason=simLoaded
11-01 01:55:10.580 1276-1276 D/MobileDataStateTracker: ia: Broadcast received: android.intent.action.ANY_DATA_STATE apnType=ia
11-01 01:55:10.580 1276-1276 D/MobileDataStateTracker: ia: Received state=DISCONNECTED, old=DISCONNECTED, reason=simLoaded
11-01 01:55:10.590 1333-1333 E/BluetoothAdapter: Bluetooth binder is null
11-01 01:55:10.630 1276-1276 D/MobileDataStateTracker: supl: Broadcast received: android.intent.action.ANY_DATA_STATE apnType=supl
11-01 01:55:10.630 1276-1276 D/MobileDataStateTracker: supl: Received state=DISCONNECTED, old=DISCONNECTED, reason=simLoaded
11-01 01:55:10.630 1276-1276 D/MobileDataStateTracker: hipri: Broadcast received: android.intent.action.ANY_DATA_STATE apnType=hipri
11-01 01:55:10.630 1276-1276 D/MobileDataStateTracker: hipri: Received state=DISCONNECTED, old=DISCONNECTED, reason=simLoaded
11-01 01:55:10.630 1276-1276 D/MobileDataStateTracker: ims: Broadcast received: android.intent.action.ANY_DATA_STATE apnType=ims
11-01 01:55:10.630 1276-1276 D/MobileDataStateTracker: ims: Received state=DISCONNECTED, old=DISCONNECTED, reason=simLoaded
11-01 01:55:10.630 1276-1276 D/MobileDataStateTracker: mms: Broadcast received: android.intent.action.ANY_DATA_STATE apnType=mms
11-01 01:55:10.630 1276-1276 D/MobileDataStateTracker: mms: Received state=DISCONNECTED, old=DISCONNECTED, reason=simLoaded
11-01 01:55:10.630 1276-1276 D/MobileDataStateTracker: cbs: Broadcast received: android.intent.action.ANY_DATA_STATE apnType=cbs
11-01 01:55:10.630 1276-1276 D/MobileDataStateTracker: cbs: Received state=DISCONNECTED, old=DISCONNECTED, reason=simLoaded
11-01 01:55:10.650 1388-1483 D/dalvikvm: GC_FOR_ALLOC freed 513K, 15% free 3414K/3976K, paused 3ms, total 5ms
11-01 01:55:10.710 1276-1451 D/dalvikvm: GC_FOR_ALLOC freed 264K, 15% free 5658K/6584K, paused 17ms, total 17ms
11-01 01:55:10.710 1276-1276 D/MobileDataStateTracker: default: Broadcast received: android.intent.action.ANY_DATA_STATE apnType=default
11-01 01:55:10.720 1276-1276 D/MobileDataStateTracker: default: Received state=CONNECTING, old=DISCONNECTED, reason=simLoaded
11-01 01:55:10.720 1276-1276 D/MobileDataStateTracker: default: setDetailed state, old =IDLE and new state=CONNECTING
11-01 01:55:10.720 1276-1276 D/MobileDataStateTracker: fota: Broadcast received: android.intent.action.ANY_DATA_STATE apnType=fota
11-01 01:55:10.720 1276-1276 D/MobileDataStateTracker: fota: Received state=DISCONNECTED, old=DISCONNECTED, reason=simLoaded
11-01 01:55:10.720 1276-1276 D/MobileDataStateTracker: ia: Broadcast received: android.intent.action.ANY_DATA_STATE apnType=ia
11-01 01:55:10.730 1276-1276 D/MobileDataStateTracker: ia: Received state=DISCONNECTED, old=DISCONNECTED, reason=simLoaded
11-01 01:55:10.730 1276-1276 D/MobileDataStateTracker: supl: Broadcast received: android.intent.action.ANY_DATA_STATE apnType=supl
11-01 01:55:10.730 1276-1276 D/MobileDataStateTracker: supl: Received state=DISCONNECTED, old=DISCONNECTED, reason=simLoaded
11-01 01:55:10.730 1276-1276 D/MobileDataStateTracker: hipri: Broadcast received: android.intent.action.ANY_DATA_STATE apnType=hipri
11-01 01:55:10.730 1276-1276 D/MobileDataStateTracker: hipri: Received state=DISCONNECTED, old=DISCONNECTED, reason=simLoaded
11-01 01:55:10.730 1276-1276 D/MobileDataStateTracker: ims: Broadcast received: android.intent.action.ANY_DATA_STATE apnType=ims
11-01 01:55:10.730 1276-1276 D/MobileDataStateTracker: ims: Received state=DISCONNECTED, old=DISCONNECTED, reason=simLoaded
11-01 01:55:10.740 1408-1408 D/Launcher.Model: Reload apps on config change. curr_mcc:310 prevmcc:0
11-01 01:55:10.770 1276-1276 D/MobileDataStateTracker: mms: Broadcast received: android.intent.action.ANY_DATA_STATE apnType=mms
11-01 01:55:10.770 1276-1276 D/MobileDataStateTracker: mms: Received state=DISCONNECTED, old=DISCONNECTED, reason=simLoaded
11-01 01:55:10.770 1276-1276 D/MobileDataStateTracker: cbs: Broadcast received: android.intent.action.ANY_DATA_STATE apnType=cbs
11-01 01:55:10.770 1276-1276 D/MobileDataStateTracker: cbs: Received state=DISCONNECTED, old=DISCONNECTED, reason=simLoaded
11-01 01:55:10.830 1333-1333 D/PhoneStatusBar: disable: < expand icons alerts ticker system_info back home RECENT* clock SEARCH*
> 11-01 01:55:10.840 1408-1408 W/EGL_emulation: eglSurfaceAttrib not implemented
11-01 01:55:10.840 1276-1276 D/MobileDataStateTracker: default: Broadcast received: android.intent.action.ANY_DATA_STATE apnType=default
11-01 01:55:10.840 1276-1276 D/MobileDataStateTracker: default: Received state=CONNECTED, old=CONNECTING, reason=connected
11-01 01:55:10.840 1276-1276 D/MobileDataStateTracker: default: setDetailed state, old =CONNECTING and new state=CONNECTED
11-01 01:55:10.840 1276-1322 D/ConnectivityService: ConnectivityChange for mobile: CONNECTED/CONNECTED
11-01 01:55:10.840 1276-1322 D/ConnectivityService: ConnectivityChange checkMobileProvisioning for TYPE_MOBILE or ProvisioningNetwork
11-01 01:55:10.840 1276-1322 D/ConnectivityService: checkMobileProvisioning: E suggestedTimeOutMs=60000
11-01 01:55:10.840 1276-1322 D/ConnectivityService: setProvNotificationVisible: E visible=false networkType=5 extraInfo=null url=null
11-01 01:55:10.840 1276-1322 D/ConnectivityService: checkMobileProvisioning: params={ url=http://clients3.google.com/generate_204 mTimeOutMs=60000 mCb=com.android.server.ConnectivityService$5@a51cbbb0}
11-01 01:55:10.840 1276-1322 D/ConnectivityService: checkMobileProvisioning: X
11-01 01:55:10.890 1276-1322 D/Nat464Xlat: requiresClat: netType=0, hasIPv4Address=true
11-01 01:55:10.910 1276-1586 D/MobileDataStateTracker: default: isProvisioningNetwork: retVal=false
11-01 01:55:10.910 1276-1586 D/ConnectivityService: [CheckMp] isMobileOk: isDefaultProvisioning=false
11-01 01:55:10.910 1276-1586 D/MobileDataStateTracker: hipri: isProvisioningNetwork: retVal=false
11-01 01:55:10.910 1276-1586 D/ConnectivityService: [CheckMp] isMobileOk: isHipriProvisioning=false
11-01 01:55:10.910 1276-1586 D/ConnectivityService: [CheckMp] isMobileOk: start hipri url=http://clients3.google.com/generate_204
11-01 01:55:10.910 1276-1586 D/ConnectivityService: startUsingNetworkFeature reconnecting to 0: enableHIPRI
11-01 01:55:10.910 1276-1586 D/ConnectivityService: startUsingNetworkFeature X: return APN_REQUEST_STARTED
11-01 01:55:10.910 1276-1586 D/ConnectivityService: [CheckMp] isMobileOk: hipri started
11-01 01:55:10.910 1276-1586 D/ConnectivityService: [CheckMp] isMobileOk: not connected ni=NetworkInfo: type: mobile_hipri[LTE], state: DISCONNECTED/IDLE, reason: (unspecified), extra: (none), roaming: false, failover: false, isAvailable: true, isConnectedToProvisioningNetwork: false
11-01 01:55:10.930 1276-1276 D/MobileDataStateTracker: hipri: Broadcast received: android.intent.action.ANY_DATA_STATE apnType=hipri
11-01 01:55:10.940 1276-1276 D/MobileDataStateTracker: hipri: Received state=CONNECTING, old=DISCONNECTED, reason=dataEnabled
11-01 01:55:10.940 1276-1276 D/MobileDataStateTracker: hipri: setDetailed state, old =IDLE and new state=CONNECTING
11-01 01:55:10.950 1276-1290 I/WindowManager: Screen frozen for +1s163ms due to Window{a5267e60 u0 com.android.launcher/com.android.launcher2.Launcher}
11-01 01:55:10.970 1276-1276 D/MobileDataStateTracker: fota: Broadcast received: android.intent.action.ANY_DATA_STATE apnType=fota
11-01 01:55:10.970 1276-1276 D/MobileDataStateTracker: fota: Received state=DISCONNECTED, old=DISCONNECTED, reason=dataEnabled
11-01 01:55:10.970 1276-1276 D/MobileDataStateTracker: ia: Broadcast received: android.intent.action.ANY_DATA_STATE apnType=ia
11-01 01:55:10.970 1276-1276 D/MobileDataStateTracker: ia: Received state=DISCONNECTED, old=DISCONNECTED, reason=dataEnabled
11-01 01:55:10.990 1276-1276 D/MobileDataStateTracker: supl: Broadcast received: android.intent.action.ANY_DATA_STATE apnType=supl
11-01 01:55:10.990 1276-1276 D/MobileDataStateTracker: supl: Received state=DISCONNECTED, old=DISCONNECTED, reason=dataEnabled
11-01 01:55:11.000 1276-1276 D/MobileDataStateTracker: ims: Broadcast received: android.intent.action.ANY_DATA_STATE apnType=ims
11-01 01:55:11.000 1276-1276 D/MobileDataStateTracker: ims: Received state=DISCONNECTED, old=DISCONNECTED, reason=dataEnabled
11-01 01:55:11.040 1276-1276 D/MobileDataStateTracker: mms: Broadcast received: android.intent.action.ANY_DATA_STATE apnType=mms
11-01 01:55:11.040 1276-1276 D/MobileDataStateTracker: mms: Received state=DISCONNECTED, old=DISCONNECTED, reason=dataEnabled
11-01 01:55:11.040 1276-1276 D/MobileDataStateTracker: cbs: Broadcast received: android.intent.action.ANY_DATA_STATE apnType=cbs
11-01 01:55:11.040 1276-1276 D/MobileDataStateTracker: cbs: Received state=DISCONNECTED, old=DISCONNECTED, reason=dataEnabled
11-01 01:55:11.040 1276-1276 D/MobileDataStateTracker: hipri: Broadcast received: android.intent.action.ANY_DATA_STATE apnType=hipri
11-01 01:55:11.040 1276-1276 D/MobileDataStateTracker: hipri: Received state=CONNECTED, old=CONNECTING, reason=dataEnabled
11-01 01:55:11.040 1276-1276 D/MobileDataStateTracker: hipri: setDetailed state, old =CONNECTING and new state=CONNECTED
11-01 01:55:11.040 1276-1322 D/ConnectivityService: ConnectivityChange for mobile_hipri: CONNECTED/CONNECTED
11-01 01:55:11.070 935-1272 I/iptables: iptables: No chain/target/match by that name.
11-01 01:55:11.080 1333-1333 D/dalvikvm: GC_FOR_ALLOC freed 172K, 4% free 6909K/7132K, paused 60ms, total 62ms
11-01 01:55:11.100 1333-1333 E/BluetoothAdapter: Bluetooth binder is null
11-01 01:55:11.100 1333-1333 D/PhoneStatusBar: heads up is disabled
11-01 01:55:11.110 935-1272 I/iptables: iptables terminated by exit(1)
11-01 01:55:11.110 935-1272 E/Netd: exec() res=0, status=256 for /system/bin/iptables -t mangle -A st_mangle_EXEMPT -d 10.0.2.2/32 -j MARK --set-mark 1
11-01 01:55:11.130 1590-1590 E/logwrapper: executing /system/bin/ip failed: No such file or directory
11-01 01:55:11.130 1276-1322 E/ConnectivityService: Exception trying to add a route: java.lang.IllegalStateException: command '12 interface fwmark exempt add 10.0.2.2/32' failed with '400 12 Failed to add exemption rule (File exists)'
11-01 01:55:11.140 935-1272 I/iptables: iptables: No chain/target/match by that name.
11-01 01:55:11.140 935-1272 I/iptables: iptables terminated by exit(1)
11-01 01:55:11.140 935-1272 E/Netd: exec() res=0, status=256 for /system/bin/iptables -t mangle -A st_mangle_EXEMPT -d 10.0.2.3/32 -j MARK --set-mark 1
11-01 01:55:11.140 1592-1592 E/logwrapper: executing /system/bin/ip failed: No such file or directory
11-01 01:55:11.140 1276-1322 E/ConnectivityService: Exception trying to add a route: java.lang.IllegalStateException: command '14 interface fwmark exempt add 10.0.2.3/32' failed with '400 14 Failed to add exemption rule (File exists)'
11-01 01:55:11.180 935-1272 I/iptables: iptables: No chain/target/match by that name.
11-01 01:55:11.180 935-1272 I/iptables: iptables terminated by exit(1)
11-01 01:55:11.180 935-1272 E/Netd: exec() res=0, status=256 for /system/bin/iptables -t mangle -A st_mangle_EXEMPT -d 10.0.2.2/32 -j MARK --set-mark 1
11-01 01:55:11.190 1594-1594 E/logwrapper: executing /system/bin/ip failed: No such file or directory
11-01 01:55:11.240 1276-1322 E/ConnectivityService: Exception trying to add a route: java.lang.IllegalStateException: command '16 interface fwmark exempt add 10.0.2.2/32' failed with '400 16 Failed to add exemption rule (File exists)'
11-01 01:55:11.270 935-1272 I/iptables: iptables: No chain/target/match by that name.
11-01 01:55:11.270 935-1272 I/iptables: iptables terminated by exit(1)
11-01 01:55:11.270 935-1272 E/Netd: exec() res=0, status=256 for /system/bin/iptables -t mangle -A st_mangle_EXEMPT -d 10.0.2.4/32 -j MARK --set-mark 1
11-01 01:55:11.290 1408-1408 D/dalvikvm: GC_FOR_ALLOC freed 776K, 10% free 7444K/8268K, paused 55ms, total 66ms
11-01 01:55:11.300 1333-1333 D/dalvikvm: GC_FOR_ALLOC freed 81K, 3% free 7308K/7500K, paused 4ms, total 4ms
11-01 01:55:11.300 1333-1333 I/dalvikvm-heap: Grow heap (frag case) to 10.111MB for 3072012-byte allocation
11-01 01:55:11.310 1333-1343 D/dalvikvm: GC_FOR_ALLOC freed <1K, 2% free 10308K/10504K, paused 3ms, total 3ms
11-01 01:55:11.330 1596-1596 E/logwrapper: executing /system/bin/ip failed: No such file or directory
11-01 01:55:11.330 1597-1597 E/logwrapper: executing /system/bin/ip failed: No such file or directory
11-01 01:55:11.330 935-1272 E/SecondaryTablController: ip route add failed: /system/bin/ip route add 10.0.2.2/32 via 0.0.0.0 dev eth0 table 60
11-01 01:55:11.330 1276-1322 E/ConnectivityService: Exception trying to add a route: java.lang.IllegalStateException: command '18 interface fwmark exempt add 10.0.2.4/32' failed with '400 18 Failed to add exemption rule (File exists)'
11-01 01:55:11.330 1276-1322 E/ConnectivityService: Exception trying to add a route: java.lang.IllegalStateException: command '19 interface route add eth0 secondary 10.0.2.2 32 0.0.0.0' failed with '400 19 ip route modification failed (No such device)'
11-01 01:55:11.340 1598-1598 E/logwrapper: executing /system/bin/ip failed: No such file or directory
11-01 01:55:11.340 935-1272 E/SecondaryTablController: ip route add failed: /system/bin/ip route add 0.0.0.0/0 via 10.0.2.2 dev eth0 table 60
11-01 01:55:11.340 935-1272 W/FrameworkListener: Handler 'interface' error (No such device)
11-01 01:55:11.340 1276-1322 E/ConnectivityService: Exception trying to add a route: java.lang.IllegalStateException: command '20 interface route add eth0 secondary 0.0.0.0 0 10.0.2.2' failed with '400 20 ip route modification failed (No such device)'
11-01 01:55:11.340 1276-1322 D/Nat464Xlat: requiresClat: netType=5, hasIPv4Address=true
11-01 01:55:11.350 935-1272 W/FrameworkListener: Handler 'interface' error (No such device)
11-01 01:55:11.440 1408-1408 W/EGL_emulation: eglSurfaceAttrib not implemented
11-01 01:55:11.440 1333-1333 D/dalvikvm: GC_FOR_ALLOC freed 1K, 2% free 10307K/10504K, paused 50ms, total 50ms
11-01 01:55:11.480 1333-1333 I/dalvikvm-heap: Grow heap (frag case) to 17.122MB for 7352332-byte allocation
11-01 01:55:11.500 1333-1346 D/dalvikvm: GC_FOR_ALLOC freed <1K, 2% free 17487K/17688K, paused 17ms, total 17ms [
11-01 01:55:11.610 1333: 1333 D/ ] HostConnection::get() New Host Connection established 0xb9309410, tid 1333
11-01 01:55:11.770 1333-1333 I/Choreographer: Skipped 393 frames! The application may be doing too much work on its main thread.
11-01 01:55:11.840 1276-1431 D/dalvikvm: GC_FOR_ALLOC freed 587K, 13% free 5766K/6584K, paused 20ms, total 23ms
11-01 01:55:11.930 1276-1586 D/MobileDataStateTracker: hipri: isProvisioningNetwork: retVal=false
11-01 01:55:11.930 1276-1586 D/ConnectivityService: [CheckMp] isMobileOk: isProvisioningNetwork is false, continue
11-01 01:55:11.960 1276-1586 D/ConnectivityService: [CheckMp] isMobileOk: addresses=clients3.google.com/212.104.78.19,clients3.google.com/212.104.78.23,clients3.google.com/212.104.78.27,clients3.google.com/212.104.78.29,clients3.google.com/212.104.78.30,clients3.google.com/212.104.78.34,clients3.google.com/212.104.78.38,clients3.google.com/212.104.78.42,clients3.google.com/212.104.78.44,clients3.google.com/212.104.78.45,clients3.google.com/212.104.78.49,clients3.google.com/212.104.78.53,clients3.google.com/212.104.78.57,clients3.google.com/212.104.78.59,clients3.google.com/212.104.78.15
11-01 01:55:11.960 935-1272 I/iptables: iptables: No chain/target/match by that name.
11-01 01:55:11.960 1276-1586 D/ConnectivityService: [CheckMp] isMobileOk: linkHasIpv4=true linkHasIpv6=false
11-01 01:55:11.990 935-1272 I/iptables: iptables terminated by exit(1)
11-01 01:55:11.990 935-1272 E/Netd: exec() res=0, status=256 for /system/bin/iptables -t mangle -A st_mangle_EXEMPT -d 10.0.2.2/32 -j MARK --set-mark 1
11-01 01:55:11.990 1605-1605 E/logwrapper: executing /system/bin/ip failed: No such file or directory
11-01 01:55:12.030 1276-1586 E/ConnectivityService: Exception trying to add a route: java.lang.IllegalStateException: command '22 interface fwmark exempt add 10.0.2.2/32' failed with '400 22 Failed to add exemption rule (File exists)'
11-01 01:55:12.100 935-1272 I/iptables: iptables: No chain/target/match by that name.
11-01 01:55:12.140 935-1272 I/iptables: iptables terminated by exit(1)
11-01 01:55:12.140 935-1272 E/Netd: exec() res=0, status=256 for /system/bin/iptables -t mangle -A st_mangle_EXEMPT -d 212.104.78.23/32 -j MARK --set-mark 1
11-01 01:55:12.150 1608-1608 E/logwrapper: executing /system/bin/ip failed: No such file or directory
11-01 01:55:12.180 1276-1586 E/ConnectivityService: Exception trying to add a route: java.lang.IllegalStateException: command '24 interface fwmark exempt add 212.104.78.23/32' failed with '400 24 Failed to add exemption rule (File exists)'
11-01 01:55:12.180 1276-1586 D/ConnectivityService: requestRouteToHostAddress ok=false
11-01 01:55:12.180 1276-1586 D/ConnectivityService: [CheckMp] isMobileOk: could not establish route to hostAddr=clients3.google.com/212.104.78.23
11-01 01:55:12.200 1333-1333 D/dalvikvm: GC_FOR_ALLOC freed 12048K, 62% free 7484K/19580K, paused 16ms, total 28ms
11-01 01:55:12.290 1333-1333 W/EGL_emulation: eglSurfaceAttrib not implemented
11-01 01:55:12.300 1333-1333 D/OpenGLRenderer: Enabling debug mode 0
11-01 01:55:12.400 1333-1333 W/EGL_emulation: eglSurfaceAttrib not implemented
11-01 01:55:12.550 1333-1333 W/EGL_emulation: eglSurfaceAttrib not implemented
11-01 01:55:12.650 1276-1609 D/dalvikvm: GC_FOR_ALLOC freed 663K, 13% free 5786K/6584K, paused 8ms, total 10ms
11-01 01:55:12.650 1276-1609 I/dalvikvm-heap: Grow heap (frag case) to 5.845MB for 146730-byte allocation
11-01 01:55:12.660 1276-1609 D/dalvikvm: GC_FOR_ALLOC freed 1K, 12% free 5928K/6728K, paused 15ms, total 15ms
11-01 01:55:12.750 1276-1453 D/dalvikvm: GC_FOR_ALLOC freed 209K, 13% free 5874K/6728K, paused 54ms, total 55ms
11-01 01:55:12.760 1333-1333 D/PhoneStatusBar: mSettingsPanelGravity = 55
11-01 01:55:12.980 1276-1290 D/dalvikvm: GC_EXPLICIT freed 444K, 16% free 5673K/6728K, paused 0ms+2ms, total 14ms
11-01 01:55:12.990 1462-1522 I/ContactLocale: AddressBook Labels [ru_RU]: [, А, Б, В, Г, Д, Е, Є, Ж, З, И, І, Й, К, Л, М, Н, О, П, Р, С, Т, У, Ф, Х, Ц, Ч, Ш, Щ, Ы, Э, Ю, Я, , A, B, C, D, E, F, G, H, I, J, K, L, M, N, O, P, Q, R, S, T, U, V, W, X, Y, Z, Α, Β, Γ, Δ, Ε, Ζ, Η, Θ, Ι, Κ, Λ, Μ, Ν, Ξ, Ο, Π, Ρ, Σ, Τ, Υ, Φ, Χ, Ψ, Ω, , א, ב, ג, ד, ה, ו, ז, ח, ט, י, כ, ל, מ, נ, ס, ע, פ, צ, ק, ר, ש, ת, , ا, ب, ت, ث, ج, ح, خ, د, ذ, ر, ز, س, ش, ص, ض, ط, ظ, ع, غ, ف, ق, ك, ل, م, ن, ه, و, ي, , ก, ข, ฃ, ค, ฅ, ฆ, ง, จ, ฉ, ช, ซ, ฌ, ญ, ฎ, ฏ, ฐ, ฑ, ฒ, ณ, ด, ต, ถ, ท, ธ, น, บ, ป, ผ, ฝ, พ, ฟ, ภ, ม, ย, ร, ฤ, ล, ฦ, ว, ศ, ษ, ส, ห, ฬ, อ, ฮ, , ㄱ, ㄴ, ㄷ, ㄹ, ㅁ, ㅂ, ㅅ, ㅇ, ㅈ, ㅊ, ㅋ, ㅌ, ㅍ, ㅎ, , あ, か, さ, た, な, は, ま, や, ら, わ, #, ]
11-01 01:55:13.060 1276-1525 I/ActivityManager: Start proc com.android.dialer for broadcast com.android.dialer/.calllog.CallLogReceiver: pid=1612 uid=10004 gids={50004, 3003, 1028, 1015}
11-01 01:55:13.110 1333-1333 I/Choreographer: Skipped 79 frames! The application may be doing too much work on its main thread.
11-01 01:55:13.500 1612-1612 D/ExtensionsFactory: No custom extensions.
11-01 01:55:13.520 1276-1451 I/ActivityManager: Delay finish: com.android.dialer/.calllog.CallLogReceiver
11-01 01:55:13.610 1408-1449 D/dalvikvm: GC_FOR_ALLOC freed 1141K, 16% free 7651K/9004K, paused 368ms, total 372ms
11-01 01:55:13.690 938-1007 I/SurfaceFlinger: Boot is finished (24145 ms)
11-01 01:55:13.710 1028-1115 E/EGL_emulation: tid 1115: eglMakeCurrent(917): error 0x3001 (EGL_NOT_INITIALIZED)
11-01 01:55:13.740 1276-1525 I/ActivityManager: Resuming delayed broadcast
11-01 01:55:13.770 1276-1327 E/SoundPool: error loading /system/media/audio/ui/Effect_Tick.ogg
11-01 01:55:13.770 1276-1327 W/AudioService: Soundpool could not load file: /system/media/audio/ui/Effect_Tick.ogg
11-01 01:55:13.770 1276-1327 E/SoundPool: error loading /system/media/audio/ui/Effect_Tick.ogg
11-01 01:55:13.770 1276-1327 W/AudioService: Soundpool could not load file: /system/media/audio/ui/Effect_Tick.ogg
11-01 01:55:13.770 1276-1327 E/SoundPool: error loading /system/media/audio/ui/Effect_Tick.ogg
11-01 01:55:13.770 1276-1327 W/AudioService: Soundpool could not load file: /system/media/audio/ui/Effect_Tick.ogg
11-01 01:55:13.770 1276-1327 E/SoundPool: error loading /system/media/audio/ui/Effect_Tick.ogg
11-01 01:55:13.770 1276-1327 W/AudioService: Soundpool could not load file: /system/media/audio/ui/Effect_Tick.ogg
11-01 01:55:13.770 1276-1327 E/SoundPool: error loading /system/media/audio/ui/Effect_Tick.ogg
11-01 01:55:13.770 1276-1327 W/AudioService: Soundpool could not load file: /system/media/audio/ui/Effect_Tick.ogg
11-01 01:55:13.770 1276-1327 E/SoundPool: error loading /system/media/audio/ui/KeypressStandard.ogg
11-01 01:55:13.770 1276-1327 W/AudioService: Soundpool could not load file: /system/media/audio/ui/KeypressStandard.ogg
11-01 01:55:13.770 1276-1327 E/SoundPool: error loading /system/media/audio/ui/KeypressSpacebar.ogg
11-01 01:55:13.770 1276-1327 W/AudioService: Soundpool could not load file: /system/media/audio/ui/KeypressSpacebar.ogg
11-01 01:55:13.770 1276-1327 E/SoundPool: error loading /system/media/audio/ui/KeypressDelete.ogg
11-01 01:55:13.770 1276-1327 W/AudioService: Soundpool could not load file: /system/media/audio/ui/KeypressDelete.ogg
11-01 01:55:13.770 1276-1327 E/SoundPool: error loading /system/media/audio/ui/KeypressReturn.ogg
11-01 01:55:13.780 1276-1327 W/AudioService: Soundpool could not load file: /system/media/audio/ui/KeypressReturn.ogg
11-01 01:55:13.780 1276-1327 E/SoundPool: error loading /system/media/audio/ui/KeypressInvalid.ogg
11-01 01:55:13.780 1276-1327 W/AudioService: Soundpool could not load file: /system/media/audio/ui/KeypressInvalid.ogg
11-01 01:55:13.780 1276-1327 W/AudioService: onLoadSoundEffects(), Error -1 while loading samples
11-01 01:55:13.790 1276-1276 E/BluetoothAdapter: Bluetooth binder is null
11-01 01:55:13.800 1276-1276 E/BluetoothAdapter: Bluetooth binder is null
11-01 01:55:13.850 1276-1301 I/PowerManagerService: Boot animation finished.
11-01 01:55:13.930 1276-1631 I/RecoverySystem: No recovery log file
11-01 01:55:13.930 1276-1276 I/ActivityManager: Start proc com.android.providers.calendar for broadcast com.android.providers.calendar/.CalendarReceiver: pid=1632 uid=10001 gids={50001, 3003, 1028, 1015}
11-01 01:55:13.940 1276-1631 I/BootReceiver: Copying audit failures to DropBox
11-01 01:55:13.940 1276-1631 I/BootReceiver: Checking for fsck errors
11-01 01:55:13.950 1276-1296 D/Tethering: MasterInitialState.processMessage what=3
11-01 01:55:13.950 1276-1357 D/CaptivePortalTracker: NoActiveNetworkState{ when=-14ms what=1 obj=NetworkInfo: type: mobile[LTE], state: CONNECTED/CONNECTED, reason: connected, extra: epc.tmobile.com, roaming: false, failover: false, isAvailable: true, isConnectedToProvisioningNetwork: false target=com.android.internal.util.StateMachine$SmHandler }
11-01 01:55:13.950 1276-1357 D/CaptivePortalTracker: NoActiveNetworkState not a wifi connectivity change, ignore
11-01 01:55:14.080 1276-1555 D/dalvikvm: GC_FOR_ALLOC freed 573K, 15% free 5761K/6728K, paused 28ms, total 28ms
11-01 01:55:14.130 1333-1333 D/PhoneStatusBar: disable: < expand icons alerts ticker system_info BACK* HOME* RECENT CLOCK* SEARCH
> 11-01 01:55:14.130 1333-1333 I/Choreographer: Skipped 60 frames! The application may be doing too much work on its main thread.
11-01 01:55:14.330 1276-1337 D/GpsLocationProvider: NTP server returned: 1477979716620 (Tue Nov 01 01:55:16 EDT 2016) reference: 26342 certainty: 14 system time offset: 2281
11-01 01:55:14.350 1632-1632 I/CalendarProvider2: Created com.android.providers.calendar.CalendarAlarmManager@a5008cc0(com.android.providers.calendar.CalendarProvider2@a50002f0)
11-01 01:55:14.400 1501-1651 D/dalvikvm: GC_FOR_ALLOC freed 281K, 10% free 3107K/3436K, paused 3ms, total 3ms
11-01 01:55:14.400 1276-1524 I/ActivityManager: Delay finish: com.android.providers.downloads/.DownloadReceiver
11-01 01:55:14.410 1276-1296 D/Tethering: MasterInitialState.processMessage what=3
11-01 01:55:14.410 1276-1357 D/CaptivePortalTracker: NoActiveNetworkState{ when=0 what=1 obj=NetworkInfo: type: mobile_hipri[LTE], state: CONNECTED/CONNECTED, reason: dataEnabled, extra: epc.tmobile.com, roaming: false, failover: false, isAvailable: true, isConnectedToProvisioningNetwork: false target=com.android.internal.util.StateMachine$SmHandler }
11-01 01:55:14.410 1276-1357 D/CaptivePortalTracker: NoActiveNetworkState not a wifi connectivity change, ignore
11-01 01:55:14.440 1276-1430 I/ActivityManager: Resuming delayed broadcast
11-01 01:55:14.440 1276-1453 I/ActivityManager: Delay finish: com.android.providers.media/.MediaScannerReceiver
11-01 01:55:14.510 1333-1333 D/dalvikvm: GC_FOR_ALLOC freed 1392K, 62% free 7625K/19580K, paused 4ms, total 12ms
11-01 01:55:14.580 1276-1525 D/dalvikvm: GC_FOR_ALLOC freed 760K, 15% free 5723K/6728K, paused 21ms, total 25ms
11-01 01:55:14.640 1333-1333 D/dalvikvm: GC_FOR_ALLOC freed 811K, 58% free 8396K/19580K, paused 26ms, total 26ms
11-01 01:55:14.750 1276-1453 D/dalvikvm: GC_FOR_ALLOC freed 462K, 15% free 5773K/6728K, paused 20ms, total 23ms
11-01 01:55:14.780 1333-1333 I/Choreographer: Skipped 38 frames! The application may be doing too much work on its main thread.
11-01 01:55:15.210 935-1272 I/iptables: iptables: No chain/target/match by that name.
11-01 01:55:15.260 935-1272 I/iptables: iptables terminated by exit(1)
11-01 01:55:15.260 935-1272 E/Netd: exec() res=0, status=256 for /system/bin/iptables -t mangle -A st_mangle_EXEMPT -d 10.0.2.2/32 -j MARK --set-mark 1
11-01 01:55:15.260 1656-1656 E/logwrapper: executing /system/bin/ip failed: No such file or directory
11-01 01:55:15.260 935-1272 I/iptables: iptables: No chain/target/match by that name.
11-01 01:55:15.260 935-1272 I/iptables: iptables terminated by exit(1)
11-01 01:55:15.260 935-1272 E/Netd: exec() res=0, status=256 for /system/bin/iptables -t mangle -A st_mangle_EXEMPT -d 212.104.78.34/32 -j MARK --set-mark 1
11-01 01:55:15.260 1276-1586 E/ConnectivityService: Exception trying to add a route: java.lang.IllegalStateException: command '26 interface fwmark exempt add 10.0.2.2/32' failed with '400 26 Failed to add exemption rule (File exists)'
11-01 01:55:15.280 1658-1658 E/logwrapper: executing /system/bin/ip failed: No such file or directory
11-01 01:55:15.290 1276-1586 E/ConnectivityService: Exception trying to add a route: java.lang.IllegalStateException: command '28 interface fwmark exempt add 212.104.78.34/32' failed with '400 28 Failed to add exemption rule (File exists)'
11-01 01:55:15.290 1276-1586 D/ConnectivityService: requestRouteToHostAddress ok=false
11-01 01:55:15.290 1276-1586 D/ConnectivityService: [CheckMp] isMobileOk: could not establish route to hostAddr=clients3.google.com/212.104.78.34
11-01 01:55:15.410 1632-1632 I/CalendarProvider2: Sending notification intent: Intent { act=android.intent.action.PROVIDER_CHANGED dat=content://com.android.calendar }
11-01 01:55:15.410 1632-1632 W/ContentResolver: Failed to get type for: content://com.android.calendar (Unknown URL content://com.android.calendar)
11-01 01:55:15.410 1276-1431 I/ActivityManager: Resuming delayed broadcast
11-01 01:55:15.490 1276-1453 I/ActivityManager: Start proc com.android.mms for broadcast com.android.mms/.transaction.MmsSystemEventReceiver: pid=1659 uid=10009 gids={50009, 3003, 1028, 1015}
11-01 01:55:15.610 1659-1665 D/dalvikvm: Debugger has detached; object registry had 1 entries
11-01 01:55:15.830 1276-1453 D/CountryDetector: The first listener is added
11-01 01:55:15.940 1276-1524 I/ActivityManager: Delay finish: com.android.mms/.transaction.MmsSystemEventReceiver
11-01 01:55:15.970 1659-1680 D/Mms:app: cancelNotification
11-01 01:55:16.070 1659-1662 D/dalvikvm: GC_CONCURRENT freed 207K, 8% free 3072K/3336K, paused 0ms+0ms, total 45ms
