11-01 01:56:57.139 1842-1862 D/IoThreadClientInvocationHandler: isMainFrame=false for http://m.e1.ru/news/static/f7c42be08f561b81a033bc25be5d28c2_76_76_c.jpg
11-01 01:56:57.159 1842-1862 D/AdblockWebView: Allowed loading http://m.e1.ru/news/static/f7c42be08f561b81a033bc25be5d28c2_76_76_c.jpg
11-01 01:56:57.169 1842-1862 D/IoThreadClientInvocationHandler: isMainFrame=false for http://m.e1.ru/news/static/fefad56081affeaef375e2f2230d897b_76_76_c.jpg
11-01 01:56:57.169 1842-1862 D/AdblockWebView: Allowed loading http://m.e1.ru/news/static/fefad56081affeaef375e2f2230d897b_76_76_c.jpg
11-01 01:56:57.199 1842-1862 D/IoThreadClientInvocationHandler: isMainFrame=false for http://reklama.e1.ru/ap-js/?pid=27001&w=100%25&h=90px&asb=5cf5983d6c25&sn=back1.core.e1.ru&ru=&ts=1477979721&avc=9&s=dbadb97aeeac3f16f3d12b5e0da5145d&mobile=1
11-01 01:56:57.199 1842-1862 W/AdblockWebView: Blocked loading http://reklama.e1.ru/ap-js/?pid=27001&w=100%25&h=90px&asb=5cf5983d6c25&sn=back1.core.e1.ru&ru=&ts=1477979721&avc=9&s=dbadb97aeeac3f16f3d12b5e0da5145d&mobile=1
11-01 01:56:57.209 1842-1862 D/IoThreadClientInvocationHandler: isMainFrame=false for http://m.e1.ru/news/static/9bc37cb77762bb9796d80dbdebd050a6_76_76_c.jpg
11-01 01:56:57.209 1842-1862 D/AdblockWebView: Allowed loading http://m.e1.ru/news/static/9bc37cb77762bb9796d80dbdebd050a6_76_76_c.jpg
11-01 01:56:57.319 1842-1862 D/IoThreadClientInvocationHandler: isMainFrame=false for http://reklama.e1.ru/ap-js/?pid=27031&w=100%25&h=90px&asb=9e7e08e2ff19&sn=m.e1.ru&ru=&ts=1477979721&avc=9&s=ac40e873e1f3d3540597b2cb09456b7a&mobile=1
11-01 01:56:57.319 1842-1862 W/AdblockWebView: Blocked loading http://reklama.e1.ru/ap-js/?pid=27031&w=100%25&h=90px&asb=9e7e08e2ff19&sn=m.e1.ru&ru=&ts=1477979721&avc=9&s=ac40e873e1f3d3540597b2cb09456b7a&mobile=1
11-01 01:56:57.339 1842-1862 D/IoThreadClientInvocationHandler: isMainFrame=false for http://m.e1.ru/news/static/7b22a731fd8105a0ded5dc1fc3c2498a_76_76_c.jpg
11-01 01:56:57.339 1842-1862 D/AdblockWebView: Allowed loading http://m.e1.ru/news/static/7b22a731fd8105a0ded5dc1fc3c2498a_76_76_c.jpg
11-01 01:56:57.569 1842-1842 D/AdblockWebView: Loading progress=50%
11-01 01:56:57.579 1842-1862 D/IoThreadClientInvocationHandler: isMainFrame=false for http://reklama.e1.ru/ap-js/?pid=26971&w=100%25&h=200px&asb=879930982073&sn=back1.core.e1.ru&ru=&ts=1477979721&avc=9&s=619e992dc47c0ac213cb1bd6f0ea1984&mobile=1
11-01 01:56:57.579 1842-1862 W/AdblockWebView: Blocked loading http://reklama.e1.ru/ap-js/?pid=26971&w=100%25&h=200px&asb=879930982073&sn=back1.core.e1.ru&ru=&ts=1477979721&avc=9&s=619e992dc47c0ac213cb1bd6f0ea1984&mobile=1
11-01 01:56:57.609 1842-1862 D/IoThreadClientInvocationHandler: isMainFrame=false for http://m.e1.ru/news/images/main/0/2080.jpg
11-01 01:56:57.619 1842-1862 D/AdblockWebView: Allowed loading http://m.e1.ru/news/images/main/0/2080.jpg
11-01 01:56:57.659 1842-1862 D/IoThreadClientInvocationHandler: isMainFrame=false for http://m.e1.ru/news/images/main/0/2079.jpg
11-01 01:56:57.659 1842-1862 D/AdblockWebView: Allowed loading http://m.e1.ru/news/images/main/0/2079.jpg
11-01 01:56:57.679 1842-1862 D/IoThreadClientInvocationHandler: isMainFrame=false for http://m.e1.ru/news/images/main/0/2077.jpg
11-01 01:56:57.679 1842-1862 D/AdblockWebView: Allowed loading http://m.e1.ru/news/images/main/0/2077.jpg
11-01 01:56:57.709 1842-1862 D/IoThreadClientInvocationHandler: isMainFrame=false for http://m.e1.ru/news/images/main/454/937/12.jpg
11-01 01:56:57.709 1842-1862 D/AdblockWebView: Allowed loading http://m.e1.ru/news/images/main/454/937/12.jpg
11-01 01:56:57.759 1842-1862 D/IoThreadClientInvocationHandler: isMainFrame=false for http://m.e1.ru/news/images/main/454/905/12.jpg
11-01 01:56:57.759 1842-1862 D/AdblockWebView: Allowed loading http://m.e1.ru/news/images/main/454/905/12.jpg
11-01 01:56:57.799 1842-1862 D/IoThreadClientInvocationHandler: isMainFrame=false for http://m.e1.ru/news/images/main/0/2074.jpg
11-01 01:56:57.799 1842-1862 D/AdblockWebView: Allowed loading http://m.e1.ru/news/images/main/0/2074.jpg
11-01 01:56:57.819 1842-1862 D/IoThreadClientInvocationHandler: isMainFrame=false for http://m.e1.ru/news/images/main/0/2072.jpg
11-01 01:56:57.819 1842-1862 D/AdblockWebView: Allowed loading http://m.e1.ru/news/images/main/0/2072.jpg
11-01 01:56:57.849 1842-1862 D/IoThreadClientInvocationHandler: isMainFrame=false for http://m.e1.ru/news/images/main/0/2071.jpg
11-01 01:56:57.859 1842-1862 D/AdblockWebView: Allowed loading http://m.e1.ru/news/images/main/0/2071.jpg
11-01 01:56:57.909 1842-1842 D/AdblockWebView: Loading progress=50%
11-01 01:56:57.999 1842-1862 D/IoThreadClientInvocationHandler: isMainFrame=false for http://m.e1.ru/news/images/main/0/2070.jpg
11-01 01:56:57.999 1842-1862 D/AdblockWebView: Allowed loading http://m.e1.ru/news/images/main/0/2070.jpg
11-01 01:56:58.439 1842-1862 D/IoThreadClientInvocationHandler: isMainFrame=false for http://m.e1.ru/news/images/main/454/865/11.jpg
11-01 01:56:58.439 1842-1862 D/AdblockWebView: Allowed loading http://m.e1.ru/news/images/main/454/865/11.jpg
11-01 01:56:58.699 1842-1862 D/IoThreadClientInvocationHandler: isMainFrame=false for http://www.e1.ru/news/static/609db8d9f3b483f32b82047242770709_76_76_c.jpg
11-01 01:56:58.699 1842-1862 D/AdblockWebView: Allowed loading http://www.e1.ru/news/static/609db8d9f3b483f32b82047242770709_76_76_c.jpg
11-01 01:56:58.889 1842-1862 D/IoThreadClientInvocationHandler: isMainFrame=false for http://static.ngs.ru/news/54/preview/1573819781d78361c95c82594c54b6aa0cf09805_76_76_c.jpeg
11-01 01:56:58.899 1842-1862 D/AdblockWebView: Allowed loading http://static.ngs.ru/news/54/preview/1573819781d78361c95c82594c54b6aa0cf09805_76_76_c.jpeg
11-01 01:56:58.899 1842-1862 D/IoThreadClientInvocationHandler: isMainFrame=false for http://static.ngs.ru/news/54/preview/53f7cc5408638cf6c72a4338d0b780b0062673f3_76_76_c.jpeg
11-01 01:56:58.899 1842-1862 D/AdblockWebView: Allowed loading http://static.ngs.ru/news/54/preview/53f7cc5408638cf6c72a4338d0b780b0062673f3_76_76_c.jpeg
11-01 01:56:58.909 1842-1862 D/IoThreadClientInvocationHandler: isMainFrame=false for http://m.e1.ru/static/img/f1.png
11-01 01:56:58.909 1842-1862 D/AdblockWebView: Allowed loading http://m.e1.ru/static/img/f1.png
11-01 01:56:58.909 1842-1842 D/AdblockWebView: JS: level=LOG, message="onreadystatechange() event fired (interactive)", sourceId="", line=43
11-01 01:56:58.909 1842-1842 I/chromium: [INFO:CONSOLE(43)] "onreadystatechange() event fired (interactive)", source: (43)
11-01 01:56:58.929 1842-1862 D/IoThreadClientInvocationHandler: isMainFrame=false for http://m.e1.ru/static/img/f2.png
11-01 01:56:58.929 1842-1862 D/AdblockWebView: Allowed loading http://m.e1.ru/static/img/f2.png
11-01 01:56:58.969 1842-1842 D/AdblockWebView: JS: level=LOG, message="starting injecting css rules", sourceId="", line=12
11-01 01:56:58.969 1842-1842 I/chromium: [INFO:CONSOLE(12)] "starting injecting css rules", source: (12)
11-01 01:56:58.979 1842-1862 D/IoThreadClientInvocationHandler: isMainFrame=false for http://m.e1.ru/static/img/f3.png
11-01 01:56:58.979 1842-1862 D/AdblockWebView: Allowed loading http://m.e1.ru/static/img/f3.png
11-01 01:56:58.999 1842-2510 D/AdblockWebView: Waiting for elemhide selectors to be ready
11-01 01:56:58.999 1842-2510 D/AdblockWebView: Elemhide selectors ready, 319516 bytes
11-01 01:56:58.999 1842-2510 D/AdblockWebView: Clearing referrers
11-01 01:56:59.029 1842-1862 D/IoThreadClientInvocationHandler: isMainFrame=false for http://m.e1.ru/static/img/up_orange.png
11-01 01:56:59.029 1842-1862 D/AdblockWebView: Allowed loading http://m.e1.ru/static/img/up_orange.png
11-01 01:56:59.179 1842-1842 D/AdblockWebView: JS: level=LOG, message="parsed selectors: 17636", sourceId="", line=14
11-01 01:56:59.179 1842-1842 I/chromium: [INFO:CONSOLE(14)] "parsed selectors: 17636", source: (14)
11-01 01:56:59.559 1842-1842 D/AdblockWebView: JS: level=LOG, message="finished injecting css rules", sourceId="", line=30
11-01 01:56:59.559 1842-1842 I/chromium: [INFO:CONSOLE(30)] "finished injecting css rules", source: (30)
11-01 01:56:59.569 1842-1842 D/AdblockWebView: Stop prevent drawing, invalidating
11-01 01:56:59.599 1842-1842 E/eglCodecCommon: glUtilsParamSize: unknow param 0x00000b44
11-01 01:56:59.599 1842-1842 E/eglCodecCommon: glUtilsParamSize: unknow param 0x00000bd0
11-01 01:56:59.629 1842-1842 E/eglCodecCommon: **** ERROR unknown type 0x6e0061 (glSizeof,72)
11-01 01:56:59.629 1842-1842 D/AdblockWebView: Loading progress=52%
11-01 01:56:59.719 1842-1842 D/AdblockWebView: Loading progress=53%
11-01 01:56:59.879 1842-1842 D/AdblockWebView: Loading progress=63%
11-01 01:57:00.299 1842-1842 E/eglCodecCommon: glUtilsParamSize: unknow param 0x00000b44
11-01 01:57:00.299 1842-1842 E/eglCodecCommon: glUtilsParamSize: unknow param 0x00000bd0
11-01 01:57:00.299 1842-1842 E/eglCodecCommon: **** ERROR unknown type 0x6e0061 (glSizeof,72)
11-01 01:57:00.319 1842-1862 D/IoThreadClientInvocationHandler: isMainFrame=false for https://tt.onthe.io/?k[]=12632:pageviews_instant[depth:1,url:%2F,browser:Chrome,referrer:direct,device:smart%20(Android),lifetime:0,browser_version:Chrome%204,user_type:new,returned:new,domain:m.e1.ru,sp:%2F,cdn_version:2]&s=68f457b8f20b25b1405898689b08349c&1477979820318
11-01 01:57:00.339 1842-1862 D/AdblockWebView: Allowed loading https://tt.onthe.io/?k[]=12632:pageviews_instant[depth:1,url:%2F,browser:Chrome,referrer:direct,device:smart%20(Android),lifetime:0,browser_version:Chrome%204,user_type:new,returned:new,domain:m.e1.ru,sp:%2F,cdn_version:2]&s=68f457b8f20b25b1405898689b08349c&1477979820318
11-01 01:57:00.339 1842-1862 D/IoThreadClientInvocationHandler: isMainFrame=false for http://partner.googleadservices.com/gpt/pubads_impl_104.js
11-01 01:57:00.339 1842-1862 W/AdblockWebView: http://partner.googleadservices.com/gpt/pubads_impl_104.js document is whitelisted, allow loading
11-01 01:57:00.409 1842-1862 D/IoThreadClientInvocationHandler: isMainFrame=false for http://www.google-analytics.com/plugins/ga/inpage_linkid.js
11-01 01:57:00.409 1842-1862 D/AdblockWebView: Allowed loading http://www.google-analytics.com/plugins/ga/inpage_linkid.js
11-01 01:57:00.439 1842-1862 D/IoThreadClientInvocationHandler: isMainFrame=false for http://www.tns-counter.ru/V13a***R%3E*hfs_ru/ru/UTF-8/tmsec=e1_news/939172645
11-01 01:57:00.439 1842-1862 D/AdblockWebView: Allowed loading http://www.tns-counter.ru/V13a***R%3E*hfs_ru/ru/UTF-8/tmsec=e1_news/939172645
11-01 01:57:00.599 1842-1842 D/AdblockWebView: Loading progress=64%
11-01 01:57:00.719 1842-1842 D/AdblockWebView: Loading progress=73%
11-01 01:57:00.899 1842-1842 D/AdblockWebView: Loading progress=87%
11-01 01:57:01.029 1842-1842 E/eglCodecCommon: glUtilsParamSize: unknow param 0x00000b44
11-01 01:57:01.029 1842-1842 E/eglCodecCommon: glUtilsParamSize: unknow param 0x00000bd0
11-01 01:57:01.089 1842-1862 D/IoThreadClientInvocationHandler: isMainFrame=false for https://mc.yandex.ru/metrika/advert.gif
11-01 01:57:01.109 1842-1862 W/AdblockWebView: Blocked loading https://mc.yandex.ru/metrika/advert.gif
11-01 01:57:01.159 1842-1842 E/eglCodecCommon: **** ERROR unknown type 0x6e0061 (glSizeof,72)
11-01 01:57:01.199 1842-1862 D/IoThreadClientInvocationHandler: isMainFrame=false for https://mc.yandex.ru/watch/6874273?wmode=5&callback=_ymjsp578428401&page-url=http%3A%2F%2Fm.e1.ru%2F&browser-info=j%3A1%3As%3A384x592x32%3Ask%3A2%3Afpr%3A216613626101%3Acn%3A1%3Aw%3A384x416%3Az%3A-240%3Ai%3A20161101015700%3Aet%3A1477979821%3Aen%3Autf-8%3Av%3A729%3Ac%3A1%3Ala%3Aru-ru%3Apv%3A1%3Arn%3A431184938%3Ahid%3A738179539%3Ads%3A113%2C9%2C104%2C103%2C552%2C0%2C%2C3850%2C%2C%2C%2C%2C%3Ast%3A1477979821%3Au%3A1477979821733608820%3At%3A%D0%95%D0%BA%D0%B0%D1%82%D0%B5%D1%80%D0%B8%D0%BD%D0%B1%D1%83%D1%80%D0%B3%20%D0%9E%D0%BD-%D0%9B%D0%B0%D0%B9%D0%BD
11-01 01:57:01.199 1842-1862 D/AdblockWebView: Allowed loading https://mc.yandex.ru/watch/6874273?wmode=5&callback=_ymjsp578428401&page-url=http%3A%2F%2Fm.e1.ru%2F&browser-info=j%3A1%3As%3A384x592x32%3Ask%3A2%3Afpr%3A216613626101%3Acn%3A1%3Aw%3A384x416%3Az%3A-240%3Ai%3A20161101015700%3Aet%3A1477979821%3Aen%3Autf-8%3Av%3A729%3Ac%3A1%3Ala%3Aru-ru%3Apv%3A1%3Arn%3A431184938%3Ahid%3A738179539%3Ads%3A113%2C9%2C104%2C103%2C552%2C0%2C%2C3850%2C%2C%2C%2C%2C%3Ast%3A1477979821%3Au%3A1477979821733608820%3At%3A%D0%95%D0%BA%D0%B0%D1%82%D0%B5%D1%80%D0%B8%D0%BD%D0%B1%D1%83%D1%80%D0%B3%20%D0%9E%D0%BD-%D0%9B%D0%B0%D0%B9%D0%BD
11-01 01:57:01.239 1842-1842 D/AdblockWebView: JS: level=LOG, message="DOMContentLoaded() event fired", sourceId="", line=60
11-01 01:57:01.239 1842-1842 I/chromium: [INFO:CONSOLE(60)] "DOMContentLoaded() event fired", source: (60)
11-01 01:57:01.279 1842-1842 D/AdblockWebView: JS: level=LOG, message="already hidden, exiting", sourceId="", line=6
11-01 01:57:01.279 1842-1842 I/chromium: [INFO:CONSOLE(6)] "already hidden, exiting", source: (6)
11-01 01:57:01.299 1842-1842 D/AdblockWebView: JS: level=ERROR, message="Uncaught TypeError: Cannot call method 'removeItem' of null", sourceId="http://m.e1.ru/static/js/script.js?1", line=1293
11-01 01:57:01.299 1842-1842 I/chromium: [INFO:CONSOLE(1293)] "Uncaught TypeError: Cannot call method 'removeItem' of null", source: http://m.e1.ru/static/js/script.js?1 (1293)
11-01 01:57:01.339 1842-1842 D/AdblockWebView: Loading progress=88%
11-01 01:57:01.559 1842-1862 D/IoThreadClientInvocationHandler: isMainFrame=false for http://www.google-analytics.com/r/__utm.gif?utmwv=5.6.7&utms=1&utmn=1577196208&utmhn=m.e1.ru&utmcs=UTF-8&utmsr=384x592&utmvp=384x416&utmsc=32-bit&utmul=ru-ru&utmje=1&utmfl=-&utmdt=%D0%95%D0%BA%D0%B0%D1%82%D0%B5%D1%80%D0%B8%D0%BD%D0%B1%D1%83%D1%80%D0%B3%20%D0%9E%D0%BD-%D0%9B%D0%B0%D0%B9%D0%BD&utmhid=738392452&utmr=-&utmp=%2F&utmht=1477979821548&utmac=UA-3975627-1&utmcc=__utma%3D224280135.615495316.1477979820.1477979820.1477979820.1%3B%2B__utmz%3D224280135.1477979820.1.1.utmcsr%3D(direct)%7Cutmccn%3D(direct)%7Cutmcmd%3D(none)%3B&utmjid=1255235681&utmredir=1&utmu=qAEAAAAAAAAAAAAAAAAAAAAE~
11-01 01:57:01.559 1842-1862 D/AdblockWebView: Allowed loading http://www.google-analytics.com/r/__utm.gif?utmwv=5.6.7&utms=1&utmn=1577196208&utmhn=m.e1.ru&utmcs=UTF-8&utmsr=384x592&utmvp=384x416&utmsc=32-bit&utmul=ru-ru&utmje=1&utmfl=-&utmdt=%D0%95%D0%BA%D0%B0%D1%82%D0%B5%D1%80%D0%B8%D0%BD%D0%B1%D1%83%D1%80%D0%B3%20%D0%9E%D0%BD-%D0%9B%D0%B0%D0%B9%D0%BD&utmhid=738392452&utmr=-&utmp=%2F&utmht=1477979821548&utmac=UA-3975627-1&utmcc=__utma%3D224280135.615495316.1477979820.1477979820.1477979820.1%3B%2B__utmz%3D224280135.1477979820.1.1.utmcsr%3D(direct)%7Cutmccn%3D(direct)%7Cutmcmd%3D(none)%3B&utmjid=1255235681&utmredir=1&utmu=qAEAAAAAAAAAAAAAAAAAAAAE~
11-01 01:57:01.619 1842-1842 D/AdblockWebView: Loading progress=89%
11-01 01:57:01.719 1842-1842 E/eglCodecCommon: glUtilsParamSize: unknow param 0x00000b44
11-01 01:57:01.719 1842-1842 E/eglCodecCommon: glUtilsParamSize: unknow param 0x00000bd0
11-01 01:57:01.719 1842-1842 E/eglCodecCommon: **** ERROR unknown type 0x6e0061 (glSizeof,72)
11-01 01:57:01.749 1842-1842 D/AdblockWebView: Loading progress=89%
11-01 01:57:01.769 1842-1842 E/eglCodecCommon: glUtilsParamSize: unknow param 0x00000b44
11-01 01:57:01.789 1842-1842 E/eglCodecCommon: glUtilsParamSize: unknow param 0x00000bd0
11-01 01:57:01.809 1842-1842 E/eglCodecCommon: **** ERROR unknown type 0x6e0061 (glSizeof,72)
11-01 01:57:01.899 1842-1842 E/eglCodecCommon: glUtilsParamSize: unknow param 0x00000b44
11-01 01:57:01.899 1842-1842 E/eglCodecCommon: glUtilsParamSize: unknow param 0x00000bd0
11-01 01:57:01.979 1842-1842 E/eglCodecCommon: **** ERROR unknown type 0x6e0061 (glSizeof,72)
11-01 01:57:02.109 1842-1862 D/IoThreadClientInvocationHandler: isMainFrame=false for http://tpc.googlesyndication.com/safeframe/1-0-5/html/container.html
11-01 01:57:02.119 1842-1862 W/AdblockWebView: Blocked loading http://tpc.googlesyndication.com/safeframe/1-0-5/html/container.html
11-01 01:57:02.299 1842-1862 D/IoThreadClientInvocationHandler: isMainFrame=false for https://securepubads.g.doubleclick.net/gampad/ads?gdfp_req=1&correlator=1511887015510016&output=json_html&callback=callbackProxy&impl=fifs&json_a=1&eid=108809080%2C108809133%2C108809146&sc=0&sfv=1-0-5&iu_parts=81006599%2Chmiru-e1%2COblozkaVP%2CE1&enc_prev_ius=%2F0%2F1%2F2%2C%2F0%2F1%2F3&prev_iu_szs=300x90%2C300x200&cookie_enabled=1&lmt=1477994222&dt=1477979822214&cc=4&frm=20&biw=384&bih=416&oid=3&adxs=0%2C0&adys=0%2C0&adks=2408326318%2C2954829305&gut=v2&ifi=1&u_tz=-240&u_his=2&u_java=true&u_h=592&u_w=384&u_ah=592&u_aw=384&u_cd=32&u_sd=2&flash=0&url=http%3A%2F%2Fm.e1.ru%2F&dssz=32&icsg=2415853568&std=0&vrg=104&vrp=104&ga_vid=615495316.1477979820&ga_sid=1477979820&ga_hid=738392452&ga_fc=true
11-01 01:57:02.319 1842-1862 W/AdblockWebView: Blocked loading https://securepubads.g.doubleclick.net/gampad/ads?gdfp_req=1&correlator=1511887015510016&output=json_html&callback=callbackProxy&impl=fifs&json_a=1&eid=108809080%2C108809133%2C108809146&sc=0&sfv=1-0-5&iu_parts=81006599%2Chmiru-e1%2COblozkaVP%2CE1&enc_prev_ius=%2F0%2F1%2F2%2C%2F0%2F1%2F3&prev_iu_szs=300x90%2C300x200&cookie_enabled=1&lmt=1477994222&dt=1477979822214&cc=4&frm=20&biw=384&bih=416&oid=3&adxs=0%2C0&adys=0%2C0&adks=2408326318%2C2954829305&gut=v2&ifi=1&u_tz=-240&u_his=2&u_java=true&u_h=592&u_w=384&u_ah=592&u_aw=384&u_cd=32&u_sd=2&flash=0&url=http%3A%2F%2Fm.e1.ru%2F&dssz=32&icsg=2415853568&std=0&vrg=104&vrp=104&ga_vid=615495316.1477979820&ga_sid=1477979820&ga_hid=738392452&ga_fc=true
11-01 01:57:02.349 1842-1842 D/AdblockWebView: Loading progress=89%
11-01 01:57:02.449 1842-1842 D/AdblockWebView: Loading progress=100%
11-01 01:57:02.479 1842-1842 E/eglCodecCommon: glUtilsParamSize: unknow param 0x00000b44
11-01 01:57:02.479 1842-1842 E/eglCodecCommon: glUtilsParamSize: unknow param 0x00000bd0
11-01 01:57:02.499 1842-1842 E/eglCodecCommon: **** ERROR unknown type 0x6e0061 (glSizeof,72)
11-01 01:57:02.509 1842-1862 D/IoThreadClientInvocationHandler: isMainFrame=false for http://m.e1.ru/favicon_e1.ico
11-01 01:57:02.509 1842-1862 D/AdblockWebView: Allowed loading http://m.e1.ru/favicon_e1.ico
11-01 01:57:02.539 1842-1842 D/AdblockWebView: JS: level=LOG, message="onreadystatechange() event fired (complete)", sourceId="", line=43
11-01 01:57:02.539 1842-1842 I/chromium: [INFO:CONSOLE(43)] "onreadystatechange() event fired (complete)", source: (43)
11-01 01:57:02.539 1842-1842 D/AdblockWebView: JS: level=LOG, message="load() event fired", sourceId="", line=53
11-01 01:57:02.539 1842-1842 I/chromium: [INFO:CONSOLE(53)] "load() event fired", source: (53)
11-01 01:57:02.569 1842-1842 D/AdblockWebView: JS: level=LOG, message="already hidden, exiting", sourceId="", line=6
11-01 01:57:02.569 1842-1842 I/chromium: [INFO:CONSOLE(6)] "already hidden, exiting", source: (6)
11-01 01:57:02.899 1842-1842 E/eglCodecCommon: glUtilsParamSize: unknow param 0x00000b44
11-01 01:57:02.909 1842-1842 E/eglCodecCommon: glUtilsParamSize: unknow param 0x00000bd0
11-01 01:57:02.939 1842-1842 E/eglCodecCommon: **** ERROR unknown type 0x6e0061 (glSizeof,72)
11-01 01:57:02.959 1842-1842 E/eglCodecCommon: glUtilsParamSize: unknow param 0x00000b44
11-01 01:57:02.959 1842-1842 E/eglCodecCommon: glUtilsParamSize: unknow param 0x00000bd0
11-01 01:57:03.019 1842-1842 E/eglCodecCommon: **** ERROR unknown type 0x6e0061 (glSizeof,72)
11-01 01:57:03.059 1842-1842 E/eglCodecCommon: glUtilsParamSize: unknow param 0x00000b44
11-01 01:57:03.059 1842-1842 E/eglCodecCommon: glUtilsParamSize: unknow param 0x00000bd0
11-01 01:57:03.199 1842-1842 E/eglCodecCommon: **** ERROR unknown type 0x6e0061 (glSizeof,72)
11-01 01:57:03.229 1842-1842 E/eglCodecCommon: glUtilsParamSize: unknow param 0x00000b44
11-01 01:57:03.239 1842-1842 E/eglCodecCommon: glUtilsParamSize: unknow param 0x00000bd0
11-01 01:57:03.329 1842-1842 E/eglCodecCommon: **** ERROR unknown type 0x6e0061 (glSizeof,72)
11-01 01:57:03.359 1842-1842 E/eglCodecCommon: glUtilsParamSize: unknow param 0x00000b44
11-01 01:57:03.369 1842-1842 E/eglCodecCommon: glUtilsParamSize: unknow param 0x00000bd0
11-01 01:57:03.419 1842-1842 E/eglCodecCommon: **** ERROR unknown type 0x6e0061 (glSizeof,72)
11-01 01:57:03.459 1842-1842 E/eglCodecCommon: glUtilsParamSize: unknow param 0x00000b44
11-01 01:57:03.459 1842-1842 E/eglCodecCommon: glUtilsParamSize: unknow param 0x00000bd0
11-01 01:57:03.609 1842-1842 E/eglCodecCommon: **** ERROR unknown type 0x6e0061 (glSizeof,72)
11-01 01:57:03.629 1842-1842 E/eglCodecCommon: glUtilsParamSize: unknow param 0x00000b44
11-01 01:57:03.629 1842-1842 E/eglCodecCommon: glUtilsParamSize: unknow param 0x00000bd0
11-01 01:57:03.659 1842-1842 E/eglCodecCommon: **** ERROR unknown type 0x6e0061 (glSizeof,72)
11-01 01:57:03.689 1842-1862 D/IoThreadClientInvocationHandler: isMainFrame=false for https://tt.onthe.io/?k[]=12632:visits[url://spool/news_id-.html,browser:Chrome,referrer:direct,device:smart%20(Android),lifetime:0,browser_version:Chrome%204,user_type:new,returned:new,domain:m.e1.ru,sp:%2F,cdn_version:2,page:%D0%95%D0%BA%D0%B0%D1%82%D0%B5%D1%80%D0%B8%D0%BD%D0%B1%D1%83%D1%80%D0%B3%20%D0%9E%D0%BD-%D0%9B%D0%B0%D0%B9%D0%BD]&/?k[]=12632:uniques[url://spool/news_id-.html,browser:Chrome,referrer:direct,device:smart%20(Android),lifetime:0,browser_version:Chrome%204,user_type:new,returned:new,domain:m.e1.ru,sp:%2F,cdn_version:2,page:%D0%95%D0%BA%D0%B0%D1%82%D0%B5%D1%80%D0%B8%D0%BD%D0%B1%D1%83%D1%80%D0%B3%20%D0%9E%D0%BD-%D0%9B%D0%B0%D0%B9%D0%BD]&/?k[]=12632:pageviews_info[url://spool/news_id-.html,browser:Chrome,referrer:direct,device:smart%20(Android),lifetime:0,browser_version:Chrome%204,user_type:new,returned:new,domain:m.e1.ru,sp:%2F,cdn_version:2,page:%D0%95%D0%BA%D0%B0%D1%82%D0%B5%D1%80%D0%B8%D0%BD%D0%B1%D1%83%D1%80%D0%B3%20%D0%9E%D0%BD-%D0%9B%D0%B0%D0%B9%D0%BD]&s=68f457b8f20b25b1405898689b08349c&1477979823689
11-01 01:57:03.689 1842-1862 D/AdblockWebView: Allowed loading https://tt.onthe.io/?k[]=12632:visits[url://spool/news_id-.html,browser:Chrome,referrer:direct,device:smart%20(Android),lifetime:0,browser_version:Chrome%204,user_type:new,returned:new,domain:m.e1.ru,sp:%2F,cdn_version:2,page:%D0%95%D0%BA%D0%B0%D1%82%D0%B5%D1%80%D0%B8%D0%BD%D0%B1%D1%83%D1%80%D0%B3%20%D0%9E%D0%BD-%D0%9B%D0%B0%D0%B9%D0%BD]&/?k[]=12632:uniques[url://spool/news_id-.html,browser:Chrome,referrer:direct,device:smart%20(Android),lifetime:0,browser_version:Chrome%204,user_type:new,returned:new,domain:m.e1.ru,sp:%2F,cdn_version:2,page:%D0%95%D0%BA%D0%B0%D1%82%D0%B5%D1%80%D0%B8%D0%BD%D0%B1%D1%83%D1%80%D0%B3%20%D0%9E%D0%BD-%D0%9B%D0%B0%D0%B9%D0%BD]&/?k[]=12632:pageviews_info[url://spool/news_id-.html,browser:Chrome,referrer:direct,device:smart%20(Android),lifetime:0,browser_version:Chrome%204,user_type:new,returned:new,domain:m.e1.ru,sp:%2F,cdn_version:2,page:%D0%95%D0%BA%D0%B0%D1%82%D0%B5%D1%80%D0%B8%D0%BD%D0%B1%D1%83%D1%80%D0%B3%20%D0%9E%D0%BD-%D0%9B%D0%B0%D0%B9%D0%BD]&s=68f457b8f20b25b1405898689b08349c&1477979823689
11-01 01:57:03.719 1842-1842 E/eglCodecCommon: glUtilsParamSize: unknow param 0x00000b44
11-01 01:57:03.729 1842-1842 E/eglCodecCommon: glUtilsParamSize: unknow param 0x00000bd0
11-01 01:57:03.829 1842-1842 E/eglCodecCommon: **** ERROR unknown type 0x6e0061 (glSizeof,72)
11-01 01:57:03.889 1842-1842 E/eglCodecCommon: glUtilsParamSize: unknow param 0x00000b44
11-01 01:57:03.889 1842-1842 E/eglCodecCommon: glUtilsParamSize: unknow param 0x00000bd0
11-01 01:57:03.909 1842-1842 E/eglCodecCommon: **** ERROR unknown type 0x6e0061 (glSizeof,72)
11-01 01:57:03.939 1842-1842 E/eglCodecCommon: glUtilsParamSize: unknow param 0x00000b44
11-01 01:57:03.939 1842-1842 E/eglCodecCommon: glUtilsParamSize: unknow param 0x00000bd0
11-01 01:57:04.009 1842-1842 E/eglCodecCommon: **** ERROR unknown type 0x6e0061 (glSizeof,72)
11-01 01:57:04.049 1842-1842 E/eglCodecCommon: glUtilsParamSize: unknow param 0x00000b44
11-01 01:57:04.059 1842-1842 E/eglCodecCommon: glUtilsParamSize: unknow param 0x00000bd0
11-01 01:57:04.089 1842-1842 E/eglCodecCommon: **** ERROR unknown type 0x6e0061 (glSizeof,72)
11-01 01:57:04.159 1842-1842 E/eglCodecCommon: glUtilsParamSize: unknow param 0x00000b44
11-01 01:57:04.159 1842-1842 E/eglCodecCommon: glUtilsParamSize: unknow param 0x00000bd0
11-01 01:57:04.259 1842-1842 E/eglCodecCommon: **** ERROR unknown type 0x6e0061 (glSizeof,72)
11-01 01:57:04.279 1842-1842 E/eglCodecCommon: glUtilsParamSize: unknow param 0x00000b44
11-01 01:57:04.279 1842-1842 E/eglCodecCommon: glUtilsParamSize: unknow param 0x00000bd0
11-01 01:57:04.299 1842-1842 E/eglCodecCommon: **** ERROR unknown type 0x6e0061 (glSizeof,72)
11-01 01:57:04.319 1842-1842 E/eglCodecCommon: glUtilsParamSize: unknow param 0x00000b44
11-01 01:57:04.319 1842-1842 E/eglCodecCommon: glUtilsParamSize: unknow param 0x00000bd0
11-01 01:57:04.349 1842-1842 E/eglCodecCommon: **** ERROR unknown type 0x6e0061 (glSizeof,72)
11-01 01:57:04.359 1842-1842 E/eglCodecCommon: glUtilsParamSize: unknow param 0x00000b44
11-01 01:57:04.369 1842-1842 E/eglCodecCommon: glUtilsParamSize: unknow param 0x00000bd0
11-01 01:57:04.389 1842-1842 E/eglCodecCommon: **** ERROR unknown type 0x6e0061 (glSizeof,72)
11-01 01:57:04.549 1842-1842 E/eglCodecCommon: glUtilsParamSize: unknow param 0x00000b44
11-01 01:57:04.549 1842-1842 E/eglCodecCommon: glUtilsParamSize: unknow param 0x00000bd0
11-01 01:57:04.579 1842-1842 E/eglCodecCommon: **** ERROR unknown type 0x6e0061 (glSizeof,72)
11-01 01:57:04.629 1842-1842 E/eglCodecCommon: glUtilsParamSize: unknow param 0x00000b44
11-01 01:57:04.629 1842-1842 E/eglCodecCommon: glUtilsParamSize: unknow param 0x00000bd0
11-01 01:57:04.659 1842-1842 E/eglCodecCommon: **** ERROR unknown type 0x6e0061 (glSizeof,72)
11-01 01:57:04.679 1842-1842 E/eglCodecCommon: glUtilsParamSize: unknow param 0x00000b44
11-01 01:57:04.679 1842-1842 E/eglCodecCommon: glUtilsParamSize: unknow param 0x00000bd0
11-01 01:57:04.729 1842-1842 E/eglCodecCommon: **** ERROR unknown type 0x6e0061 (glSizeof,72)
11-01 01:57:04.749 1842-1842 E/eglCodecCommon: glUtilsParamSize: unknow param 0x00000b44
11-01 01:57:04.759 1842-1842 E/eglCodecCommon: glUtilsParamSize: unknow param 0x00000bd0
11-01 01:57:04.789 1842-1842 E/eglCodecCommon: **** ERROR unknown type 0x6e0061 (glSizeof,72)
11-01 01:57:04.809 1842-1842 E/eglCodecCommon: glUtilsParamSize: unknow param 0x00000b44
11-01 01:57:04.819 1842-1842 E/eglCodecCommon: glUtilsParamSize: unknow param 0x00000bd0
11-01 01:57:04.839 1842-1842 E/eglCodecCommon: **** ERROR unknown type 0x6e0061 (glSizeof,72)
11-01 01:57:04.859 1842-1842 E/eglCodecCommon: glUtilsParamSize: unknow param 0x00000b44
11-01 01:57:04.859 1842-1842 E/eglCodecCommon: glUtilsParamSize: unknow param 0x00000bd0
11-01 01:57:04.899 1276-1327 E/SoundPool: error loading /system/media/audio/ui/Effect_Tick.ogg
11-01 01:57:04.899 1276-1327 W/AudioService: Soundpool could not load file: /system/media/audio/ui/Effect_Tick.ogg
11-01 01:57:04.899 1276-1327 E/SoundPool: error loading /system/media/audio/ui/Effect_Tick.ogg
11-01 01:57:04.899 1276-1327 W/AudioService: Soundpool could not load file: /system/media/audio/ui/Effect_Tick.ogg
11-01 01:57:04.899 1276-1327 E/SoundPool: error loading /system/media/audio/ui/Effect_Tick.ogg
11-01 01:57:04.899 1276-1327 W/AudioService: Soundpool could not load file: /system/media/audio/ui/Effect_Tick.ogg
11-01 01:57:04.899 1276-1327 E/SoundPool: error loading /system/media/audio/ui/Effect_Tick.ogg
11-01 01:57:04.899 1276-1327 W/AudioService: Soundpool could not load file: /system/media/audio/ui/Effect_Tick.ogg
11-01 01:57:04.899 1276-1327 E/SoundPool: error loading /system/media/audio/ui/Effect_Tick.ogg
11-01 01:57:04.899 1276-1327 W/AudioService: Soundpool could not load file: /system/media/audio/ui/Effect_Tick.ogg
11-01 01:57:04.899 1276-1327 E/SoundPool: error loading /system/media/audio/ui/KeypressStandard.ogg
11-01 01:57:04.899 1276-1327 W/AudioService: Soundpool could not load file: /system/media/audio/ui/KeypressStandard.ogg
11-01 01:57:04.899 1276-1327 E/SoundPool: error loading /system/media/audio/ui/KeypressSpacebar.ogg
11-01 01:57:04.899 1276-1327 W/AudioService: Soundpool could not load file: /system/media/audio/ui/KeypressSpacebar.ogg
11-01 01:57:04.899 1276-1327 E/SoundPool: error loading /system/media/audio/ui/KeypressDelete.ogg
11-01 01:57:04.899 1276-1327 W/AudioService: Soundpool could not load file: /system/media/audio/ui/KeypressDelete.ogg
11-01 01:57:04.899 1276-1327 E/SoundPool: error loading /system/media/audio/ui/KeypressReturn.ogg
11-01 01:57:04.899 1276-1327 W/AudioService: Soundpool could not load file: /system/media/audio/ui/KeypressReturn.ogg
11-01 01:57:04.899 1276-1327 E/SoundPool: error loading /system/media/audio/ui/KeypressInvalid.ogg
11-01 01:57:04.899 1276-1327 W/AudioService: Soundpool could not load file: /system/media/audio/ui/KeypressInvalid.ogg
11-01 01:57:04.899 1276-1327 W/AudioService: onLoadSoundEffects(), Error -1 while loading samples
11-01 01:57:04.939 1842-1842 E/eglCodecCommon: **** ERROR unknown type 0x6e0061 (glSizeof,72)
11-01 01:57:04.979 1842-1842 E/eglCodecCommon: glUtilsParamSize: unknow param 0x00000b44
11-01 01:57:04.989 1842-1842 E/eglCodecCommon: glUtilsParamSize: unknow param 0x00000bd0
11-01 01:57:05.039 1842-1842 E/eglCodecCommon: **** ERROR unknown type 0x6e0061 (glSizeof,72)
11-01 01:57:05.049 938-1009 E/gralloc_goldfish: gralloc_alloc: Mismatched usage flags: 328 x 546, usage 333
11-01 01:57:05.049 938-1009 W/GraphicBufferAllocator: alloc(328, 546, 1, 00000333, ...) failed -22 (Invalid argument) [
11-01 01:57:05.049 938: 1009 E/ ] GraphicBufferAlloc::createGraphicBuffer(w=328, h=546) failed (Invalid argument), handle=0x0
11-01 01:57:05.049 1276-1288 E/BufferQueue: [ScreenshotClient] dequeueBuffer: SurfaceComposer::createGraphicBuffer failed
11-01 01:57:05.049 1276-1288 W/WindowManager: Screenshot failure taking screenshot for (328x546) to layer 21010
11-01 01:57:05.159 1408-1408 W/EGL_emulation: eglSurfaceAttrib not implemented [
11-01 01:57:05.489 938: 2939 D/ ] HostConnection::get() New Host Connection established 0xb790a130, tid 2939
11-01 01:57:05.929 1276-1291 I/ActivityManager: Killing 1478:com.android.music/u0a32 (adj 15): empty #17
11-01 01:57:05.939 1276-1453 W/MediaFocusControl: RemoteControlClient died
11-01 01:57:05.949 1842-1842 D/AdblockWebView: Dispose invoked
11-01 01:57:05.949 1842-1842 D/AdblockWebView: Stop abp loading
11-01 01:57:05.949 1842-1842 D/AdblockWebView: Stop prevent drawing, invalidating
11-01 01:57:05.949 1842-1842 D/AdblockWebView: Clearing referrers
11-01 01:57:05.949 1842-1842 W/Adblock: Disposing adblock engine
11-01 01:57:05.959 1842-1842 W/AdblockEngine: Dispose
11-01 01:57:05.959 938-938 W/SurfaceFlinger: couldn't log to binary event log: overflow.
11-01 01:57:05.959 1842-1842 E/eglCodecCommon: glUtilsParamSize: unknow param 0x00000b44
11-01 01:57:05.969 1842-1842 E/eglCodecCommon: glUtilsParamSize: unknow param 0x00000bd0
11-01 01:57:05.999 1842-1842 E/eglCodecCommon: **** ERROR unknown type 0x6e0061 (glSizeof,72)
11-01 01:57:13.659 1842-1862 D/IoThreadClientInvocationHandler: isMainFrame=false for https://tt.onthe.io/?k[]=12632:time[page:%D0%95%D0%BA%D0%B0%D1%82%D0%B5%D1%80%D0%B8%D0%BD%D0%B1%D1%83%D1%80%D0%B3%20%D0%9E%D0%BD-%D0%9B%D0%B0%D0%B9%D0%BD]&s=68f457b8f20b25b1405898689b08349c&1477979833662
11-01 01:57:13.659 1842-1862 E/AdblockWebView: FilterEngine already disposed, allow loading
11-01 01:57:16.259 1842-1862 D/IoThreadClientInvocationHandler: isMainFrame=false for https://mc.yandex.ru/watch/6874273?page-url=http%3A%2F%2Fm.e1.ru%2F&browser-info=j%3A1%3As%3A384x592x32%3Ask%3A2%3Aadb%3A1%3Afpr%3A216613626101%3Acn%3A1%3Aw%3A384x416%3Az%3A-240%3Ai%3A20161101015716%3Aet%3A1477979836%3Aen%3Autf-8%3Av%3A729%3Ac%3A1%3Ala%3Aru-ru%3Aar%3A1%3Anb%3A1%3Acl%3A1448%3Arn%3A1028274399%3Ahid%3A738179539%3Ads%3A%2C%2C%2C%2C%2C%2C%2C%2C65%2C8538%2C8541%2C65%2C7243%3Ast%3A1477979836%3Au%3A1477979821733608820
11-01 01:57:16.259 1842-1862 E/AdblockWebView: FilterEngine already disposed, allow loading
11-01 01:57:23.660 1842-1862 D/IoThreadClientInvocationHandler: isMainFrame=false for https://tt.onthe.io/?k[]=12632:time[page:%D0%95%D0%BA%D0%B0%D1%82%D0%B5%D1%80%D0%B8%D0%BD%D0%B1%D1%83%D1%80%D0%B3%20%D0%9E%D0%BD-%D0%9B%D0%B0%D0%B9%D0%BD]&s=68f457b8f20b25b1405898689b08349c&1477979843655
11-01 01:57:23.660 1842-1862 E/AdblockWebView: FilterEngine already disposed, allow loading
11-01 01:57:33.670 1842-1862 D/IoThreadClientInvocationHandler: isMainFrame=false for https://tt.onthe.io/?k[]=12632:time[page:%D0%95%D0%BA%D0%B0%D1%82%D0%B5%D1%80%D0%B8%D0%BD%D0%B1%D1%83%D1%80%D0%B3%20%D0%9E%D0%BD-%D0%9B%D0%B0%D0%B9%D0%BD]&s=68f457b8f20b25b1405898689b08349c&1477979853673
11-01 01:57:33.670 1842-1862 E/AdblockWebView: FilterEngine already disposed, allow loading
11-01 01:57:43.690 1842-1862 D/IoThreadClientInvocationHandler: isMainFrame=false for https://tt.onthe.io/?k[]=12632:time[page:%D0%95%D0%BA%D0%B0%D1%82%D0%B5%D1%80%D0%B8%D0%BD%D0%B1%D1%83%D1%80%D0%B3%20%D0%9E%D0%BD-%D0%9B%D0%B0%D0%B9%D0%BD]&s=68f457b8f20b25b1405898689b08349c&1477979863683
11-01 01:57:43.690 1842-1862 E/AdblockWebView: FilterEngine already disposed, allow loading
11-01 01:57:53.690 1842-1862 D/IoThreadClientInvocationHandler: isMainFrame=false for https://tt.onthe.io/?k[]=12632:time[page:%D0%95%D0%BA%D0%B0%D1%82%D0%B5%D1%80%D0%B8%D0%BD%D0%B1%D1%83%D1%80%D0%B3%20%D0%9E%D0%BD-%D0%9B%D0%B0%D0%B9%D0%BD]&s=68f457b8f20b25b1405898689b08349c&1477979873691
11-01 01:57:53.690 1842-1862 E/AdblockWebView: FilterEngine already disposed, allow loading
11-01 01:58:03.710 1842-1862 D/IoThreadClientInvocationHandler: isMainFrame=false for https://tt.onthe.io/?k[]=12632:time[page:%D0%95%D0%BA%D0%B0%D1%82%D0%B5%D1%80%D0%B8%D0%BD%D0%B1%D1%83%D1%80%D0%B3%20%D0%9E%D0%BD-%D0%9B%D0%B0%D0%B9%D0%BD]&s=68f457b8f20b25b1405898689b08349c&1477979883702
11-01 01:58:03.710 1842-1862 E/AdblockWebView: FilterEngine already disposed, allow loading
11-01 01:58:13.700 1842-1862 D/IoThreadClientInvocationHandler: isMainFrame=false for https://tt.onthe.io/?k[]=12632:time[page:%D0%95%D0%BA%D0%B0%D1%82%D0%B5%D1%80%D0%B8%D0%BD%D0%B1%D1%83%D1%80%D0%B3%20%D0%9E%D0%BD-%D0%9B%D0%B0%D0%B9%D0%BD]&s=68f457b8f20b25b1405898689b08349c&1477979893702
11-01 01:58:13.700 1842-1862 E/AdblockWebView: FilterEngine already disposed, allow loading
11-01 01:58:23.730 1842-1862 D/IoThreadClientInvocationHandler: isMainFrame=false for https://tt.onthe.io/?k[]=12632:time[page:%D0%95%D0%BA%D0%B0%D1%82%D0%B5%D1%80%D0%B8%D0%BD%D0%B1%D1%83%D1%80%D0%B3%20%D0%9E%D0%BD-%D0%9B%D0%B0%D0%B9%D0%BD]&s=68f457b8f20b25b1405898689b08349c&1477979903725
11-01 01:58:23.730 1842-1862 E/AdblockWebView: FilterEngine already disposed, allow loading
11-01 01:58:33.721 1842-1862 D/IoThreadClientInvocationHandler: isMainFrame=false for https://tt.onthe.io/?k[]=12632:time[page:%D0%95%D0%BA%D0%B0%D1%82%D0%B5%D1%80%D0%B8%D0%BD%D0%B1%D1%83%D1%80%D0%B3%20%D0%9E%D0%BD-%D0%9B%D0%B0%D0%B9%D0%BD]&s=68f457b8f20b25b1405898689b08349c&1477979913724
11-01 01:58:33.721 1842-1862 E/AdblockWebView: FilterEngine already disposed, allow loading
11-01 01:58:43.731 1842-1862 D/IoThreadClientInvocationHandler: isMainFrame=false for https://tt.onthe.io/?k[]=12632:time[page:%D0%95%D0%BA%D0%B0%D1%82%D0%B5%D1%80%D0%B8%D0%BD%D0%B1%D1%83%D1%80%D0%B3%20%D0%9E%D0%BD-%D0%9B%D0%B0%D0%B9%D0%BD]&s=68f457b8f20b25b1405898689b08349c&1477979923733
11-01 01:58:43.731 1842-1862 E/AdblockWebView: FilterEngine already disposed, allow loading
11-01 01:58:53.731 1842-1862 D/IoThreadClientInvocationHandler: isMainFrame=false for https://tt.onthe.io/?k[]=12632:time[page:%D0%95%D0%BA%D0%B0%D1%82%D0%B5%D1%80%D0%B8%D0%BD%D0%B1%D1%83%D1%80%D0%B3%20%D0%9E%D0%BD-%D0%9B%D0%B0%D0%B9%D0%BD]&s=68f457b8f20b25b1405898689b08349c&1477979933734
11-01 01:58:53.731 1842-1862 E/AdblockWebView: FilterEngine already disposed, allow loading
11-01 01:59:03.741 1842-1862 D/IoThreadClientInvocationHandler: isMainFrame=false for https://tt.onthe.io/?k[]=12632:time[page:%D0%95%D0%BA%D0%B0%D1%82%D0%B5%D1%80%D0%B8%D0%BD%D0%B1%D1%83%D1%80%D0%B3%20%D0%9E%D0%BD-%D0%9B%D0%B0%D0%B9%D0%BD]&s=68f457b8f20b25b1405898689b08349c&1477979943734
11-01 01:59:03.741 1842-1862 E/AdblockWebView: FilterEngine already disposed, allow loading
11-01 01:59:13.731 1842-1862 D/IoThreadClientInvocationHandler: isMainFrame=false for https://tt.onthe.io/?k[]=12632:time[page:%D0%95%D0%BA%D0%B0%D1%82%D0%B5%D1%80%D0%B8%D0%BD%D0%B1%D1%83%D1%80%D0%B3%20%D0%9E%D0%BD-%D0%9B%D0%B0%D0%B9%D0%BD]&s=68f457b8f20b25b1405898689b08349c&1477979953735
11-01 01:59:13.731 1842-1862 E/AdblockWebView: FilterEngine already disposed, allow loading
11-01 01:59:23.741 1842-1862 D/IoThreadClientInvocationHandler: isMainFrame=false for https://tt.onthe.io/?k[]=12632:time[page:%D0%95%D0%BA%D0%B0%D1%82%D0%B5%D1%80%D0%B8%D0%BD%D0%B1%D1%83%D1%80%D0%B3%20%D0%9E%D0%BD-%D0%9B%D0%B0%D0%B9%D0%BD]&s=68f457b8f20b25b1405898689b08349c&1477979963745
11-01 01:59:23.741 1842-1862 E/AdblockWebView: FilterEngine already disposed, allow loading
11-01 01:59:33.762 1842-1862 D/IoThreadClientInvocationHandler: isMainFrame=false for https://tt.onthe.io/?k[]=12632:time[page:%D0%95%D0%BA%D0%B0%D1%82%D0%B5%D1%80%D0%B8%D0%BD%D0%B1%D1%83%D1%80%D0%B3%20%D0%9E%D0%BD-%D0%9B%D0%B0%D0%B9%D0%BD]&s=68f457b8f20b25b1405898689b08349c&1477979973755
11-01 01:59:33.762 1842-1862 E/AdblockWebView: FilterEngine already disposed, allow loading
11-01 01:59:43.772 1842-1862 D/IoThreadClientInvocationHandler: isMainFrame=false for https://tt.onthe.io/?k[]=12632:time[page:%D0%95%D0%BA%D0%B0%D1%82%D0%B5%D1%80%D0%B8%D0%BD%D0%B1%D1%83%D1%80%D0%B3%20%D0%9E%D0%BD-%D0%9B%D0%B0%D0%B9%D0%BD]&s=68f457b8f20b25b1405898689b08349c&1477979983766
11-01 01:59:43.772 1842-1862 E/AdblockWebView: FilterEngine already disposed, allow loading
11-01 01:59:53.762 1842-1862 D/IoThreadClientInvocationHandler: isMainFrame=false for https://tt.onthe.io/?k[]=12632:time[page:%D0%95%D0%BA%D0%B0%D1%82%D0%B5%D1%80%D0%B8%D0%BD%D0%B1%D1%83%D1%80%D0%B3%20%D0%9E%D0%BD-%D0%9B%D0%B0%D0%B9%D0%BD]&s=68f457b8f20b25b1405898689b08349c&1477979993764
11-01 01:59:53.762 1842-1862 E/AdblockWebView: FilterEngine already disposed, allow loading
11-01 02:00:03.772 1842-1862 D/IoThreadClientInvocationHandler: isMainFrame=false for https://tt.onthe.io/?k[]=12632:time[page:%D0%95%D0%BA%D0%B0%D1%82%D0%B5%D1%80%D0%B8%D0%BD%D0%B1%D1%83%D1%80%D0%B3%20%D0%9E%D0%BD-%D0%9B%D0%B0%D0%B9%D0%BD]&s=68f457b8f20b25b1405898689b08349c&1477980003765
11-01 02:00:03.772 1842-1862 E/AdblockWebView: FilterEngine already disposed, allow loading
11-01 02:00:13.762 1842-1862 D/IoThreadClientInvocationHandler: isMainFrame=false for https://tt.onthe.io/?k[]=12632:time[page:%D0%95%D0%BA%D0%B0%D1%82%D0%B5%D1%80%D0%B8%D0%BD%D0%B1%D1%83%D1%80%D0%B3%20%D0%9E%D0%BD-%D0%9B%D0%B0%D0%B9%D0%BD]&s=68f457b8f20b25b1405898689b08349c&1477980013764
11-01 02:00:13.762 1842-1862 E/AdblockWebView: FilterEngine already disposed, allow loading
11-01 02:00:23.772 1842-1862 D/IoThreadClientInvocationHandler: isMainFrame=false for https://tt.onthe.io/?k[]=12632:time[page:%D0%95%D0%BA%D0%B0%D1%82%D0%B5%D1%80%D0%B8%D0%BD%D0%B1%D1%83%D1%80%D0%B3%20%D0%9E%D0%BD-%D0%9B%D0%B0%D0%B9%D0%BD]&s=68f457b8f20b25b1405898689b08349c&1477980023774
11-01 02:00:23.772 1842-1862 E/AdblockWebView: FilterEngine already disposed, allow loading
11-01 02:00:33.782 1842-1862 D/IoThreadClientInvocationHandler: isMainFrame=false for https://tt.onthe.io/?k[]=12632:time[page:%D0%95%D0%BA%D0%B0%D1%82%D0%B5%D1%80%D0%B8%D0%BD%D0%B1%D1%83%D1%80%D0%B3%20%D0%9E%D0%BD-%D0%9B%D0%B0%D0%B9%D0%BD]&s=68f457b8f20b25b1405898689b08349c&1477980033775
11-01 02:00:33.782 1842-1862 E/AdblockWebView: FilterEngine already disposed, allow loading
11-01 02:00:43.793 1842-1862 D/IoThreadClientInvocationHandler: isMainFrame=false for https://tt.onthe.io/?k[]=12632:time[page:%D0%95%D0%BA%D0%B0%D1%82%D0%B5%D1%80%D0%B8%D0%BD%D0%B1%D1%83%D1%80%D0%B3%20%D0%9E%D0%BD-%D0%9B%D0%B0%D0%B9%D0%BD]&s=68f457b8f20b25b1405898689b08349c&1477980043785
11-01 02:00:43.793 1842-1862 E/AdblockWebView: FilterEngine already disposed, allow loading
11-01 02:00:53.803 1842-1862 D/IoThreadClientInvocationHandler: isMainFrame=false for https://tt.onthe.io/?k[]=12632:time[page:%D0%95%D0%BA%D0%B0%D1%82%D0%B5%D1%80%D0%B8%D0%BD%D0%B1%D1%83%D1%80%D0%B3%20%D0%9E%D0%BD-%D0%9B%D0%B0%D0%B9%D0%BD]&s=68f457b8f20b25b1405898689b08349c&1477980053797
11-01 02:00:53.803 1842-1862 E/AdblockWebView: FilterEngine already disposed, allow loading
11-01 02:01:03.793 1842-1862 D/IoThreadClientInvocationHandler: isMainFrame=false for https://tt.onthe.io/?k[]=12632:time[page:%D0%95%D0%BA%D0%B0%D1%82%D0%B5%D1%80%D0%B8%D0%BD%D0%B1%D1%83%D1%80%D0%B3%20%D0%9E%D0%BD-%D0%9B%D0%B0%D0%B9%D0%BD]&s=68f457b8f20b25b1405898689b08349c&1477980063795
11-01 02:01:03.793 1842-1862 E/AdblockWebView: FilterEngine already disposed, allow loading
11-01 02:01:13.803 1842-1862 D/IoThreadClientInvocationHandler: isMainFrame=false for https://tt.onthe.io/?k[]=12632:time[page:%D0%95%D0%BA%D0%B0%D1%82%D0%B5%D1%80%D0%B8%D0%BD%D0%B1%D1%83%D1%80%D0%B3%20%D0%9E%D0%BD-%D0%9B%D0%B0%D0%B9%D0%BD]&s=68f457b8f20b25b1405898689b08349c&1477980073804
11-01 02:01:13.803 1842-1862 E/AdblockWebView: FilterEngine already disposed, allow loading
11-01 02:01:23.813 1842-1862 D/IoThreadClientInvocationHandler: isMainFrame=false for https://tt.onthe.io/?k[]=12632:time[page:%D0%95%D0%BA%D0%B0%D1%82%D0%B5%D1%80%D0%B8%D0%BD%D0%B1%D1%83%D1%80%D0%B3%20%D0%9E%D0%BD-%D0%9B%D0%B0%D0%B9%D0%BD]&s=68f457b8f20b25b1405898689b08349c&1477980083815
11-01 02:01:23.813 1842-1862 E/AdblockWebView: FilterEngine already disposed, allow loading
11-01 02:01:28.993 1842-1875 A/GAbi++: Pure virtual function called!
11-01 02:01:28.993 1842-1875 A/libc: Fatal signal 11 (SIGSEGV) at 0xdeadcab1 (code=1), thread 1875 (roid.webviewapp)
11-01 02:01:29.113 936-936 I/DEBUG: *** *** *** *** *** *** *** *** *** *** *** *** *** *** *** ***
11-01 02:01:29.113 936-936 I/DEBUG: Build fingerprint: 'generic_x86/sdk_x86/generic_x86:4.4.2/KK/999428:eng/test-keys'
11-01 02:01:29.113 936-936 I/DEBUG: Revision: '0'
11-01 02:01:29.113 936-936 I/DEBUG: pid: 1842, tid: 1875, name: roid.webviewapp >>> org.adblockplus.libadblockplus.android.webviewapp <<<
11-01 02:01:29.113 936-936 I/DEBUG: signal 11 (SIGSEGV), code 1 (SEGV_MAPERR), fault addr deadcab1
11-01 02:01:30.503 936-936 I/DEBUG: eax 955efa00 ebx 95867d38 ecx 955efa00 edx 00000001
11-01 02:01:30.503 936-936 I/DEBUG: esi b776323c edi 9567b694
11-01 02:01:30.503 936-936 I/DEBUG: xcs 00000073 xds 0000007b xes 0000007b xfs 00000000 xss 0000007b
11-01 02:01:30.503 936-936 I/DEBUG: eip 955efa16 ebp 94aff6f8 esp 94aff6e0 flags 00210292
11-01 02:01:30.503 936-936 E/Corkscrew: unrecognized dwarf lower part encoding: 0x66
11-01 02:01:30.503 936-936 I/DEBUG: backtrace:
11-01 02:01:30.503 936-936 I/DEBUG: #00 pc 004d4a16 /data/app-lib/org.adblockplus.libadblockplus.android.webviewapp-1/libadblockplus-jni.so
11-01 02:01:30.503 936-936 I/DEBUG: #01 pc 004d4a55 /data/app-lib/org.adblockplus.libadblockplus.android.webviewapp-1/libadblockplus-jni.so
11-01 02:01:30.513 936-936 I/DEBUG: stack:
11-01 02:01:30.513 936-936 I/DEBUG: 94aff6a0 00004000
11-01 02:01:30.513 936-936 I/DEBUG: 94aff6a4 b939a890 [heap]
11-01 02:01:30.513 936-936 I/DEBUG: 94aff6a8 00004000
11-01 02:01:30.513 936-936 I/DEBUG: 94aff6ac b776c962 /system/bin/linker (__dl__Z19dlsym_handle_lookupP6soinfoPKc+242)
11-01 02:01:30.513 936-936 I/DEBUG: 94aff6b0 b7746661 /system/lib/liblog.so
11-01 02:01:30.513 936-936 I/DEBUG: 94aff6b4 9567b99a /data/app-lib/org.adblockplus.libadblockplus.android.webviewapp-1/libadblockplus-jni.so
11-01 02:01:30.513 936-936 I/DEBUG: 94aff6b8 b7785fe4 /system/bin/linker
11-01 02:01:30.513 936-936 I/DEBUG: 94aff6bc b777cc97 /system/bin/linker (__dl_pthread_mutex_unlock+151)
11-01 02:01:30.513 936-936 I/DEBUG: 94aff6c0 07534001
11-01 02:01:30.513 936-936 I/DEBUG: 94aff6c4 00000753
11-01 02:01:30.513 936-936 I/DEBUG: 94aff6c8 b7785fe4 /system/bin/linker
11-01 02:01:30.513 936-936 I/DEBUG: 94aff6cc b776d1d8 /system/bin/linker (__dl__Z10do_dlcloseP6soinfo+200)
11-01 02:01:30.513 936-936 I/DEBUG: 94aff6d0 b7763000
11-01 02:01:30.513 936-936 I/DEBUG: 94aff6d4 00000f8c
11-01 02:01:30.513 936-936 I/DEBUG: 94aff6d8 00000001
11-01 02:01:30.513 936-936 I/DEBUG: 94aff6dc 955efa0f /data/app-lib/org.adblockplus.libadblockplus.android.webviewapp-1/libadblockplus-jni.so
11-01 02:01:30.513 936-936 I/DEBUG: #00 94aff6e0 b7742ab8
11-01 02:01:30.513 936-936 I/DEBUG: 94aff6e4 b76f2656 /system/lib/libc.so (funlockfile+6)
11-01 02:01:30.513 936-936 I/DEBUG: 94aff6e8 b776c87b /system/bin/linker (__dl__Z19dlsym_handle_lookupP6soinfoPKc+11)
11-01 02:01:30.513 936-936 I/DEBUG: 94aff6ec b7785fe4 /system/bin/linker
11-01 02:01:30.513 936-936 I/DEBUG: 94aff6f0 00004000
11-01 02:01:30.513 936-936 I/DEBUG: 94aff6f4 95867d38 /data/app-lib/org.adblockplus.libadblockplus.android.webviewapp-1/libadblockplus-jni.so
11-01 02:01:30.513 936-936 I/DEBUG: 94aff6f8 94aff718 [stack:1875]
11-01 02:01:30.513 936-936 I/DEBUG: 94aff6fc 955efa56 /data/app-lib/org.adblockplus.libadblockplus.android.webviewapp-1/libadblockplus-jni.so
11-01 02:01:30.513 936-936 I/DEBUG: 94aff700 b7786000 /system/bin/linker
11-01 02:01:30.513 936-936 I/DEBUG: 94aff704 9567b99a /data/app-lib/org.adblockplus.libadblockplus.android.webviewapp-1/libadblockplus-jni.so
11-01 02:01:30.513 936-936 I/DEBUG: 94aff708 b776d119 /system/bin/linker (__dl__Z10do_dlcloseP6soinfo+9)
11-01 02:01:30.513 936-936 I/DEBUG: 94aff70c b7785fe4 /system/bin/linker
11-01 02:01:30.513 936-936 I/DEBUG: 94aff710 b7786000 /system/bin/linker
11-01 02:01:30.513 936-936 I/DEBUG: 94aff714 95867d38 /data/app-lib/org.adblockplus.libadblockplus.android.webviewapp-1/libadblockplus-jni.so
11-01 02:01:30.513 936-936 I/DEBUG: 94aff718 94aff738 [stack:1875]
11-01 02:01:30.513 936-936 I/DEBUG: 94aff71c 955ef9f7 /data/app-lib/org.adblockplus.libadblockplus.android.webviewapp-1/libadblockplus-jni.so
11-01 02:01:30.523 936-936 I/DEBUG: memory map around fault addr deadcab1:
11-01 02:01:30.523 936-936 I/DEBUG: bfc8c000-bfcad000 rw- [stack]
11-01 02:01:30.523 936-936 I/DEBUG: (no map for address)
11-01 02:01:30.523 936-936 I/DEBUG: (no map above)
11-01 02:01:30.543 936-936 E/Corkscrew: unrecognized dwarf lower part encoding: 0x66
11-01 02:01:30.543 936-936 E/Corkscrew: unrecognized dwarf lower part encoding: 0x66
11-01 02:01:30.633 1276-1430 I/ActivityManager: Process org.adblockplus.libadblockplus.android.webviewapp (pid 1842) has died.
11-01 02:01:30.643 939-939 D/Zygote: Process 1842 terminated by signal (11)
11-01 02:01:30.643 1276-1298 I/BootReceiver: Copying /data/tombstones/tombstone_04 to DropBox (SYSTEM_TOMBSTONE)
11-01 02:01:30.663 1276-1298 D/dalvikvm: GC_FOR_ALLOC freed 434K, 16% free 5954K/7040K, paused 13ms, total 23ms
11-01 02:01:30.663 1276-1298 I/dalvikvm-heap: Grow heap (frag case) to 6.058MB for 196620-byte allocation
11-01 02:01:30.683 1276-6709 D/dalvikvm: GC_FOR_ALLOC freed 10K, 16% free 6136K/7236K, paused 20ms, total 20ms
11-01 02:01:30.693 1276-1298 D/dalvikvm: GC_FOR_ALLOC freed 26K, 16% free 6136K/7236K, paused 7ms, total 7ms
11-01 02:01:30.693 1276-1298 I/dalvikvm-heap: Grow heap (frag case) to 6.236MB for 196620-byte allocation
11-01 02:01:30.723 1276-1298 D/dalvikvm: GC_FOR_ALLOC freed <1K, 15% free 6328K/7432K, paused 19ms, total 20ms
11-01 02:01:30.723 1276-1298 I/dalvikvm-heap: Grow heap (frag case) to 6.517MB for 294928-byte allocation
11-01 02:01:30.733 1276-1285 D/dalvikvm: GC_FOR_ALLOC freed <1K, 15% free 6616K/7724K, paused 12ms, total 13ms
11-01 02:01:30.763 1276-1298 D/dalvikvm: GC_FOR_ALLOC freed 203K, 17% free 6417K/7724K, paused 11ms, total 11ms
11-01 02:01:30.763 1276-1298 I/dalvikvm-heap: Grow heap (frag case) to 6.510MB for 196648-byte allocation
11-01 02:01:30.783 1276-6708 D/dalvikvm: GC_FOR_ALLOC freed <1K, 17% free 6609K/7920K, paused 17ms, total 17ms
11-01 02:01:30.803 1276-1291 D/dalvikvm: GC_FOR_ALLOC freed 10K, 15% free 6739K/7920K, paused 10ms, total 10ms
11-01 02:01:30.803 1276-1291 I/dalvikvm-heap: Grow heap (frag case) to 7.712MB for 1127532-byte allocation
11-01 02:01:30.833 1276-1298 D/dalvikvm: GC_FOR_ALLOC freed 296K, 17% free 7544K/9024K, paused 17ms, total 17ms [
11-01 02:01:30.933 1276: 1291 D/ ] HostConnection::get() New Host Connection established 0xb9465200, tid 1291