11-01 01:54:59.310 939: 939 E/ ] Failed to connect to host (QemuPipeStream)!!!
11-01 01:54:59.310 939-939 E/EGL_emulation: Failed to establish connection with the host [
11-01 01:54:59.310 939: 939 E/ ] Failed to connect to host (QemuPipeStream)!!!
11-01 01:54:59.310 939-939 E/EGL_emulation: Failed to establish connection with the host [
11-01 01:54:59.310 939: 939 E/ ] Failed to connect to host (QemuPipeStream)!!!
11-01 01:54:59.310 939-939 E/EGL_emulation: Failed to establish connection with the host [
11-01 01:54:59.310 939: 939 E/ ] Failed to connect to host (QemuPipeStream)!!!
11-01 01:54:59.310 939-939 E/EGL_emulation: Failed to establish connection with the host [
11-01 01:54:59.310 939: 939 E/ ] Failed to connect to host (QemuPipeStream)!!!
11-01 01:54:59.310 939-939 E/EGL_emulation: Failed to establish connection with the host [
11-01 01:54:59.310 939: 939 E/ ] Failed to connect to host (QemuPipeStream)!!!
11-01 01:54:59.310 939-939 E/EGL_emulation: Failed to establish connection with the host [
11-01 01:54:59.310 939: 939 E/ ] Failed to connect to host (QemuPipeStream)!!!
11-01 01:54:59.310 939-939 E/EGL_emulation: Failed to establish connection with the host [
11-01 01:54:59.310 939: 939 E/ ] Failed to connect to host (QemuPipeStream)!!!
11-01 01:54:59.310 939-939 E/EGL_emulation: Failed to establish connection with the host [
11-01 01:54:59.310 939: 939 E/ ] Failed to connect to host (QemuPipeStream)!!!
11-01 01:54:59.310 939-939 E/EGL_emulation: Failed to establish connection with the host [
11-01 01:54:59.310 939: 939 E/ ] Failed to connect to host (QemuPipeStream)!!!
11-01 01:54:59.310 939-939 E/EGL_emulation: Failed to establish connection with the host [
11-01 01:54:59.310 939: 939 E/ ] Failed to connect to host (QemuPipeStream)!!!
11-01 01:54:59.310 939-939 E/EGL_emulation: Failed to establish connection with the host [
11-01 01:54:59.310 939: 939 E/ ] Failed to connect to host (QemuPipeStream)!!!
11-01 01:54:59.310 939-939 E/EGL_emulation: Failed to establish connection with the host [
11-01 01:54:59.310 939: 939 E/ ] Failed to connect to host (QemuPipeStream)!!!
11-01 01:54:59.310 939-939 E/EGL_emulation: Failed to establish connection with the host [
11-01 01:54:59.310 939: 939 E/ ] Failed to connect to host (QemuPipeStream)!!!
11-01 01:54:59.310 939-939 E/EGL_emulation: Failed to establish connection with the host [
11-01 01:54:59.310 939: 939 E/ ] Failed to connect to host (QemuPipeStream)!!!
11-01 01:54:59.310 939-939 E/EGL_emulation: Failed to establish connection with the host [
11-01 01:54:59.310 939: 939 E/ ] Failed to connect to host (QemuPipeStream)!!!
11-01 01:54:59.310 939-939 E/EGL_emulation: Failed to establish connection with the host [
11-01 01:54:59.310 939: 939 E/ ] Failed to connect to host (QemuPipeStream)!!!
11-01 01:54:59.310 939-939 E/EGL_emulation: Failed to establish connection with the host [
11-01 01:54:59.310 939: 939 E/ ] Failed to connect to host (QemuPipeStream)!!!
11-01 01:54:59.310 939-939 E/EGL_emulation: Failed to establish connection with the host [
11-01 01:54:59.310 939: 939 E/ ] Failed to connect to host (QemuPipeStream)!!!
11-01 01:54:59.310 939-939 E/EGL_emulation: Failed to establish connection with the host [
11-01 01:54:59.310 939: 939 E/ ] Failed to connect to host (QemuPipeStream)!!!
11-01 01:54:59.310 939-939 E/EGL_emulation: Failed to establish connection with the host [
11-01 01:54:59.310 939: 939 E/ ] Failed to connect to host (QemuPipeStream)!!!
11-01 01:54:59.310 939-939 E/EGL_emulation: Failed to establish connection with the host [
11-01 01:54:59.310 939: 939 E/ ] Failed to connect to host (QemuPipeStream)!!!
11-01 01:54:59.310 939-939 E/EGL_emulation: Failed to establish connection with the host [
11-01 01:54:59.310 939: 939 E/ ] Failed to connect to host (QemuPipeStream)!!!
11-01 01:54:59.310 939-939 E/EGL_emulation: Failed to establish connection with the host [
11-01 01:54:59.310 939: 939 E/ ] Failed to connect to host (QemuPipeStream)!!!
11-01 01:54:59.310 939-939 E/EGL_emulation: Failed to establish connection with the host [
11-01 01:54:59.310 939: 939 E/ ] Failed to connect to host (QemuPipeStream)!!!
11-01 01:54:59.310 939-939 E/EGL_emulation: Failed to establish connection with the host [
11-01 01:54:59.310 939: 939 E/ ] Failed to connect to host (QemuPipeStream)!!!
11-01 01:54:59.310 939-939 E/EGL_emulation: Failed to establish connection with the host [
11-01 01:54:59.310 939: 939 E/ ] Failed to connect to host (QemuPipeStream)!!!
11-01 01:54:59.310 939-939 E/EGL_emulation: Failed to establish connection with the host [
11-01 01:54:59.310 939: 939 E/ ] Failed to connect to host (QemuPipeStream)!!!
11-01 01:54:59.310 939-939 E/EGL_emulation: Failed to establish connection with the host [
11-01 01:54:59.310 939: 939 E/ ] Failed to connect to host (QemuPipeStream)!!!
11-01 01:54:59.310 939-939 E/EGL_emulation: Failed to establish connection with the host [
11-01 01:54:59.310 939: 939 E/ ] Failed to connect to host (QemuPipeStream)!!!
11-01 01:54:59.310 939-939 E/EGL_emulation: Failed to establish connection with the host [
11-01 01:54:59.310 939: 939 E/ ] Failed to connect to host (QemuPipeStream)!!!
11-01 01:54:59.310 939-939 E/EGL_emulation: Failed to establish connection with the host [
11-01 01:54:59.310 939: 939 E/ ] Failed to connect to host (QemuPipeStream)!!!
11-01 01:54:59.310 939-939 E/EGL_emulation: Failed to establish connection with the host [
11-01 01:54:59.310 939: 939 E/ ] Failed to connect to host (QemuPipeStream)!!!
11-01 01:54:59.310 939-939 E/EGL_emulation: Failed to establish connection with the host [
11-01 01:54:59.310 939: 939 E/ ] Failed to connect to host (QemuPipeStream)!!!
11-01 01:54:59.310 939-939 E/EGL_emulation: Failed to establish connection with the host [
11-01 01:54:59.310 939: 939 E/ ] Failed to connect to host (QemuPipeStream)!!!
11-01 01:54:59.310 939-939 E/EGL_emulation: Failed to establish connection with the host [
11-01 01:54:59.310 939: 939 E/ ] Failed to connect to host (QemuPipeStream)!!!
11-01 01:54:59.310 939-939 E/EGL_emulation: Failed to establish connection with the host [
11-01 01:54:59.310 939: 939 E/ ] Failed to connect to host (QemuPipeStream)!!!
11-01 01:54:59.310 939-939 E/EGL_emulation: Failed to establish connection with the host [
11-01 01:54:59.310 939: 939 E/ ] Failed to connect to host (QemuPipeStream)!!!
11-01 01:54:59.310 939-939 E/EGL_emulation: Failed to establish connection with the host [
11-01 01:54:59.310 939: 939 E/ ] Failed to connect to host (QemuPipeStream)!!!
11-01 01:54:59.310 939-939 E/EGL_emulation: Failed to establish connection with the host [
11-01 01:54:59.310 939: 939 E/ ] Failed to connect to host (QemuPipeStream)!!!
11-01 01:54:59.310 939-939 E/EGL_emulation: Failed to establish connection with the host [
11-01 01:54:59.310 939: 939 E/ ] Failed to connect to host (QemuPipeStream)!!! [
11-01 01:54:59.310 939: 939 E/ ] Failed to connect to host (QemuPipeStream)!!!
11-01 01:54:59.310 939-939 E/EGL_emulation: Failed to establish connection with the host [
11-01 01:54:59.310 939: 939 E/ ] Failed to connect to host (QemuPipeStream)!!!
11-01 01:54:59.310 939-939 E/EGL_emulation: Failed to establish connection with the host [
11-01 01:54:59.310 939: 939 E/ ] Failed to connect to host (QemuPipeStream)!!!
11-01 01:54:59.310 939-939 E/EGL_emulation: Failed to establish connection with the host [
11-01 01:54:59.310 939: 939 E/ ] Failed to connect to host (QemuPipeStream)!!!
11-01 01:54:59.310 939-939 E/EGL_emulation: Failed to establish connection with the host [
11-01 01:54:59.310 939: 939 E/ ] Failed to connect to host (QemuPipeStream)!!!
11-01 01:54:59.310 939-939 E/EGL_emulation: Failed to establish connection with the host [
11-01 01:54:59.310 939: 939 E/ ] Failed to connect to host (QemuPipeStream)!!!
11-01 01:54:59.310 939-939 E/EGL_emulation: Failed to establish connection with the host [
11-01 01:54:59.310 939: 939 E/ ] Failed to connect to host (QemuPipeStream)!!!
11-01 01:54:59.310 939-939 E/EGL_emulation: Failed to establish connection with the host [
11-01 01:54:59.310 939: 939 E/ ] Failed to connect to host (QemuPipeStream)!!!
11-01 01:54:59.310 939-939 E/EGL_emulation: Failed to establish connection with the host
11-01 01:54:59.310 939-939 E/EGL_emulation: Failed to establish connection with the host
11-01 01:54:59.320 939-939 D/dalvikvm: GC_EXPLICIT freed 11K, 33% free 2873K/4260K, paused 1ms+1ms, total 9ms
11-01 01:54:59.340 939-939 D/dalvikvm: GC_EXPLICIT freed 1K, 33% free 2872K/4260K, paused 20ms+0ms, total 22ms
11-01 01:54:59.360 939-939 D/dalvikvm: GC_EXPLICIT freed <1K, 33% free 2872K/4260K, paused 17ms+1ms, total 22ms
11-01 01:54:59.390 939-939 I/dalvikvm: System server process 1276 has been created
11-01 01:54:59.390 939-939 I/Zygote: Accepting command socket connections
11-01 01:54:59.510 1276-1276 D/SensorService: nuSensorService starting...
11-01 01:54:59.510 1276-1276 I/SensorService: Goldfish 3-axis Accelerometer
11-01 01:54:59.510 1276-1276 I/SensorService: Goldfish 3-axis Magnetic field sensor
11-01 01:54:59.510 1276-1276 I/SensorService: Goldfish Orientation sensor
11-01 01:54:59.510 1276-1276 I/SensorService: Goldfish Temperature sensor
11-01 01:54:59.510 1276-1276 I/SensorService: Goldfish Proximity sensor
11-01 01:54:59.510 1276-1276 D/SensorService: Max socket buffer size 131071
11-01 01:54:59.510 942-942 I/installd: new connection
11-01 01:54:59.510 1276-1276 E/PowerManagerService-JNI: Couldn't load power module (No such file or directory)
11-01 01:54:59.510 1276-1276 I/SystemServer: Entered the Android system server!
11-01 01:54:59.510 1276-1276 I/SystemServer: Waiting for installd to be ready.
11-01 01:54:59.510 1276-1276 I/Installer: connecting...
11-01 01:54:59.510 1276-1276 I/SystemServer: Power Manager
11-01 01:54:59.510 1276-1276 I/SystemServer: Activity Manager
11-01 01:54:59.530 1276-1289 D/SensorService: nuSensorService thread starting...
11-01 01:54:59.530 1276-1290 I/SystemServer: Enabled StrictMode logging for WM Looper
11-01 01:54:59.530 1276-1291 I/ActivityManager: Memory class: 256
11-01 01:54:59.560 1276-1291 I/UsageStats: Deleting usage file : usage-20161019
11-01 01:54:59.600 1276-1280 D/dalvikvm: GC_CONCURRENT freed 159K, 7% free 3102K/3312K, paused 19ms+0ms, total 21ms
11-01 01:54:59.620 1276-1276 I/IntentFirewall: Read new rules (A:0 B:0 S:0)
11-01 01:54:59.620 1276-1295 I/UiThread: Enabled StrictMode logging for UI thread
11-01 01:54:59.620 1276-1291 I/ActivityManager: Enabled StrictMode logging for AThread's Looper
11-01 01:54:59.620 1276-1276 I/SystemServer: Display Manager
11-01 01:54:59.620 1276-1276 I/SystemServer: Telephony Registry
11-01 01:54:59.620 1276-1276 I/SystemServer: Scheduling Policy
11-01 01:54:59.640 938-1007 E/SurfaceFlinger: ro.sf.lcd_density must be defined as a build property
11-01 01:54:59.650 1276-1290 I/DisplayManagerService: Display device added: DisplayDeviceInfo{"Встроенный экран": 768 x 1280, 60.000004 fps, density 320, 320.0 x 320.0 dpi, touch INTERNAL, rotation 0, type BUILT_IN, FLAG_DEFAULT_DISPLAY, FLAG_ROTATES_WITH_CONTENT, FLAG_SECURE, FLAG_SUPPORTS_PROTECTED_BUFFERS}
11-01 01:54:59.650 1276-1276 I/SystemServer: Package Manager
11-01 01:54:59.700 1276-1280 D/dalvikvm: GC_CONCURRENT freed 276K, 10% free 3214K/3544K, paused 19ms+0ms, total 22ms
11-01 01:54:59.710 1276-1276 D/SELinuxMMAC: Couldn't find install policy /data/security/mac_permissions.xml
11-01 01:54:59.710 1276-1276 D/SELinuxMMAC: Using install policy file /system/etc/security/mac_permissions.xml
11-01 01:54:59.760 1276-1280 D/dalvikvm: GC_CONCURRENT freed 232K, 8% free 3369K/3652K, paused 16ms+1ms, total 20ms
11-01 01:54:59.780 1276-1276 W/PackageManager: Running ENG build: no pre-dexopt!
11-01 01:54:59.910 1276-1280 D/dalvikvm: GC_CONCURRENT freed 205K, 7% free 3551K/3808K, paused 0ms+0ms, total 4ms
11-01 01:54:59.970 1276-1276 W/PackageParser: No actions in intent filter at /system/priv-app/Contacts.apk Binary XML file line #375
11-01 01:55:00.080 1276-1276 W/PackageParser: No actions in intent filter at /system/priv-app/Dialer.apk Binary XML file line #162
11-01 01:55:00.480 1276-1280 D/dalvikvm: GC_CONCURRENT freed 153K, 6% free 3784K/3988K, paused 18ms+1ms, total 22ms
11-01 01:55:00.840 1276-1280 D/dalvikvm: GC_CONCURRENT freed 198K, 6% free 3975K/4224K, paused 1ms+0ms, total 4ms
11-01 01:55:01.220 1276-1280 D/dalvikvm: GC_CONCURRENT freed 236K, 7% free 4130K/4416K, paused 0ms+0ms, total 5ms
11-01 01:55:01.330 1276-1276 D/PackageManager: No files in app dir /vendor/app
11-01 01:55:01.410 1276-1280 D/dalvikvm: GC_CONCURRENT freed 192K, 6% free 4325K/4572K, paused 13ms+1ms, total 20ms
11-01 01:55:01.430 1276-1276 W/PackageParser: No actions in intent filter at /data/app/ApiDemos.apk Binary XML file line #2899
11-01 01:55:01.430 1276-1276 W/PackageParser: No actions in intent filter at /data/app/ApiDemos.apk Binary XML file line #2905
11-01 01:55:01.430 1276-1276 W/PackageManager: Package com.example.android.apis desires unavailable shared library com.example.will.never.exist; ignoring!
11-01 01:55:01.960 1276-1276 D/asset: failed to open Zip archive '/data/app/org.adblockplus.libadblockplus.tests-2.apk'
11-01 01:55:01.980 1276-1276 W/PackageParser: Unable to read AndroidManifest.xml of /data/app/org.adblockplus.libadblockplus.tests-2.apk java.io.FileNotFoundException: AndroidManifest.xml
at android.content.res.AssetManager.openXmlAssetNative(Native Method)
at android.content.res.AssetManager.openXmlBlockAsset(AssetManager.java:488)
at android.content.res.AssetManager.openXmlResourceParser(AssetManager.java:456)
at android.content.pm.PackageParser.parsePackage(PackageParser.java:528)
at com.android.server.pm.PackageManagerService.scanPackageLI(PackageManagerService.java:3569)
at com.android.server.pm.PackageManagerService.scanDirLI(PackageManagerService.java:3492)
at com.android.server.pm.PackageManagerService.(PackageManagerService.java:1383)
at com.android.server.pm.PackageManagerService.main(PackageManagerService.java:1042)
at com.android.server.ServerThread.initAndLoop(SystemServer.java:241)
at com.android.server.SystemServer.main(SystemServer.java:1179)
at java.lang.reflect.Method.invokeNative(Native Method)
at java.lang.reflect.Method.invoke(Method.java:515)
at com.android.internal.os.ZygoteInit$MethodAndArgsCaller.run(ZygoteInit.java:779)
at com.android.internal.os.ZygoteInit.main(ZygoteInit.java:595)
at dalvik.system.NativeStart.main(Native Method)
11-01 01:55:01.980 1276-1276 W/PackageManager: Package com.example.android.apis desires unavailable shared library com.example.will.never.exist; ignoring!
11-01 01:55:01.980 1276-1276 W/PackageManager: Package com.android.camera desires unavailable shared library com.google.android.media.effects; ignoring!
11-01 01:55:01.980 1276-1276 I/PackageManager: Time to scan packages: 2.197 seconds
11-01 01:55:01.980 1276-1276 W/PackageManager: Not granting permission android.permission.GLOBAL_SEARCH to package com.android.quicksearchbox (protectionLevel=18 flags=0x8be45)
11-01 01:55:01.980 1276-1276 W/PackageManager: Unknown permission com.android.smspush.WAPPUSH_MANAGER_BIND in package com.android.phone
11-01 01:55:01.980 1276-1276 W/PackageManager: Unknown permission com.google.android.googleapps.permission.GOOGLE_AUTH in package com.android.providers.calendar
11-01 01:55:01.980 1276-1276 W/PackageManager: Unknown permission com.google.android.googleapps.permission.GOOGLE_AUTH.cl in package com.android.providers.calendar
11-01 01:55:01.980 1276-1276 W/PackageManager: Unknown permission com.google.android.googleapps.permission.GOOGLE_AUTH.mail in package com.android.calendar
11-01 01:55:01.980 1276-1276 W/PackageManager: Not granting permission android.permission.ACCESS_DOWNLOAD_MANAGER to package com.android.browser (protectionLevel=18 flags=0x9be45)
11-01 01:55:01.980 1276-1276 W/PackageManager: Not granting permission android.permission.SEND_DOWNLOAD_COMPLETED_INTENTS to package com.android.browser (protectionLevel=2 flags=0x9be45)
11-01 01:55:01.980 1276-1276 W/PackageManager: Not granting permission android.permission.BIND_APPWIDGET to package com.android.widgetpreview (protectionLevel=18 flags=0x8be44)
11-01 01:55:01.980 1276-1276 W/PackageManager: Unknown permission android.permission.INSTALL_DRM in package com.android.mms
11-01 01:55:01.980 1276-1276 W/PackageManager: Unknown permission com.google.android.googleapps.permission.GOOGLE_AUTH in package com.android.settings
11-01 01:55:01.980 1276-1276 W/PackageManager: Unknown permission com.google.android.googleapps.permission.ACCESS_GOOGLE_PASSWORD in package com.android.development
11-01 01:55:01.980 1276-1276 W/PackageManager: Unknown permission com.google.android.googleapps.permission.GOOGLE_AUTH in package com.android.development
11-01 01:55:01.980 1276-1276 W/PackageManager: Unknown permission com.google.android.googleapps.permission.GOOGLE_AUTH.ALL_SERVICES in package com.android.development
11-01 01:55:01.980 1276-1276 W/PackageManager: Unknown permission com.google.android.googleapps.permission.GOOGLE_AUTH.YouTubeUser in package com.android.development
11-01 01:55:01.980 1276-1276 W/PackageManager: Not granting permission android.permission.DELETE_PACKAGES to package com.svox.pico (protectionLevel=18 flags=0x8be45)
11-01 01:55:01.980 1276-1276 W/PackageManager: Not granting permission android.permission.DEVICE_POWER to package com.android.deskclock (protectionLevel=2 flags=0x48be45)
11-01 01:55:02.000 1276-1280 D/dalvikvm: GC_CONCURRENT freed 229K, 7% free 4480K/4768K, paused 12ms+1ms, total 19ms
11-01 01:55:02.050 1276-1276 W/PackageSettings: Skipping PackageSetting{a5089de0 org.adblockplus.libadblockplus.tests/10056} due to missing metadata
11-01 01:55:02.070 1276-1276 D/dalvikvm: GC_EXPLICIT freed 262K, 9% free 4382K/4800K, paused 1ms+1ms, total 7ms
11-01 01:55:02.070 1276-1276 I/SystemServer: Entropy Mixer
11-01 01:55:02.070 1276-1276 I/EntropyMixer: Writing entropy...
11-01 01:55:02.080 1276-1276 I/SystemServer: User Service
11-01 01:55:02.080 1276-1276 I/SystemServer: Account Manager
11-01 01:55:02.090 1276-1276 I/SystemServer: Content Manager
11-01 01:55:02.090 1276-1276 I/SystemServer: System Content Providers
11-01 01:55:02.170 1276-1276 E/ConsumerIrService: Can't open consumer IR HW Module, error: -2
11-01 01:55:02.170 1276-1276 W/libsuspend: Error writing 'on' to /sys/power/state: Invalid argument
11-01 01:55:02.170 1276-1276 E/libsuspend: Error opening /sys/power/autosleep: No such file or directory
11-01 01:55:02.170 1276-1276 I/libsuspend: Selected wakeup count
11-01 01:55:02.170 1276-1276 I/SystemServer: Lights Service
11-01 01:55:02.170 1276-1276 I/SystemServer: Battery Service
11-01 01:55:02.170 1276-1276 I/SystemServer: Vibrator Service
11-01 01:55:02.170 1276-1276 I/SystemServer: Consumer IR Service
11-01 01:55:02.180 938-1007 D/PermissionCache: checking android.permission.ACCESS_SURFACE_FLINGER for uid=1000 => granted (1361 us)
11-01 01:55:02.180 938-938 D/SurfaceFlinger: Screen acquired, type=0 flinger=0xb78f3820
11-01 01:55:02.180 938-938 D/SurfaceFlinger: screen was previously acquired
11-01 01:55:02.180 1276-1276 D/AlarmManagerService: Kernel timezone updated to 240 minutes west of GMT
11-01 01:55:02.180 1276-1276 I/SystemServer: Alarm Manager
11-01 01:55:02.180 1276-1276 I/SystemServer: Init Watchdog
11-01 01:55:02.180 1276-1276 I/SystemServer: Input Manager
11-01 01:55:02.180 1276-1276 I/InputManager: Initializing input manager, mUseDevInputEventForAudioJack=false
11-01 01:55:02.200 1276-1276 I/SystemServer: Window Manager
11-01 01:55:02.250 1276-1290 I/WindowManager: No existing display settings /data/system/display_settings.xml; starting empty
11-01 01:55:02.290 1276-1295 I/WindowManager: No keyguard interface!
11-01 01:55:02.320 1276-1276 I/InputManager: Starting input manager
11-01 01:55:02.320 1276-1276 I/SystemServer: No Bluetooh Service (emulator)
11-01 01:55:02.320 1276-1276 I/SystemServer: Input Method Service
11-01 01:55:02.340 1276-1276 W/InputMethodManagerService: Couldn't create dir.: /data/system/inputmethod
11-01 01:55:02.370 1276-1308 E/EventHub: could not get driver version for /dev/input/mouse0, Not a typewriter
11-01 01:55:02.370 1276-1280 D/dalvikvm: GC_CONCURRENT freed 283K, 8% free 4571K/4920K, paused 1ms+1ms, total 50ms
11-01 01:55:02.410 1276-1276 I/SystemServer: Accessibility Manager
11-01 01:55:02.410 1276-1276 W/ActivityManager: Unable to write /sys/module/lowmemorykiller/parameters/adj
11-01 01:55:02.410 1276-1276 W/ActivityManager: Unable to write /sys/module/lowmemorykiller/parameters/minfree
11-01 01:55:02.410 1276-1276 I/ActivityManager: Config changes=1df8 {1.0 ?mcc?mnc ru_RU ldltr sw384dp w384dp h640dp 320dpi nrml long port ?uimode ?night -touch -keyb/v/h -nav/h s.2}
11-01 01:55:02.420 1276-1276 I/ActivityManager: Config changes=500 {1.0 ?mcc?mnc ru_RU ldltr sw384dp w384dp h567dp 320dpi nrml port ?uimode ?night -touch -keyb/v/h -nav/h s.3}
11-01 01:55:02.420 1276-1276 I/SystemServer: Mount Service
11-01 01:55:02.420 1276-1276 D/MountService: got storage path: /storage/sdcard description: USB-накопитель primary: true removable: false emulated: false mtpReserve: 0 allowMassStorage: false maxFileSize: 0
11-01 01:55:02.420 1276-1276 D/MountService: addVolumeLocked() StorageVolume: mStorageId=0 mPath=/storage/sdcard mDescriptionId=17040664 mPrimary=true mRemovable=false mEmulated=false mMtpReserveSpace=0 mAllowMassStorage=false mMaxFileSize=0 mOwner=null mUuid=null mUserLabel=null mState=null
11-01 01:55:02.440 1276-1276 I/SystemServer: LockSettingsService
11-01 01:55:02.440 1276-1276 I/SystemServer: Device Policy
11-01 01:55:02.440 1276-1276 I/SystemServer: Status Bar
11-01 01:55:02.440 1276-1276 I/SystemServer: Clipboard Service
11-01 01:55:02.440 1276-1276 I/SystemServer: NetworkManagement Service
11-01 01:55:02.460 1276-1276 I/SystemServer: Text Service Manager Service
11-01 01:55:02.460 1276-1276 I/SystemServer: NetworkStats Service
11-01 01:55:02.490 1276-1308 W/EventHub: Unable to disable kernel key repeat for /dev/input/event0: Function not implemented
11-01 01:55:02.490 1276-1308 I/EventHub: New device: id=1, fd=94, path='/dev/input/event0', name='qwerty2', classes=0x7, configuration='/system/usr/idc/qwerty2.idc', keyLayout='/system/usr/keylayout/qwerty.kl', keyCharacterMap='/system/usr/keychars/qwerty2.kcm', builtinKeyboard=true, usingSuspendBlockIoctl=true, usingClockIoctl=true
11-01 01:55:02.490 1276-1308 E/EventHub: could not get driver version for /dev/input/mice, Not a typewriter
11-01 01:55:02.490 1276-1276 I/SystemServer: NetworkPolicy Service
11-01 01:55:02.490 1276-1276 I/SystemServer: Wi-Fi P2pService
11-01 01:55:02.510 1276-1276 I/SystemServer: Wi-Fi Service
11-01 01:55:02.530 1276-1315 I/PackageManager: No secure containers on sdcard
11-01 01:55:02.530 1276-1315 W/MountService: Duplicate state transition (unmounted -> unmounted) for /storage/sdcard
11-01 01:55:02.530 1276-1315 W/MountService: getSecureContainerList() called when storage not mounted
11-01 01:55:02.530 1276-1315 W/PackageManager: Not granting permission android.permission.GLOBAL_SEARCH to package com.android.quicksearchbox (protectionLevel=18 flags=0x8be45)
11-01 01:55:02.530 1276-1315 W/PackageManager: Unknown permission com.android.smspush.WAPPUSH_MANAGER_BIND in package com.android.phone
11-01 01:55:02.530 1276-1315 W/PackageManager: Unknown permission com.google.android.googleapps.permission.GOOGLE_AUTH in package com.android.providers.calendar
11-01 01:55:02.530 1276-1315 W/PackageManager: Unknown permission com.google.android.googleapps.permission.GOOGLE_AUTH.cl in package com.android.providers.calendar
11-01 01:55:02.530 1276-1315 W/PackageManager: Unknown permission com.google.android.googleapps.permission.GOOGLE_AUTH.mail in package com.android.calendar
11-01 01:55:02.530 1276-1315 W/PackageManager: Not granting permission android.permission.ACCESS_DOWNLOAD_MANAGER to package com.android.browser (protectionLevel=18 flags=0x9be45)
11-01 01:55:02.530 1276-1315 W/PackageManager: Not granting permission android.permission.SEND_DOWNLOAD_COMPLETED_INTENTS to package com.android.browser (protectionLevel=2 flags=0x9be45)
11-01 01:55:02.530 1276-1315 W/PackageManager: Not granting permission android.permission.BIND_APPWIDGET to package com.android.widgetpreview (protectionLevel=18 flags=0x8be44)
11-01 01:55:02.530 1276-1315 W/PackageManager: Unknown permission android.permission.INSTALL_DRM in package com.android.mms
11-01 01:55:02.530 1276-1315 W/PackageManager: Unknown permission com.google.android.googleapps.permission.GOOGLE_AUTH in package com.android.settings
11-01 01:55:02.530 1276-1315 W/PackageManager: Unknown permission com.google.android.googleapps.permission.ACCESS_GOOGLE_PASSWORD in package com.android.development
11-01 01:55:02.530 1276-1315 W/PackageManager: Unknown permission com.google.android.googleapps.permission.GOOGLE_AUTH in package com.android.development
11-01 01:55:02.530 1276-1315 W/PackageManager: Unknown permission com.google.android.googleapps.permission.GOOGLE_AUTH.ALL_SERVICES in package com.android.development
11-01 01:55:02.530 1276-1315 W/PackageManager: Unknown permission com.google.android.googleapps.permission.GOOGLE_AUTH.YouTubeUser in package com.android.development
11-01 01:55:02.530 1276-1315 W/PackageManager: Not granting permission android.permission.DELETE_PACKAGES to package com.svox.pico (protectionLevel=18 flags=0x8be45)
11-01 01:55:02.530 1276-1315 W/PackageManager: Not granting permission android.permission.DEVICE_POWER to package com.android.deskclock (protectionLevel=2 flags=0x48be45)
11-01 01:55:02.560 1276-1308 I/InputReader: Device added: id=-1, name='Virtual', sources=0x00000301
11-01 01:55:02.570 1276-1308 I/InputReader: Touch device 'qwerty2' could not query the properties of its associated display. The device will be inoperable until the display size becomes available.
11-01 01:55:02.570 1276-1308 I/InputReader: Device added: id=0, name='qwerty2', sources=0x00001103
11-01 01:55:02.570 1276-1308 I/InputReader: Reconfiguring input devices. changes=0x00000004
11-01 01:55:02.570 1276-1308 I/InputReader: Device reconfigured: id=0, name='qwerty2', size 768x1280, orientation 0, mode 1, display id 0
11-01 01:55:02.570 1276-1307 I/ActivityManager: Config changes=38 {1.0 ?mcc?mnc ru_RU ldltr sw384dp w384dp h567dp 320dpi nrml port ?uimode ?night finger qwerty/v/v -nav/h s.4}
11-01 01:55:02.580 1276-1276 I/SystemServer: Connectivity Service
11-01 01:55:02.580 1276-1276 D/ConnectivityService: ConnectivityService starting up
11-01 01:55:02.580 1276-1276 D/ConnectivityService: wifiOnly=false
11-01 01:55:02.630 1276-1315 W/PackageSettings: Skipping PackageSetting{a5089de0 org.adblockplus.libadblockplus.tests/10056} due to missing metadata
11-01 01:55:02.680 1276-1315 D/dalvikvm: GC_FOR_ALLOC freed 282K, 7% free 4784K/5132K, paused 8ms, total 10ms
11-01 01:55:02.720 1276-1276 E/MobileDataStateTracker: default: Ignoring feature request because could not acquire PhoneService
11-01 01:55:02.720 1276-1276 E/MobileDataStateTracker: default: Could not enable APN type "default"
11-01 01:55:02.720 1276-1276 I/WifiService: WifiService starting up with Wi-Fi disabled
11-01 01:55:02.720 1276-1276 I/SystemServer: Network Service Discovery Service
11-01 01:55:02.730 1276-1276 D/NsdService: Network service discovery enabled true
11-01 01:55:02.730 1276-1276 I/SystemServer: UpdateLock Service
11-01 01:55:02.830 1276-1276 I/SystemServer: Notification Manager
11-01 01:55:02.830 1276-1276 I/SystemServer: Device Storage Monitor
11-01 01:55:02.830 1276-1276 I/SystemServer: Location Manager
11-01 01:55:02.830 1276-1276 I/SystemServer: Country Detector
11-01 01:55:02.830 1276-1276 I/SystemServer: Search Service
11-01 01:55:02.830 1276-1276 I/SystemServer: DropBox Service
11-01 01:55:02.830 1276-1276 I/SystemServer: Wallpaper Service
11-01 01:55:02.830 1276-1276 I/SystemServer: Audio Service
11-01 01:55:02.880 1276-1276 I/MediaFocusControl: Remote Control registerMediaButtonIntent() for PendingIntent{a507d1d0: PendingIntentRecord{a523e4f8 android broadcastIntent}}
11-01 01:55:02.890 1276-1276 D/dalvikvm: GC_FOR_ALLOC freed 306K, 7% free 4990K/5356K, paused 0ms, total 13ms
11-01 01:55:02.910 1276-1276 I/SystemServer: Dock Observer
11-01 01:55:02.910 1276-1276 W/DockObserver: This kernel does not have dock station support
11-01 01:55:02.910 1276-1276 I/SystemServer: Wired Accessory Manager
11-01 01:55:02.910 1276-1276 W/WiredAccessoryManager: This kernel does not have wired headset support
11-01 01:55:02.910 1276-1276 W/WiredAccessoryManager: This kernel does not have usb audio support
11-01 01:55:02.910 1276-1276 W/WiredAccessoryManager: This kernel does not have HDMI audio support
11-01 01:55:02.910 1276-1276 I/SystemServer: USB Service
11-01 01:55:02.910 1276-1276 I/SystemServer: Serial Service
11-01 01:55:02.910 1276-1276 I/SystemServer: Twilight Service
11-01 01:55:02.910 1276-1276 I/SystemServer: UI Mode Manager Service
11-01 01:55:02.910 1276-1276 I/SystemServer: Backup Service
11-01 01:55:03.000 1276-1276 I/BackupManagerService: Scheduling backup for new app com.android.calendar
11-01 01:55:03.000 1276-1276 D/BackupManagerService: Now staging backup of com.android.calendar
11-01 01:55:03.010 1276-1276 I/BackupManagerService: Scheduling backup for new app com.android.browser
11-01 01:55:03.010 1276-1276 D/BackupManagerService: Now staging backup of com.android.browser
11-01 01:55:03.010 1276-1276 I/BackupManagerService: Scheduling backup for new app com.android.providers.userdictionary
11-01 01:55:03.010 1276-1276 D/BackupManagerService: Now staging backup of com.android.providers.userdictionary
11-01 01:55:03.010 1276-1276 I/BackupManagerService: Scheduling backup for new app com.android.sharedstoragebackup
11-01 01:55:03.010 1276-1276 D/BackupManagerService: Now staging backup of com.android.sharedstoragebackup
11-01 01:55:03.020 1276-1276 I/BackupManagerService: Scheduling backup for new app android
11-01 01:55:03.020 1276-1276 D/BackupManagerService: Now staging backup of android
11-01 01:55:03.020 1276-1276 I/BackupManagerService: Scheduling backup for new app com.android.dialer
11-01 01:55:03.020 1276-1276 D/BackupManagerService: Now staging backup of com.android.dialer
11-01 01:55:03.040 1276-1276 I/BackupManagerService: Scheduling backup for new app com.android.providers.settings
11-01 01:55:03.040 1276-1276 D/BackupManagerService: Now staging backup of com.android.providers.settings
11-01 01:55:03.040 1276-1276 I/BackupManagerService: Binding to transport host ComponentInfo{android/com.android.internal.backup.LocalTransportService}
11-01 01:55:03.040 1276-1276 I/BackupManagerService: Found stale backup journal, scheduling
11-01 01:55:03.080 1276-1276 I/BackupManagerService: com.android.calendar
11-01 01:55:03.080 1276-1276 I/BackupManagerService: com.android.browser
11-01 01:55:03.080 1276-1276 I/BackupManagerService: com.android.providers.userdictionary
11-01 01:55:03.080 1276-1276 I/BackupManagerService: com.android.sharedstoragebackup
11-01 01:55:03.080 1276-1276 I/BackupManagerService: android
11-01 01:55:03.080 1276-1276 I/BackupManagerService: com.android.dialer
11-01 01:55:03.080 1276-1276 I/BackupManagerService: com.android.providers.settings
11-01 01:55:03.080 1276-1276 I/BackupManagerService: Backup enabled => true
11-01 01:55:03.090 1276-1276 I/WindowManager: SAFE MODE not enabled
11-01 01:55:03.090 1276-1276 I/SystemServer: AppWidget Service
11-01 01:55:03.090 1276-1276 I/SystemServer: Recognition Service
11-01 01:55:03.090 1276-1276 I/SystemServer: DiskStats Service
11-01 01:55:03.090 1276-1276 I/SystemServer: SamplingProfiler Service
11-01 01:55:03.090 1276-1276 I/SystemServer: NetworkTimeUpdateService
11-01 01:55:03.090 1276-1276 I/SystemServer: CommonTimeManagementService
11-01 01:55:03.090 1276-1276 I/SystemServer: CertBlacklister
11-01 01:55:03.090 1276-1276 I/SystemServer: Dreams Service
11-01 01:55:03.090 1276-1276 I/SystemServer: Assets Atlas Service
11-01 01:55:03.090 1276-1276 I/SystemServer: IdleMaintenanceService
11-01 01:55:03.090 1276-1276 I/SystemServer: Print Service
11-01 01:55:03.090 1276-1276 I/SystemServer: Media Router Service
11-01 01:55:03.100 1276-1331 D/Atlas: Loaded configuration: SliceMinArea (768x768) flags=0x2 count=24 [
11-01 01:55:03.100 938: 1304 D/ ] HostConnection::get() New Host Connection established 0xb7900df0, tid 1304 [
11-01 01:55:03.110 1276: 1331 D/ ] HostConnection::get() New Host Connection established 0xb9348fc0, tid 1331
11-01 01:55:03.140 1276-1283 D/dalvikvm: JIT started for system_server
11-01 01:55:03.220 1276-1276 I/Zygote: Process: zygote socket opened
11-01 01:55:03.240 1276-1276 I/ActivityManager: Start proc com.android.systemui for service com.android.keyguard/.KeyguardService: pid=1333 uid=10007 gids={50007, 1028, 1015, 1035, 3002, 3001}
11-01 01:55:03.310 1276-1331 D/Atlas: Rendered atlas in 179,78ms (5,96+173,82ms)
11-01 01:55:03.330 1276-1276 I/AppOps: Pruning old package media/1013: new uid=-1
11-01 01:55:03.330 1276-1276 I/ActivityManager: System now ready
11-01 01:55:03.330 1276-1276 I/SystemServer: Making services ready
11-01 01:55:03.330 1276-1276 D/NetworkManagementService: not enabling bandwidth control
11-01 01:55:03.330 933-992 I/Vold: /dev/block/vold/179:0 being considered for volume sdcard
11-01 01:55:03.330 933-992 D/Vold: Volume sdcard state changing 1 (Idle-Unmounted) -> 3 (Checking)
11-01 01:55:03.380 933-992 I/fsck_msdos: ** /dev/block/vold/179:0
11-01 01:55:03.390 933-992 I/fsck_msdos: ** Phase 1 - Read and Compare FATs
11-01 01:55:03.390 933-992 I/fsck_msdos: Attempting to allocate 1587 KB for FAT
11-01 01:55:03.390 1276-1294 D/MountService: volume state changed for /storage/sdcard (unmounted -> checking)
11-01 01:55:03.390 1276-1294 D/MountService: sendStorageIntent Intent { act=android.intent.action.MEDIA_CHECKING dat=file:///storage/sdcard (has extras) } to UserHandle{-1}
11-01 01:55:03.460 1333-1340 D/dalvikvm: Debugger has detached; object registry had 1 entries
11-01 01:55:03.560 1276-1276 W/NetworkStats: bandwidth controls disabled, unable to track stats
11-01 01:55:03.560 1276-1276 W/NetworkPolicy: bandwidth controls disabled, unable to enforce policy
11-01 01:55:03.620 1276-1276 I/ActivityManager: Config changes=200 {1.0 ?mcc?mnc ru_RU ldltr sw384dp w384dp h567dp 320dpi nrml port finger qwerty/v/v -nav/h s.5}
11-01 01:55:03.640 1276-1276 W/RecognitionManagerService: no available voice recognition services found for user 0
11-01 01:55:03.690 1276-1276 W/InputMethodManagerService: Ignoring setImeWindowStatus of uid 1000 token: null
11-01 01:55:03.730 1276-1276 D/dalvikvm: GC_FOR_ALLOC freed 330K, 7% free 5192K/5580K, paused 39ms, total 40ms
11-01 01:55:03.810 1276-1276 I/ActivityManager: Start proc com.android.inputmethod.latin for service com.android.inputmethod.latin/.LatinIME: pid=1365 uid=10029 gids={50029, 1028, 1015}
11-01 01:55:03.870 1333-1333 E/SoundPool: error loading /system/media/audio/ui/Lock.ogg
11-01 01:55:03.870 1333-1333 W/KeyguardViewMediator: failed to load lock sound from /system/media/audio/ui/Lock.ogg
11-01 01:55:03.870 1333-1333 E/SoundPool: error loading /system/media/audio/ui/Unlock.ogg
11-01 01:55:03.870 1333-1333 W/KeyguardViewMediator: failed to load unlock sound from /system/media/audio/ui/Unlock.ogg
11-01 01:55:03.880 1276-1276 W/GpsLocationProvider: Could not open GPS configuration file /etc/gps.conf
11-01 01:55:03.880 1276-1276 W/ServiceWatcher: com.google.android.location not found
11-01 01:55:03.880 1276-1276 W/ServiceWatcher: com.google.android.location not found
11-01 01:55:03.880 1276-1276 W/ServiceWatcher: com.google.android.location not found
11-01 01:55:03.880 1276-1276 W/LocationManagerService: no network location provider found
11-01 01:55:03.910 1276-1276 W/ServiceWatcher: com.google.android.location not found
11-01 01:55:03.910 1276-1276 E/FlpHardwareProvider: Error hw_get_module 'flp': -2
11-01 01:55:03.910 1276-1276 W/ServiceWatcher: com.google.android.location not found
11-01 01:55:03.910 1276-1276 E/FlpHardwareProvider: Error hw_get_module 'flp': -2
11-01 01:55:03.910 1276-1276 W/ServiceWatcher: com.google.android.location not found
11-01 01:55:03.910 1276-1276 E/LocationManagerService: no geocoder provider found
11-01 01:55:03.910 1276-1276 E/LocationManagerService: No FusedProvider found.
11-01 01:55:03.910 1276-1276 E/LocationManagerService: no geofence provider found
11-01 01:55:03.920 1276-1276 I/CommonTimeManagementService: No common time service detected on this platform. Common time services will be unavailable.
11-01 01:55:03.920 1276-1308 I/InputReader: Reconfiguring input devices. changes=0x00000020
11-01 01:55:03.920 1276-1291 I/ActivityManager: Start proc com.android.settings for broadcast com.android.settings/.widget.SettingsAppWidgetProvider: pid=1381 uid=1000 gids={41000, 1028, 1015, 3002, 3001, 3003}
11-01 01:55:03.930 1276-1308 I/InputReader: Reconfiguring input devices. changes=0x00000010
11-01 01:55:03.980 1276-1276 I/ActivityManager: Start proc com.android.phone for added application com.android.phone: pid=1388 uid=1001 gids={41001, 3002, 3001, 3003, 1028, 1015}
11-01 01:55:03.990 1276-1276 I/ActivityManager: START u0 {act=android.intent.action.MAIN cat=[android.intent.category.HOME] flg=0x10000000 cmp=com.android.launcher/com.android.launcher2.Launcher} from pid 0
11-01 01:55:04.070 1276-1276 I/ActivityManager: Start proc com.android.launcher for activity com.android.launcher/com.android.launcher2.Launcher: pid=1408 uid=10008 gids={50008}
11-01 01:55:04.070 1276-1276 I/SystemServer: Enabled StrictMode for system server main thread.
11-01 01:55:04.100 1276-1292 I/ActivityManager: Start proc com.android.printspooler for service com.android.printspooler/.PrintSpoolerService: pid=1421 uid=10039 gids={50039}
11-01 01:55:04.170 1276-1276 I/Choreographer: Skipped 56 frames! The application may be doing too much work on its main thread.
11-01 01:55:04.190 1276-1276 W/InputMethodManagerService: Focus gain on non-focused client android.view.inputmethod.InputMethodManager$1@a5219708 (uid=1000 pid=1276)
11-01 01:55:04.430 935-1387 W/SocketClient: write error (Broken pipe)
11-01 01:55:04.670 933-992 I/fsck_msdos: Attempting to allocate 1587 KB for FAT
11-01 01:55:04.850 1276-1276 D/dalvikvm: GC_FOR_ALLOC freed 402K, 8% free 5372K/5832K, paused 21ms, total 25ms
11-01 01:55:05.020 1276-1276 I/MediaFocusControl: Remote Control registerMediaButtonIntent() for PendingIntent{a5199270: PendingIntentRecord{a523e4f8 android broadcastIntent}}
11-01 01:55:05.110 1421-1421 I/PrintSpoolerService: No existing print spooler state.
11-01 01:55:05.130 1276-1276 I/FusedLocation: engine stopped (com.android.location.fused)
11-01 01:55:05.130 1276-1276 I/FusedLocation: engine started (com.android.location.fused)
11-01 01:55:05.130 1276-1276 I/FusedLocation: engine started (com.android.location.fused)
11-01 01:55:05.180 1333-1333 D/SystemUIService: loading: class com.android.systemui.recent.Recents
11-01 01:55:05.180 1333-1333 D/SystemUIService: running: com.android.systemui.recent.Recents@a503b7e8
11-01 01:55:05.180 1333-1333 D/SystemUIService: loading: class com.android.systemui.statusbar.SystemBars
11-01 01:55:05.180 1333-1333 D/SystemUIService: running: com.android.systemui.statusbar.SystemBars@a503bd88
11-01 01:55:05.180 1333-1333 D/SystemUIService: loading: class com.android.systemui.usb.StorageNotification
11-01 01:55:05.180 1333-1333 D/SystemUIService: running: com.android.systemui.usb.StorageNotification@a503da10
11-01 01:55:05.190 1333-1333 D/SystemUIService: loading: class com.android.systemui.power.PowerUI
11-01 01:55:05.190 1333-1333 D/SystemUIService: running: com.android.systemui.power.PowerUI@a503f008
11-01 01:55:05.190 1333-1333 D/SystemUIService: loading: class com.android.systemui.media.RingtonePlayer
11-01 01:55:05.190 1333-1333 D/SystemUIService: running: com.android.systemui.media.RingtonePlayer@a503fd98
11-01 01:55:05.190 1333-1333 D/SystemUIService: loading: class com.android.systemui.settings.SettingsUI
11-01 01:55:05.190 1333-1333 D/SystemUIService: running: com.android.systemui.settings.SettingsUI@a50411a0
11-01 01:55:05.310 933-992 I/fsck_msdos: ** Phase 2 - Check Cluster Chains
11-01 01:55:05.310 933-992 I/fsck_msdos: ** Phase 3 - Checking Directories
11-01 01:55:05.310 933-992 I/fsck_msdos: ** Phase 4 - Checking for Lost Files
11-01 01:55:05.310 933-992 I/fsck_msdos: 23 files, 201594 free (403188 clusters)
11-01 01:55:05.360 933-992 W/Vold: blkid failed to identify /dev/block/vold/179:0
11-01 01:55:05.360 933-992 I/Vold: Filesystem check completed OK
11-01 01:55:05.360 933-992 D/Vold: Volume sdcard state changing 3 (Checking) -> 4 (Mounted)
11-01 01:55:05.370 1276-1294 I/PackageManager: Updating external media status from unmounted to mounted
11-01 01:55:05.370 1276-1294 D/MountService: volume state changed for /storage/sdcard (checking -> mounted)
11-01 01:55:05.370 1276-1294 D/MountService: sendStorageIntent Intent { act=android.intent.action.MEDIA_MOUNTED dat=file:///storage/sdcard (has extras) } to UserHandle{-1}
11-01 01:55:05.380 1276-1299 I/PackageManager: No secure containers on sdcard
11-01 01:55:05.380 1276-1299 W/PackageManager: Not granting permission android.permission.GLOBAL_SEARCH to package com.android.quicksearchbox (protectionLevel=18 flags=0x88be45)
11-01 01:55:05.380 1276-1299 W/PackageManager: Unknown permission com.android.smspush.WAPPUSH_MANAGER_BIND in package com.android.phone
11-01 01:55:05.380 1276-1299 W/PackageManager: Unknown permission com.google.android.googleapps.permission.GOOGLE_AUTH in package com.android.providers.calendar
11-01 01:55:05.380 1276-1299 W/PackageManager: Unknown permission com.google.android.googleapps.permission.GOOGLE_AUTH.cl in package com.android.providers.calendar
11-01 01:55:05.380 1276-1299 W/PackageManager: Unknown permission com.google.android.googleapps.permission.GOOGLE_AUTH.mail in package com.android.calendar
11-01 01:55:05.380 1276-1299 W/PackageManager: Not granting permission android.permission.ACCESS_DOWNLOAD_MANAGER to package com.android.browser (protectionLevel=18 flags=0x89be45)
11-01 01:55:05.380 1276-1299 W/PackageManager: Not granting permission android.permission.SEND_DOWNLOAD_COMPLETED_INTENTS to package com.android.browser (protectionLevel=2 flags=0x89be45)
11-01 01:55:05.380 1276-1299 W/PackageManager: Not granting permission android.permission.BIND_APPWIDGET to package com.android.widgetpreview (protectionLevel=18 flags=0x8be44)
11-01 01:55:05.380 1276-1299 W/PackageManager: Unknown permission android.permission.INSTALL_DRM in package com.android.mms
11-01 01:55:05.380 1276-1299 W/PackageManager: Unknown permission com.google.android.googleapps.permission.GOOGLE_AUTH in package com.android.settings
11-01 01:55:05.380 1276-1299 W/PackageManager: Unknown permission com.google.android.googleapps.permission.ACCESS_GOOGLE_PASSWORD in package com.android.development
11-01 01:55:05.380 1276-1299 W/PackageManager: Unknown permission com.google.android.googleapps.permission.GOOGLE_AUTH in package com.android.development
11-01 01:55:05.380 1276-1299 W/PackageManager: Unknown permission com.google.android.googleapps.permission.GOOGLE_AUTH.ALL_SERVICES in package com.android.development
11-01 01:55:05.380 1276-1299 W/PackageManager: Unknown permission com.google.android.googleapps.permission.GOOGLE_AUTH.YouTubeUser in package com.android.development
11-01 01:55:05.380 1276-1299 W/PackageManager: Not granting permission android.permission.DELETE_PACKAGES to package com.svox.pico (protectionLevel=18 flags=0x88be45)
11-01 01:55:05.380 1276-1299 W/PackageManager: Not granting permission android.permission.DEVICE_POWER to package com.android.deskclock (protectionLevel=2 flags=0xc8be45)
11-01 01:55:05.420 1276-1313 E/VoldConnector: NDC Command {3 volume mount /storage/sdcard} took too long (2083ms)
11-01 01:55:05.830 1365-1365 I/LatinIME: Hardware accelerated drawing: true
11-01 01:55:05.900 1276-1299 W/PackageSettings: Skipping PackageSetting{a5089de0 org.adblockplus.libadblockplus.tests/10056} due to missing metadata
11-01 01:55:06.050 1276-1431 D/dalvikvm: GC_FOR_ALLOC freed 593K, 11% free 5405K/6056K, paused 44ms, total 45ms
11-01 01:55:06.080 1365-1365 W/InputAttributes: No editor info for this field. Bug?
11-01 01:55:06.080 1365-1365 I/ResourceUtils: Found default value: resource=keypress_vibration_durations build=[HARDWARE=goldfish MODEL=Android SDK built for x86 BRAND=generic_x86 MANUFACTURER=unknown] default=-1
11-01 01:55:06.080 1365-1365 I/ResourceUtils: Found default value: resource=keypress_volumes build=[HARDWARE=goldfish MODEL=Android SDK built for x86 BRAND=generic_x86 MANUFACTURER=unknown] default=-1.0f
11-01 01:55:06.160 1381-1381 E/BluetoothAdapter: Bluetooth binder is null
11-01 01:55:06.160 1276-1288 I/ActivityManager: Start proc android.process.acore for content provider com.android.providers.userdictionary/.UserDictionaryProvider: pid=1462 uid=10002 gids={50002, 3003, 1028, 1015}
11-01 01:55:06.200 1365-1461 I/LatinIME:LogUtils: Dictionary info: dictionary = userunigram.ru.dict ; version = ? ; date = ?
11-01 01:55:06.230 1333-1333 D/dalvikvm: GC_FOR_ALLOC freed 333K, 12% free 3038K/3420K, paused 54ms, total 56ms
11-01 01:55:06.390 1365-1460 I/LatinIME:LogUtils: Dictionary info: dictionary = main:ru ; version = 37 ; date = 1376897704
11-01 01:55:06.400 1276-1453 D/dalvikvm: GC_FOR_ALLOC freed 541K, 10% free 5494K/6096K, paused 77ms, total 79ms
11-01 01:55:06.500 1276-1276 I/ActivityManager: Start proc com.android.music for broadcast com.android.music/.MediaButtonIntentReceiver: pid=1478 uid=10032 gids={50032, 3003, 1028, 1015}
11-01 01:55:06.610 1478-1478 I/dalvikvm: CheckJNI enabled: not enabling JNI app bug workarounds.
11-01 01:55:06.620 1408-1408 D/dalvikvm: GC_FOR_ALLOC freed 213K, 8% free 3175K/3436K, paused 3ms, total 3ms
11-01 01:55:06.840 1333-1333 D/dalvikvm: GC_FOR_ALLOC freed 293K, 10% free 3185K/3528K, paused 33ms, total 36ms
11-01 01:55:06.890 1276-1452 I/PackageManager: Action: "android.intent.action.SENDTO"
11-01 01:55:06.890 1276-1452 I/PackageManager: Category: "android.intent.category.DEFAULT"
11-01 01:55:06.890 1276-1452 I/PackageManager: Scheme: "sms"
11-01 01:55:06.890 1276-1452 I/PackageManager: Adding preferred activity ComponentInfo{com.android.mms/com.android.mms.ui.ComposeMessageActivity} for user 0 :
11-01 01:55:06.900 1333-1333 D/dalvikvm: GC_FOR_ALLOC freed 2K, 10% free 3366K/3712K, paused 58ms, total 59ms
11-01 01:55:06.940 1276-1287 I/PackageManager: Action: "android.intent.action.SENDTO"
11-01 01:55:06.940 1276-1287 I/PackageManager: Category: "android.intent.category.DEFAULT"
11-01 01:55:06.940 1276-1287 I/PackageManager: Scheme: "smsto"
11-01 01:55:06.940 1276-1287 I/PackageManager: Adding preferred activity ComponentInfo{com.android.mms/com.android.mms.ui.ComposeMessageActivity} for user 0 :
11-01 01:55:06.950 1276-1452 I/MediaFocusControl: Remote Control registerMediaButtonIntent() for PendingIntent{a50ee9a8: PendingIntentRecord{a5265a20 com.android.music broadcastIntent}}
11-01 01:55:07.000 1276-1430 I/PackageManager: Action: "android.intent.action.SENDTO"
11-01 01:55:07.000 1276-1430 I/PackageManager: Category: "android.intent.category.DEFAULT"
11-01 01:55:07.000 1276-1430 I/PackageManager: Scheme: "mms"
11-01 01:55:07.000 1276-1430 I/PackageManager: Adding preferred activity ComponentInfo{com.android.mms/com.android.mms.ui.ComposeMessageActivity} for user 0 :
11-01 01:55:07.010 1381-1381 E/BluetoothAdapter: Bluetooth binder is null
11-01 01:55:07.060 1276-1287 I/PackageManager: Action: "android.intent.action.SENDTO"
11-01 01:55:07.060 1276-1287 I/PackageManager: Category: "android.intent.category.DEFAULT"
11-01 01:55:07.060 1276-1287 I/PackageManager: Scheme: "mmsto"
11-01 01:55:07.060 1276-1287 I/PackageManager: Adding preferred activity ComponentInfo{com.android.mms/com.android.mms.ui.ComposeMessageActivity} for user 0 :
11-01 01:55:07.120 1276-1452 I/ActivityManager: Start proc android.process.media for broadcast com.android.providers.downloads/.DownloadReceiver: pid=1501 uid=10005 gids={50005, 1028, 1015, 1023, 1024, 2001, 3003, 3007}
11-01 01:55:07.150 939-939 D/dalvikvm: GC_EXPLICIT freed 38K, 3% free 2882K/2968K, paused 0ms+0ms, total 36ms
11-01 01:55:07.180 1333-1333 D/dalvikvm: GC_FOR_ALLOC freed 1K, 9% free 3554K/3896K, paused 5ms, total 5ms
11-01 01:55:07.240 1333-1333 D/dalvikvm: GC_FOR_ALLOC freed <1K, 9% free 3737K/4080K, paused 5ms, total 5ms
11-01 01:55:07.260 1388-1388 E/BluetoothAdapter: Bluetooth binder is null
11-01 01:55:07.270 939-939 D/dalvikvm: GC_EXPLICIT freed <1K, 3% free 2882K/2968K, paused 1ms+113ms, total 121ms
11-01 01:55:07.270 939-939 D/dalvikvm: WAIT_FOR_CONCURRENT_GC blocked 1ms
11-01 01:55:07.290 1388-1388 E/BluetoothAdapter: Bluetooth binder is null
11-01 01:55:07.300 1388-1388 D/CallNotifier: CallNotifier: mSignalInfoToneGenerator created when toneplay
11-01 01:55:07.300 1388-1388 E/BluetoothAdapter: Bluetooth binder is null
11-01 01:55:07.380 1408-1408 D/dalvikvm: GC_FOR_ALLOC freed 77K, 4% free 3545K/3672K, paused 0ms, total 6ms
11-01 01:55:07.400 939-939 D/dalvikvm: GC_EXPLICIT freed <1K, 3% free 2882K/2968K, paused 0ms+129ms, total 129ms
11-01 01:55:07.400 1388-1519 D/dalvikvm: GC_FOR_ALLOC freed 228K, 9% free 3156K/3432K, paused 96ms, total 97ms
11-01 01:55:07.510 1276-1276 D/MobileDataStateTracker: fota: Broadcast received: android.intent.action.ANY_DATA_STATE apnType=fota
11-01 01:55:07.510 1276-1276 D/MobileDataStateTracker: fota: Received state=DISCONNECTED, old=DISCONNECTED, reason=radioTurnedOff
11-01 01:55:07.540 1276-1276 D/MobileDataStateTracker: ia: Broadcast received: android.intent.action.ANY_DATA_STATE apnType=ia
11-01 01:55:07.540 1276-1276 D/MobileDataStateTracker: ia: Received state=DISCONNECTED, old=DISCONNECTED, reason=radioTurnedOff
11-01 01:55:07.540 1276-1276 D/MobileDataStateTracker: supl: Broadcast received: android.intent.action.ANY_DATA_STATE apnType=supl
