11-01 01:55:16.110 1276-1452 I/ActivityManager: Resuming delayed broadcast
11-01 01:55:16.120 1276-1523 I/ActivityManager: Delay finish: com.android.mms/.transaction.SmsReceiver
11-01 01:55:16.230 1388-1406 D/dalvikvm: GC_FOR_ALLOC freed 486K, 14% free 3439K/3976K, paused 88ms, total 93ms
11-01 01:55:16.240 1388-1406 D/MmsSmsDatabaseHelper: [MmsSmsDb] tableName: threads hasAutoIncrement: CREATE TABLE threads (_id INTEGER PRIMARY KEY AUTOINCREMENT,date INTEGER DEFAULT 0,message_count INTEGER DEFAULT 0,recipient_ids TEXT,snippet TEXT,snippet_cs INTEGER DEFAULT 0,read INTEGER DEFAULT 1,type INTEGER DEFAULT 0,error INTEGER DEFAULT 0,has_attachment INTEGER DEFAULT 0) result: true
11-01 01:55:16.290 1388-1406 D/MmsSmsDatabaseHelper: [MmsSmsDb] tableName: canonical_addresses hasAutoIncrement: CREATE TABLE canonical_addresses (_id INTEGER PRIMARY KEY AUTOINCREMENT,address TEXT) result: true
11-01 01:55:16.290 1388-1406 D/MmsSmsDatabaseHelper: [MmsSmsDb] tableName: part hasAutoIncrement: CREATE TABLE part (_id INTEGER PRIMARY KEY AUTOINCREMENT,mid INTEGER,seq INTEGER DEFAULT 0,ct TEXT,name TEXT,chset INTEGER,cd TEXT,fn TEXT,cid TEXT,cl TEXT,ctt_s INTEGER,ctt_t TEXT,_data TEXT,text TEXT) result: true
11-01 01:55:16.290 1388-1406 D/MmsSmsDatabaseHelper: [MmsSmsDb] tableName: pdu hasAutoIncrement: CREATE TABLE pdu (_id INTEGER PRIMARY KEY AUTOINCREMENT,thread_id INTEGER,date INTEGER,date_sent INTEGER DEFAULT 0,msg_box INTEGER,read INTEGER DEFAULT 0,m_id TEXT,sub TEXT,sub_cs INTEGER,ct_t TEXT,ct_l TEXT,exp INTEGER,m_cls TEXT,m_type INTEGER,v INTEGER,m_size INTEGER,pri INTEGER,rr INTEGER,rpt_a INTEGER,resp_st INTEGER,st INTEGER,tr_id TEXT,retr_st INTEGER,retr_txt TEXT,retr_txt_cs INTEGER,read_status INTEGER,ct_cls INTEGER,resp_txt TEXT,d_tm INTEGER,d_rpt INTEGER,locked INTEGER DEFAULT 0,seen INTEGER DEFAULT 0,text_only INTEGER DEFAULT 0) result: true
11-01 01:55:16.290 1388-1406 D/MmsSmsDatabaseHelper: [getWritableDatabase] hasAutoIncrementThreads: true hasAutoIncrementAddresses: true hasAutoIncrementPart: true hasAutoIncrementPdu: true
11-01 01:55:16.320 1276-1525 I/ActivityManager: Resuming delayed broadcast
11-01 01:55:16.350 1276-1453 I/ActivityManager: Start proc com.android.calendar for broadcast com.android.calendar/.alerts.AlertReceiver: pid=1685 uid=10016 gids={50016, 3003}
11-01 01:55:16.410 1659-1684 D/Mms:app: cancelNotification
11-01 01:55:16.440 1685-1685 D/ExtensionsFactory: No custom extensions.
11-01 01:55:16.440 1685-1685 D/AlertReceiver: onReceive: a=android.intent.action.BOOT_COMPLETED Intent { act=android.intent.action.BOOT_COMPLETED flg=0x8000010 cmp=com.android.calendar/.alerts.AlertReceiver (has extras) }
11-01 01:55:16.520 1685-1705 D/AlertService: 0 Action = android.intent.action.BOOT_COMPLETED
11-01 01:55:16.520 1685-1705 D/AlertService: Scheduling next alarm with AlarmScheduler. sEventReminderReceived: null
11-01 01:55:16.530 1685-1705 D/AlarmScheduler: No events found starting within 1 week.
11-01 01:55:16.550 1564-1703 I/AlarmClock: Displaying next alarm time: ''
11-01 01:55:16.550 1276-1287 I/ActivityManager: Delay finish: com.android.deskclock/.AlarmInitReceiver
11-01 01:55:16.570 1276-1288 I/ActivityManager: Resuming delayed broadcast
11-01 01:55:16.610 1276-1288 I/ActivityManager: Start proc com.android.email for broadcast com.android.email/.service.EmailBroadcastReceiver: pid=1708 uid=10024 gids={50024, 3003, 1028, 1015}
11-01 01:55:17.240 1708-1722 D/ActivityThread: Loading provider com.android.email.provider;com.android.email.notifier: com.android.email.provider.EmailProvider
11-01 01:55:17.320 1708-1723 D/ActivityThread: Loading provider com.android.email.provider;com.android.email.notifier: com.android.email.provider.EmailProvider
11-01 01:55:17.390 1276-1288 I/ActivityManager: Delay finish: com.android.email/.service.EmailBroadcastReceiver
11-01 01:55:17.750 1276-1611 D/dalvikvm: GC_FOR_ALLOC freed 251K, 14% free 5842K/6728K, paused 5ms, total 5ms
11-01 01:55:17.760 1276-1328 I/ActivityManager: Delaying start of: ServiceRecord{a5301f98 u0 com.android.exchange/.service.EmailSyncAdapterService}
11-01 01:55:17.790 1276-1431 I/ActivityManager: Start proc com.android.exchange for service com.android.exchange/.service.EmailSyncAdapterService: pid=1726 uid=10025 gids={50025, 3003, 1028, 1015}
11-01 01:55:17.830 1276-1288 W/ActivityManager: Unable to start service Intent { cmp=com.android.email/.service.AttachmentDownloadService } U=0: not found
11-01 01:55:17.830 1276-1524 W/ActivityManager: Unable to start service Intent { cmp=com.android.email/.service.AttachmentDownloadService } U=0: not found
11-01 01:55:17.920 1276-1524 W/ActivityManager: Unable to start service Intent { cmp=com.android.email/.service.AttachmentDownloadService } U=0: not found
11-01 01:55:18.020 1708-1740 I/Email: Observing account changes for notifications
11-01 01:55:18.140 1708-1719 D/dalvikvm: GC_FOR_ALLOC freed 309K, 11% free 3085K/3448K, paused 8ms, total 8ms
11-01 01:55:18.170 1365-1365 D/dalvikvm: GC_FOR_ALLOC freed 255K, 9% free 3133K/3436K, paused 2ms, total 2ms
11-01 01:55:18.170 1365-1365 I/LauncherIconVisibilityManager: Boot has been completed
11-01 01:55:18.170 1276-1452 I/ActivityManager: Resuming delayed broadcast
11-01 01:55:18.180 1365-1365 I/LauncherIconVisibilityManager: Activity has already been disabled: ComponentInfo{com.android.inputmethod.latin/com.android.inputmethod.latin.setup.SetupActivity}
11-01 01:55:18.210 1381-1381 E/BluetoothAdapter: Bluetooth binder is null
11-01 01:55:18.280 1685-1685 D/AlertReceiver: onReceive: a=android.intent.action.PROVIDER_CHANGED Intent { act=android.intent.action.PROVIDER_CHANGED dat=content://com.android.calendar flg=0x10 cmp=com.android.calendar/.alerts.AlertReceiver }
11-01 01:55:18.300 1276-1430 I/ActivityManager: Delay finish: com.android.calendar/.alerts.AlertReceiver
11-01 01:55:18.310 935-1272 I/iptables: iptables: No chain/target/match by that name.
11-01 01:55:18.330 935-1272 I/iptables: iptables terminated by exit(1)
11-01 01:55:18.330 935-1272 E/Netd: exec() res=0, status=256 for /system/bin/iptables -t mangle -A st_mangle_EXEMPT -d 10.0.2.2/32 -j MARK --set-mark 1
11-01 01:55:18.330 1750-1750 E/logwrapper: executing /system/bin/ip failed: No such file or directory
11-01 01:55:18.330 1276-1586 E/ConnectivityService: Exception trying to add a route: java.lang.IllegalStateException: command '30 interface fwmark exempt add 10.0.2.2/32' failed with '400 30 Failed to add exemption rule (File exists)'
11-01 01:55:18.330 1685-1748 D/AlertService: 0 Action = android.intent.action.PROVIDER_CHANGED
11-01 01:55:18.340 935-1272 I/iptables: iptables: No chain/target/match by that name.
11-01 01:55:18.340 935-1272 I/iptables: iptables terminated by exit(1)
11-01 01:55:18.340 935-1272 E/Netd: exec() res=0, status=256 for /system/bin/iptables -t mangle -A st_mangle_EXEMPT -d 212.104.78.27/32 -j MARK --set-mark 1
11-01 01:55:18.350 1754-1754 E/logwrapper: executing /system/bin/ip failed: No such file or directory
11-01 01:55:18.370 1276-1586 E/ConnectivityService: Exception trying to add a route: java.lang.IllegalStateException: command '32 interface fwmark exempt add 212.104.78.27/32' failed with '400 32 Failed to add exemption rule (File exists)'
11-01 01:55:18.370 1276-1586 D/ConnectivityService: requestRouteToHostAddress ok=false
11-01 01:55:18.370 1276-1586 D/ConnectivityService: [CheckMp] isMobileOk: could not establish route to hostAddr=clients3.google.com/212.104.78.27
11-01 01:55:20.100 1276-1451 D/dalvikvm: GC_FOR_ALLOC freed 604K, 15% free 5743K/6728K, paused 39ms, total 41ms
11-01 01:55:20.100 1333-1333 W/SoundPool: sample 0 not READY
11-01 01:55:20.120 1333-1333 D/PhoneStatusBar: disable: < expand icons alerts ticker system_info back* home* recent* clock* search*
> 11-01 01:55:21.400 935-1272 I/iptables: iptables: No chain/target/match by that name.
11-01 01:55:21.410 935-1272 I/iptables: iptables terminated by exit(1)
11-01 01:55:21.420 935-1272 E/Netd: exec() res=0, status=256 for /system/bin/iptables -t mangle -A st_mangle_EXEMPT -d 10.0.2.2/32 -j MARK --set-mark 1
11-01 01:55:21.420 1757-1757 E/logwrapper: executing /system/bin/ip failed: No such file or directory
11-01 01:55:21.420 1276-1586 E/ConnectivityService: Exception trying to add a route: java.lang.IllegalStateException: command '34 interface fwmark exempt add 10.0.2.2/32' failed with '400 34 Failed to add exemption rule (File exists)'
11-01 01:55:21.430 935-1272 I/iptables: iptables: No chain/target/match by that name.
11-01 01:55:21.440 935-1272 I/iptables: iptables terminated by exit(1)
11-01 01:55:21.440 935-1272 E/Netd: exec() res=0, status=256 for /system/bin/iptables -t mangle -A st_mangle_EXEMPT -d 212.104.78.59/32 -j MARK --set-mark 1
11-01 01:55:21.440 1759-1759 E/logwrapper: executing /system/bin/ip failed: No such file or directory
11-01 01:55:21.450 1276-1586 E/ConnectivityService: Exception trying to add a route: java.lang.IllegalStateException: command '36 interface fwmark exempt add 212.104.78.59/32' failed with '400 36 Failed to add exemption rule (File exists)'
11-01 01:55:21.450 1276-1586 D/ConnectivityService: requestRouteToHostAddress ok=false
11-01 01:55:21.450 1276-1586 D/ConnectivityService: [CheckMp] isMobileOk: could not establish route to hostAddr=clients3.google.com/212.104.78.59
11-01 01:55:21.900 1276-1291 I/ActivityManager: Waited long enough for: ServiceRecord{a51c6138 u0 com.android.music/.MediaPlaybackService}
11-01 01:55:21.900 1276-1291 I/ActivityManager: Resuming delayed broadcast
11-01 01:55:21.920 1276-1431 I/ActivityManager: Delay finish: com.android.mms/.transaction.SmsReceiver
11-01 01:55:21.950 1276-1431 I/ActivityManager: Resuming delayed broadcast
11-01 01:55:21.970 1276-1430 I/ActivityManager: Delay finish: com.android.providers.calendar/.CalendarProviderBroadcastReceiver
11-01 01:55:21.980 1276-1452 I/ActivityManager: Resuming delayed broadcast
11-01 01:55:23.340 1685-1748 I/GlobalDismissManager: no sender configured
11-01 01:55:23.340 1685-1748 D/AlertService: Beginning updateAlertNotification
11-01 01:55:23.340 1685-1748 D/AlertService: No fired or scheduled alerts
11-01 01:55:23.360 1685-1748 D/AlertService: Scheduling next alarm with AlarmScheduler. sEventReminderReceived: null
11-01 01:55:23.360 1685-1748 D/AlarmScheduler: No events found starting within 1 week.
11-01 01:55:23.510 1769-1769 D/AndroidRuntime: >>>>>> AndroidRuntime START com.android.internal.os.RuntimeInit <<<<<<
11-01 01:55:23.510 1769-1769 W/linker: libdvm.so has text relocations. This is wasting memory and is a security risk. Please fix.
11-01 01:55:23.510 1769-1769 D/AndroidRuntime: CheckJNI is ON
11-01 01:55:23.520 1769-1769 D/dalvikvm: Trying to load lib libjavacore.so 0x0
11-01 01:55:23.520 1769-1769 D/dalvikvm: Added shared lib libjavacore.so 0x0
11-01 01:55:23.520 1769-1769 D/dalvikvm: Trying to load lib libnativehelper.so 0x0
11-01 01:55:23.520 1769-1769 D/dalvikvm: Added shared lib libnativehelper.so 0x0
11-01 01:55:23.520 1769-1769 D/dalvikvm: No JNI_OnLoad found in libnativehelper.so 0x0, skipping init
11-01 01:55:23.530 1769-1769 D/dalvikvm: Note: class Landroid/app/ActivityManagerNative; has 179 unimplemented (abstract) methods
11-01 01:55:23.580 1769-1769 E/memtrack: Couldn't load memtrack module (No such file or directory)
11-01 01:55:23.580 1769-1769 E/android.os.Debug: failed to load memtrack module: -2
11-01 01:55:23.600 1769-1769 D/AndroidRuntime: Calling main entry com.android.commands.pm.Pm
11-01 01:55:23.630 1276-1299 I/ActivityManager: Start proc com.android.defcontainer for service com.android.defcontainer/.DefaultContainerService: pid=1778 uid=10003 gids={50003, 1028, 1015, 1023, 2001, 1035}
11-01 01:55:23.680 1276-1299 W/ActivityManager: No content provider found for permission revoke: file:///data/local/tmp/org.adblockplus.libadblockplus.android.webviewapp
11-01 01:55:23.690 1276-1299 W/ActivityManager: No content provider found for permission revoke: file:///data/local/tmp/org.adblockplus.libadblockplus.android.webviewapp
11-01 01:55:23.690 1276-1299 I/PackageManager: Copying native libraries to /data/app-lib/vmdl-1897346576
11-01 01:55:23.780 1276-1299 D/dalvikvm: GC_FOR_ALLOC freed 495K, 12% free 5966K/6728K, paused 5ms, total 8ms
11-01 01:55:24.010 1276-1299 D/dalvikvm: GC_FOR_ALLOC freed 582K, 13% free 5962K/6800K, paused 6ms, total 7ms
11-01 01:55:24.030 1276-1291 I/ActivityManager: Force stopping org.adblockplus.libadblockplus.android.webviewapp appid=10064 user=-1: uninstall pkg
11-01 01:55:24.040 1276-1299 D/dalvikvm: GC_FOR_ALLOC freed 597K, 12% free 5985K/6800K, paused 7ms, total 7ms
11-01 01:55:24.070 1276-1299 W/PackageSettings: Skipping PackageSetting{a5089de0 org.adblockplus.libadblockplus.tests/10056} due to missing metadata
11-01 01:55:24.080 1276-1299 I/PackageManager: Package org.adblockplus.libadblockplus.android.webviewapp codePath changed from /data/app/org.adblockplus.libadblockplus.android.webviewapp-2.apk to /data/app/org.adblockplus.libadblockplus.android.webviewapp-1.apk; Retaining data and using new
11-01 01:55:24.100 1276-1299 I/PackageManager: Running dexopt on: org.adblockplus.libadblockplus.android.webviewapp
11-01 01:55:24.110 1793-1793 W/linker: libdvm.so has text relocations. This is wasting memory and is a security risk. Please fix.
11-01 01:55:24.160 1793-1793 W/dalvikvm: method Landroid/support/v7/internal/widget/ListViewCompat;.lookForSelectablePosition incorrectly overrides package-private method with same name in Landroid/widget/ListView;
11-01 01:55:24.250 1793-1793 D/dalvikvm: DexOpt: load 21ms, verify+opt 83ms, 1971508 bytes
11-01 01:55:24.470 1276-1586 D/ConnectivityService: [CheckMp] isMobileOk: too many loops tried - giving up
11-01 01:55:24.470 1276-1586 D/ConnectivityService: [CheckMp] isMobileOk: X loops|timed out result=0
11-01 01:55:24.470 1276-1586 D/ConnectivityService: [CheckMp] isMobileOk: F stop hipri
11-01 01:55:24.470 1276-1322 D/MobileDataStateTracker: default: setEnableFailFastMobileData(enabled=0)
11-01 01:55:24.470 1276-1586 D/ConnectivityService: stopUsingNetworkFeature: teardown net 0: enableHIPRI
11-01 01:55:24.490 1276-1276 D/MobileDataStateTracker: hipri: Broadcast received: android.intent.action.ANY_DATA_STATE apnType=hipri
11-01 01:55:24.490 1276-1276 D/MobileDataStateTracker: hipri: Received state=DISCONNECTED, old=CONNECTED, reason=dataDisabled
11-01 01:55:24.490 1276-1276 D/MobileDataStateTracker: hipri: setDetailed state, old =CONNECTED and new state=DISCONNECTED
11-01 01:55:24.490 1276-1322 D/ConnectivityService: ConnectivityChange for mobile_hipri: DISCONNECTED/DISCONNECTED
11-01 01:55:24.500 1796-1796 E/logwrapper: executing /system/bin/ip failed: No such file or directory
11-01 01:55:24.500 935-1272 E/SecondaryTablController: ip route del failed: /system/bin/ip route del 10.0.2.2/32 via 0.0.0.0 dev eth0 table 60
11-01 01:55:24.500 935-1272 W/FrameworkListener: Handler 'interface' error (No such device)
11-01 01:55:24.510 1797-1797 E/logwrapper: executing /system/bin/ip failed: No such file or directory
11-01 01:55:24.520 935-1272 E/SecondaryTablController: ip route del failed: /system/bin/ip route del 0.0.0.0/0 via 10.0.2.2 dev eth0 table 60
11-01 01:55:24.520 935-1272 W/FrameworkListener: Handler 'interface' error (No such device)
11-01 01:55:24.530 1276-1322 D/Nat464Xlat: requiresClat: netType=5, hasIPv4Address=true
11-01 01:55:24.580 1276-1299 W/PackageManager: Code path for pkg : org.adblockplus.libadblockplus.android.webviewapp changing from /data/app/org.adblockplus.libadblockplus.android.webviewapp-2.apk to /data/app/org.adblockplus.libadblockplus.android.webviewapp-1.apk
11-01 01:55:24.580 1276-1299 W/PackageManager: Resource path for pkg : org.adblockplus.libadblockplus.android.webviewapp changing from /data/app/org.adblockplus.libadblockplus.android.webviewapp-2.apk to /data/app/org.adblockplus.libadblockplus.android.webviewapp-1.apk
11-01 01:55:24.590 1276-1291 I/ActivityManager: Force stopping org.adblockplus.libadblockplus.android.webviewapp appid=10064 user=-1: update pkg
11-01 01:55:24.600 1276-1299 W/PackageSettings: Skipping PackageSetting{a5089de0 org.adblockplus.libadblockplus.tests/10056} due to missing metadata
11-01 01:55:24.620 1276-1299 W/PackageSettings: Skipping PackageSetting{a5089de0 org.adblockplus.libadblockplus.tests/10056} due to missing metadata
11-01 01:55:24.630 1276-1299 I/ActivityManager: Force stopping org.adblockplus.libadblockplus.android.webviewapp appid=10064 user=0: pkg removed
11-01 01:55:24.640 1408-1408 D/dalvikvm: GC_EXPLICIT freed 629K, 18% free 7439K/9004K, paused 1ms+1ms, total 6ms
11-01 01:55:24.660 1276-1308 I/InputReader: Reconfiguring input devices. changes=0x00000010
11-01 01:55:24.670 1276-1328 I/PackageManager: Action: "android.intent.action.SENDTO"
11-01 01:55:24.670 1276-1328 I/PackageManager: Category: "android.intent.category.DEFAULT"
11-01 01:55:24.670 1276-1328 I/PackageManager: Scheme: "sms"
11-01 01:55:24.670 1276-1328 I/PackageManager: Adding preferred activity ComponentInfo{com.android.mms/com.android.mms.ui.ComposeMessageActivity} for user 0 :
11-01 01:55:24.680 1276-1453 I/PackageManager: Action: "android.intent.action.SENDTO"
11-01 01:55:24.680 1276-1453 I/PackageManager: Category: "android.intent.category.DEFAULT"
11-01 01:55:24.680 1276-1453 I/PackageManager: Scheme: "smsto"
11-01 01:55:24.680 1276-1453 I/PackageManager: Adding preferred activity ComponentInfo{com.android.mms/com.android.mms.ui.ComposeMessageActivity} for user 0 :
11-01 01:55:24.740 1276-1453 D/dalvikvm: GC_FOR_ALLOC freed 897K, 15% free 5842K/6812K, paused 47ms, total 47ms
11-01 01:55:24.750 1276-1452 I/PackageManager: Action: "android.intent.action.SENDTO"
11-01 01:55:24.750 1276-1452 I/PackageManager: Category: "android.intent.category.DEFAULT"
11-01 01:55:24.750 1276-1452 I/PackageManager: Scheme: "mms"
11-01 01:55:24.750 1276-1276 D/BackupManagerService: Received broadcast Intent { act=android.intent.action.PACKAGE_REMOVED dat=package:org.adblockplus.libadblockplus.android.webviewapp flg=0x4000010 (has extras) }
11-01 01:55:24.750 1276-1452 I/PackageManager: Adding preferred activity ComponentInfo{com.android.mms/com.android.mms.ui.ComposeMessageActivity} for user 0 :
11-01 01:55:24.760 1276-1523 I/PackageManager: Action: "android.intent.action.SENDTO"
11-01 01:55:24.760 1276-1523 I/PackageManager: Category: "android.intent.category.DEFAULT"
11-01 01:55:24.760 1276-1523 I/PackageManager: Scheme: "mmsto"
11-01 01:55:24.760 1276-1523 I/PackageManager: Adding preferred activity ComponentInfo{com.android.mms/com.android.mms.ui.ComposeMessageActivity} for user 0 :
11-01 01:55:24.770 1388-1388 D/dalvikvm: GC_FOR_ALLOC freed 430K, 13% free 3514K/3996K, paused 3ms, total 3ms
11-01 01:55:24.770 1276-1524 I/PackageManager: Action: "android.intent.action.SENDTO"
11-01 01:55:24.770 1276-1524 I/PackageManager: Category: "android.intent.category.DEFAULT"
11-01 01:55:24.770 1276-1524 I/PackageManager: Scheme: "sms"
11-01 01:55:24.770 1276-1524 I/PackageManager: Adding preferred activity ComponentInfo{com.android.mms/com.android.mms.ui.ComposeMessageActivity} for user 0 :
11-01 01:55:24.780 1276-1288 I/ActivityManager: Start proc com.android.keychain for broadcast com.android.keychain/.KeyChainBroadcastReceiver: pid=1799 uid=1000 gids={41000, 1028, 1015, 3002, 3001, 3003}
11-01 01:55:24.790 1276-1299 D/dalvikvm: WAIT_FOR_CONCURRENT_GC blocked 1ms
11-01 01:55:24.800 1276-1276 D/BackupManagerService: Received broadcast Intent { act=android.intent.action.PACKAGE_ADDED dat=package:org.adblockplus.libadblockplus.android.webviewapp flg=0x4000010 (has extras) }
11-01 01:55:24.820 1276-1308 I/InputReader: Reconfiguring input devices. changes=0x00000010
11-01 01:55:24.820 1276-1523 I/PackageManager: Action: "android.intent.action.SENDTO"
11-01 01:55:24.820 1276-1523 I/PackageManager: Category: "android.intent.category.DEFAULT"
11-01 01:55:24.820 1276-1523 I/PackageManager: Scheme: "smsto"
11-01 01:55:24.820 1276-1523 I/PackageManager: Adding preferred activity ComponentInfo{com.android.mms/com.android.mms.ui.ComposeMessageActivity} for user 0 :
11-01 01:55:24.860 1276-1525 I/PackageManager: Action: "android.intent.action.SENDTO"
11-01 01:55:24.860 1276-1525 I/PackageManager: Category: "android.intent.category.DEFAULT"
11-01 01:55:24.860 1276-1525 I/PackageManager: Scheme: "mms"
11-01 01:55:24.860 1276-1525 I/PackageManager: Adding preferred activity ComponentInfo{com.android.mms/com.android.mms.ui.ComposeMessageActivity} for user 0 :
11-01 01:55:24.870 1276-1328 I/PackageManager: Action: "android.intent.action.SENDTO"
11-01 01:55:24.870 1276-1328 I/PackageManager: Category: "android.intent.category.DEFAULT"
11-01 01:55:24.870 1276-1328 I/PackageManager: Scheme: "mmsto"
11-01 01:55:24.870 1276-1328 I/PackageManager: Adding preferred activity ComponentInfo{com.android.mms/com.android.mms.ui.ComposeMessageActivity} for user 0 :
11-01 01:55:24.900 1276-1299 D/dalvikvm: GC_EXPLICIT freed 741K, 15% free 5845K/6812K, paused 0ms+3ms, total 107ms
11-01 01:55:24.900 1276-1328 D/dalvikvm: WAIT_FOR_CONCURRENT_GC blocked 28ms
11-01 01:55:24.900 1276-1452 D/dalvikvm: WAIT_FOR_CONCURRENT_GC blocked 24ms
11-01 01:55:24.910 1276-1292 D/dalvikvm: WAIT_FOR_CONCURRENT_GC blocked 26ms
11-01 01:55:24.910 1276-1451 D/dalvikvm: WAIT_FOR_CONCURRENT_GC blocked 19ms
11-01 01:55:24.920 1769-1769 D/AndroidRuntime: Shutting down VM
11-01 01:55:24.920 1769-1775 D/jdwp: Got wake-up signal, bailing out of select
11-01 01:55:24.920 1769-1775 D/dalvikvm: Debugger has detached; object registry had 1 entries
11-01 01:55:24.930 1388-1388 D/dalvikvm: GC_FOR_ALLOC freed 333K, 14% free 3503K/4072K, paused 3ms, total 3ms
11-01 01:55:24.940 1799-1799 W/ContextImpl: Calling a method in the system process without a qualified user: android.app.ContextImpl.startService:1479 android.content.ContextWrapper.startService:494 android.content.ContextWrapper.startService:494 com.android.keychain.KeyChainBroadcastReceiver.onReceive:12 android.app.ActivityThread.handleReceiver:2419
11-01 01:55:25.000 1276-1452 D/dalvikvm: GC_FOR_ALLOC freed 163K, 15% free 5830K/6812K, paused 27ms, total 30ms
11-01 01:55:25.000 1276-1452 I/dalvikvm-heap: Grow heap (frag case) to 5.837MB for 92248-byte allocation
11-01 01:55:25.020 1276-1287 D/dalvikvm: GC_FOR_ALLOC freed 2K, 15% free 5918K/6904K, paused 21ms, total 21ms
11-01 01:55:25.050 1276-1287 I/ActivityManager: Start proc com.svox.pico for broadcast com.svox.pico/.VoiceDataInstallerReceiver: pid=1813 uid=10037 gids={50037, 1028, 1015}
11-01 01:55:25.050 1276-1292 W/RecognitionManagerService: no available voice recognition services found for user 0
11-01 01:55:25.060 939-939 D/dalvikvm: GC_EXPLICIT freed 38K, 4% free 2882K/2976K, paused 0ms+0ms, total 28ms
11-01 01:55:25.080 1276-1451 D/dalvikvm: GC_FOR_ALLOC freed 171K, 16% free 5847K/6904K, paused 21ms, total 21ms
11-01 01:55:25.080 1276-1451 I/dalvikvm-heap: Grow heap (frag case) to 5.898MB for 138370-byte allocation
11-01 01:55:25.100 939-939 D/dalvikvm: GC_EXPLICIT freed <1K, 4% free 2882K/2976K, paused 0ms+1ms, total 36ms
11-01 01:55:25.110 1276-1451 D/dalvikvm: GC_FOR_ALLOC freed 90K, 17% free 5892K/7040K, paused 32ms, total 32ms
11-01 01:55:25.150 939-939 D/dalvikvm: GC_EXPLICIT freed <1K, 4% free 2882K/2976K, paused 0ms+0ms, total 48ms
11-01 01:55:25.160 1276-1430 I/PackageManager: Action: "android.intent.action.SENDTO"
11-01 01:55:25.160 1276-1430 I/PackageManager: Category: "android.intent.category.DEFAULT"
11-01 01:55:25.160 1276-1430 I/PackageManager: Scheme: "sms"
11-01 01:55:25.160 1276-1430 I/PackageManager: Adding preferred activity ComponentInfo{com.android.mms/com.android.mms.ui.ComposeMessageActivity} for user 0 :
11-01 01:55:25.200 1276-1431 I/PackageManager: Action: "android.intent.action.SENDTO"
11-01 01:55:25.200 1276-1431 I/PackageManager: Category: "android.intent.category.DEFAULT"
11-01 01:55:25.200 1276-1431 I/PackageManager: Scheme: "smsto"
11-01 01:55:25.200 1276-1431 I/PackageManager: Adding preferred activity ComponentInfo{com.android.mms/com.android.mms.ui.ComposeMessageActivity} for user 0 :
11-01 01:55:25.230 1276-1287 I/PackageManager: Action: "android.intent.action.SENDTO"
11-01 01:55:25.230 1276-1287 I/PackageManager: Category: "android.intent.category.DEFAULT"
11-01 01:55:25.230 1276-1287 I/PackageManager: Scheme: "mms"
11-01 01:55:25.230 1276-1287 I/PackageManager: Adding preferred activity ComponentInfo{com.android.mms/com.android.mms.ui.ComposeMessageActivity} for user 0 :
11-01 01:55:25.250 1276-1525 I/PackageManager: Action: "android.intent.action.SENDTO"
11-01 01:55:25.250 1276-1525 I/PackageManager: Category: "android.intent.category.DEFAULT"
11-01 01:55:25.250 1276-1525 I/PackageManager: Scheme: "mmsto"
11-01 01:55:25.250 1276-1525 I/PackageManager: Adding preferred activity ComponentInfo{com.android.mms/com.android.mms.ui.ComposeMessageActivity} for user 0 :
11-01 01:55:25.270 1276-1523 I/PackageManager: Action: "android.intent.action.SENDTO"
11-01 01:55:25.270 1276-1523 I/PackageManager: Category: "android.intent.category.DEFAULT"
11-01 01:55:25.270 1276-1523 I/PackageManager: Scheme: "sms"
11-01 01:55:25.270 1276-1523 I/PackageManager: Adding preferred activity ComponentInfo{com.android.mms/com.android.mms.ui.ComposeMessageActivity} for user 0 :
11-01 01:55:25.290 1388-1388 D/dalvikvm: GC_FOR_ALLOC freed 356K, 14% free 3506K/4072K, paused 6ms, total 7ms
11-01 01:55:25.290 1276-1452 I/PackageManager: Action: "android.intent.action.SENDTO"
11-01 01:55:25.290 1276-1452 I/PackageManager: Category: "android.intent.category.DEFAULT"
11-01 01:55:25.290 1276-1452 I/PackageManager: Scheme: "smsto"
11-01 01:55:25.290 1276-1452 I/PackageManager: Adding preferred activity ComponentInfo{com.android.mms/com.android.mms.ui.ComposeMessageActivity} for user 0 :
11-01 01:55:25.300 1276-1452 D/dalvikvm: GC_FOR_ALLOC freed 884K, 19% free 5765K/7040K, paused 13ms, total 13ms
11-01 01:55:25.310 1276-1287 I/PackageManager: Action: "android.intent.action.SENDTO"
11-01 01:55:25.310 1276-1287 I/PackageManager: Category: "android.intent.category.DEFAULT"
11-01 01:55:25.310 1276-1287 I/PackageManager: Scheme: "mms"
11-01 01:55:25.310 1276-1287 I/PackageManager: Adding preferred activity ComponentInfo{com.android.mms/com.android.mms.ui.ComposeMessageActivity} for user 0 :
11-01 01:55:25.330 1276-1525 I/PackageManager: Action: "android.intent.action.SENDTO"
11-01 01:55:25.330 1276-1525 I/PackageManager: Category: "android.intent.category.DEFAULT"
11-01 01:55:25.330 1276-1525 I/PackageManager: Scheme: "mmsto"
11-01 01:55:25.330 1276-1525 I/PackageManager: Adding preferred activity ComponentInfo{com.android.mms/com.android.mms.ui.ComposeMessageActivity} for user 0 :
11-01 01:55:25.360 1276-1453 I/PackageManager: Action: "android.intent.action.SENDTO"
11-01 01:55:25.360 1276-1453 I/PackageManager: Category: "android.intent.category.DEFAULT"
11-01 01:55:25.360 1276-1288 I/PackageManager: Action: "android.intent.action.SENDTO"
11-01 01:55:25.360 1276-1288 I/PackageManager: Adding preferred activity ComponentInfo{com.android.mms/com.android.mms.ui.ComposeMessageActivity} for user 0 :
11-01 01:55:25.360 1276-1288 I/PackageManager: Category: "android.intent.category.DEFAULT"
11-01 01:55:25.360 1276-1288 I/PackageManager: Scheme: "smsto"
11-01 01:55:25.360 1276-1453 I/PackageManager: Scheme: "sms"
11-01 01:55:25.360 1276-1453 I/PackageManager: Adding preferred activity ComponentInfo{com.android.mms/com.android.mms.ui.ComposeMessageActivity} for user 0 :
11-01 01:55:25.400 1388-1388 D/dalvikvm: GC_FOR_ALLOC freed 375K, 14% free 3502K/4072K, paused 5ms, total 5ms
11-01 01:55:25.400 1276-1524 I/PackageManager: Action: "android.intent.action.SENDTO"
11-01 01:55:25.400 1276-1524 I/PackageManager: Category: "android.intent.category.DEFAULT"
11-01 01:55:25.400 1276-1524 I/PackageManager: Scheme: "mms"
11-01 01:55:25.400 1276-1524 I/PackageManager: Adding preferred activity ComponentInfo{com.android.mms/com.android.mms.ui.ComposeMessageActivity} for user 0 :
11-01 01:55:25.430 1276-1328 I/PackageManager: Action: "android.intent.action.SENDTO"
11-01 01:55:25.430 1276-1328 I/PackageManager: Category: "android.intent.category.DEFAULT"
11-01 01:55:25.430 1276-1328 I/PackageManager: Scheme: "mmsto"
11-01 01:55:25.430 1276-1328 I/PackageManager: Adding preferred activity ComponentInfo{com.android.mms/com.android.mms.ui.ComposeMessageActivity} for user 0 :
11-01 01:55:25.460 1276-1453 I/PackageManager: Action: "android.intent.action.SENDTO"
11-01 01:55:25.460 1276-1453 I/PackageManager: Category: "android.intent.category.DEFAULT"
11-01 01:55:25.460 1276-1453 I/PackageManager: Scheme: "sms"
11-01 01:55:25.460 1276-1453 D/dalvikvm: GC_FOR_ALLOC freed 693K, 18% free 5794K/7040K, paused 7ms, total 7ms
11-01 01:55:25.460 1276-1453 I/PackageManager: Adding preferred activity ComponentInfo{com.android.mms/com.android.mms.ui.ComposeMessageActivity} for user 0 :
11-01 01:55:25.510 1832-1832 D/AndroidRuntime: >>>>>> AndroidRuntime START com.android.internal.os.RuntimeInit <<<<<<
11-01 01:55:25.510 1832-1832 W/linker: libdvm.so has text relocations. This is wasting memory and is a security risk. Please fix.
11-01 01:55:25.520 1832-1832 D/AndroidRuntime: CheckJNI is ON
11-01 01:55:25.520 1832-1832 D/dalvikvm: Trying to load lib libjavacore.so 0x0
11-01 01:55:25.520 1832-1832 D/dalvikvm: Added shared lib libjavacore.so 0x0
11-01 01:55:25.520 1832-1832 D/dalvikvm: Trying to load lib libnativehelper.so 0x0
11-01 01:55:25.520 1832-1832 D/dalvikvm: Added shared lib libnativehelper.so 0x0
11-01 01:55:25.520 1832-1832 D/dalvikvm: No JNI_OnLoad found in libnativehelper.so 0x0, skipping init
11-01 01:55:25.530 1276-1525 I/PackageManager: Action: "android.intent.action.SENDTO"
11-01 01:55:25.530 1276-1525 I/PackageManager: Category: "android.intent.category.DEFAULT"
11-01 01:55:25.530 1276-1525 I/PackageManager: Scheme: "smsto"
11-01 01:55:25.530 1276-1525 I/PackageManager: Adding preferred activity ComponentInfo{com.android.mms/com.android.mms.ui.ComposeMessageActivity} for user 0 :
11-01 01:55:25.540 1276-1451 I/PackageManager: Action: "android.intent.action.SENDTO"
11-01 01:55:25.540 1276-1451 I/PackageManager: Category: "android.intent.category.DEFAULT"
11-01 01:55:25.540 1276-1451 I/PackageManager: Scheme: "mms"
11-01 01:55:25.540 1276-1451 I/PackageManager: Adding preferred activity ComponentInfo{com.android.mms/com.android.mms.ui.ComposeMessageActivity} for user 0 :
11-01 01:55:25.560 1388-1388 D/dalvikvm: GC_FOR_ALLOC freed 362K, 15% free 3500K/4072K, paused 2ms, total 2ms
11-01 01:55:25.570 1276-1430 I/PackageManager: Action: "android.intent.action.SENDTO"
11-01 01:55:25.570 1276-1430 I/PackageManager: Category: "android.intent.category.DEFAULT"
11-01 01:55:25.570 1276-1430 I/PackageManager: Scheme: "mmsto"
11-01 01:55:25.570 1276-1430 I/PackageManager: Adding preferred activity ComponentInfo{com.android.mms/com.android.mms.ui.ComposeMessageActivity} for user 0 :
11-01 01:55:25.580 1832-1832 D/dalvikvm: Note: class Landroid/app/ActivityManagerNative; has 179 unimplemented (abstract) methods
11-01 01:55:25.700 1832-1832 E/memtrack: Couldn't load memtrack module (No such file or directory)
11-01 01:55:25.700 1832-1832 E/android.os.Debug: failed to load memtrack module: -2
11-01 01:55:25.730 1832-1832 D/AndroidRuntime: Calling main entry com.android.commands.am.Am
11-01 01:55:25.760 1276-1586 D/dalvikvm: GC_FOR_ALLOC freed 678K, 17% free 5848K/7040K, paused 102ms, total 103ms
11-01 01:55:25.760 1276-1328 I/ActivityManager: START u0 {act=android.intent.action.MAIN cat=[android.intent.category.LAUNCHER] flg=0x10000000 cmp=org.adblockplus.libadblockplus.android.webviewapp/.MainActivity} from pid 1832
11-01 01:55:25.790 938-1009 E/gralloc_goldfish: gralloc_alloc: Mismatched usage flags: 328 x 546, usage 333
11-01 01:55:25.790 938-1009 W/GraphicBufferAllocator: alloc(328, 546, 1, 00000333, ...) failed -22 (Invalid argument) [
11-01 01:55:25.790 938: 1009 E/ ] GraphicBufferAlloc::createGraphicBuffer(w=328, h=546) failed (Invalid argument), handle=0x0
11-01 01:55:25.790 1276-1328 E/BufferQueue: [ScreenshotClient] dequeueBuffer: SurfaceComposer::createGraphicBuffer failed
11-01 01:55:25.790 1276-1328 W/WindowManager: Screenshot failure taking screenshot for (328x546) to layer 21005
11-01 01:55:25.830 1832-1832 D/AndroidRuntime: Shutting down VM
11-01 01:55:25.830 1832-1838 D/jdwp: Got wake-up signal, bailing out of select
11-01 01:55:25.830 1832-1838 D/dalvikvm: Debugger has detached; object registry had 1 entries
11-01 01:55:25.830 1842-1842 D/dalvikvm: Not late-enabling CheckJNI (already on)
11-01 01:55:25.850 1276-1288 I/ActivityManager: Start proc org.adblockplus.libadblockplus.android.webviewapp for activity org.adblockplus.libadblockplus.android.webviewapp/.MainActivity: pid=1842 uid=10064 gids={50064, 3003, 1028, 1015}
11-01 01:55:25.920 1842-1842 I/InstantRun: Instant Run Runtime started. Android package is org.adblockplus.libadblockplus.android.webviewapp, real application class is org.adblockplus.libadblockplus.android.webviewapp.Application.
11-01 01:55:25.920 1842-1842 W/InstantRun: No instant run dex files added to classpath
11-01 01:55:26.030 1842-1842 D/dalvikvm: GC_FOR_ALLOC freed 74K, 4% free 3285K/3416K, paused 2ms, total 3ms
11-01 01:55:26.030 1842-1842 D/dalvikvm: GC_FOR_ALLOC freed 6K, 4% free 3583K/3720K, paused 0ms, total 0ms
11-01 01:55:26.040 1842-1842 D/dalvikvm: GC_FOR_ALLOC freed <1K, 4% free 3887K/4024K, paused 3ms, total 4ms
11-01 01:55:26.040 1842-1842 D/dalvikvm: GC_FOR_ALLOC freed <1K, 4% free 4191K/4328K, paused 2ms, total 2ms
11-01 01:55:26.070 1842-1842 I/chromium: [INFO:library_loader_hooks.cc(112)] Chromium logging enabled: level = 0, default verbosity = 0
11-01 01:55:26.080 1842-1842 I/BrowserProcessMain: Initializing chromium process, renderers=0
11-01 01:55:26.350 1842-1862 W/chromium: [WARNING:proxy_service.cc(888)] PAC support disabled because there is no system implementation [
11-01 01:55:26.410 1842: 1842 D/ ] HostConnection::get() New Host Connection established 0xb92f2fa0, tid 1842
11-01 01:55:26.460 1842-1842 D/dalvikvm: GC_FOR_ALLOC freed 29K, 3% free 4629K/4732K, paused 14ms, total 14ms
11-01 01:55:26.460 1842-1842 I/dalvikvm-heap: Grow heap (frag case) to 5.646MB for 1127532-byte allocation
11-01 01:55:26.480 1842-1868 D/dalvikvm: GC_FOR_ALLOC freed <1K, 2% free 5729K/5836K, paused 17ms, total 17ms
11-01 01:55:26.610 1842-1842 D/Adblock: Creating adblock engine ...
11-01 01:55:26.610 1842-1842 D/dalvikvm: Trying to load lib /data/app-lib/org.adblockplus.libadblockplus.android.webviewapp-1/libadblockplus-jni.so 0xa4ff0e78
11-01 01:55:26.610 1842-1842 D/dalvikvm: Added shared lib /data/app-lib/org.adblockplus.libadblockplus.android.webviewapp-1/libadblockplus-jni.so 0xa4ff0e78
11-01 01:55:26.610 1842-1842 D/dalvikvm: No JNI_OnLoad found in /data/app-lib/org.adblockplus.libadblockplus.android.webviewapp-1/libadblockplus-jni.so 0xa4ff0e78, skipping init
11-01 01:55:26.620 1842-1842 D/dalvikvm: Trying to load lib /data/app-lib/org.adblockplus.libadblockplus.android.webviewapp-1/libadblockplus-jni.so 0xa4ff0e78
11-01 01:55:26.620 1842-1842 D/dalvikvm: Shared lib '/data/app-lib/org.adblockplus.libadblockplus.android.webviewapp-1/libadblockplus-jni.so' already loaded in same CL 0xa4ff0e78
11-01 01:55:26.620 1842-1842 D/dalvikvm: Trying to load lib /data/app-lib/org.adblockplus.libadblockplus.android.webviewapp-1/libadblockplus-jni.so 0xa4ff0e78
11-01 01:55:26.620 1842-1842 D/dalvikvm: Shared lib '/data/app-lib/org.adblockplus.libadblockplus.android.webviewapp-1/libadblockplus-jni.so' already loaded in same CL 0xa4ff0e78
11-01 01:55:26.620 1842-1842 D/dalvikvm: Trying to load lib /data/app-lib/org.adblockplus.libadblockplus.android.webviewapp-1/libadblockplus-jni.so 0xa4ff0e78
11-01 01:55:26.620 1842-1842 D/dalvikvm: Shared lib '/data/app-lib/org.adblockplus.libadblockplus.android.webviewapp-1/libadblockplus-jni.so' already loaded in same CL 0xa4ff0e78
11-01 01:55:26.620 1842-1842 W/AdblockEngine: Create
11-01 01:55:26.620 1842-1842 D/dalvikvm: Trying to load lib /data/app-lib/org.adblockplus.libadblockplus.android.webviewapp-1/libadblockplus-jni.so 0xa4ff0e78
11-01 01:55:26.620 1842-1842 D/dalvikvm: Shared lib '/data/app-lib/org.adblockplus.libadblockplus.android.webviewapp-1/libadblockplus-jni.so' already loaded in same CL 0xa4ff0e78
11-01 01:55:26.630 1842-1842 D/dalvikvm: Trying to load lib /data/app-lib/org.adblockplus.libadblockplus.android.webviewapp-1/libadblockplus-jni.so 0xa4ff0e78
11-01 01:55:26.630 1842-1842 D/dalvikvm: Shared lib '/data/app-lib/org.adblockplus.libadblockplus.android.webviewapp-1/libadblockplus-jni.so' already loaded in same CL 0xa4ff0e78
11-01 01:55:26.630 1842-1842 D/dalvikvm: Trying to load lib /data/app-lib/org.adblockplus.libadblockplus.android.webviewapp-1/libadblockplus-jni.so 0xa4ff0e78
11-01 01:55:26.630 1842-1842 D/dalvikvm: Shared lib '/data/app-lib/org.adblockplus.libadblockplus.android.webviewapp-1/libadblockplus-jni.so' already loaded in same CL 0xa4ff0e78
11-01 01:55:26.630 1842-1842 D/dalvikvm: Trying to load lib /data/app-lib/org.adblockplus.libadblockplus.android.webviewapp-1/libadblockplus-jni.so 0xa4ff0e78
11-01 01:55:26.630 1842-1842 D/dalvikvm: Shared lib '/data/app-lib/org.adblockplus.libadblockplus.android.webviewapp-1/libadblockplus-jni.so' already loaded in same CL 0xa4ff0e78
11-01 01:55:27.560 1276-1296 D/Tethering: MasterInitialState.processMessage what=3
11-01 01:55:27.560 1276-1296 D/Tethering: MasterInitialState.processMessage what=3
11-01 01:55:27.560 1276-1357 D/CaptivePortalTracker: NoActiveNetworkState{ when=-8ms what=1 obj=NetworkInfo: type: mobile_hipri[LTE], state: DISCONNECTED/DISCONNECTED, reason: dataDisabled, extra: epc.tmobile.com, roaming: false, failover: false, isAvailable: true, isConnectedToProvisioningNetwork: false target=com.android.internal.util.StateMachine$SmHandler }
11-01 01:55:27.560 1276-1357 D/CaptivePortalTracker: NoActiveNetworkState not a wifi connectivity change, ignore
11-01 01:55:27.560 1276-1357 D/CaptivePortalTracker: NoActiveNetworkState{ when=-8ms what=1 obj=NetworkInfo: type: mobile[LTE], state: CONNECTED/CONNECTED, reason: connected, extra: epc.tmobile.com, roaming: false, failover: false, isAvailable: true, isConnectedToProvisioningNetwork: false target=com.android.internal.util.StateMachine$SmHandler }
11-01 01:55:27.560 1276-1357 D/CaptivePortalTracker: NoActiveNetworkState not a wifi connectivity change, ignore
11-01 01:55:27.970 1276-1586 D/dalvikvm: GC_FOR_ALLOC freed 528K, 14% free 6065K/7040K, paused 242ms, total 242ms
11-01 01:55:28.340 1842-1842 D/dalvikvm: Trying to load lib /data/app-lib/org.adblockplus.libadblockplus.android.webviewapp-1/libadblockplus-jni.so 0xa4ff0e78
11-01 01:55:28.340 1842-1842 D/dalvikvm: Shared lib '/data/app-lib/org.adblockplus.libadblockplus.android.webviewapp-1/libadblockplus-jni.so' already loaded in same CL 0xa4ff0e78
11-01 01:55:28.340 1842-1842 D/AdblockEngine: Filter changed: subscription.title, [Subscription] url=https://easylist-downloads.adblockplus.org/easylist.txt title=EasyList
11-01 01:55:28.340 1842-1842 D/AdblockEngine: Filter changed: subscription.homepage, [Subscription] url=https://easylist-downloads.adblockplus.org/easylist.txt title=EasyList homepage=https://easylist.adblockplus.org/
11-01 01:55:28.340 1842-1842 D/AdblockEngine: Filter changed: subscription.title, [Subscription] url=https://easylist-downloads.adblockplus.org/abpindo+easylist.txt title=ABPindo+EasyList
11-01 01:55:28.340 1842-1842 D/AdblockEngine: Filter changed: subscription.homepage, [Subscription] url=https://easylist-downloads.adblockplus.org/abpindo+easylist.txt title=ABPindo+EasyList homepage=http://abpindo.blogspot.com/
11-01 01:55:28.340 1842-1842 D/AdblockEngine: Filter changed: subscription.title, [Subscription] url=https://easylist-downloads.adblockplus.org/bulgarian_list+easylist.txt title=Bulgarian list+EasyList
11-01 01:55:28.340 1842-1842 D/AdblockEngine: Filter changed: subscription.homepage, [Subscription] url=https://easylist-downloads.adblockplus.org/bulgarian_list+easylist.txt title=Bulgarian list+EasyList homepage=http://stanev.org/abp/
11-01 01:55:28.340 1842-1842 D/AdblockEngine: Filter changed: subscription.title, [Subscription] url=https://easylist-downloads.adblockplus.org/easylistchina+easylist.txt title=EasyList China+EasyList
11-01 01:55:28.340 1842-1842 D/AdblockEngine: Filter changed: subscription.homepage, [Subscription] url=https://easylist-downloads.adblockplus.org/easylistchina+easylist.txt title=EasyList China+EasyList homepage=http://abpchina.org/forum/
11-01 01:55:28.340 1842-1842 D/AdblockEngine: Filter changed: subscription.title, [Subscription] url=https://easylist-downloads.adblockplus.org/easylistczechslovak+easylist.txt title=EasyList Czech and Slovak+EasyList
11-01 01:55:28.340 1842-1842 D/AdblockEngine: Filter changed: subscription.homepage, [Subscription] url=https://easylist-downloads.adblockplus.org/easylistczechslovak+easylist.txt title=EasyList Czech and Slovak+EasyList homepage=http://adblock.sk/
11-01 01:55:28.340 1842-1842 D/AdblockEngine: Filter changed: subscription.title, [Subscription] url=https://easylist-downloads.adblockplus.org/easylistdutch+easylist.txt title=EasyList Dutch+EasyList
11-01 01:55:28.340 1842-1842 D/AdblockEngine: Filter changed: subscription.homepage, [Subscription] url=https://easylist-downloads.adblockplus.org/easylistdutch+easylist.txt title=EasyList Dutch+EasyList homepage=https://easylist.adblockplus.org/
11-01 01:55:28.340 1842-1842 D/AdblockEngine: Filter changed: subscription.title, [Subscription] url=https://easylist-downloads.adblockplus.org/easylistgermany+easylist.txt title=EasyList Germany+EasyList
11-01 01:55:28.340 1842-1842 D/AdblockEngine: Filter changed: subscription.homepage, [Subscription] url=https://easylist-downloads.adblockplus.org/easylistgermany+easylist.txt title=EasyList Germany+EasyList homepage=https://easylist.adblockplus.org/
11-01 01:55:28.340 1842-1842 D/AdblockEngine: Filter changed: subscription.title, [Subscription] url=https://easylist-downloads.adblockplus.org/israellist+easylist.txt title=EasyList Hebrew+EasyList
11-01 01:55:28.340 1842-1842 D/AdblockEngine: Filter changed: subscription.homepage, [Subscription] url=https://easylist-downloads.adblockplus.org/israellist+easylist.txt title=EasyList Hebrew+EasyList homepage=https://github.com/ABPIsrael/EasyListHebrew
11-01 01:55:28.340 1842-1842 D/AdblockEngine: Filter changed: subscription.title, [Subscription] url=https://easylist-downloads.adblockplus.org/easylistitaly+easylist.txt title=EasyList Italy+EasyList
11-01 01:55:28.340 1842-1842 D/AdblockEngine: Filter changed: subscription.homepage, [Subscription] url=https://easylist-downloads.adblockplus.org/easylistitaly+easylist.txt title=EasyList Italy+EasyList homepage=https://easylist.adblockplus.org/
11-01 01:55:28.340 1842-1842 D/AdblockEngine: Filter changed: subscription.title, [Subscription] url=https://easylist-downloads.adblockplus.org/easylistlithuania+easylist.txt title=EasyList Lithuania+EasyList
11-01 01:55:28.340 1842-1842 D/AdblockEngine: Filter changed: subscription.homepage, [Subscription] url=https://easylist-downloads.adblockplus.org/easylistlithuania+easylist.txt title=EasyList Lithuania+EasyList homepage=http://margevicius.lt/
11-01 01:55:28.340 1842-1842 D/AdblockEngine: Filter changed: subscription.title, [Subscription] url=https://easylist-downloads.adblockplus.org/latvianlist+easylist.txt title=Latvian List+EasyList
11-01 01:55:28.340 1842-1842 D/AdblockEngine: Filter changed: subscription.homepage, [Subscription] url=https://easylist-downloads.adblockplus.org/latvianlist+easylist.txt title=Latvian List+EasyList homepage=https://notabug.org/latvian-list/adblock-latvian
11-01 01:55:28.340 1842-1842 D/AdblockEngine: Filter changed: subscription.title, [Subscription] url=https://easylist-downloads.adblockplus.org/liste_ar+liste_fr+easylist.txt title=Liste AR+Liste FR+EasyList
11-01 01:55:28.340 1842-1842 D/AdblockEngine: Filter changed: subscription.homepage, [Subscription] url=https://easylist-downloads.adblockplus.org/liste_ar+liste_fr+easylist.txt title=Liste AR+Liste FR+EasyList homepage=https://code.google.com/p/liste-ar-adblock/
11-01 01:55:28.340 1842-1842 D/AdblockEngine: Filter changed: subscription.title, [Subscription] url=https://easylist-downloads.adblockplus.org/liste_fr+easylist.txt title=Liste FR+EasyList
11-01 01:55:28.340 1842-1842 D/AdblockEngine: Filter changed: subscription.homepage, [Subscription] url=https://easylist-downloads.adblockplus.org/liste_fr+easylist.txt title=Liste FR+EasyList homepage=http://adblock-listefr.com/
11-01 01:55:28.340 1842-1842 D/AdblockEngine: Filter changed: subscription.title, [Subscription] url=https://easylist-downloads.adblockplus.org/rolist+easylist.txt title=ROList+EasyList
11-01 01:55:28.340 1842-1842 D/AdblockEngine: Filter changed: subscription.homepage, [Subscription] url=https://easylist-downloads.adblockplus.org/rolist+easylist.txt title=ROList+EasyList homepage=http://www.zoso.ro/rolist
11-01 01:55:28.340 1842-1842 D/dalvikvm: Trying to load lib /data/app-lib/org.adblockplus.libadblockplus.android.webviewapp-1/libadblockplus-jni.so 0xa4ff0e78
11-01 01:55:28.340 1842-1842 D/dalvikvm: Shared lib '/data/app-lib/org.adblockplus.libadblockplus.android.webviewapp-1/libadblockplus-jni.so' already loaded in same CL 0xa4ff0e78
11-01 01:55:28.340 1842-1842 D/Adblock: Adblock engine created
11-01 01:55:28.360 1842-1842 D/Adblock: Applying saved adblock settings to adblock engine
11-01 01:55:28.420 1842-1842 W/EGL_emulation: eglSurfaceAttrib not implemented
11-01 01:55:28.420 1842-1842 D/OpenGLRenderer: Enabling debug mode 0
11-01 01:55:28.430 1842-1842 W/AwContents: nativeOnDraw failed; clearing to background color.
11-01 01:55:28.530 1276-1290 I/ActivityManager: Displayed org.adblockplus.libadblockplus.android.webviewapp/.MainActivity: +2s701ms
11-01 01:55:28.540 1842-1842 W/AwContents: nativeOnDraw failed; clearing to background color.
11-01 01:55:28.690 1333-1333 D/dalvikvm: GC_FOR_ALLOC freed 2845K, 63% free 7276K/19580K, paused 38ms, total 49ms
11-01 01:55:29.530 1276-1586 D/ConnectivityService: [CheckMp] isMobileOk: X result=0
11-01 01:55:29.530 1276-1276 D/ConnectivityService: [CheckMp] onPostExecute: result=0
11-01 01:55:29.530 1276-1276 D/ConnectivityService: CheckMp.onComplete: result=0
11-01 01:55:29.530 1276-1276 D/ConnectivityService: CheckMp.onComplete: ignore, connected or no connection
11-01 01:55:29.600 1842-1842 W/AwContents: nativeOnDraw failed; clearing to background color.
11-01 01:55:29.620 1842-1842 W/AwContents: nativeOnDraw failed; clearing to background color.
11-01 01:55:29.630 1842-1842 W/AwContents: nativeOnDraw failed; clearing to background color.
11-01 01:55:29.650 1842-1842 W/AwContents: nativeOnDraw failed; clearing to background color.
11-01 01:55:29.670 1842-1842 W/AwContents: nativeOnDraw failed; clearing to background color.
11-01 01:55:29.680 1842-1842 W/AwContents: nativeOnDraw failed; clearing to background color.
11-01 01:55:29.700 1842-1842 W/AwContents: nativeOnDraw failed; clearing to background color.
11-01 01:55:29.720 1842-1842 W/AwContents: nativeOnDraw failed; clearing to background color.
11-01 01:55:29.730 1842-1842 W/AwContents: nativeOnDraw failed; clearing to background color.
11-01 01:55:29.750 1842-1842 W/AwContents: nativeOnDraw failed; clearing to background color.
11-01 01:55:29.830 1842-1890 D/AdblockEngine: Filter changed: save
11-01 01:55:30.080 1842-1842 W/AwContents: nativeOnDraw failed; clearing to background color.
11-01 01:55:30.100 1842-1842 W/AwContents: nativeOnDraw failed; clearing to background color.
11-01 01:55:31.540 1276-1291 I/ActivityManager: Waited long enough for: ServiceRecord{a5354348 u0 com.android.calendar/.alerts.InitAlarmsService}
11-01 01:55:46.570 1685-1707 D/InitAlarmsService: Clearing and rescheduling alarms.
11-01 01:56:09.221 1276-1451 I/MediaFocusControl: AudioFocus abandonAudioFocus() from android.media.AudioManager@a4ffb6a8com.android.music.MediaPlaybackService$3@a4ffa5a8 [
11-01 01:56:11.051 1276: 1385 D/ ] Setting time of day to sec=1477979773
11-01 01:56:11.051 1276-1322 D/ConnectivityService: Sampling interval elapsed, updating statistics ..
11-01 01:56:11.051 1276-1322 D/ConnectivityService: Done.
11-01 01:56:11.051 1276-1322 D/ConnectivityService: Setting timer for 720seconds
11-01 01:56:13.399 1564-1703 I/AlarmClock: Displaying next alarm time: ''
11-01 01:56:28.979 1842-1874 D/AdblockEngine: Filter changed: subscription.lastCheck, [Subscription] url=https://easylist-downloads.adblockplus.org/ruadlist+easylist.txt title=RuAdList+EasyList fixedTitle=true homepage=https://forums.lanik.us/viewforum.php?f=102 lastDownload=1477388022 downloadStatus=synchronize_ok lastSuccess=1477388022 lastCheck=1477979789 expires=1478079222 softExpiration=1478205681 version=201610250931 requiredVersion=2.0 downloadCount=1
11-01 01:56:28.979 1842-1874 D/AdblockEngine: Filter changed: subscription.lastCheck, [Subscription] url=https://easylist-downloads.adblockplus.org/exceptionrules.txt title=Allow non-intrusive advertising fixedTitle=true lastDownload=1477913768 downloadStatus=synchronize_ok lastSuccess=1477913768 lastCheck=1477979789 expires=1478086568 softExpiration=1477995769 version=201610311131 requiredVersion=2.0 downloadCount=1
11-01 01:56:30.369 1842-2407 D/AdblockEngine: Filter changed: save
11-01 01:56:36.359 1276-1327 E/SoundPool: error loading /system/media/audio/ui/Effect_Tick.ogg
11-01 01:56:36.359 1276-1327 W/AudioService: Soundpool could not load file: /system/media/audio/ui/Effect_Tick.ogg
11-01 01:56:36.359 1276-1327 E/SoundPool: error loading /system/media/audio/ui/Effect_Tick.ogg
11-01 01:56:36.359 1276-1327 W/AudioService: Soundpool could not load file: /system/media/audio/ui/Effect_Tick.ogg
11-01 01:56:36.359 1276-1327 E/SoundPool: error loading /system/media/audio/ui/Effect_Tick.ogg
