11-01 01:56:36.359 1276-1327 W/AudioService: Soundpool could not load file: /system/media/audio/ui/Effect_Tick.ogg
11-01 01:56:36.359 1276-1327 E/SoundPool: error loading /system/media/audio/ui/Effect_Tick.ogg
11-01 01:56:36.359 1276-1327 W/AudioService: Soundpool could not load file: /system/media/audio/ui/Effect_Tick.ogg
11-01 01:56:36.359 1276-1327 E/SoundPool: error loading /system/media/audio/ui/Effect_Tick.ogg
11-01 01:56:36.359 1276-1327 W/AudioService: Soundpool could not load file: /system/media/audio/ui/Effect_Tick.ogg
11-01 01:56:36.359 1276-1327 E/SoundPool: error loading /system/media/audio/ui/KeypressStandard.ogg
11-01 01:56:36.359 1276-1327 W/AudioService: Soundpool could not load file: /system/media/audio/ui/KeypressStandard.ogg
11-01 01:56:36.359 1276-1327 E/SoundPool: error loading /system/media/audio/ui/KeypressSpacebar.ogg
11-01 01:56:36.359 1276-1327 W/AudioService: Soundpool could not load file: /system/media/audio/ui/KeypressSpacebar.ogg
11-01 01:56:36.359 1276-1327 E/SoundPool: error loading /system/media/audio/ui/KeypressDelete.ogg
11-01 01:56:36.359 1276-1327 W/AudioService: Soundpool could not load file: /system/media/audio/ui/KeypressDelete.ogg
11-01 01:56:36.359 1276-1327 E/SoundPool: error loading /system/media/audio/ui/KeypressReturn.ogg
11-01 01:56:36.359 1276-1327 W/AudioService: Soundpool could not load file: /system/media/audio/ui/KeypressReturn.ogg
11-01 01:56:36.359 1276-1327 E/SoundPool: error loading /system/media/audio/ui/KeypressInvalid.ogg
11-01 01:56:36.359 1276-1327 W/AudioService: Soundpool could not load file: /system/media/audio/ui/KeypressInvalid.ogg
11-01 01:56:36.359 1276-1327 W/AudioService: onLoadSoundEffects(), Error -1 while loading samples
11-01 01:56:37.899 1842-1842 D/AdblockWebView: Loading progress=0%
11-01 01:56:37.899 1842-1842 D/AdblockWebView: Injecting script
11-01 01:56:37.899 1842-1842 D/AdblockWebView: runScript started
11-01 01:56:37.899 1842-1842 D/AdblockWebView: runScript finished
11-01 01:56:37.909 1842-1862 D/IoThreadClientInvocationHandler: isMainFrame=true for http://www.google.com/
11-01 01:56:37.909 1842-1862 W/AdblockWebView: http://www.google.com/ is main frame, allow loading
11-01 01:56:37.909 1842-1842 D/AdblockWebView: Start loading http://www.google.com/
11-01 01:56:37.909 1842-1842 D/AdblockWebView: Extracted domain www.google.com from http://www.google.com/
11-01 01:56:37.929 1842-2533 D/AdblockWebView: Listed subscriptions: 2
11-01 01:56:37.929 1842-2533 D/AdblockWebView: Subscribed to [Subscription] url=https://easylist-downloads.adblockplus.org/ruadlist+easylist.txt title=RuAdList+EasyList fixedTitle=true homepage=https://forums.lanik.us/viewforum.php?f=102 lastDownload=1477388022 downloadStatus=synchronize_ok lastSuccess=1477388022 lastCheck=1477979789 expires=1478079222 softExpiration=1478205681 version=201610250931 requiredVersion=2.0 downloadCount=1
11-01 01:56:37.929 1842-2533 D/AdblockWebView: Subscribed to [Subscription] url=https://easylist-downloads.adblockplus.org/exceptionrules.txt title=Allow non-intrusive advertising fixedTitle=true lastDownload=1477913768 downloadStatus=synchronize_ok lastSuccess=1477913768 lastCheck=1477979789 expires=1478086568 softExpiration=1477995769 version=201610311131 requiredVersion=2.0 downloadCount=1
11-01 01:56:37.929 1842-2533 D/AdblockWebView: Requesting elemhide selectors from AdblockEngine for http://www.google.com/ in Thread[Thread-92,5,main]
11-01 01:56:37.939 1842-2533 D/AdblockWebView: Finished requesting elemhide selectors, got 0 in Thread[Thread-92,5,main]
11-01 01:56:37.939 1842-2533 D/AdblockWebView: Setting elemhide string 2 bytes
11-01 01:56:37.939 1842-2533 W/AdblockWebView: elemHideThread set to null
11-01 01:56:38.199 1842-1842 E/eglCodecCommon: glUtilsParamSize: unknow param 0x00000b44
11-01 01:56:38.199 1842-1842 E/eglCodecCommon: glUtilsParamSize: unknow param 0x00000bd0
11-01 01:56:38.239 1842-1842 I/chromium: [INFO:async_pixel_transfer_manager_android.cc(56)] Async pixel transfers not supported
11-01 01:56:38.239 1842-1842 E/chromium: [ERROR:gles2_cmd_decoder_autogen.h(1144)] [GroupMarkerNotSet(crbug.com/242999)!:88033DB9]GL ERROR :GL_INVALID_OPERATION : GetIntegerv: <- error from previous GL command
11-01 01:56:38.349 1842-1842 I/chromium: [INFO:async_pixel_transfer_manager_android.cc(56)] Async pixel transfers not supported
11-01 01:56:38.349 1842-1842 E/chromium: [ERROR:gles2_cmd_decoder_autogen.h(1144)] [GroupMarkerNotSet(crbug.com/242999)!:984651B9]GL ERROR :GL_INVALID_OPERATION : GetIntegerv: <- error from previous GL command
11-01 01:56:38.429 1842-1842 E/eglCodecCommon: **** ERROR unknown type 0x6e0061 (glSizeof,72)
11-01 01:56:38.449 1842-1842 E/eglCodecCommon: glUtilsParamSize: unknow param 0x00000b44
11-01 01:56:38.479 1842-1842 E/eglCodecCommon: glUtilsParamSize: unknow param 0x00000bd0
11-01 01:56:38.579 1842-1842 E/eglCodecCommon: **** ERROR unknown type 0x6e0061 (glSizeof,72)
11-01 01:56:38.629 1842-1842 D/AdblockWebView: Stop abp loading
11-01 01:56:38.629 1842-1842 D/AdblockWebView: Stop prevent drawing, invalidating
11-01 01:56:38.629 1842-1842 D/AdblockWebView: Clearing referrers
11-01 01:56:38.629 1842-1842 D/AdblockWebView: Start loading http://www.google.ru/?gfe_rd=cr&ei=li4YWPH4C5WDtAGpz6a4Ag
11-01 01:56:38.629 1842-1842 D/AdblockWebView: Extracted domain www.google.ru from http://www.google.ru/?gfe_rd=cr&ei=li4YWPH4C5WDtAGpz6a4Ag
11-01 01:56:38.629 1842-2550 D/AdblockWebView: Listed subscriptions: 2
11-01 01:56:38.629 1842-2550 D/AdblockWebView: Subscribed to [Subscription] url=https://easylist-downloads.adblockplus.org/ruadlist+easylist.txt title=RuAdList+EasyList fixedTitle=true homepage=https://forums.lanik.us/viewforum.php?f=102 lastDownload=1477388022 downloadStatus=synchronize_ok lastSuccess=1477388022 lastCheck=1477979789 expires=1478079222 softExpiration=1478205681 version=201610250931 requiredVersion=2.0 downloadCount=1
11-01 01:56:38.639 1842-2550 D/AdblockWebView: Subscribed to [Subscription] url=https://easylist-downloads.adblockplus.org/exceptionrules.txt title=Allow non-intrusive advertising fixedTitle=true lastDownload=1477913768 downloadStatus=synchronize_ok lastSuccess=1477913768 lastCheck=1477979789 expires=1478086568 softExpiration=1477995769 version=201610311131 requiredVersion=2.0 downloadCount=1
11-01 01:56:38.639 1842-2550 D/AdblockWebView: Requesting elemhide selectors from AdblockEngine for http://www.google.ru/?gfe_rd=cr&ei=li4YWPH4C5WDtAGpz6a4Ag in Thread[Thread-94,5,main]
11-01 01:56:38.669 1842-1842 E/eglCodecCommon: glUtilsParamSize: unknow param 0x00000b44
11-01 01:56:38.699 1842-1842 E/eglCodecCommon: glUtilsParamSize: unknow param 0x00000bd0
11-01 01:56:38.709 1842-1842 E/eglCodecCommon: **** ERROR unknown type 0x6e0061 (glSizeof,72)
11-01 01:56:38.719 1842-2550 D/AdblockWebView: Finished requesting elemhide selectors, got 0 in Thread[Thread-94,5,main]
11-01 01:56:38.719 1842-2550 D/AdblockWebView: Setting elemhide string 2 bytes
11-01 01:56:38.719 1842-2550 W/AdblockWebView: elemHideThread set to null
11-01 01:56:40.249 1842-1842 D/AdblockWebView: Stop abp loading
11-01 01:56:40.249 1842-1842 D/AdblockWebView: Stop prevent drawing, invalidating
11-01 01:56:40.249 1842-1842 D/AdblockWebView: Clearing referrers
11-01 01:56:40.249 1842-1842 D/AdblockWebView: Start loading https://www.google.ru/?gfe_rd=cr&ei=li4YWPH4C5WDtAGpz6a4Ag&gws_rd=ssl
11-01 01:56:40.249 1842-1842 D/AdblockWebView: Extracted domain www.google.ru from https://www.google.ru/?gfe_rd=cr&ei=li4YWPH4C5WDtAGpz6a4Ag&gws_rd=ssl
11-01 01:56:40.259 1842-2571 D/AdblockWebView: Listed subscriptions: 2
11-01 01:56:40.259 1842-2571 D/AdblockWebView: Subscribed to [Subscription] url=https://easylist-downloads.adblockplus.org/ruadlist+easylist.txt title=RuAdList+EasyList fixedTitle=true homepage=https://forums.lanik.us/viewforum.php?f=102 lastDownload=1477388022 downloadStatus=synchronize_ok lastSuccess=1477388022 lastCheck=1477979789 expires=1478079222 softExpiration=1478205681 version=201610250931 requiredVersion=2.0 downloadCount=1
11-01 01:56:40.259 1842-2571 D/AdblockWebView: Subscribed to [Subscription] url=https://easylist-downloads.adblockplus.org/exceptionrules.txt title=Allow non-intrusive advertising fixedTitle=true lastDownload=1477913768 downloadStatus=synchronize_ok lastSuccess=1477913768 lastCheck=1477979789 expires=1478086568 softExpiration=1477995769 version=201610311131 requiredVersion=2.0 downloadCount=1
11-01 01:56:40.259 1842-2571 D/AdblockWebView: Requesting elemhide selectors from AdblockEngine for https://www.google.ru/?gfe_rd=cr&ei=li4YWPH4C5WDtAGpz6a4Ag&gws_rd=ssl in Thread[Thread-95,5,main]
11-01 01:56:40.259 1842-2571 D/AdblockWebView: Finished requesting elemhide selectors, got 0 in Thread[Thread-95,5,main]
11-01 01:56:40.259 1842-2571 D/AdblockWebView: Setting elemhide string 2 bytes
11-01 01:56:40.259 1842-2571 W/AdblockWebView: elemHideThread set to null
11-01 01:56:40.269 1842-1842 E/eglCodecCommon: glUtilsParamSize: unknow param 0x00000b44
11-01 01:56:40.269 1842-1842 E/eglCodecCommon: glUtilsParamSize: unknow param 0x00000bd0
11-01 01:56:40.279 1842-1842 E/eglCodecCommon: **** ERROR unknown type 0x6e0061 (glSizeof,72)
11-01 01:56:40.819 1842-2539 D/dalvikvm: GC_FOR_ALLOC freed 713K, 12% free 5969K/6736K, paused 4ms, total 7ms
11-01 01:56:41.209 1842-1842 D/AdblockWebView: Loading progress=76%
11-01 01:56:41.209 1842-1842 D/AdblockWebView: Injecting script
11-01 01:56:41.209 1842-1842 D/AdblockWebView: runScript started
11-01 01:56:41.219 1842-1842 D/AdblockWebView: runScript finished
11-01 01:56:41.219 1842-1842 W/AdblockWebView: Start prevent drawing
11-01 01:56:41.259 1842-2510 D/AdblockWebView: addDomListener=false
11-01 01:56:41.359 1842-1862 D/IoThreadClientInvocationHandler: isMainFrame=false for https://www.google.ru/images/hpp/gsa_super_g-64.gif
11-01 01:56:41.399 1842-1862 D/AdblockWebView: Allowed loading https://www.google.ru/images/hpp/gsa_super_g-64.gif
11-01 01:56:41.399 1842-1842 D/AdblockWebView: Loading progress=50%
11-01 01:56:41.459 1842-1862 D/IoThreadClientInvocationHandler: isMainFrame=false for https://ssl.gstatic.com/gb/images/qi2_00ed8ca1.png
11-01 01:56:41.459 1842-1862 W/AdblockWebView: https://ssl.gstatic.com/gb/images/qi2_00ed8ca1.png document is whitelisted, allow loading
11-01 01:56:41.489 1842-1862 D/IoThreadClientInvocationHandler: isMainFrame=false for https://www.google.ru/images/branding/googlelogo/2x/googlelogo_color_160x56dp.png
11-01 01:56:41.499 1842-1862 D/AdblockWebView: Allowed loading https://www.google.ru/images/branding/googlelogo/2x/googlelogo_color_160x56dp.png
11-01 01:56:41.519 1842-1862 D/IoThreadClientInvocationHandler: isMainFrame=false for https://www.google.ru/images/nav_logo242_hr.png
11-01 01:56:41.519 1842-1862 D/AdblockWebView: Allowed loading https://www.google.ru/images/nav_logo242_hr.png
11-01 01:56:41.649 1842-1862 D/IoThreadClientInvocationHandler: isMainFrame=false for https://www.gstatic.com/og/_/js/k=og.mob.en_US.13l7Y9VMp8I.O/rt=j/m=md/exm=mih,mab,meb/d=1/ed=1/rs=AA2YrTtq4g2g2dpnj_pAkLQbvhUOe_M60w
11-01 01:56:41.649 1842-1862 W/AdblockWebView: https://www.gstatic.com/og/_/js/k=og.mob.en_US.13l7Y9VMp8I.O/rt=j/m=md/exm=mih,mab,meb/d=1/ed=1/rs=AA2YrTtq4g2g2dpnj_pAkLQbvhUOe_M60w document is whitelisted, allow loading
11-01 01:56:41.669 1842-1842 D/AdblockWebView: JS: level=LOG, message="onreadystatechange() event fired (interactive)", sourceId="", line=43
11-01 01:56:41.669 1842-1842 I/chromium: [INFO:CONSOLE(43)] "onreadystatechange() event fired (interactive)", source: (43)
11-01 01:56:41.699 1842-1842 D/AdblockWebView: JS: level=LOG, message="starting injecting css rules", sourceId="", line=12
11-01 01:56:41.699 1842-1842 I/chromium: [INFO:CONSOLE(12)] "starting injecting css rules", source: (12)
11-01 01:56:41.709 1842-2510 D/AdblockWebView: Waiting for elemhide selectors to be ready
11-01 01:56:41.709 1842-2510 D/AdblockWebView: Elemhide selectors ready, 2 bytes
11-01 01:56:41.709 1842-2510 D/AdblockWebView: Clearing referrers
11-01 01:56:41.719 1842-1842 D/AdblockWebView: JS: level=LOG, message="parsed selectors: 0", sourceId="", line=14
11-01 01:56:41.719 1842-1842 I/chromium: [INFO:CONSOLE(14)] "parsed selectors: 0", source: (14)
11-01 01:56:41.729 1842-1842 D/AdblockWebView: JS: level=LOG, message="finished injecting css rules", sourceId="", line=30
11-01 01:56:41.729 1842-1842 I/chromium: [INFO:CONSOLE(30)] "finished injecting css rules", source: (30)
11-01 01:56:41.739 1842-1842 D/AdblockWebView: Stop prevent drawing, invalidating
11-01 01:56:41.769 1842-1842 E/eglCodecCommon: glUtilsParamSize: unknow param 0x00000b44
11-01 01:56:41.769 1842-1842 E/eglCodecCommon: glUtilsParamSize: unknow param 0x00000bd0
11-01 01:56:41.789 1842-1842 E/eglCodecCommon: **** ERROR unknown type 0x6e0061 (glSizeof,72)
11-01 01:56:41.789 1842-1862 D/IoThreadClientInvocationHandler: isMainFrame=false for https://www.google.ru/xjs/_/js/k=xjs.qs.ru.tzdZIgZrgPM.O/m=sx,c,sb_mob,bct,cdos,elog,hsm,jsa,mbsf,r,qsm,d,csi/am=AIG2TGDBAGCDZAn5FBACKAE/rt=j/d=1/t=zcms/rs=ACT90oFxHNcxblgu7G5wQRafY_KQYEekzQ
11-01 01:56:41.799 1842-1862 D/AdblockWebView: Allowed loading https://www.google.ru/xjs/_/js/k=xjs.qs.ru.tzdZIgZrgPM.O/m=sx,c,sb_mob,bct,cdos,elog,hsm,jsa,mbsf,r,qsm,d,csi/am=AIG2TGDBAGCDZAn5FBACKAE/rt=j/d=1/t=zcms/rs=ACT90oFxHNcxblgu7G5wQRafY_KQYEekzQ
11-01 01:56:41.799 1842-1842 D/AdblockWebView: JS: level=LOG, message="DOMContentLoaded() event fired", sourceId="", line=60
11-01 01:56:41.799 1842-1842 I/chromium: [INFO:CONSOLE(60)] "DOMContentLoaded() event fired", source: (60)
11-01 01:56:41.799 1842-1842 D/AdblockWebView: JS: level=LOG, message="already hidden, exiting", sourceId="", line=6
11-01 01:56:41.799 1842-1842 I/chromium: [INFO:CONSOLE(6)] "already hidden, exiting", source: (6)
11-01 01:56:41.809 1842-1842 D/AdblockWebView: Loading progress=58%
11-01 01:56:41.879 1842-1842 E/eglCodecCommon: glUtilsParamSize: unknow param 0x00000b44
11-01 01:56:41.879 1842-1842 E/eglCodecCommon: glUtilsParamSize: unknow param 0x00000bd0
11-01 01:56:41.889 1842-1842 E/eglCodecCommon: **** ERROR unknown type 0x6e0061 (glSizeof,72)
11-01 01:56:41.929 1842-1842 E/eglCodecCommon: glUtilsParamSize: unknow param 0x00000b44
11-01 01:56:41.929 1842-1842 E/eglCodecCommon: glUtilsParamSize: unknow param 0x00000bd0
11-01 01:56:42.169 1842-1842 E/eglCodecCommon: **** ERROR unknown type 0x6e0061 (glSizeof,72)
11-01 01:56:42.179 1842-1842 D/AdblockWebView: Loading progress=72%
11-01 01:56:42.199 1842-1842 D/AdblockWebView: Loading progress=73%
11-01 01:56:42.729 1842-1862 D/IoThreadClientInvocationHandler: isMainFrame=false for https://www.google.ru/xjs/_/js/k=xjs.qs.ru.tzdZIgZrgPM.O/m=sy7,sy13,em2,sy12,aa,abd,sy65,sy64,sy63,sy67,em10,async,sy282,sy334,sy333,dvl,sy425,foot,ipv6,shm,sy130,sy54,sy99,sy122,sy353,mhp,sy74,sy518,qmp/am=AIG2TGDBAGCDZAn5FBACKAE/rt=j/d=0/t=zcms/rs=ACT90oFxHNcxblgu7G5wQRafY_KQYEekzQ
11-01 01:56:42.739 1842-1862 D/AdblockWebView: Allowed loading https://www.google.ru/xjs/_/js/k=xjs.qs.ru.tzdZIgZrgPM.O/m=sy7,sy13,em2,sy12,aa,abd,sy65,sy64,sy63,sy67,em10,async,sy282,sy334,sy333,dvl,sy425,foot,ipv6,shm,sy130,sy54,sy99,sy122,sy353,mhp,sy74,sy518,qmp/am=AIG2TGDBAGCDZAn5FBACKAE/rt=j/d=0/t=zcms/rs=ACT90oFxHNcxblgu7G5wQRafY_KQYEekzQ
11-01 01:56:42.749 1842-1842 D/AdblockWebView: Loading progress=89%
11-01 01:56:42.949 1842-1842 E/eglCodecCommon: glUtilsParamSize: unknow param 0x00000b44
11-01 01:56:42.949 1842-1842 E/eglCodecCommon: glUtilsParamSize: unknow param 0x00000bd0
11-01 01:56:42.959 1842-1842 E/eglCodecCommon: **** ERROR unknown type 0x6e0061 (glSizeof,72)
11-01 01:56:42.979 1842-1842 E/eglCodecCommon: glUtilsParamSize: unknow param 0x00000b44
11-01 01:56:42.979 1842-1842 E/eglCodecCommon: glUtilsParamSize: unknow param 0x00000bd0
11-01 01:56:43.019 1842-1842 E/eglCodecCommon: **** ERROR unknown type 0x6e0061 (glSizeof,72)
11-01 01:56:43.029 1842-1842 D/AdblockWebView: Loading progress=89%
11-01 01:56:43.049 1842-1842 D/AdblockWebView: Loading progress=100%
11-01 01:56:43.099 1842-1842 E/eglCodecCommon: glUtilsParamSize: unknow param 0x00000b44
11-01 01:56:43.099 1842-1842 E/eglCodecCommon: glUtilsParamSize: unknow param 0x00000bd0
11-01 01:56:43.099 1842-1842 E/eglCodecCommon: **** ERROR unknown type 0x6e0061 (glSizeof,72)
11-01 01:56:43.169 1842-1862 D/IoThreadClientInvocationHandler: isMainFrame=false for https://www.google.ru/images/branding/product/ico/googleg_lodp.ico
11-01 01:56:43.179 1842-1862 D/AdblockWebView: Allowed loading https://www.google.ru/images/branding/product/ico/googleg_lodp.ico
11-01 01:56:43.229 1842-1842 D/AdblockWebView: JS: level=LOG, message="onreadystatechange() event fired (complete)", sourceId="", line=43
11-01 01:56:43.229 1842-1842 I/chromium: [INFO:CONSOLE(43)] "onreadystatechange() event fired (complete)", source: (43)
11-01 01:56:43.239 1842-1842 D/AdblockWebView: JS: level=LOG, message="load() event fired", sourceId="", line=53
11-01 01:56:43.239 1842-1842 I/chromium: [INFO:CONSOLE(53)] "load() event fired", source: (53)
11-01 01:56:43.249 1842-1842 D/AdblockWebView: JS: level=LOG, message="already hidden, exiting", sourceId="", line=6
11-01 01:56:43.249 1842-1842 I/chromium: [INFO:CONSOLE(6)] "already hidden, exiting", source: (6)
11-01 01:56:43.259 1842-1862 D/IoThreadClientInvocationHandler: isMainFrame=false for https://www.google.ru/images/nav_logo242.png
11-01 01:56:43.259 1842-1862 D/AdblockWebView: Allowed loading https://www.google.ru/images/nav_logo242.png
11-01 01:56:43.329 1842-1862 D/IoThreadClientInvocationHandler: isMainFrame=false for https://www.google.ru/gen_204?v=3&s=mobilewebhp&atyp=csi&ei=mC4YWJaIOsK56ATT1rZA&imc=2&imn=2&imp=2&adh=&xjs=init.174.13.sb_mob.125.dvl.16.c.9.bbd.8.jsa.5&ima=1&rt=xjsls.273,prt.282,iml.562,dcl.449,xjses.971,xjsee.1394,xjs.1394,ol.1939,aft.562,wsrt.3427,cst.532,dnst.1,rqst.461,rspt.98,sslt.527,rqstt.2930,unt.2351,cstt.2397,dit.3763
11-01 01:56:43.329 1842-1862 D/AdblockWebView: Allowed loading https://www.google.ru/gen_204?v=3&s=mobilewebhp&atyp=csi&ei=mC4YWJaIOsK56ATT1rZA&imc=2&imn=2&imp=2&adh=&xjs=init.174.13.sb_mob.125.dvl.16.c.9.bbd.8.jsa.5&ima=1&rt=xjsls.273,prt.282,iml.562,dcl.449,xjses.971,xjsee.1394,xjs.1394,ol.1939,aft.562,wsrt.3427,cst.532,dnst.1,rqst.461,rspt.98,sslt.527,rqstt.2930,unt.2351,cstt.2397,dit.3763
11-01 01:56:43.339 1842-1862 D/IoThreadClientInvocationHandler: isMainFrame=false for https://www.gstatic.com/og/_/ss/k=og.mob.-18zaq5oqnzeth.L.W.O/m=md/excm=mih,mab,meb/d=1/ed=1/rs=AA2YrTuQuoNhb6JP9G2FFeYhIHs0jRbxdw
11-01 01:56:43.349 1842-1862 W/AdblockWebView: https://www.gstatic.com/og/_/ss/k=og.mob.-18zaq5oqnzeth.L.W.O/m=md/excm=mih,mab,meb/d=1/ed=1/rs=AA2YrTuQuoNhb6JP9G2FFeYhIHs0jRbxdw document is whitelisted, allow loading
11-01 01:56:43.489 1842-1842 E/eglCodecCommon: glUtilsParamSize: unknow param 0x00000b44
11-01 01:56:43.489 1842-1842 E/eglCodecCommon: glUtilsParamSize: unknow param 0x00000bd0
11-01 01:56:43.609 1842-1842 E/eglCodecCommon: **** ERROR unknown type 0x6e0061 (glSizeof,72)
11-01 01:56:43.779 1842-1862 D/IoThreadClientInvocationHandler: isMainFrame=false for https://www.google.ru/gen_204?atyp=i&ct=14&cad=i&ogsr=1&id=19000275&ic=2&ogd=google.ru&ogprm=up&vet=10ahUKEwiWtJXo74bQAhXCHJoKHVOrDQgQjW0IAQ.mC4YWJaIOsK56ATT1rZA.s&vis=1&ei=mC4YWJaIOsK56ATT1rZA&zx=1477979803776
11-01 01:56:43.779 1842-1862 D/AdblockWebView: Allowed loading https://www.google.ru/gen_204?atyp=i&ct=14&cad=i&ogsr=1&id=19000275&ic=2&ogd=google.ru&ogprm=up&vet=10ahUKEwiWtJXo74bQAhXCHJoKHVOrDQgQjW0IAQ.mC4YWJaIOsK56ATT1rZA.s&vis=1&ei=mC4YWJaIOsK56ATT1rZA&zx=1477979803776
11-01 01:56:43.829 1842-1842 E/eglCodecCommon: glUtilsParamSize: unknow param 0x00000b44
11-01 01:56:43.839 1842-1842 E/eglCodecCommon: glUtilsParamSize: unknow param 0x00000bd0
11-01 01:56:43.849 1842-1842 E/eglCodecCommon: **** ERROR unknown type 0x6e0061 (glSizeof,72)
11-01 01:56:43.869 1842-1842 E/eglCodecCommon: glUtilsParamSize: unknow param 0x00000b44
11-01 01:56:43.869 1842-1842 E/eglCodecCommon: glUtilsParamSize: unknow param 0x00000bd0
11-01 01:56:43.979 1842-1842 E/eglCodecCommon: **** ERROR unknown type 0x6e0061 (glSizeof,72)
11-01 01:56:44.089 1842-1842 E/eglCodecCommon: glUtilsParamSize: unknow param 0x00000b44
11-01 01:56:44.089 1842-1842 E/eglCodecCommon: glUtilsParamSize: unknow param 0x00000bd0
11-01 01:56:44.089 1842-1842 E/eglCodecCommon: **** ERROR unknown type 0x6e0061 (glSizeof,72)
11-01 01:56:44.099 1842-1842 E/eglCodecCommon: glUtilsParamSize: unknow param 0x00000b44
11-01 01:56:44.099 1842-1842 E/eglCodecCommon: glUtilsParamSize: unknow param 0x00000bd0
11-01 01:56:44.139 1842-1842 E/eglCodecCommon: **** ERROR unknown type 0x6e0061 (glSizeof,72)
11-01 01:56:44.179 1842-1842 E/eglCodecCommon: glUtilsParamSize: unknow param 0x00000b44
11-01 01:56:44.179 1842-1842 E/eglCodecCommon: glUtilsParamSize: unknow param 0x00000bd0
11-01 01:56:44.189 1842-1842 E/eglCodecCommon: **** ERROR unknown type 0x6e0061 (glSizeof,72)
11-01 01:56:44.429 1842-1842 E/eglCodecCommon: glUtilsParamSize: unknow param 0x00000b44
11-01 01:56:44.429 1842-1842 E/eglCodecCommon: glUtilsParamSize: unknow param 0x00000bd0
11-01 01:56:44.439 1842-1842 E/eglCodecCommon: **** ERROR unknown type 0x6e0061 (glSizeof,72)
11-01 01:56:44.479 1842-1842 E/eglCodecCommon: glUtilsParamSize: unknow param 0x00000b44
11-01 01:56:44.479 1842-1842 E/eglCodecCommon: glUtilsParamSize: unknow param 0x00000bd0
11-01 01:56:44.489 1842-1842 E/eglCodecCommon: **** ERROR unknown type 0x6e0061 (glSizeof,72)
11-01 01:56:44.519 1842-1842 E/eglCodecCommon: glUtilsParamSize: unknow param 0x00000b44
11-01 01:56:44.519 1842-1842 E/eglCodecCommon: glUtilsParamSize: unknow param 0x00000bd0
11-01 01:56:44.549 1842-1842 E/eglCodecCommon: **** ERROR unknown type 0x6e0061 (glSizeof,72)
11-01 01:56:44.599 1842-1842 E/eglCodecCommon: glUtilsParamSize: unknow param 0x00000b44
11-01 01:56:44.599 1842-1842 E/eglCodecCommon: glUtilsParamSize: unknow param 0x00000bd0
11-01 01:56:44.619 1842-1842 E/eglCodecCommon: **** ERROR unknown type 0x6e0061 (glSizeof,72)
11-01 01:56:44.659 1842-1842 E/eglCodecCommon: glUtilsParamSize: unknow param 0x00000b44
11-01 01:56:44.669 1842-1842 E/eglCodecCommon: glUtilsParamSize: unknow param 0x00000bd0
11-01 01:56:44.709 1842-1842 E/eglCodecCommon: **** ERROR unknown type 0x6e0061 (glSizeof,72)
11-01 01:56:44.779 1842-1842 E/eglCodecCommon: glUtilsParamSize: unknow param 0x00000b44
11-01 01:56:44.779 1842-1842 E/eglCodecCommon: glUtilsParamSize: unknow param 0x00000bd0
11-01 01:56:44.829 1842-1842 E/eglCodecCommon: **** ERROR unknown type 0x6e0061 (glSizeof,72)
11-01 01:56:44.869 1842-1842 E/eglCodecCommon: glUtilsParamSize: unknow param 0x00000b44
11-01 01:56:44.869 1842-1842 E/eglCodecCommon: glUtilsParamSize: unknow param 0x00000bd0
11-01 01:56:44.909 1842-1842 E/eglCodecCommon: **** ERROR unknown type 0x6e0061 (glSizeof,72)
11-01 01:56:44.969 1842-1842 E/eglCodecCommon: glUtilsParamSize: unknow param 0x00000b44
11-01 01:56:44.969 1842-1842 E/eglCodecCommon: glUtilsParamSize: unknow param 0x00000bd0
11-01 01:56:44.989 1842-1842 E/eglCodecCommon: **** ERROR unknown type 0x6e0061 (glSizeof,72)
11-01 01:56:45.019 1842-1842 E/eglCodecCommon: glUtilsParamSize: unknow param 0x00000b44
11-01 01:56:45.029 1842-1842 E/eglCodecCommon: glUtilsParamSize: unknow param 0x00000bd0
11-01 01:56:45.059 1842-1842 E/eglCodecCommon: **** ERROR unknown type 0x6e0061 (glSizeof,72)
11-01 01:56:45.089 1842-1842 E/eglCodecCommon: glUtilsParamSize: unknow param 0x00000b44
11-01 01:56:45.089 1842-1842 E/eglCodecCommon: glUtilsParamSize: unknow param 0x00000bd0
11-01 01:56:45.129 1842-1842 E/eglCodecCommon: **** ERROR unknown type 0x6e0061 (glSizeof,72)
11-01 01:56:45.199 1842-1842 E/eglCodecCommon: glUtilsParamSize: unknow param 0x00000b44
11-01 01:56:45.199 1842-1842 E/eglCodecCommon: glUtilsParamSize: unknow param 0x00000bd0
11-01 01:56:45.229 1842-1842 E/eglCodecCommon: **** ERROR unknown type 0x6e0061 (glSizeof,72)
11-01 01:56:45.279 1842-1842 E/eglCodecCommon: glUtilsParamSize: unknow param 0x00000b44
11-01 01:56:45.279 1842-1842 E/eglCodecCommon: glUtilsParamSize: unknow param 0x00000bd0
11-01 01:56:45.289 1842-1842 E/eglCodecCommon: **** ERROR unknown type 0x6e0061 (glSizeof,72)
11-01 01:56:45.389 1842-1842 E/eglCodecCommon: glUtilsParamSize: unknow param 0x00000b44
11-01 01:56:45.389 1842-1842 E/eglCodecCommon: glUtilsParamSize: unknow param 0x00000bd0
11-01 01:56:45.409 1842-1842 E/eglCodecCommon: **** ERROR unknown type 0x6e0061 (glSizeof,72)
11-01 01:56:45.469 1842-1842 E/eglCodecCommon: glUtilsParamSize: unknow param 0x00000b44
11-01 01:56:45.469 1842-1842 E/eglCodecCommon: glUtilsParamSize: unknow param 0x00000bd0
11-01 01:56:45.509 1842-1842 E/eglCodecCommon: **** ERROR unknown type 0x6e0061 (glSizeof,72)
11-01 01:56:45.529 1842-1842 E/eglCodecCommon: glUtilsParamSize: unknow param 0x00000b44
11-01 01:56:45.529 1842-1842 E/eglCodecCommon: glUtilsParamSize: unknow param 0x00000bd0
11-01 01:56:45.579 1842-1842 E/eglCodecCommon: **** ERROR unknown type 0x6e0061 (glSizeof,72)
11-01 01:56:45.629 1842-1842 E/eglCodecCommon: glUtilsParamSize: unknow param 0x00000b44
11-01 01:56:45.629 1842-1842 E/eglCodecCommon: glUtilsParamSize: unknow param 0x00000bd0
11-01 01:56:45.679 1842-1842 E/eglCodecCommon: **** ERROR unknown type 0x6e0061 (glSizeof,72)
11-01 01:56:45.759 1842-1842 E/eglCodecCommon: glUtilsParamSize: unknow param 0x00000b44
11-01 01:56:45.759 1842-1842 E/eglCodecCommon: glUtilsParamSize: unknow param 0x00000bd0
11-01 01:56:45.799 1842-1842 E/eglCodecCommon: **** ERROR unknown type 0x6e0061 (glSizeof,72)
11-01 01:56:45.889 1842-1842 E/eglCodecCommon: glUtilsParamSize: unknow param 0x00000b44
11-01 01:56:45.889 1842-1842 E/eglCodecCommon: glUtilsParamSize: unknow param 0x00000bd0
11-01 01:56:45.909 1842-1842 E/eglCodecCommon: **** ERROR unknown type 0x6e0061 (glSizeof,72)
11-01 01:56:45.969 1842-1842 E/eglCodecCommon: glUtilsParamSize: unknow param 0x00000b44
11-01 01:56:45.969 1842-1842 E/eglCodecCommon: glUtilsParamSize: unknow param 0x00000bd0
11-01 01:56:46.009 1842-1842 E/eglCodecCommon: **** ERROR unknown type 0x6e0061 (glSizeof,72)
11-01 01:56:46.069 1842-1842 E/eglCodecCommon: glUtilsParamSize: unknow param 0x00000b44
11-01 01:56:46.069 1842-1842 E/eglCodecCommon: glUtilsParamSize: unknow param 0x00000bd0
11-01 01:56:46.109 1842-1842 E/eglCodecCommon: **** ERROR unknown type 0x6e0061 (glSizeof,72)
11-01 01:56:46.149 1842-1842 E/eglCodecCommon: glUtilsParamSize: unknow param 0x00000b44
11-01 01:56:46.159 1842-1842 E/eglCodecCommon: glUtilsParamSize: unknow param 0x00000bd0
11-01 01:56:46.189 1842-1842 E/eglCodecCommon: **** ERROR unknown type 0x6e0061 (glSizeof,72)
11-01 01:56:46.219 1842-1842 E/eglCodecCommon: glUtilsParamSize: unknow param 0x00000b44
11-01 01:56:46.219 1842-1842 E/eglCodecCommon: glUtilsParamSize: unknow param 0x00000bd0
11-01 01:56:46.249 1842-1842 E/eglCodecCommon: **** ERROR unknown type 0x6e0061 (glSizeof,72)
11-01 01:56:46.319 1842-1862 D/IoThreadClientInvocationHandler: isMainFrame=false for https://www.google.ru/gen_204?atyp=i&ct=14&cad=v&ogsr=1&id=19000275&ic=2&ogd=google.ru&ogprm=up&ei=mC4YWJaIOsK56ATT1rZA&zx=1477979806323
11-01 01:56:46.319 1842-1862 D/AdblockWebView: Allowed loading https://www.google.ru/gen_204?atyp=i&ct=14&cad=v&ogsr=1&id=19000275&ic=2&ogd=google.ru&ogprm=up&ei=mC4YWJaIOsK56ATT1rZA&zx=1477979806323
11-01 01:56:46.349 1842-1862 D/IoThreadClientInvocationHandler: isMainFrame=false for https://www.google.ru/gen_204?atyp=i&ct=14&cad=d&ogsr=1&id=19000275&ic=2&ogd=google.ru&ogprm=up&vet=10ahUKEwiWtJXo74bQAhXCHJoKHVOrDQgQjW0IAQ.mC4YWJaIOsK56ATT1rZA.h&ved=0ahUKEwiWtJXo74bQAhXCHJoKHVOrDQgQj20IAg&ei=mC4YWJaIOsK56ATT1rZA&zx=1477979806353
11-01 01:56:46.349 1842-1862 D/AdblockWebView: Allowed loading https://www.google.ru/gen_204?atyp=i&ct=14&cad=d&ogsr=1&id=19000275&ic=2&ogd=google.ru&ogprm=up&vet=10ahUKEwiWtJXo74bQAhXCHJoKHVOrDQgQjW0IAQ.mC4YWJaIOsK56ATT1rZA.h&ved=0ahUKEwiWtJXo74bQAhXCHJoKHVOrDQgQj20IAg&ei=mC4YWJaIOsK56ATT1rZA&zx=1477979806353
11-01 01:56:46.549 1842-1842 E/eglCodecCommon: glUtilsParamSize: unknow param 0x00000b44
11-01 01:56:46.549 1842-1842 E/eglCodecCommon: glUtilsParamSize: unknow param 0x00000bd0
11-01 01:56:46.579 1842-1842 E/eglCodecCommon: **** ERROR unknown type 0x6e0061 (glSizeof,72)
11-01 01:56:48.749 1276-1525 D/dalvikvm: GC_FOR_ALLOC freed 852K, 15% free 6012K/7040K, paused 9ms, total 16ms
11-01 01:56:48.749 1842-1842 E/eglCodecCommon: glUtilsParamSize: unknow param 0x00000b44
11-01 01:56:48.759 1842-1842 E/eglCodecCommon: glUtilsParamSize: unknow param 0x00000bd0
11-01 01:56:48.769 1842-1842 E/eglCodecCommon: **** ERROR unknown type 0x6e0061 (glSizeof,72)
11-01 01:56:48.809 1842-1842 W/EGL_emulation: eglSurfaceAttrib not implemented
11-01 01:56:49.249 1842-1842 E/eglCodecCommon: glUtilsParamSize: unknow param 0x00000b44
11-01 01:56:49.249 1842-1842 E/eglCodecCommon: glUtilsParamSize: unknow param 0x00000bd0
11-01 01:56:49.269 1842-1842 E/eglCodecCommon: **** ERROR unknown type 0x6e0061 (glSizeof,72)
11-01 01:56:50.759 1842-1842 E/eglCodecCommon: glUtilsParamSize: unknow param 0x00000b44
11-01 01:56:50.759 1842-1842 E/eglCodecCommon: glUtilsParamSize: unknow param 0x00000bd0
11-01 01:56:50.769 1842-1842 E/eglCodecCommon: **** ERROR unknown type 0x6e0061 (glSizeof,72)
11-01 01:56:50.809 1842-1842 W/EGL_emulation: eglSurfaceAttrib not implemented
11-01 01:56:50.829 1842-1842 E/eglCodecCommon: glUtilsParamSize: unknow param 0x00000b44
11-01 01:56:50.829 1842-1842 E/eglCodecCommon: glUtilsParamSize: unknow param 0x00000bd0
11-01 01:56:50.839 1842-1842 E/eglCodecCommon: **** ERROR unknown type 0x6e0061 (glSizeof,72)
11-01 01:56:50.919 1842-1842 W/EGL_emulation: eglSurfaceAttrib not implemented
11-01 01:56:50.919 1842-1842 E/eglCodecCommon: glUtilsParamSize: unknow param 0x00000b44
11-01 01:56:50.919 1842-1842 E/eglCodecCommon: glUtilsParamSize: unknow param 0x00000bd0
11-01 01:56:50.989 1842-1842 E/eglCodecCommon: **** ERROR unknown type 0x6e0061 (glSizeof,72)
11-01 01:56:51.149 1842-1842 E/eglCodecCommon: glUtilsParamSize: unknow param 0x00000b44
11-01 01:56:51.159 1842-1842 E/eglCodecCommon: glUtilsParamSize: unknow param 0x00000bd0
11-01 01:56:51.169 1842-1842 E/eglCodecCommon: **** ERROR unknown type 0x6e0061 (glSizeof,72)
11-01 01:56:51.629 1842-1842 E/eglCodecCommon: glUtilsParamSize: unknow param 0x00000b44
11-01 01:56:51.629 1842-1842 E/eglCodecCommon: glUtilsParamSize: unknow param 0x00000bd0
11-01 01:56:51.649 1842-1842 E/eglCodecCommon: **** ERROR unknown type 0x6e0061 (glSizeof,72)
11-01 01:56:54.009 1842-1842 D/AdblockWebView: Loading progress=0%
11-01 01:56:54.009 1842-1842 D/AdblockWebView: Start loading http://e1.ru/
11-01 01:56:54.009 1842-1842 D/AdblockWebView: Extracted domain e1.ru from http://e1.ru/
11-01 01:56:54.009 1842-1862 D/IoThreadClientInvocationHandler: isMainFrame=true for http://e1.ru/
11-01 01:56:54.009 1842-1862 W/AdblockWebView: http://e1.ru/ is main frame, allow loading
11-01 01:56:54.039 1842-2774 D/AdblockWebView: Listed subscriptions: 2
11-01 01:56:54.039 1842-2774 D/AdblockWebView: Subscribed to [Subscription] url=https://easylist-downloads.adblockplus.org/ruadlist+easylist.txt title=RuAdList+EasyList fixedTitle=true homepage=https://forums.lanik.us/viewforum.php?f=102 lastDownload=1477388022 downloadStatus=synchronize_ok lastSuccess=1477388022 lastCheck=1477979789 expires=1478079222 softExpiration=1478205681 version=201610250931 requiredVersion=2.0 downloadCount=1
11-01 01:56:54.039 1842-2774 D/AdblockWebView: Subscribed to [Subscription] url=https://easylist-downloads.adblockplus.org/exceptionrules.txt title=Allow non-intrusive advertising fixedTitle=true lastDownload=1477913768 downloadStatus=synchronize_ok lastSuccess=1477913768 lastCheck=1477979789 expires=1478086568 softExpiration=1477995769 version=201610311131 requiredVersion=2.0 downloadCount=1
11-01 01:56:54.039 1842-2774 D/AdblockWebView: Requesting elemhide selectors from AdblockEngine for http://e1.ru/ in Thread[Thread-97,5,main]
11-01 01:56:54.049 1842-1842 E/eglCodecCommon: glUtilsParamSize: unknow param 0x00000b44
11-01 01:56:54.049 1842-1842 E/eglCodecCommon: glUtilsParamSize: unknow param 0x00000bd0
11-01 01:56:54.059 1842-1842 E/eglCodecCommon: **** ERROR unknown type 0x6e0061 (glSizeof,72)
11-01 01:56:54.069 1276-1327 E/SoundPool: error loading /system/media/audio/ui/Effect_Tick.ogg
11-01 01:56:54.069 1276-1327 W/AudioService: Soundpool could not load file: /system/media/audio/ui/Effect_Tick.ogg
11-01 01:56:54.069 1276-1327 E/SoundPool: error loading /system/media/audio/ui/Effect_Tick.ogg
11-01 01:56:54.069 1276-1327 W/AudioService: Soundpool could not load file: /system/media/audio/ui/Effect_Tick.ogg
11-01 01:56:54.069 1276-1327 E/SoundPool: error loading /system/media/audio/ui/Effect_Tick.ogg
11-01 01:56:54.069 1276-1327 W/AudioService: Soundpool could not load file: /system/media/audio/ui/Effect_Tick.ogg
11-01 01:56:54.069 1276-1327 E/SoundPool: error loading /system/media/audio/ui/Effect_Tick.ogg
11-01 01:56:54.069 1276-1327 W/AudioService: Soundpool could not load file: /system/media/audio/ui/Effect_Tick.ogg
11-01 01:56:54.069 1276-1327 E/SoundPool: error loading /system/media/audio/ui/Effect_Tick.ogg
11-01 01:56:54.069 1276-1327 W/AudioService: Soundpool could not load file: /system/media/audio/ui/Effect_Tick.ogg
11-01 01:56:54.069 1276-1327 E/SoundPool: error loading /system/media/audio/ui/KeypressStandard.ogg
11-01 01:56:54.069 1276-1327 W/AudioService: Soundpool could not load file: /system/media/audio/ui/KeypressStandard.ogg
11-01 01:56:54.069 1276-1327 E/SoundPool: error loading /system/media/audio/ui/KeypressSpacebar.ogg
11-01 01:56:54.069 1276-1327 W/AudioService: Soundpool could not load file: /system/media/audio/ui/KeypressSpacebar.ogg
11-01 01:56:54.069 1276-1327 E/SoundPool: error loading /system/media/audio/ui/KeypressDelete.ogg
11-01 01:56:54.069 1276-1327 W/AudioService: Soundpool could not load file: /system/media/audio/ui/KeypressDelete.ogg
11-01 01:56:54.069 1276-1327 E/SoundPool: error loading /system/media/audio/ui/KeypressReturn.ogg
11-01 01:56:54.069 1276-1327 W/AudioService: Soundpool could not load file: /system/media/audio/ui/KeypressReturn.ogg
11-01 01:56:54.069 1276-1327 E/SoundPool: error loading /system/media/audio/ui/KeypressInvalid.ogg
11-01 01:56:54.069 1276-1327 W/AudioService: Soundpool could not load file: /system/media/audio/ui/KeypressInvalid.ogg
11-01 01:56:54.069 1276-1327 W/AudioService: onLoadSoundEffects(), Error -1 while loading samples
11-01 01:56:54.179 1842-1842 D/AdblockWebView: Stop abp loading
11-01 01:56:54.179 1842-1842 D/AdblockWebView: Stop prevent drawing, invalidating
11-01 01:56:54.179 1842-1842 D/AdblockWebView: Clearing referrers
11-01 01:56:54.179 1842-1842 W/AdblockWebView: Cancelling elemhide thread Thread[Thread-97,5,main]
11-01 01:56:54.179 1842-1842 D/AdblockWebView: Setting elemhide string 2 bytes
11-01 01:56:54.179 1842-1842 W/AdblockWebView: elemHideThread set to null
11-01 01:56:54.179 1842-1842 D/AdblockWebView: Start loading http://www.e1.ru/
11-01 01:56:54.449 1842-1842 D/AdblockWebView: Extracted domain www.e1.ru from http://www.e1.ru/
11-01 01:56:54.459 1842-1842 E/eglCodecCommon: glUtilsParamSize: unknow param 0x00000b44
11-01 01:56:54.459 1842-1842 E/eglCodecCommon: glUtilsParamSize: unknow param 0x00000bd0
11-01 01:56:54.469 1842-2780 D/AdblockWebView: Listed subscriptions: 2
11-01 01:56:54.469 1842-2780 D/AdblockWebView: Subscribed to [Subscription] url=https://easylist-downloads.adblockplus.org/ruadlist+easylist.txt title=RuAdList+EasyList fixedTitle=true homepage=https://forums.lanik.us/viewforum.php?f=102 lastDownload=1477388022 downloadStatus=synchronize_ok lastSuccess=1477388022 lastCheck=1477979789 expires=1478079222 softExpiration=1478205681 version=201610250931 requiredVersion=2.0 downloadCount=1
11-01 01:56:54.469 1842-2780 D/AdblockWebView: Subscribed to [Subscription] url=https://easylist-downloads.adblockplus.org/exceptionrules.txt title=Allow non-intrusive advertising fixedTitle=true lastDownload=1477913768 downloadStatus=synchronize_ok lastSuccess=1477913768 lastCheck=1477979789 expires=1478086568 softExpiration=1477995769 version=201610311131 requiredVersion=2.0 downloadCount=1
11-01 01:56:54.479 1842-1842 E/eglCodecCommon: **** ERROR unknown type 0x6e0061 (glSizeof,72)
11-01 01:56:54.479 1842-2780 D/AdblockWebView: Requesting elemhide selectors from AdblockEngine for http://www.e1.ru/ in Thread[Thread-98,5,main]
11-01 01:56:54.539 1842-1842 D/AdblockWebView: Stop abp loading
11-01 01:56:54.539 1842-1842 D/AdblockWebView: Stop prevent drawing, invalidating
11-01 01:56:54.539 1842-1842 D/AdblockWebView: Clearing referrers
11-01 01:56:54.539 1842-1842 W/AdblockWebView: Cancelling elemhide thread Thread[Thread-98,5,main]
11-01 01:56:54.539 1842-1842 D/AdblockWebView: Setting elemhide string 2 bytes
11-01 01:56:54.539 1842-1842 W/AdblockWebView: elemHideThread set to null
11-01 01:56:54.539 1842-1842 D/AdblockWebView: Start loading http://m.e1.ru/
11-01 01:56:54.599 1842-1842 D/AdblockWebView: Extracted domain m.e1.ru from http://m.e1.ru/
11-01 01:56:54.609 1842-1842 E/eglCodecCommon: glUtilsParamSize: unknow param 0x00000b44
11-01 01:56:54.619 1842-1842 E/eglCodecCommon: glUtilsParamSize: unknow param 0x00000bd0
11-01 01:56:54.649 1842-2786 D/AdblockWebView: Listed subscriptions: 2
11-01 01:56:54.649 1842-2786 D/AdblockWebView: Subscribed to [Subscription] url=https://easylist-downloads.adblockplus.org/ruadlist+easylist.txt title=RuAdList+EasyList fixedTitle=true homepage=https://forums.lanik.us/viewforum.php?f=102 lastDownload=1477388022 downloadStatus=synchronize_ok lastSuccess=1477388022 lastCheck=1477979789 expires=1478079222 softExpiration=1478205681 version=201610250931 requiredVersion=2.0 downloadCount=1
11-01 01:56:54.649 1842-2786 D/AdblockWebView: Subscribed to [Subscription] url=https://easylist-downloads.adblockplus.org/exceptionrules.txt title=Allow non-intrusive advertising fixedTitle=true lastDownload=1477913768 downloadStatus=synchronize_ok lastSuccess=1477913768 lastCheck=1477979789 expires=1478086568 softExpiration=1477995769 version=201610311131 requiredVersion=2.0 downloadCount=1
11-01 01:56:54.649 1842-2786 D/AdblockWebView: Requesting elemhide selectors from AdblockEngine for http://m.e1.ru/ in Thread[Thread-99,5,main]
11-01 01:56:54.669 1842-1842 E/eglCodecCommon: **** ERROR unknown type 0x6e0061 (glSizeof,72)
11-01 01:56:54.859 1842-2780 D/dalvikvm: GC_FOR_ALLOC freed 396K, 7% free 6607K/7056K, paused 15ms, total 16ms
11-01 01:56:54.919 1842-2774 D/dalvikvm: GC_FOR_ALLOC freed 157K, 3% free 7684K/7904K, paused 3ms, total 3ms
11-01 01:56:54.969 1842-1842 D/AdblockWebView: Loading progress=81%
11-01 01:56:54.969 1842-1842 D/AdblockWebView: Injecting script
11-01 01:56:54.969 1842-1842 D/AdblockWebView: runScript started
11-01 01:56:54.969 1842-1842 D/AdblockWebView: runScript finished
11-01 01:56:54.969 1842-1842 W/AdblockWebView: Start prevent drawing
11-01 01:56:55.029 1842-2780 D/AdblockWebView: Finished requesting elemhide selectors, got 17636 in Thread[Thread-98,5,main]
11-01 01:56:55.059 1842-2780 D/dalvikvm: GC_FOR_ALLOC freed 179K, 3% free 9089K/9336K, paused 3ms, total 6ms
11-01 01:56:55.109 1842-2774 D/AdblockWebView: Finished requesting elemhide selectors, got 17636 in Thread[Thread-97,5,main]
11-01 01:56:55.129 1842-2780 D/dalvikvm: GC_FOR_ALLOC freed 741K, 8% free 10262K/11076K, paused 10ms, total 10ms
11-01 01:56:55.209 1842-2780 D/dalvikvm: GC_FOR_ALLOC freed 1112K, 10% free 11045K/12232K, paused 22ms, total 22ms
11-01 01:56:55.249 1842-2774 D/dalvikvm: GC_FOR_ALLOC freed 622K, 9% free 11746K/12880K, paused 7ms, total 7ms
11-01 01:56:55.259 1842-2780 W/AdblockWebView: This thread is cancelled, exiting silently Thread[Thread-98,5,main]
11-01 01:56:55.259 1842-2786 D/AdblockWebView: Finished requesting elemhide selectors, got 17636 in Thread[Thread-99,5,main]
11-01 01:56:55.279 1842-2774 D/dalvikvm: GC_FOR_ALLOC freed 3441K, 27% free 9864K/13508K, paused 13ms, total 13ms
11-01 01:56:55.299 1842-2510 D/AdblockWebView: addDomListener=false
11-01 01:56:55.309 1842-1862 D/IoThreadClientInvocationHandler: isMainFrame=false for http://m.e1.ru/static/css/styles.css?2
11-01 01:56:55.319 1842-1842 D/AdblockWebView: Loading progress=50%
11-01 01:56:55.319 1842-1862 D/AdblockWebView: Allowed loading http://m.e1.ru/static/css/styles.css?2
11-01 01:56:55.319 1842-1862 D/IoThreadClientInvocationHandler: isMainFrame=false for http://m.e1.ru/static/js/jquery-1.11.3.min.js
11-01 01:56:55.339 1842-2774 D/dalvikvm: GC_FOR_ALLOC freed 1289K, 23% free 10509K/13508K, paused 10ms, total 10ms
11-01 01:56:55.339 1842-2774 I/dalvikvm-heap: Grow heap (frag case) to 10.922MB for 639044-byte allocation
11-01 01:56:55.339 1842-2774 D/dalvikvm: GC_FOR_ALLOC freed 749K, 27% free 10383K/14136K, paused 2ms, total 3ms
11-01 01:56:55.339 1842-2774 W/AdblockWebView: This thread is cancelled, exiting silently Thread[Thread-97,5,main]
11-01 01:56:55.339 1842-1862 D/AdblockWebView: Allowed loading http://m.e1.ru/static/js/jquery-1.11.3.min.js
11-01 01:56:55.369 1842-2786 D/dalvikvm: GC_FOR_ALLOC freed 2556K, 41% free 8475K/14136K, paused 9ms, total 10ms
11-01 01:56:55.369 1842-1862 D/IoThreadClientInvocationHandler: isMainFrame=false for http://m.e1.ru/static/js/script.js?1
11-01 01:56:55.369 1842-1862 D/AdblockWebView: Allowed loading http://m.e1.ru/static/js/script.js?1
11-01 01:56:55.379 1842-1862 D/IoThreadClientInvocationHandler: isMainFrame=false for http://m.e1.ru/static/js/jquery.bxslider.js
11-01 01:56:55.379 1842-1862 D/AdblockWebView: Allowed loading http://m.e1.ru/static/js/jquery.bxslider.js
11-01 01:56:55.389 1842-2786 D/AdblockWebView: Setting elemhide string 319516 bytes
11-01 01:56:55.389 1842-2786 W/AdblockWebView: elemHideThread set to null
11-01 01:56:55.409 1842-1862 D/IoThreadClientInvocationHandler: isMainFrame=false for http://m.e1.ru/static/js/iframe_api.js
11-01 01:56:55.409 1842-1862 D/AdblockWebView: Allowed loading http://m.e1.ru/static/js/iframe_api.js
11-01 01:56:55.419 1842-1862 D/IoThreadClientInvocationHandler: isMainFrame=false for http://m.e1.ru/static/js/jquery.cookie.js
11-01 01:56:55.419 1842-1862 D/AdblockWebView: Allowed loading http://m.e1.ru/static/js/jquery.cookie.js
11-01 01:56:55.419 1842-1862 D/IoThreadClientInvocationHandler: isMainFrame=false for http://m.e1.ru/static/js/detect.min.js
11-01 01:56:55.419 1842-1862 D/AdblockWebView: Allowed loading http://m.e1.ru/static/js/detect.min.js
11-01 01:56:55.429 1842-1862 D/IoThreadClientInvocationHandler: isMainFrame=false for http://reklama.ngs.ru/dohcohT2.js?
11-01 01:56:55.429 1842-1862 D/dalvikvm: Trying to load lib /data/app-lib/org.adblockplus.libadblockplus.android.webviewapp-1/libadblockplus-jni.so 0xa4ff0e78
11-01 01:56:55.429 1842-1862 D/dalvikvm: Shared lib '/data/app-lib/org.adblockplus.libadblockplus.android.webviewapp-1/libadblockplus-jni.so' already loaded in same CL 0xa4ff0e78
11-01 01:56:55.429 1842-1862 W/AdblockWebView: Blocked loading http://reklama.ngs.ru/dohcohT2.js?
11-01 01:56:55.429 1842-1862 D/IoThreadClientInvocationHandler: isMainFrame=false for https://cdn.onthe.io/io.js/Yzh7y6g8OYOm
11-01 01:56:55.429 1842-1862 D/AdblockWebView: Allowed loading https://cdn.onthe.io/io.js/Yzh7y6g8OYOm
11-01 01:56:55.579 1842-1842 D/AdblockWebView: Loading progress=50%
11-01 01:56:55.839 1842-1842 D/AdblockWebView: Loading progress=50%
11-01 01:56:55.989 1842-1862 D/IoThreadClientInvocationHandler: isMainFrame=false for https://s.ytimg.com/yts/jsbin/www-widgetapi-vflj6iRlI/www-widgetapi.js
11-01 01:56:55.989 1842-1862 D/AdblockWebView: Allowed loading https://s.ytimg.com/yts/jsbin/www-widgetapi-vflj6iRlI/www-widgetapi.js
11-01 01:56:56.039 1842-1842 D/AdblockWebView: Loading progress=50%
11-01 01:56:56.039 1842-1862 D/IoThreadClientInvocationHandler: isMainFrame=false for http://www.googletagservices.com/tag/js/gpt.js
11-01 01:56:56.049 1842-1862 D/AdblockWebView: Allowed loading http://www.googletagservices.com/tag/js/gpt.js
11-01 01:56:56.159 1842-1862 D/IoThreadClientInvocationHandler: isMainFrame=false for http://www.google-analytics.com/ga.js
11-01 01:56:56.159 1842-1862 D/AdblockWebView: Allowed loading http://www.google-analytics.com/ga.js
11-01 01:56:56.169 1842-1862 D/IoThreadClientInvocationHandler: isMainFrame=false for http://counter.yadro.ru/hit;hsdigital/rn/smi/66/news?r;s384*592*32;uhttp%3A//m.e1.ru/;0.7640992710366845
11-01 01:56:56.169 1842-1862 D/AdblockWebView: Allowed loading http://counter.yadro.ru/hit;hsdigital/rn/smi/66/news?r;s384*592*32;uhttp%3A//m.e1.ru/;0.7640992710366845
11-01 01:56:56.259 1842-1862 D/IoThreadClientInvocationHandler: isMainFrame=false for http://counter.yadro.ru/hit;e1_ru?r;s384*592*32;uhttp%3A//m.e1.ru/;h%u0415%u043A%u0430%u0442%u0435%u0440%u0438%u043D%u0431%u0443%u0440%u0433%20%u041E%u043D-%u041B%u0430%u0439%u043D;0.14448730507865548
11-01 01:56:56.259 1842-1862 D/AdblockWebView: Allowed loading http://counter.yadro.ru/hit;e1_ru?r;s384*592*32;uhttp%3A//m.e1.ru/;h%u0415%u043A%u0430%u0442%u0435%u0440%u0438%u043D%u0431%u0443%u0440%u0433%20%u041E%u043D-%u041B%u0430%u0439%u043D;0.14448730507865548
11-01 01:56:56.279 1842-1862 D/IoThreadClientInvocationHandler: isMainFrame=false for http://mc.yandex.ru/metrika/watch.js
11-01 01:56:56.279 1842-1862 D/AdblockWebView: Allowed loading http://mc.yandex.ru/metrika/watch.js
11-01 01:56:56.289 1842-1862 D/IoThreadClientInvocationHandler: isMainFrame=false for http://www.tns-counter.ru/tcounter.js
11-01 01:56:56.309 1842-1862 D/AdblockWebView: Allowed loading http://www.tns-counter.ru/tcounter.js
11-01 01:56:56.309 1842-1862 D/IoThreadClientInvocationHandler: isMainFrame=false for http://m.e1.ru/static/img/logo_mobile.png
11-01 01:56:56.329 1842-1862 D/AdblockWebView: Allowed loading http://m.e1.ru/static/img/logo_mobile.png
11-01 01:56:56.349 1842-1862 D/IoThreadClientInvocationHandler: isMainFrame=false for http://m.e1.ru/static/img/iloader16.gif
11-01 01:56:56.349 1842-1862 D/AdblockWebView: Allowed loading http://m.e1.ru/static/img/iloader16.gif
11-01 01:56:56.409 1842-1862 D/IoThreadClientInvocationHandler: isMainFrame=false for http://pogoda.ngs.ru/static/img/ico/samara/cloudy_none_day.png
11-01 01:56:56.409 1842-1862 D/AdblockWebView: Allowed loading http://pogoda.ngs.ru/static/img/ico/samara/cloudy_none_day.png
11-01 01:56:56.659 1842-1862 D/IoThreadClientInvocationHandler: isMainFrame=false for http://m.e1.ru/news/static/de0636cae60ff1ad78aed7c64ba28d51_868_583_c.jpg
11-01 01:56:56.669 1842-1862 D/AdblockWebView: Allowed loading http://m.e1.ru/news/static/de0636cae60ff1ad78aed7c64ba28d51_868_583_c.jpg
11-01 01:56:56.899 1842-1862 D/IoThreadClientInvocationHandler: isMainFrame=false for http://m.e1.ru/news/static/f13e0139530a76cdd0626bd2aeb96779_76_76_c.jpg
11-01 01:56:56.899 1842-1862 D/AdblockWebView: Allowed loading http://m.e1.ru/news/static/f13e0139530a76cdd0626bd2aeb96779_76_76_c.jpg
11-01 01:56:56.919 1842-1862 D/IoThreadClientInvocationHandler: isMainFrame=false for http://m.e1.ru/news/static/994799b5e8fa206fc3a552648d9e5a9c_76_76_c.jpg
11-01 01:56:56.919 1842-1862 D/AdblockWebView: Allowed loading http://m.e1.ru/news/static/994799b5e8fa206fc3a552648d9e5a9c_76_76_c.jpg
11-01 01:56:56.949 1842-1862 D/IoThreadClientInvocationHandler: isMainFrame=false for http://m.e1.ru/news/static/46897609f57fa5f548565ddec209995c_76_76_c.jpg
11-01 01:56:56.949 1842-1862 D/AdblockWebView: Allowed loading http://m.e1.ru/news/static/46897609f57fa5f548565ddec209995c_76_76_c.jpg
11-01 01:56:56.949 1842-1862 D/IoThreadClientInvocationHandler: isMainFrame=false for http://m.e1.ru/news/static/2fe164419de1263898f06c5e7d3d1ca0_76_76_c.jpg
11-01 01:56:56.949 1842-1862 D/AdblockWebView: Allowed loading http://m.e1.ru/news/static/2fe164419de1263898f06c5e7d3d1ca0_76_76_c.jpg
11-01 01:56:56.959 1842-1862 D/IoThreadClientInvocationHandler: isMainFrame=false for http://m.e1.ru/news/static/225c64b64ae4621b58f744f5b120330b_76_76_c.jpg
11-01 01:56:56.959 1842-1862 D/AdblockWebView: Allowed loading http://m.e1.ru/news/static/225c64b64ae4621b58f744f5b120330b_76_76_c.jpg
11-01 01:56:56.969 1842-1862 D/IoThreadClientInvocationHandler: isMainFrame=false for http://m.e1.ru/news/static/9878ba4a3a09720c75bb72d57f67132d_76_76_c.jpg
11-01 01:56:56.969 1842-1862 D/AdblockWebView: Allowed loading http://m.e1.ru/news/static/9878ba4a3a09720c75bb72d57f67132d_76_76_c.jpg
11-01 01:56:56.989 1842-1862 D/IoThreadClientInvocationHandler: isMainFrame=false for http://m.e1.ru/news/static/505529063718f97629e73a0d513423f1_76_76_c.jpg
11-01 01:56:56.989 1842-1862 D/AdblockWebView: Allowed loading http://m.e1.ru/news/static/505529063718f97629e73a0d513423f1_76_76_c.jpg
11-01 01:56:56.999 1842-1862 D/IoThreadClientInvocationHandler: isMainFrame=false for http://m.e1.ru/news/static/2102773705213893ceb226c40d03eea6_76_76_c.jpg
11-01 01:56:56.999 1842-1862 D/AdblockWebView: Allowed loading http://m.e1.ru/news/static/2102773705213893ceb226c40d03eea6_76_76_c.jpg
11-01 01:56:57.089 1842-1862 D/IoThreadClientInvocationHandler: isMainFrame=false for http://m.e1.ru/news/static/8e2dfbb632e36ea471e8515d0e9af123_76_76_c.jpg
11-01 01:56:57.089 1842-1862 D/AdblockWebView: Allowed loading http://m.e1.ru/news/static/8e2dfbb632e36ea471e8515d0e9af123_76_76_c.jpg
11-01 01:56:57.099 1842-1862 D/IoThreadClientInvocationHandler: isMainFrame=false for http://m.e1.ru/news/static/24ddfc1e23dd3bec9ea613f01af3fb1c_76_76_c.jpg
11-01 01:56:57.109 1842-1862 D/AdblockWebView: Allowed loading http://m.e1.ru/news/static/24ddfc1e23dd3bec9ea613f01af3fb1c_76_76_c.jpg
11-01 01:56:57.109 1842-1862 D/IoThreadClientInvocationHandler: isMainFrame=false for http://m.e1.ru/news/static/f2d34f2b583a3504b0a90d7c6716e32f_76_76_c.jpg
11-01 01:56:57.109 1842-1862 D/AdblockWebView: Allowed loading http://m.e1.ru/news/static/f2d34f2b583a3504b0a90d7c6716e32f_76_76_c.jpg
