11-01 08:44:54.060 1869-1869 D/AdblockWebView: Loading progress=80%
11-01 08:44:54.060 1869-1869 D/AdblockWebView: Injecting script
11-01 08:44:54.060 1869-1869 D/AdblockWebView: runScript started
11-01 08:44:54.060 1869-1869 D/AdblockWebView: runScript finished
11-01 08:44:54.060 1869-1869 W/AdblockWebView: Start prevent drawing
11-01 08:44:54.110 1869-1954 D/AdblockWebView: addDomListener=false
11-01 08:44:54.200 1869-1889 D/IoThreadClientInvocationHandler: isMainFrame=false for https://www.google.ru/images/hpp/gsa_super_g-64.gif
11-01 08:44:54.210 1869-1889 D/AdblockWebView: Allowed loading https://www.google.ru/images/hpp/gsa_super_g-64.gif
11-01 08:44:54.350 1869-1869 W/AdblockWebView: Prevent drawing
11-01 08:44:54.470 1869-1869 D/AdblockWebView: Stop abp loading
11-01 08:44:54.470 1869-1869 D/AdblockWebView: Stop prevent drawing, invalidating
11-01 08:44:54.470 1869-1869 D/AdblockWebView: Clearing referrers
11-01 08:44:54.490 1869-1869 E/eglCodecCommon: glUtilsParamSize: unknow param 0x00000b44
11-01 08:44:54.490 1869-1869 E/eglCodecCommon: glUtilsParamSize: unknow param 0x00000bd0
11-01 08:44:54.500 1275-1332 E/SoundPool: error loading /system/media/audio/ui/Effect_Tick.ogg
11-01 08:44:54.500 1275-1332 W/AudioService: Soundpool could not load file: /system/media/audio/ui/Effect_Tick.ogg
11-01 08:44:54.500 1275-1332 E/SoundPool: error loading /system/media/audio/ui/Effect_Tick.ogg
11-01 08:44:54.500 1275-1332 W/AudioService: Soundpool could not load file: /system/media/audio/ui/Effect_Tick.ogg
11-01 08:44:54.500 1275-1332 E/SoundPool: error loading /system/media/audio/ui/Effect_Tick.ogg
11-01 08:44:54.500 1275-1332 W/AudioService: Soundpool could not load file: /system/media/audio/ui/Effect_Tick.ogg
11-01 08:44:54.500 1275-1332 E/SoundPool: error loading /system/media/audio/ui/Effect_Tick.ogg
11-01 08:44:54.500 1275-1332 W/AudioService: Soundpool could not load file: /system/media/audio/ui/Effect_Tick.ogg
11-01 08:44:54.500 1275-1332 E/SoundPool: error loading /system/media/audio/ui/Effect_Tick.ogg
11-01 08:44:54.500 1275-1332 W/AudioService: Soundpool could not load file: /system/media/audio/ui/Effect_Tick.ogg
11-01 08:44:54.500 1275-1332 E/SoundPool: error loading /system/media/audio/ui/KeypressStandard.ogg
11-01 08:44:54.500 1275-1332 W/AudioService: Soundpool could not load file: /system/media/audio/ui/KeypressStandard.ogg
11-01 08:44:54.500 1275-1332 E/SoundPool: error loading /system/media/audio/ui/KeypressSpacebar.ogg
11-01 08:44:54.500 1275-1332 W/AudioService: Soundpool could not load file: /system/media/audio/ui/KeypressSpacebar.ogg
11-01 08:44:54.500 1275-1332 E/SoundPool: error loading /system/media/audio/ui/KeypressDelete.ogg
11-01 08:44:54.500 1275-1332 W/AudioService: Soundpool could not load file: /system/media/audio/ui/KeypressDelete.ogg
11-01 08:44:54.500 1275-1332 E/SoundPool: error loading /system/media/audio/ui/KeypressReturn.ogg
11-01 08:44:54.500 1275-1332 W/AudioService: Soundpool could not load file: /system/media/audio/ui/KeypressReturn.ogg
11-01 08:44:54.500 1275-1332 E/SoundPool: error loading /system/media/audio/ui/KeypressInvalid.ogg
11-01 08:44:54.500 1275-1332 W/AudioService: Soundpool could not load file: /system/media/audio/ui/KeypressInvalid.ogg
11-01 08:44:54.500 1275-1332 W/AudioService: onLoadSoundEffects(), Error -1 while loading samples
11-01 08:44:54.510 1869-1869 E/eglCodecCommon: **** ERROR unknown type 0x0 (glSizeof,72)
11-01 08:44:54.510 1869-1869 D/AdblockWebView: JS: level=LOG, message="onreadystatechange() event fired (complete)", sourceId="", line=43
11-01 08:44:54.520 1869-1869 I/chromium: [INFO:CONSOLE(43)] "onreadystatechange() event fired (complete)", source: (43)
11-01 08:44:54.520 1869-1869 D/AdblockWebView: Loading progress=100%
11-01 08:44:54.520 1869-1869 D/AdblockWebView: Loading progress=0%
11-01 08:44:54.520 1869-1889 D/IoThreadClientInvocationHandler: isMainFrame=true for https://www.google.ru/?gfe_rd=cr&ei=O44YWJDRNJPAsAGd6KXADw&gws_rd=ssl
11-01 08:44:54.520 1869-1889 W/AdblockWebView: https://www.google.ru/?gfe_rd=cr&ei=O44YWJDRNJPAsAGd6KXADw&gws_rd=ssl is main frame, allow loading
11-01 08:44:54.530 1869-1889 D/IoThreadClientInvocationHandler: isMainFrame=false for https://www.google.ru/images/branding/product/ico/googleg_lodp.ico
11-01 08:44:54.540 1869-1869 D/AdblockWebView: Start loading https://www.google.ru/?gfe_rd=cr&ei=O44YWJDRNJPAsAGd6KXADw&gws_rd=ssl
11-01 08:44:54.550 1869-1869 D/AdblockWebView: Extracted domain www.google.ru from https://www.google.ru/?gfe_rd=cr&ei=O44YWJDRNJPAsAGd6KXADw&gws_rd=ssl
11-01 08:44:54.550 1869-1889 D/AdblockWebView: Allowed loading https://www.google.ru/images/branding/product/ico/googleg_lodp.ico
11-01 08:44:54.560 1869-1869 E/eglCodecCommon: glUtilsParamSize: unknow param 0x00000b44
11-01 08:44:54.560 1869-1869 E/eglCodecCommon: glUtilsParamSize: unknow param 0x00000bd0
11-01 08:44:54.570 1869-1972 D/AdblockWebView: Listed subscriptions: 1
11-01 08:44:54.570 1869-1869 E/eglCodecCommon: **** ERROR unknown type 0x0 (glSizeof,72)
11-01 08:44:54.570 1869-1972 D/AdblockWebView: Subscribed to [Subscription] url=https://easylist-downloads.adblockplus.org/ruadlist+easylist.txt title=RuAdList+EasyList fixedTitle=true homepage=https://forums.lanik.us/viewforum.php?f=102 lastDownload=1477981956 downloadStatus=synchronize_ok lastSuccess=1477981956 lastCheck=1478004046 expires=1478673156 softExpiration=1478350971 version=201611010631 requiredVersion=2.0 downloadCount=1
11-01 08:44:54.570 1869-1972 D/AdblockWebView: Requesting elemhide selectors from AdblockEngine for https://www.google.ru/?gfe_rd=cr&ei=O44YWJDRNJPAsAGd6KXADw&gws_rd=ssl in Thread[Thread-97,5,main]
11-01 08:44:54.720 1869-1972 D/dalvikvm: GC_FOR_ALLOC freed 3266K, 31% free 7440K/10776K, paused 3ms, total 5ms
11-01 08:44:54.750 1869-1972 D/AdblockWebView: Finished requesting elemhide selectors, got 17640 in Thread[Thread-97,5,main]
11-01 08:44:54.760 1869-1972 D/dalvikvm: GC_FOR_ALLOC freed 576K, 23% free 8309K/10776K, paused 5ms, total 5ms
11-01 08:44:54.770 1869-1972 D/dalvikvm: GC_FOR_ALLOC freed 608K, 21% free 8611K/10776K, paused 2ms, total 2ms
11-01 08:44:54.780 1869-1972 I/dalvikvm-heap: Grow heap (frag case) to 9.107MB for 662262-byte allocation
11-01 08:44:54.790 1869-1972 D/dalvikvm: GC_FOR_ALLOC freed 431K, 23% free 8827K/11424K, paused 4ms, total 4ms
11-01 08:44:54.790 1869-1972 D/AdblockWebView: Setting elemhide string 319776 bytes
11-01 08:44:54.790 1869-1972 W/AdblockWebView: elemHideThread set to null
11-01 08:44:56.541 1869-1869 D/AdblockWebView: Loading progress=19%
11-01 08:44:56.541 1869-1869 D/AdblockWebView: Injecting script
11-01 08:44:56.541 1869-1869 D/AdblockWebView: runScript started
11-01 08:44:56.541 1869-1869 D/AdblockWebView: runScript finished
11-01 08:44:56.541 1869-1869 W/AdblockWebView: Start prevent drawing
11-01 08:44:56.581 1869-1954 D/AdblockWebView: addDomListener=false
11-01 08:44:56.671 1869-1869 D/AdblockWebView: Loading progress=34%
11-01 08:44:57.311 1869-1869 D/AdblockWebView: Loading progress=39%
11-01 08:44:57.361 1869-1889 D/IoThreadClientInvocationHandler: isMainFrame=false for https://www.google.ru/images/hpp/gsa_super_g-64.gif
11-01 08:44:57.361 1869-1889 D/AdblockWebView: Allowed loading https://www.google.ru/images/hpp/gsa_super_g-64.gif
11-01 08:44:57.391 1869-1889 D/IoThreadClientInvocationHandler: isMainFrame=false for https://ssl.gstatic.com/gb/images/qi2_00ed8ca1.png
11-01 08:44:57.391 1869-1889 D/AdblockWebView: Allowed loading https://ssl.gstatic.com/gb/images/qi2_00ed8ca1.png
11-01 08:44:57.411 1869-1889 D/IoThreadClientInvocationHandler: isMainFrame=false for https://www.google.ru/images/branding/googlelogo/2x/googlelogo_color_160x56dp.png
11-01 08:44:57.411 1869-1889 D/AdblockWebView: Allowed loading https://www.google.ru/images/branding/googlelogo/2x/googlelogo_color_160x56dp.png
11-01 08:44:57.421 1869-1889 D/IoThreadClientInvocationHandler: isMainFrame=false for https://www.google.ru/images/nav_logo242_hr.png
11-01 08:44:57.421 1869-1889 D/AdblockWebView: Allowed loading https://www.google.ru/images/nav_logo242_hr.png
11-01 08:44:57.501 1869-1889 D/IoThreadClientInvocationHandler: isMainFrame=false for https://www.gstatic.com/og/_/js/k=og.mob.en_US.13l7Y9VMp8I.O/rt=j/m=md/exm=mih,mab,meb/d=1/ed=1/rs=AA2YrTtq4g2g2dpnj_pAkLQbvhUOe_M60w
11-01 08:44:57.501 1869-1889 D/AdblockWebView: Allowed loading https://www.gstatic.com/og/_/js/k=og.mob.en_US.13l7Y9VMp8I.O/rt=j/m=md/exm=mih,mab,meb/d=1/ed=1/rs=AA2YrTtq4g2g2dpnj_pAkLQbvhUOe_M60w
11-01 08:44:57.511 1869-1869 D/AdblockWebView: Loading progress=43%
11-01 08:44:57.541 1869-1869 D/AdblockWebView: JS: level=LOG, message="onreadystatechange() event fired (interactive)", sourceId="", line=43
11-01 08:44:57.541 1869-1869 I/chromium: [INFO:CONSOLE(43)] "onreadystatechange() event fired (interactive)", source: (43)
11-01 08:44:57.541 1869-1869 D/AdblockWebView: JS: level=LOG, message="starting injecting css rules", sourceId="", line=12
11-01 08:44:57.541 1869-1869 I/chromium: [INFO:CONSOLE(12)] "starting injecting css rules", source: (12)
11-01 08:44:57.551 1869-1954 D/AdblockWebView: Waiting for elemhide selectors to be ready
11-01 08:44:57.551 1869-1954 D/AdblockWebView: Elemhide selectors ready, 319776 bytes
11-01 08:44:57.551 1869-1954 D/AdblockWebView: Clearing referrers
11-01 08:44:57.571 1869-1869 D/AdblockWebView: JS: level=LOG, message="parsed selectors: 17640", sourceId="", line=14
11-01 08:44:57.571 1869-1869 I/chromium: [INFO:CONSOLE(14)] "parsed selectors: 17640", source: (14)
11-01 08:44:57.831 1869-1869 D/AdblockWebView: JS: level=LOG, message="finished injecting css rules", sourceId="", line=30
11-01 08:44:57.831 1869-1869 I/chromium: [INFO:CONSOLE(30)] "finished injecting css rules", source: (30)
11-01 08:44:57.841 1869-1869 D/AdblockWebView: Stop prevent drawing, invalidating
11-01 08:44:57.871 1869-1869 E/eglCodecCommon: glUtilsParamSize: unknow param 0x00000b44
11-01 08:44:57.871 1869-1869 E/eglCodecCommon: glUtilsParamSize: unknow param 0x00000bd0
11-01 08:44:57.871 1869-1869 E/eglCodecCommon: **** ERROR unknown type 0x0 (glSizeof,72)
11-01 08:44:57.881 1869-1869 D/AdblockWebView: JS: level=LOG, message="DOMContentLoaded() event fired", sourceId="", line=60
11-01 08:44:57.881 1869-1869 I/chromium: [INFO:CONSOLE(60)] "DOMContentLoaded() event fired", source: (60)
11-01 08:44:57.881 1869-1869 D/AdblockWebView: JS: level=LOG, message="already hidden, exiting", sourceId="", line=6
11-01 08:44:57.881 1869-1869 I/chromium: [INFO:CONSOLE(6)] "already hidden, exiting", source: (6)
11-01 08:44:57.961 1869-1889 D/IoThreadClientInvocationHandler: isMainFrame=false for https://www.google.ru/xjs/_/js/k=xjs.qs.ru.tzdZIgZrgPM.O/m=sx,c,sb_mob,bct,cdos,elog,hsm,jsa,mbsf,r,qsm,d,csi/am=AIG2TGDBAGCDZAn5FBACKAE/rt=j/d=1/t=zcms/rs=ACT90oFxHNcxblgu7G5wQRafY_KQYEekzQ
11-01 08:44:57.961 1869-1889 D/AdblockWebView: Allowed loading https://www.google.ru/xjs/_/js/k=xjs.qs.ru.tzdZIgZrgPM.O/m=sx,c,sb_mob,bct,cdos,elog,hsm,jsa,mbsf,r,qsm,d,csi/am=AIG2TGDBAGCDZAn5FBACKAE/rt=j/d=1/t=zcms/rs=ACT90oFxHNcxblgu7G5wQRafY_KQYEekzQ
11-01 08:44:57.971 1869-1869 E/eglCodecCommon: glUtilsParamSize: unknow param 0x00000b44
11-01 08:44:57.981 1869-1869 E/eglCodecCommon: glUtilsParamSize: unknow param 0x00000bd0
11-01 08:44:57.981 1869-1869 E/eglCodecCommon: **** ERROR unknown type 0x0 (glSizeof,72)
11-01 08:44:58.131 1869-1869 E/eglCodecCommon: glUtilsParamSize: unknow param 0x00000b44
11-01 08:44:58.131 1869-1869 E/eglCodecCommon: glUtilsParamSize: unknow param 0x00000bd0
11-01 08:44:58.211 1869-1869 E/eglCodecCommon: **** ERROR unknown type 0x0 (glSizeof,72)
11-01 08:44:58.271 1869-1869 D/AdblockWebView: Loading progress=44%
11-01 08:44:58.321 1869-1869 E/eglCodecCommon: glUtilsParamSize: unknow param 0x00000b44
11-01 08:44:58.331 1869-1869 E/eglCodecCommon: glUtilsParamSize: unknow param 0x00000bd0
11-01 08:44:58.341 1869-1869 E/eglCodecCommon: **** ERROR unknown type 0x0 (glSizeof,72)
11-01 08:44:58.371 1869-1869 E/eglCodecCommon: glUtilsParamSize: unknow param 0x00000b44
11-01 08:44:58.371 1869-1869 E/eglCodecCommon: glUtilsParamSize: unknow param 0x00000bd0
11-01 08:44:58.411 1869-1869 E/eglCodecCommon: **** ERROR unknown type 0x0 (glSizeof,72)
11-01 08:44:58.421 1869-1869 D/AdblockWebView: Loading progress=50%
11-01 08:44:59.021 1869-1869 D/AdblockWebView: Loading progress=53%
11-01 08:45:00.031 1869-1869 D/AdblockWebView: Loading progress=54%
11-01 08:45:00.121 1869-1869 D/AdblockWebView: Loading progress=68%
11-01 08:45:00.201 1869-1869 E/eglCodecCommon: glUtilsParamSize: unknow param 0x00000b44
11-01 08:45:00.211 1869-1869 E/eglCodecCommon: glUtilsParamSize: unknow param 0x00000bd0
11-01 08:45:00.221 1869-1869 E/eglCodecCommon: **** ERROR unknown type 0x0 (glSizeof,72)
11-01 08:45:00.241 1869-1869 D/AdblockWebView: Loading progress=75%
11-01 08:45:01.041 1869-1869 D/AdblockWebView: Loading progress=77%
11-01 08:45:01.151 1869-1869 D/AdblockWebView: Loading progress=83%
11-01 08:45:01.691 1869-1869 D/AdblockWebView: Loading progress=84%
11-01 08:45:02.871 1869-1869 D/AdblockWebView: Loading progress=86%
11-01 08:45:03.341 1869-1889 D/IoThreadClientInvocationHandler: isMainFrame=false for https://www.google.ru/xjs/_/js/k=xjs.qs.ru.tzdZIgZrgPM.O/m=sy7,sy13,em2,sy12,aa,abd,sy65,sy64,sy63,sy67,em10,async,sy282,sy334,sy333,dvl,sy425,foot,ipv6,shm,sy130,sy54,sy99,sy122,sy353,mhp,sy74,sy518,qmp/am=AIG2TGDBAGCDZAn5FBACKAE/rt=j/d=0/t=zcms/rs=ACT90oFxHNcxblgu7G5wQRafY_KQYEekzQ
11-01 08:45:03.341 1869-1889 D/AdblockWebView: Allowed loading https://www.google.ru/xjs/_/js/k=xjs.qs.ru.tzdZIgZrgPM.O/m=sy7,sy13,em2,sy12,aa,abd,sy65,sy64,sy63,sy67,em10,async,sy282,sy334,sy333,dvl,sy425,foot,ipv6,shm,sy130,sy54,sy99,sy122,sy353,mhp,sy74,sy518,qmp/am=AIG2TGDBAGCDZAn5FBACKAE/rt=j/d=0/t=zcms/rs=ACT90oFxHNcxblgu7G5wQRafY_KQYEekzQ
11-01 08:45:03.401 1869-1869 E/eglCodecCommon: glUtilsParamSize: unknow param 0x00000b44
11-01 08:45:03.401 1869-1869 E/eglCodecCommon: glUtilsParamSize: unknow param 0x00000bd0
11-01 08:45:03.421 1869-1869 E/eglCodecCommon: **** ERROR unknown type 0x0 (glSizeof,72)
11-01 08:45:03.421 1869-1869 E/eglCodecCommon: glUtilsParamSize: unknow param 0x00000b44
11-01 08:45:03.431 1869-1869 E/eglCodecCommon: glUtilsParamSize: unknow param 0x00000bd0
11-01 08:45:03.511 1869-1869 E/eglCodecCommon: **** ERROR unknown type 0x0 (glSizeof,72)
11-01 08:45:03.941 1869-1869 D/AdblockWebView: Loading progress=88%
11-01 08:45:04.651 1869-1869 D/AdblockWebView: Loading progress=88%
11-01 08:45:04.861 1869-1889 D/IoThreadClientInvocationHandler: isMainFrame=false for https://www.google.ru/gen_204?atyp=i&ct=14&cad=i&ogsr=1&id=19000275&ic=1&ogd=google.ru&ogprm=up&vet=10ahUKEwiZ1rKIy4fQAhUCBSwKHeB2AQ4QjW0IAQ.SI4YWJmSCoKKsAHg7YVw.s&vis=1&ei=SI4YWJmSCoKKsAHg7YVw&zx=1478004304865
11-01 08:45:04.861 1869-1889 D/AdblockWebView: Allowed loading https://www.google.ru/gen_204?atyp=i&ct=14&cad=i&ogsr=1&id=19000275&ic=1&ogd=google.ru&ogprm=up&vet=10ahUKEwiZ1rKIy4fQAhUCBSwKHeB2AQ4QjW0IAQ.SI4YWJmSCoKKsAHg7YVw.s&vis=1&ei=SI4YWJmSCoKKsAHg7YVw&zx=1478004304865
11-01 08:45:04.901 1869-1869 E/eglCodecCommon: glUtilsParamSize: unknow param 0x00000b44
11-01 08:45:04.911 1869-1869 E/eglCodecCommon: glUtilsParamSize: unknow param 0x00000bd0
11-01 08:45:04.911 1869-1869 E/eglCodecCommon: **** ERROR unknown type 0x0 (glSizeof,72)
11-01 08:45:04.941 1869-1869 E/eglCodecCommon: glUtilsParamSize: unknow param 0x00000b44
11-01 08:45:04.951 1869-1869 E/eglCodecCommon: glUtilsParamSize: unknow param 0x00000bd0
11-01 08:45:05.061 1869-1869 E/eglCodecCommon: **** ERROR unknown type 0x0 (glSizeof,72)
11-01 08:45:05.141 1869-1869 E/eglCodecCommon: glUtilsParamSize: unknow param 0x00000b44
11-01 08:45:05.141 1869-1869 E/eglCodecCommon: glUtilsParamSize: unknow param 0x00000bd0
11-01 08:45:05.141 1869-1869 E/eglCodecCommon: **** ERROR unknown type 0x0 (glSizeof,72)
11-01 08:45:05.151 1869-1869 E/eglCodecCommon: glUtilsParamSize: unknow param 0x00000b44
11-01 08:45:05.161 1869-1869 E/eglCodecCommon: glUtilsParamSize: unknow param 0x00000bd0
11-01 08:45:05.191 1869-1869 E/eglCodecCommon: **** ERROR unknown type 0x0 (glSizeof,72)
11-01 08:45:05.221 1869-1869 E/eglCodecCommon: glUtilsParamSize: unknow param 0x00000b44
11-01 08:45:05.221 1869-1869 E/eglCodecCommon: glUtilsParamSize: unknow param 0x00000bd0
11-01 08:45:05.251 1869-1869 E/eglCodecCommon: **** ERROR unknown type 0x0 (glSizeof,72)
11-01 08:45:05.311 1869-1889 E/chromium: [ERROR:ssl_client_socket_openssl.cc(197)] OpenSSL SYSCALL error, earliest error code in error queue: 0, errno: 0
11-01 08:45:05.311 1869-1889 E/chromium: [ERROR:ssl_client_socket_openssl.cc(870)] handshake failed; returned 0, SSL error code 5, net_error -107
11-01 08:45:05.501 1869-1869 E/eglCodecCommon: glUtilsParamSize: unknow param 0x00000b44
11-01 08:45:05.501 1869-1869 E/eglCodecCommon: glUtilsParamSize: unknow param 0x00000bd0
11-01 08:45:05.511 1869-1869 E/eglCodecCommon: **** ERROR unknown type 0x0 (glSizeof,72)
11-01 08:45:05.521 1869-1869 E/eglCodecCommon: glUtilsParamSize: unknow param 0x00000b44
11-01 08:45:05.521 1869-1869 E/eglCodecCommon: glUtilsParamSize: unknow param 0x00000bd0
11-01 08:45:05.561 1869-1869 E/eglCodecCommon: **** ERROR unknown type 0x0 (glSizeof,72)
11-01 08:45:05.601 1869-1869 E/eglCodecCommon: glUtilsParamSize: unknow param 0x00000b44
11-01 08:45:05.601 1869-1869 E/eglCodecCommon: glUtilsParamSize: unknow param 0x00000bd0
11-01 08:45:05.621 1869-1869 E/eglCodecCommon: **** ERROR unknown type 0x0 (glSizeof,72)
11-01 08:45:05.651 1869-1869 E/eglCodecCommon: glUtilsParamSize: unknow param 0x00000b44
11-01 08:45:05.661 1869-1869 E/eglCodecCommon: glUtilsParamSize: unknow param 0x00000bd0
11-01 08:45:05.691 1869-1869 E/eglCodecCommon: **** ERROR unknown type 0x0 (glSizeof,72)
11-01 08:45:05.741 1869-1869 E/eglCodecCommon: glUtilsParamSize: unknow param 0x00000b44
11-01 08:45:05.741 1869-1869 E/eglCodecCommon: glUtilsParamSize: unknow param 0x00000bd0
11-01 08:45:05.771 1869-1869 E/eglCodecCommon: **** ERROR unknown type 0x0 (glSizeof,72)
11-01 08:45:05.821 1869-1869 E/eglCodecCommon: glUtilsParamSize: unknow param 0x00000b44
11-01 08:45:05.821 1869-1869 E/eglCodecCommon: glUtilsParamSize: unknow param 0x00000bd0
11-01 08:45:05.841 1869-1869 E/eglCodecCommon: **** ERROR unknown type 0x0 (glSizeof,72)
11-01 08:45:05.921 1869-1869 E/eglCodecCommon: glUtilsParamSize: unknow param 0x00000b44
11-01 08:45:05.931 1869-1869 E/eglCodecCommon: glUtilsParamSize: unknow param 0x00000bd0
11-01 08:45:05.961 1869-1869 E/eglCodecCommon: **** ERROR unknown type 0x0 (glSizeof,72)
11-01 08:45:06.021 1869-1869 E/eglCodecCommon: glUtilsParamSize: unknow param 0x00000b44
11-01 08:45:06.031 1869-1869 E/eglCodecCommon: glUtilsParamSize: unknow param 0x00000bd0
11-01 08:45:06.061 1869-1869 E/eglCodecCommon: **** ERROR unknown type 0x0 (glSizeof,72)
11-01 08:45:06.101 1869-1869 E/eglCodecCommon: glUtilsParamSize: unknow param 0x00000b44
11-01 08:45:06.101 1869-1869 E/eglCodecCommon: glUtilsParamSize: unknow param 0x00000bd0
11-01 08:45:06.121 1869-1869 E/eglCodecCommon: **** ERROR unknown type 0x0 (glSizeof,72)
11-01 08:45:06.151 1869-1869 E/eglCodecCommon: glUtilsParamSize: unknow param 0x00000b44
11-01 08:45:06.151 1869-1869 E/eglCodecCommon: glUtilsParamSize: unknow param 0x00000bd0
11-01 08:45:06.191 1869-1869 E/eglCodecCommon: **** ERROR unknown type 0x0 (glSizeof,72)
11-01 08:45:06.251 1869-1869 E/eglCodecCommon: glUtilsParamSize: unknow param 0x00000b44
11-01 08:45:06.251 1869-1869 E/eglCodecCommon: glUtilsParamSize: unknow param 0x00000bd0
11-01 08:45:06.271 1869-1869 E/eglCodecCommon: **** ERROR unknown type 0x0 (glSizeof,72)
11-01 08:45:06.301 1869-1869 E/eglCodecCommon: glUtilsParamSize: unknow param 0x00000b44
11-01 08:45:06.311 1869-1869 E/eglCodecCommon: glUtilsParamSize: unknow param 0x00000bd0
11-01 08:45:06.341 1869-1869 E/eglCodecCommon: **** ERROR unknown type 0x0 (glSizeof,72)
11-01 08:45:06.431 1869-1869 E/eglCodecCommon: glUtilsParamSize: unknow param 0x00000b44
11-01 08:45:06.431 1869-1869 E/eglCodecCommon: glUtilsParamSize: unknow param 0x00000bd0
11-01 08:45:06.451 1869-1869 E/eglCodecCommon: **** ERROR unknown type 0x0 (glSizeof,72)
11-01 08:45:06.451 1869-1869 D/AdblockWebView: Loading progress=88%
11-01 08:45:06.501 1869-1869 E/eglCodecCommon: glUtilsParamSize: unknow param 0x00000b44
11-01 08:45:06.511 1869-1869 E/eglCodecCommon: glUtilsParamSize: unknow param 0x00000bd0
11-01 08:45:06.511 1869-1869 E/eglCodecCommon: **** ERROR unknown type 0x0 (glSizeof,72)
11-01 08:45:06.541 1869-1869 E/eglCodecCommon: glUtilsParamSize: unknow param 0x00000b44
11-01 08:45:06.551 1869-1869 E/eglCodecCommon: glUtilsParamSize: unknow param 0x00000bd0
11-01 08:45:06.581 1869-1869 E/eglCodecCommon: **** ERROR unknown type 0x0 (glSizeof,72)
11-01 08:45:06.651 1869-1869 E/eglCodecCommon: glUtilsParamSize: unknow param 0x00000b44
11-01 08:45:06.651 1869-1869 E/eglCodecCommon: glUtilsParamSize: unknow param 0x00000bd0
11-01 08:45:06.681 1869-1869 E/eglCodecCommon: **** ERROR unknown type 0x0 (glSizeof,72)
11-01 08:45:06.741 1869-1869 E/eglCodecCommon: glUtilsParamSize: unknow param 0x00000b44
11-01 08:45:06.751 1869-1869 E/eglCodecCommon: glUtilsParamSize: unknow param 0x00000bd0
11-01 08:45:06.761 1869-1869 E/eglCodecCommon: **** ERROR unknown type 0x0 (glSizeof,72)
11-01 08:45:06.801 1869-1869 E/eglCodecCommon: glUtilsParamSize: unknow param 0x00000b44
11-01 08:45:06.801 1869-1869 E/eglCodecCommon: glUtilsParamSize: unknow param 0x00000bd0
11-01 08:45:06.811 1869-1869 E/eglCodecCommon: **** ERROR unknown type 0x0 (glSizeof,72)
11-01 08:45:06.841 1869-1869 E/eglCodecCommon: glUtilsParamSize: unknow param 0x00000b44
11-01 08:45:06.841 1869-1869 E/eglCodecCommon: glUtilsParamSize: unknow param 0x00000bd0
11-01 08:45:06.881 1869-1869 E/eglCodecCommon: **** ERROR unknown type 0x0 (glSizeof,72)
11-01 08:45:06.921 1869-1869 E/eglCodecCommon: glUtilsParamSize: unknow param 0x00000b44
11-01 08:45:06.921 1869-1869 E/eglCodecCommon: glUtilsParamSize: unknow param 0x00000bd0
11-01 08:45:06.951 1869-1869 E/eglCodecCommon: **** ERROR unknown type 0x0 (glSizeof,72)
11-01 08:45:06.991 1869-1869 E/eglCodecCommon: glUtilsParamSize: unknow param 0x00000b44
11-01 08:45:07.001 1869-1869 E/eglCodecCommon: glUtilsParamSize: unknow param 0x00000bd0
11-01 08:45:07.031 1869-1869 E/eglCodecCommon: **** ERROR unknown type 0x0 (glSizeof,72)
11-01 08:45:07.071 1869-1869 E/eglCodecCommon: glUtilsParamSize: unknow param 0x00000b44
11-01 08:45:07.071 1869-1869 E/eglCodecCommon: glUtilsParamSize: unknow param 0x00000bd0
11-01 08:45:07.111 1869-1869 E/eglCodecCommon: **** ERROR unknown type 0x0 (glSizeof,72)
11-01 08:45:07.151 1869-1869 E/eglCodecCommon: glUtilsParamSize: unknow param 0x00000b44
11-01 08:45:07.151 1869-1869 E/eglCodecCommon: glUtilsParamSize: unknow param 0x00000bd0
11-01 08:45:07.181 1869-1869 E/eglCodecCommon: **** ERROR unknown type 0x0 (glSizeof,72)
11-01 08:45:07.221 1869-1869 E/eglCodecCommon: glUtilsParamSize: unknow param 0x00000b44
11-01 08:45:07.231 1869-1869 E/eglCodecCommon: glUtilsParamSize: unknow param 0x00000bd0
11-01 08:45:07.271 1869-1869 E/eglCodecCommon: **** ERROR unknown type 0x0 (glSizeof,72)
11-01 08:45:07.341 1869-1869 E/eglCodecCommon: glUtilsParamSize: unknow param 0x00000b44
11-01 08:45:07.341 1869-1869 E/eglCodecCommon: glUtilsParamSize: unknow param 0x00000bd0
11-01 08:45:07.371 1869-1869 E/eglCodecCommon: **** ERROR unknown type 0x0 (glSizeof,72)
11-01 08:45:07.451 1869-1869 E/eglCodecCommon: glUtilsParamSize: unknow param 0x00000b44
11-01 08:45:07.461 1869-1869 E/eglCodecCommon: glUtilsParamSize: unknow param 0x00000bd0
11-01 08:45:07.481 1869-1869 E/eglCodecCommon: **** ERROR unknown type 0x0 (glSizeof,72)
11-01 08:45:07.521 1869-1869 E/eglCodecCommon: glUtilsParamSize: unknow param 0x00000b44
11-01 08:45:07.521 1869-1869 E/eglCodecCommon: glUtilsParamSize: unknow param 0x00000bd0
11-01 08:45:07.561 1869-1869 E/eglCodecCommon: **** ERROR unknown type 0x0 (glSizeof,72)
11-01 08:45:07.601 1869-1869 E/eglCodecCommon: glUtilsParamSize: unknow param 0x00000b44
11-01 08:45:07.601 1869-1869 E/eglCodecCommon: glUtilsParamSize: unknow param 0x00000bd0
11-01 08:45:07.631 1869-1869 E/eglCodecCommon: **** ERROR unknown type 0x0 (glSizeof,72)
11-01 08:45:07.651 1869-1869 E/eglCodecCommon: glUtilsParamSize: unknow param 0x00000b44
11-01 08:45:07.661 1869-1869 E/eglCodecCommon: glUtilsParamSize: unknow param 0x00000bd0
11-01 08:45:07.691 1869-1869 E/eglCodecCommon: **** ERROR unknown type 0x0 (glSizeof,72)
11-01 08:45:07.741 1869-1869 E/eglCodecCommon: glUtilsParamSize: unknow param 0x00000b44
11-01 08:45:07.741 1869-1869 E/eglCodecCommon: glUtilsParamSize: unknow param 0x00000bd0
11-01 08:45:07.761 1869-1869 E/eglCodecCommon: **** ERROR unknown type 0x0 (glSizeof,72)
11-01 08:45:07.831 1869-1869 E/eglCodecCommon: glUtilsParamSize: unknow param 0x00000b44
11-01 08:45:07.881 1869-1869 E/eglCodecCommon: glUtilsParamSize: unknow param 0x00000bd0
11-01 08:45:07.881 1869-1889 D/IoThreadClientInvocationHandler: isMainFrame=false for https://www.google.ru/gen_204?atyp=i&ct=14&cad=v&ogsr=1&id=19000275&ic=1&ogd=google.ru&ogprm=up&ei=SI4YWJmSCoKKsAHg7YVw&zx=1478004307885
11-01 08:45:07.881 1869-1889 D/AdblockWebView: Allowed loading https://www.google.ru/gen_204?atyp=i&ct=14&cad=v&ogsr=1&id=19000275&ic=1&ogd=google.ru&ogprm=up&ei=SI4YWJmSCoKKsAHg7YVw&zx=1478004307885
11-01 08:45:07.901 1869-1869 E/eglCodecCommon: **** ERROR unknown type 0x0 (glSizeof,72)
11-01 08:45:07.941 1869-1889 D/IoThreadClientInvocationHandler: isMainFrame=false for https://www.google.ru/gen_204?atyp=i&ct=14&cad=d&ogsr=1&id=19000275&ic=1&ogd=google.ru&ogprm=up&vet=10ahUKEwiZ1rKIy4fQAhUCBSwKHeB2AQ4QjW0IAQ.SI4YWJmSCoKKsAHg7YVw.h&ved=0ahUKEwiZ1rKIy4fQAhUCBSwKHeB2AQ4Qj20IAg&ei=SI4YWJmSCoKKsAHg7YVw&zx=1478004307953
11-01 08:45:07.951 1869-1889 D/AdblockWebView: Allowed loading https://www.google.ru/gen_204?atyp=i&ct=14&cad=d&ogsr=1&id=19000275&ic=1&ogd=google.ru&ogprm=up&vet=10ahUKEwiZ1rKIy4fQAhUCBSwKHeB2AQ4QjW0IAQ.SI4YWJmSCoKKsAHg7YVw.h&ved=0ahUKEwiZ1rKIy4fQAhUCBSwKHeB2AQ4Qj20IAg&ei=SI4YWJmSCoKKsAHg7YVw&zx=1478004307953
11-01 08:45:08.131 1869-1869 E/eglCodecCommon: glUtilsParamSize: unknow param 0x00000b44
11-01 08:45:08.131 1869-1869 E/eglCodecCommon: glUtilsParamSize: unknow param 0x00000bd0
11-01 08:45:08.151 1869-1869 E/eglCodecCommon: **** ERROR unknown type 0x0 (glSizeof,72)
11-01 08:45:09.261 1869-1869 D/AdblockWebView: Loading progress=89%
11-01 08:45:09.821 1869-1869 E/eglCodecCommon: glUtilsParamSize: unknow param 0x00000b44
11-01 08:45:09.821 1869-1869 E/eglCodecCommon: glUtilsParamSize: unknow param 0x00000bd0
11-01 08:45:09.841 1869-1869 E/eglCodecCommon: **** ERROR unknown type 0x0 (glSizeof,72)
11-01 08:45:09.881 1869-1869 W/EGL_emulation: eglSurfaceAttrib not implemented
11-01 08:45:10.251 1869-1869 D/AdblockWebView: Loading progress=89%
11-01 08:45:10.251 1869-1869 D/AdblockWebView: Loading progress=100%
11-01 08:45:10.291 1869-1869 E/eglCodecCommon: glUtilsParamSize: unknow param 0x00000b44
11-01 08:45:10.291 1869-1869 E/eglCodecCommon: glUtilsParamSize: unknow param 0x00000bd0
11-01 08:45:10.311 1869-1869 E/eglCodecCommon: **** ERROR unknown type 0x0 (glSizeof,72)
11-01 08:45:10.331 1869-1869 D/AdblockWebView: JS: level=LOG, message="onreadystatechange() event fired (complete)", sourceId="", line=43
11-01 08:45:10.331 1869-1869 I/chromium: [INFO:CONSOLE(43)] "onreadystatechange() event fired (complete)", source: (43)
11-01 08:45:10.331 1869-1869 D/AdblockWebView: JS: level=LOG, message="load() event fired", sourceId="", line=53
11-01 08:45:10.331 1869-1869 I/chromium: [INFO:CONSOLE(53)] "load() event fired", source: (53)
11-01 08:45:10.351 1869-1869 E/eglCodecCommon: glUtilsParamSize: unknow param 0x00000b44
11-01 08:45:10.351 1869-1869 E/eglCodecCommon: glUtilsParamSize: unknow param 0x00000bd0
11-01 08:45:10.361 1869-1889 D/IoThreadClientInvocationHandler: isMainFrame=false for https://www.google.ru/images/nav_logo242.png
11-01 08:45:10.361 1869-1889 D/AdblockWebView: Allowed loading https://www.google.ru/images/nav_logo242.png
11-01 08:45:10.381 1869-1869 E/eglCodecCommon: **** ERROR unknown type 0x0 (glSizeof,72)
11-01 08:45:10.391 1869-1869 D/AdblockWebView: JS: level=LOG, message="already hidden, exiting", sourceId="", line=6
11-01 08:45:10.391 1869-1869 I/chromium: [INFO:CONSOLE(6)] "already hidden, exiting", source: (6)
11-01 08:45:10.431 1869-1889 D/IoThreadClientInvocationHandler: isMainFrame=false for https://www.google.ru/gen_204?v=3&s=mobilewebhp&atyp=csi&ei=SI4YWJmSCoKKsAHg7YVw&imc=2&imn=2&imp=2&adh=&xjs=init.220.13.sb_mob.179.dvl.18.c.8.jsa.4.async.3&ima=1&rt=xjsls.116,prt.122,iml.2774,dcl.541,xjses.5593,xjsee.5994,xjs.5994,ol.13002,aft.988,wsrt.2867,cst.217,dnst.0,rqst.2566,rspt.817,sslt.217,rqstt.270,unt.0,cstt.47,dit.3043
11-01 08:45:10.431 1869-1889 D/AdblockWebView: Allowed loading https://www.google.ru/gen_204?v=3&s=mobilewebhp&atyp=csi&ei=SI4YWJmSCoKKsAHg7YVw&imc=2&imn=2&imp=2&adh=&xjs=init.220.13.sb_mob.179.dvl.18.c.8.jsa.4.async.3&ima=1&rt=xjsls.116,prt.122,iml.2774,dcl.541,xjses.5593,xjsee.5994,xjs.5994,ol.13002,aft.988,wsrt.2867,cst.217,dnst.0,rqst.2566,rspt.817,sslt.217,rqstt.270,unt.0,cstt.47,dit.3043
11-01 08:45:10.431 1869-1889 D/IoThreadClientInvocationHandler: isMainFrame=false for https://www.gstatic.com/og/_/ss/k=og.mob.-18zaq5oqnzeth.L.W.O/m=md/excm=mih,mab,meb/d=1/ed=1/rs=AA2YrTuQuoNhb6JP9G2FFeYhIHs0jRbxdw
11-01 08:45:10.431 1869-1889 D/AdblockWebView: Allowed loading https://www.gstatic.com/og/_/ss/k=og.mob.-18zaq5oqnzeth.L.W.O/m=md/excm=mih,mab,meb/d=1/ed=1/rs=AA2YrTuQuoNhb6JP9G2FFeYhIHs0jRbxdw
11-01 08:45:10.561 1869-1889 D/IoThreadClientInvocationHandler: isMainFrame=false for https://www.google.ru/images/branding/product/ico/googleg_lodp.ico
11-01 08:45:10.561 1869-1889 D/AdblockWebView: Allowed loading https://www.google.ru/images/branding/product/ico/googleg_lodp.ico
11-01 08:45:10.601 1869-1869 E/eglCodecCommon: glUtilsParamSize: unknow param 0x00000b44
11-01 08:45:10.601 1869-1869 E/eglCodecCommon: glUtilsParamSize: unknow param 0x00000bd0
11-01 08:45:10.691 1869-1869 E/eglCodecCommon: **** ERROR unknown type 0x0 (glSizeof,72)
11-01 08:45:10.901 1869-1869 E/eglCodecCommon: glUtilsParamSize: unknow param 0x00000b44
11-01 08:45:10.901 1869-1869 E/eglCodecCommon: glUtilsParamSize: unknow param 0x00000bd0
11-01 08:45:10.931 1869-1869 E/eglCodecCommon: **** ERROR unknown type 0x0 (glSizeof,72)
11-01 08:45:11.101 1869-1869 W/EGL_emulation: eglSurfaceAttrib not implemented
11-01 08:45:11.131 1869-1869 E/eglCodecCommon: glUtilsParamSize: unknow param 0x00000b44
11-01 08:45:11.131 1869-1869 E/eglCodecCommon: glUtilsParamSize: unknow param 0x00000bd0
11-01 08:45:11.151 1869-1869 E/eglCodecCommon: **** ERROR unknown type 0x0 (glSizeof,72)
11-01 08:45:11.241 1869-1869 W/EGL_emulation: eglSurfaceAttrib not implemented
11-01 08:45:11.241 1869-1869 E/eglCodecCommon: glUtilsParamSize: unknow param 0x00000b44
11-01 08:45:11.251 1869-1869 E/eglCodecCommon: glUtilsParamSize: unknow param 0x00000bd0
11-01 08:45:11.261 1869-1869 E/eglCodecCommon: **** ERROR unknown type 0x0 (glSizeof,72)
11-01 08:45:11.301 1869-1869 E/eglCodecCommon: glUtilsParamSize: unknow param 0x00000b44
11-01 08:45:11.311 1869-1869 E/eglCodecCommon: glUtilsParamSize: unknow param 0x00000bd0
11-01 08:45:11.311 1869-1869 E/eglCodecCommon: **** ERROR unknown type 0x0 (glSizeof,72)
11-01 08:45:12.251 1869-1869 E/eglCodecCommon: glUtilsParamSize: unknow param 0x00000b44
11-01 08:45:12.261 1869-1869 E/eglCodecCommon: glUtilsParamSize: unknow param 0x00000bd0
11-01 08:45:12.271 1869-1869 E/eglCodecCommon: **** ERROR unknown type 0x0 (glSizeof,72)
11-01 08:45:13.111 1275-1386 D/dalvikvm: GC_FOR_ALLOC freed 1000K, 20% free 5855K/7248K, paused 9ms, total 17ms
11-01 08:45:14.181 1275-1332 E/SoundPool: error loading /system/media/audio/ui/Effect_Tick.ogg
11-01 08:45:14.181 1275-1332 W/AudioService: Soundpool could not load file: /system/media/audio/ui/Effect_Tick.ogg
11-01 08:45:14.181 1275-1332 E/SoundPool: error loading /system/media/audio/ui/Effect_Tick.ogg
11-01 08:45:14.181 1275-1332 W/AudioService: Soundpool could not load file: /system/media/audio/ui/Effect_Tick.ogg
11-01 08:45:14.181 1275-1332 E/SoundPool: error loading /system/media/audio/ui/Effect_Tick.ogg
11-01 08:45:14.181 1275-1332 W/AudioService: Soundpool could not load file: /system/media/audio/ui/Effect_Tick.ogg
11-01 08:45:14.181 1275-1332 E/SoundPool: error loading /system/media/audio/ui/Effect_Tick.ogg
11-01 08:45:14.181 1275-1332 W/AudioService: Soundpool could not load file: /system/media/audio/ui/Effect_Tick.ogg
11-01 08:45:14.181 1275-1332 E/SoundPool: error loading /system/media/audio/ui/Effect_Tick.ogg
11-01 08:45:14.181 1275-1332 W/AudioService: Soundpool could not load file: /system/media/audio/ui/Effect_Tick.ogg
11-01 08:45:14.181 1275-1332 E/SoundPool: error loading /system/media/audio/ui/KeypressStandard.ogg
11-01 08:45:14.181 1275-1332 W/AudioService: Soundpool could not load file: /system/media/audio/ui/KeypressStandard.ogg
11-01 08:45:14.181 1275-1332 E/SoundPool: error loading /system/media/audio/ui/KeypressSpacebar.ogg
11-01 08:45:14.181 1275-1332 W/AudioService: Soundpool could not load file: /system/media/audio/ui/KeypressSpacebar.ogg
11-01 08:45:14.181 1275-1332 E/SoundPool: error loading /system/media/audio/ui/KeypressDelete.ogg
11-01 08:45:14.181 1275-1332 W/AudioService: Soundpool could not load file: /system/media/audio/ui/KeypressDelete.ogg
11-01 08:45:14.181 1275-1332 E/SoundPool: error loading /system/media/audio/ui/KeypressReturn.ogg
11-01 08:45:14.181 1275-1332 W/AudioService: Soundpool could not load file: /system/media/audio/ui/KeypressReturn.ogg
11-01 08:45:14.181 1275-1332 E/SoundPool: error loading /system/media/audio/ui/KeypressInvalid.ogg
11-01 08:45:14.181 1275-1332 W/AudioService: Soundpool could not load file: /system/media/audio/ui/KeypressInvalid.ogg
11-01 08:45:14.181 1275-1332 W/AudioService: onLoadSoundEffects(), Error -1 while loading samples
11-01 08:45:14.231 1869-1869 D/AdblockWebView: Loading progress=0%
11-01 08:45:14.241 1869-1889 D/IoThreadClientInvocationHandler: isMainFrame=true for http://e1.ru/
11-01 08:45:14.241 1869-1889 W/AdblockWebView: http://e1.ru/ is main frame, allow loading
11-01 08:45:14.251 1869-1869 D/AdblockWebView: Start loading http://e1.ru/
11-01 08:45:14.251 1869-1869 D/AdblockWebView: Extracted domain e1.ru from http://e1.ru/
11-01 08:45:14.261 1869-1988 D/AdblockWebView: Listed subscriptions: 1
11-01 08:45:14.261 1869-1869 E/eglCodecCommon: glUtilsParamSize: unknow param 0x00000b44
11-01 08:45:14.261 1869-1869 E/eglCodecCommon: glUtilsParamSize: unknow param 0x00000bd0
11-01 08:45:14.271 1869-1988 D/AdblockWebView: Subscribed to [Subscription] url=https://easylist-downloads.adblockplus.org/ruadlist+easylist.txt title=RuAdList+EasyList fixedTitle=true homepage=https://forums.lanik.us/viewforum.php?f=102 lastDownload=1477981956 downloadStatus=synchronize_ok lastSuccess=1477981956 lastCheck=1478004046 expires=1478673156 softExpiration=1478350971 version=201611010631 requiredVersion=2.0 downloadCount=1
11-01 08:45:14.271 1869-1988 D/AdblockWebView: Requesting elemhide selectors from AdblockEngine for http://e1.ru/ in Thread[Thread-99,5,main]
11-01 08:45:14.301 1869-1869 E/eglCodecCommon: **** ERROR unknown type 0x0 (glSizeof,72)
11-01 08:45:14.401 1869-1988 D/dalvikvm: GC_FOR_ALLOC freed 3314K, 35% free 7497K/11424K, paused 3ms, total 7ms
11-01 08:45:14.411 1869-1988 D/AdblockWebView: Finished requesting elemhide selectors, got 17642 in Thread[Thread-99,5,main]
11-01 08:45:14.431 1869-1988 D/dalvikvm: GC_FOR_ALLOC freed 486K, 26% free 8522K/11424K, paused 2ms, total 3ms
11-01 08:45:14.451 1869-1988 D/dalvikvm: GC_FOR_ALLOC freed 1180K, 21% free 9112K/11424K, paused 3ms, total 3ms
11-01 08:45:14.451 1869-1988 D/AdblockWebView: Setting elemhide string 319789 bytes
11-01 08:45:14.461 1869-1988 W/AdblockWebView: elemHideThread set to null
11-01 08:45:16.221 1869-1869 D/AdblockWebView: Stop abp loading
11-01 08:45:16.221 1869-1869 D/AdblockWebView: Stop prevent drawing, invalidating
11-01 08:45:16.221 1869-1869 D/AdblockWebView: Clearing referrers
11-01 08:45:16.221 1869-1869 D/AdblockWebView: Start loading http://www.e1.ru/
11-01 08:45:16.221 1869-1869 D/AdblockWebView: Extracted domain www.e1.ru from http://www.e1.ru/
11-01 08:45:16.231 1869-1989 D/AdblockWebView: Listed subscriptions: 1
11-01 08:45:16.231 1869-1989 D/AdblockWebView: Subscribed to [Subscription] url=https://easylist-downloads.adblockplus.org/ruadlist+easylist.txt title=RuAdList+EasyList fixedTitle=true homepage=https://forums.lanik.us/viewforum.php?f=102 lastDownload=1477981956 downloadStatus=synchronize_ok lastSuccess=1477981956 lastCheck=1478004046 expires=1478673156 softExpiration=1478350971 version=201611010631 requiredVersion=2.0 downloadCount=1
11-01 08:45:16.231 1869-1989 D/AdblockWebView: Requesting elemhide selectors from AdblockEngine for http://www.e1.ru/ in Thread[Thread-100,5,main]
11-01 08:45:16.261 1869-1869 E/eglCodecCommon: glUtilsParamSize: unknow param 0x00000bd0
11-01 08:45:16.261 1869-1869 E/eglCodecCommon: glUtilsParamSize: unknow param 0x00000b44
11-01 08:45:16.271 1869-1869 E/eglCodecCommon: **** ERROR unknown type 0x0 (glSizeof,72)
11-01 08:45:16.411 1869-1989 D/dalvikvm: GC_FOR_ALLOC freed 3031K, 29% free 8128K/11424K, paused 4ms, total 4ms
11-01 08:45:16.411 1869-1989 D/AdblockWebView: Finished requesting elemhide selectors, got 17642 in Thread[Thread-100,5,main]
11-01 08:45:16.431 1869-1989 D/dalvikvm: GC_FOR_ALLOC freed 848K, 24% free 8741K/11424K, paused 3ms, total 4ms
11-01 08:45:16.451 1869-1989 D/dalvikvm: GC_FOR_ALLOC freed 718K, 21% free 9100K/11424K, paused 5ms, total 5ms
11-01 08:45:16.451 1869-1989 D/AdblockWebView: Setting elemhide string 319789 bytes
11-01 08:45:16.451 1869-1989 W/AdblockWebView: elemHideThread set to null
11-01 08:45:19.231 1869-1869 D/AdblockWebView: Stop abp loading
11-01 08:45:19.231 1869-1869 D/AdblockWebView: Stop prevent drawing, invalidating
11-01 08:45:19.231 1869-1869 D/AdblockWebView: Clearing referrers
11-01 08:45:19.231 1869-1869 D/AdblockWebView: Start loading http://m.e1.ru/
11-01 08:45:19.231 1869-1869 D/AdblockWebView: Extracted domain m.e1.ru from http://m.e1.ru/
11-01 08:45:19.241 1869-1991 D/AdblockWebView: Listed subscriptions: 1
11-01 08:45:19.241 1869-1991 D/AdblockWebView: Subscribed to [Subscription] url=https://easylist-downloads.adblockplus.org/ruadlist+easylist.txt title=RuAdList+EasyList fixedTitle=true homepage=https://forums.lanik.us/viewforum.php?f=102 lastDownload=1477981956 downloadStatus=synchronize_ok lastSuccess=1477981956 lastCheck=1478004046 expires=1478673156 softExpiration=1478350971 version=201611010631 requiredVersion=2.0 downloadCount=1
11-01 08:45:19.241 1869-1991 D/AdblockWebView: Requesting elemhide selectors from AdblockEngine for http://m.e1.ru/ in Thread[Thread-101,5,main]
11-01 08:45:19.251 1869-1869 E/eglCodecCommon: glUtilsParamSize: unknow param 0x00000b44
11-01 08:45:19.261 1869-1869 E/eglCodecCommon: glUtilsParamSize: unknow param 0x00000bd0
11-01 08:45:19.271 1869-1869 E/eglCodecCommon: **** ERROR unknown type 0x0 (glSizeof,72)
11-01 08:45:19.411 1869-1991 D/dalvikvm: GC_FOR_ALLOC freed 3020K, 29% free 8128K/11424K, paused 4ms, total 4ms
11-01 08:45:19.421 1869-1991 D/AdblockWebView: Finished requesting elemhide selectors, got 17642 in Thread[Thread-101,5,main]
11-01 08:45:19.431 1869-1991 D/dalvikvm: GC_FOR_ALLOC freed 848K, 24% free 8740K/11424K, paused 3ms, total 3ms
11-01 08:45:19.451 1869-1991 D/dalvikvm: GC_FOR_ALLOC freed 287K, 23% free 8884K/11424K, paused 7ms, total 7ms
11-01 08:45:19.451 1869-1991 I/dalvikvm-heap: Grow heap (frag case) to 9.374MB for 662262-byte allocation
11-01 08:45:19.461 1869-1991 D/dalvikvm: GC_FOR_ALLOC freed 431K, 25% free 9100K/12072K, paused 3ms, total 4ms
11-01 08:45:19.461 1869-1991 D/AdblockWebView: Setting elemhide string 319789 bytes
11-01 08:45:19.471 1869-1991 W/AdblockWebView: elemHideThread set to null
11-01 08:45:21.491 1869-1869 D/AdblockWebView: Loading progress=81%
11-01 08:45:21.491 1869-1869 D/AdblockWebView: Injecting script
11-01 08:45:21.491 1869-1869 D/AdblockWebView: runScript started
11-01 08:45:21.491 1869-1869 D/AdblockWebView: runScript finished
11-01 08:45:21.491 1869-1869 W/AdblockWebView: Start prevent drawing
11-01 08:45:21.571 1869-1954 D/AdblockWebView: addDomListener=false
11-01 08:45:21.601 1869-1889 D/IoThreadClientInvocationHandler: isMainFrame=false for http://m.e1.ru/static/css/styles.css?2
11-01 08:45:21.601 1869-1889 D/AdblockWebView: Allowed loading http://m.e1.ru/static/css/styles.css?2
11-01 08:45:21.611 1869-1889 D/IoThreadClientInvocationHandler: isMainFrame=false for http://m.e1.ru/static/js/jquery-1.11.3.min.js
11-01 08:45:21.611 1869-1889 D/AdblockWebView: Allowed loading http://m.e1.ru/static/js/jquery-1.11.3.min.js
11-01 08:45:21.621 1869-1889 D/IoThreadClientInvocationHandler: isMainFrame=false for http://m.e1.ru/static/js/script.js?1
11-01 08:45:21.621 1869-1889 D/AdblockWebView: Allowed loading http://m.e1.ru/static/js/script.js?1
11-01 08:45:21.631 1869-1889 D/IoThreadClientInvocationHandler: isMainFrame=false for http://m.e1.ru/static/js/jquery.bxslider.js
11-01 08:45:21.631 1869-1889 D/AdblockWebView: Allowed loading http://m.e1.ru/static/js/jquery.bxslider.js
11-01 08:45:21.631 1869-1889 D/IoThreadClientInvocationHandler: isMainFrame=false for http://m.e1.ru/static/js/iframe_api.js
11-01 08:45:21.631 1869-1889 D/AdblockWebView: Allowed loading http://m.e1.ru/static/js/iframe_api.js
11-01 08:45:21.641 1869-1889 D/IoThreadClientInvocationHandler: isMainFrame=false for http://m.e1.ru/static/js/jquery.cookie.js
11-01 08:45:21.641 1869-1889 D/AdblockWebView: Allowed loading http://m.e1.ru/static/js/jquery.cookie.js
11-01 08:45:21.651 1869-1889 D/IoThreadClientInvocationHandler: isMainFrame=false for http://m.e1.ru/static/js/detect.min.js
11-01 08:45:21.651 1869-1889 D/AdblockWebView: Allowed loading http://m.e1.ru/static/js/detect.min.js
11-01 08:45:21.651 1869-1889 D/IoThreadClientInvocationHandler: isMainFrame=false for http://reklama.ngs.ru/dohcohT2.js?
11-01 08:45:21.651 1869-1889 D/dalvikvm: Trying to load lib /data/app-lib/org.adblockplus.libadblockplus.android.webviewapp-1/libadblockplus-jni.so 0xa5060b58
11-01 08:45:21.651 1869-1889 D/dalvikvm: Shared lib '/data/app-lib/org.adblockplus.libadblockplus.android.webviewapp-1/libadblockplus-jni.so' already loaded in same CL 0xa5060b58
11-01 08:45:21.651 1869-1889 W/AdblockWebView: Blocked loading http://reklama.ngs.ru/dohcohT2.js?
11-01 08:45:21.651 1869-1889 D/IoThreadClientInvocationHandler: isMainFrame=false for https://cdn.onthe.io/io.js/Yzh7y6g8OYOm
11-01 08:45:21.651 1869-1889 D/AdblockWebView: Allowed loading https://cdn.onthe.io/io.js/Yzh7y6g8OYOm
11-01 08:45:22.611 1869-1869 D/AdblockWebView: Loading progress=50%
11-01 08:45:23.491 1869-1869 D/AdblockWebView: Loading progress=50%
11-01 08:45:23.901 1869-1869 D/AdblockWebView: Loading progress=50%
11-01 08:45:24.271 1869-1869 D/AdblockWebView: Loading progress=50%
11-01 08:45:24.671 1869-1869 D/AdblockWebView: Loading progress=50%
11-01 08:45:25.651 1869-1869 D/AdblockWebView: Loading progress=50%
11-01 08:45:26.491 1869-1869 D/AdblockWebView: Loading progress=50%
11-01 08:45:26.851 1869-1869 D/AdblockWebView: Loading progress=50%
11-01 08:45:27.091 1869-1869 D/AdblockWebView: Loading progress=50%
11-01 08:45:27.171 1869-1889 D/IoThreadClientInvocationHandler: isMainFrame=false for https://s.ytimg.com/yts/jsbin/www-widgetapi-vflj6iRlI/www-widgetapi.js
11-01 08:45:27.171 1869-1889 D/AdblockWebView: Allowed loading https://s.ytimg.com/yts/jsbin/www-widgetapi-vflj6iRlI/www-widgetapi.js
11-01 08:45:27.221 1869-1889 D/IoThreadClientInvocationHandler: isMainFrame=false for http://www.googletagservices.com/tag/js/gpt.js
11-01 08:45:27.221 1869-1889 D/AdblockWebView: Allowed loading http://www.googletagservices.com/tag/js/gpt.js
11-01 08:45:27.241 1869-1889 D/IoThreadClientInvocationHandler: isMainFrame=false for http://www.google-analytics.com/ga.js
11-01 08:45:27.241 1869-1889 D/AdblockWebView: Allowed loading http://www.google-analytics.com/ga.js
11-01 08:45:27.251 1869-1889 D/IoThreadClientInvocationHandler: isMainFrame=false for http://counter.yadro.ru/hit;hsdigital/rn/smi/66/news?r;s384*592*32;uhttp%3A//m.e1.ru/;0.8103500176221132
11-01 08:45:27.261 1869-1889 D/AdblockWebView: Allowed loading http://counter.yadro.ru/hit;hsdigital/rn/smi/66/news?r;s384*592*32;uhttp%3A//m.e1.ru/;0.8103500176221132
11-01 08:45:27.281 1869-1889 D/IoThreadClientInvocationHandler: isMainFrame=false for http://counter.yadro.ru/hit;e1_ru?r;s384*592*32;uhttp%3A//m.e1.ru/;h%u0415%u043A%u0430%u0442%u0435%u0440%u0438%u043D%u0431%u0443%u0440%u0433%20%u041E%u043D-%u041B%u0430%u0439%u043D;0.8244022184517235
11-01 08:45:27.281 1869-1889 D/AdblockWebView: Allowed loading http://counter.yadro.ru/hit;e1_ru?r;s384*592*32;uhttp%3A//m.e1.ru/;h%u0415%u043A%u0430%u0442%u0435%u0440%u0438%u043D%u0431%u0443%u0440%u0433%20%u041E%u043D-%u041B%u0430%u0439%u043D;0.8244022184517235
11-01 08:45:27.281 1869-1889 D/IoThreadClientInvocationHandler: isMainFrame=false for http://mc.yandex.ru/metrika/watch.js
11-01 08:45:27.281 1869-1889 D/AdblockWebView: Allowed loading http://mc.yandex.ru/metrika/watch.js
11-01 08:45:27.291 1869-1889 D/IoThreadClientInvocationHandler: isMainFrame=false for http://www.tns-counter.ru/tcounter.js
11-01 08:45:27.291 1869-1889 D/AdblockWebView: Allowed loading http://www.tns-counter.ru/tcounter.js
11-01 08:45:27.301 1869-1889 D/IoThreadClientInvocationHandler: isMainFrame=false for http://m.e1.ru/static/img/logo_mobile.png
11-01 08:45:27.301 1869-1889 D/AdblockWebView: Allowed loading http://m.e1.ru/static/img/logo_mobile.png
11-01 08:45:27.321 1869-1889 D/IoThreadClientInvocationHandler: isMainFrame=false for http://m.e1.ru/static/img/iloader16.gif
11-01 08:45:27.321 1869-1889 D/AdblockWebView: Allowed loading http://m.e1.ru/static/img/iloader16.gif
11-01 08:45:27.341 1869-1869 D/AdblockWebView: Loading progress=50%
11-01 08:45:27.361 1869-1889 D/IoThreadClientInvocationHandler: isMainFrame=false for http://pogoda.ngs.ru/static/img/ico/samara/cloudy_none_night.png
11-01 08:45:27.361 1869-1889 D/AdblockWebView: Allowed loading http://pogoda.ngs.ru/static/img/ico/samara/cloudy_none_night.png
11-01 08:45:27.471 1869-1889 D/IoThreadClientInvocationHandler: isMainFrame=false for http://m.e1.ru/news/static/b867ad2170749f979f196a090aecc7ab_868_583_c.jpg
11-01 08:45:27.471 1869-1889 D/AdblockWebView: Allowed loading http://m.e1.ru/news/static/b867ad2170749f979f196a090aecc7ab_868_583_c.jpg
11-01 08:45:27.511 1869-1889 D/IoThreadClientInvocationHandler: isMainFrame=false for http://m.e1.ru/news/static/ae2b3a1ef6ba5585c8786bf775f528e2_76_76_c.jpg
11-01 08:45:27.511 1869-1889 D/AdblockWebView: Allowed loading http://m.e1.ru/news/static/ae2b3a1ef6ba5585c8786bf775f528e2_76_76_c.jpg
11-01 08:45:27.531 1869-1889 D/IoThreadClientInvocationHandler: isMainFrame=false for http://m.e1.ru/news/static/f8ca5992e3e0c85527a05b5d3cd96cf3_76_76_c.jpg
11-01 08:45:27.531 1869-1889 D/AdblockWebView: Allowed loading http://m.e1.ru/news/static/f8ca5992e3e0c85527a05b5d3cd96cf3_76_76_c.jpg
11-01 08:45:27.541 1869-1889 D/IoThreadClientInvocationHandler: isMainFrame=false for http://m.e1.ru/news/static/e4b08c07cf5a61560b73b1df51c66bb1_76_76_c.jpg
11-01 08:45:27.541 1869-1889 D/AdblockWebView: Allowed loading http://m.e1.ru/news/static/e4b08c07cf5a61560b73b1df51c66bb1_76_76_c.jpg
11-01 08:45:27.611 1869-1889 D/IoThreadClientInvocationHandler: isMainFrame=false for http://m.e1.ru/news/static/4389395f44b3f2a987056c19c52f60b0_76_76_c.jpg
11-01 08:45:27.611 1869-1889 D/AdblockWebView: Allowed loading http://m.e1.ru/news/static/4389395f44b3f2a987056c19c52f60b0_76_76_c.jpg
11-01 08:45:27.641 1869-1889 D/IoThreadClientInvocationHandler: isMainFrame=false for http://m.e1.ru/news/static/f7768d774fe06ae6e612b908033e9621_76_76_c.jpg
11-01 08:45:27.641 1869-1889 D/AdblockWebView: Allowed loading http://m.e1.ru/news/static/f7768d774fe06ae6e612b908033e9621_76_76_c.jpg
11-01 08:45:27.661 1869-1889 D/IoThreadClientInvocationHandler: isMainFrame=false for http://m.e1.ru/news/static/1738b23097b482ddec8b095d939c96a9_76_76_c.jpg
11-01 08:45:27.661 1869-1889 D/AdblockWebView: Allowed loading http://m.e1.ru/news/static/1738b23097b482ddec8b095d939c96a9_76_76_c.jpg
11-01 08:45:27.721 1869-1889 D/IoThreadClientInvocationHandler: isMainFrame=false for http://reklama.e1.ru/ap-js/?pid=27001&w=100%25&h=90px&asb=16abfb89ec43&sn=back1.core.e1.ru&ru=&ts=1478004302&avc=2&s=20cc66ed53afe56e3d14fd4bdf97ee07&mobile=1
11-01 08:45:27.721 1869-1889 W/AdblockWebView: Blocked loading http://reklama.e1.ru/ap-js/?pid=27001&w=100%25&h=90px&asb=16abfb89ec43&sn=back1.core.e1.ru&ru=&ts=1478004302&avc=2&s=20cc66ed53afe56e3d14fd4bdf97ee07&mobile=1
11-01 08:45:27.741 1869-1889 D/IoThreadClientInvocationHandler: isMainFrame=false for http://reklama.e1.ru/ap-js/?pid=27031&w=100%25&h=90px&asb=25af13f85b4c&sn=m.e1.ru&ru=&ts=1478004302&avc=2&s=b9be65f96d8d4427b3444977d3a5ebc5&mobile=1
11-01 08:45:27.741 1869-1889 W/AdblockWebView: Blocked loading http://reklama.e1.ru/ap-js/?pid=27031&w=100%25&h=90px&asb=25af13f85b4c&sn=m.e1.ru&ru=&ts=1478004302&avc=2&s=b9be65f96d8d4427b3444977d3a5ebc5&mobile=1
11-01 08:45:27.891 1869-1889 D/IoThreadClientInvocationHandler: isMainFrame=false for http://reklama.e1.ru/ap-js/?pid=26971&w=100%25&h=200px&asb=0c3315968cb1&sn=back1.core.e1.ru&ru=&ts=1478004302&avc=2&s=bc33240698709da0b5163928f36bf392&mobile=1
11-01 08:45:27.891 1869-1889 W/AdblockWebView: Blocked loading http://reklama.e1.ru/ap-js/?pid=26971&w=100%25&h=200px&asb=0c3315968cb1&sn=back1.core.e1.ru&ru=&ts=1478004302&avc=2&s=bc33240698709da0b5163928f36bf392&mobile=1
11-01 08:45:28.021 1869-1869 D/AdblockWebView: JS: level=LOG, message="onreadystatechange() event fired (interactive)", sourceId="", line=43
