11-01 08:46:20.012 1869-1889 D/AdblockWebView: Allowed loading https://tt.onthe.io/?k[]=12632:time[page:%D0%97%D0%B0%D0%B1%D1%80%D0%BE%D1%88%D0%B5%D0%BD%D0%BD%D1%83%D1%8E%20%D0%B3%D0%BE%D1%81%D1%82%D0%B8%D0%BD%D0%B8%D1%86%D1%83%20%D1%83%20%D0%A6%D0%B8%D1%80%D0%BA%D0%B0%20%D0%BD%D0%B0%D1%87%D0%B0%D0%BB%D0%B8%20%D1%80%D0%B5%D0%BC%D0%BE%D0%BD%D1%82%D0%B8%D1%80%D0%BE%D0%B2%D0%B0%D1%82%D1%8C%20%D0%B8%D0%B7%D0%BD%D1%83%D1%82%D1%80%D0%B8]&s=68f457b8f20b25b1405898689b08349c&1478004380019
11-01 08:46:20.202 1869-1869 E/eglCodecCommon: glUtilsParamSize: unknow param 0x00000b44
11-01 08:46:20.202 1869-1869 E/eglCodecCommon: glUtilsParamSize: unknow param 0x00000bd0
11-01 08:46:20.222 1869-1869 E/eglCodecCommon: **** ERROR unknown type 0x0 (glSizeof,72)
11-01 08:46:20.232 1869-1869 E/eglCodecCommon: glUtilsParamSize: unknow param 0x00000b44
11-01 08:46:20.242 1869-1869 E/eglCodecCommon: glUtilsParamSize: unknow param 0x00000bd0
11-01 08:46:20.272 1869-1869 E/eglCodecCommon: **** ERROR unknown type 0x0 (glSizeof,72)
11-01 08:46:20.302 1869-1869 E/eglCodecCommon: glUtilsParamSize: unknow param 0x00000b44
11-01 08:46:20.302 1869-1869 E/eglCodecCommon: glUtilsParamSize: unknow param 0x00000bd0
11-01 08:46:20.332 1869-1869 E/eglCodecCommon: **** ERROR unknown type 0x0 (glSizeof,72)
11-01 08:46:20.362 1869-1869 E/eglCodecCommon: glUtilsParamSize: unknow param 0x00000b44
11-01 08:46:20.362 1869-1869 E/eglCodecCommon: glUtilsParamSize: unknow param 0x00000bd0
11-01 08:46:20.392 1869-1869 E/eglCodecCommon: **** ERROR unknown type 0x0 (glSizeof,72)
11-01 08:46:20.402 1869-1869 E/eglCodecCommon: glUtilsParamSize: unknow param 0x00000b44
11-01 08:46:20.402 1869-1869 E/eglCodecCommon: glUtilsParamSize: unknow param 0x00000bd0
11-01 08:46:20.442 1869-1869 E/eglCodecCommon: **** ERROR unknown type 0x0 (glSizeof,72)
11-01 08:46:20.452 1869-1869 E/eglCodecCommon: glUtilsParamSize: unknow param 0x00000b44
11-01 08:46:20.462 1869-1869 E/eglCodecCommon: glUtilsParamSize: unknow param 0x00000bd0
11-01 08:46:20.502 1869-1869 E/eglCodecCommon: **** ERROR unknown type 0x0 (glSizeof,72)
11-01 08:46:20.532 1869-1869 E/eglCodecCommon: glUtilsParamSize: unknow param 0x00000b44
11-01 08:46:20.532 1869-1869 E/eglCodecCommon: glUtilsParamSize: unknow param 0x00000bd0
11-01 08:46:20.582 1869-1869 E/eglCodecCommon: **** ERROR unknown type 0x0 (glSizeof,72)
11-01 08:46:29.632 1869-1869 E/eglCodecCommon: glUtilsParamSize: unknow param 0x00000b44
11-01 08:46:29.642 1869-1869 E/eglCodecCommon: glUtilsParamSize: unknow param 0x00000bd0
11-01 08:46:29.662 1869-1869 E/eglCodecCommon: **** ERROR unknown type 0x0 (glSizeof,72)
11-01 08:46:29.682 1869-1869 E/eglCodecCommon: glUtilsParamSize: unknow param 0x00000b44
11-01 08:46:29.692 1869-1869 E/eglCodecCommon: glUtilsParamSize: unknow param 0x00000bd0
11-01 08:46:29.752 1869-1869 E/eglCodecCommon: **** ERROR unknown type 0x0 (glSizeof,72)
11-01 08:46:29.772 1869-1869 E/eglCodecCommon: glUtilsParamSize: unknow param 0x00000b44
11-01 08:46:29.772 1869-1869 E/eglCodecCommon: glUtilsParamSize: unknow param 0x00000bd0
11-01 08:46:29.872 1869-1869 E/eglCodecCommon: **** ERROR unknown type 0x0 (glSizeof,72)
11-01 08:46:29.882 1869-1869 E/eglCodecCommon: glUtilsParamSize: unknow param 0x00000b44
11-01 08:46:29.892 1869-1869 E/eglCodecCommon: glUtilsParamSize: unknow param 0x00000bd0
11-01 08:46:29.912 1869-1869 E/eglCodecCommon: **** ERROR unknown type 0x0 (glSizeof,72)
11-01 08:46:29.952 1869-1869 E/eglCodecCommon: glUtilsParamSize: unknow param 0x00000b44
11-01 08:46:29.952 1869-1869 E/eglCodecCommon: glUtilsParamSize: unknow param 0x00000bd0
11-01 08:46:29.982 1869-1869 E/eglCodecCommon: **** ERROR unknown type 0x0 (glSizeof,72)
11-01 08:46:29.992 1869-1869 E/eglCodecCommon: glUtilsParamSize: unknow param 0x00000b44
11-01 08:46:30.002 1869-1869 E/eglCodecCommon: glUtilsParamSize: unknow param 0x00000bd0
11-01 08:46:30.032 1869-1869 E/eglCodecCommon: **** ERROR unknown type 0x0 (glSizeof,72)
11-01 08:46:30.042 1869-1869 E/eglCodecCommon: glUtilsParamSize: unknow param 0x00000b44
11-01 08:46:30.042 1869-1869 E/eglCodecCommon: glUtilsParamSize: unknow param 0x00000bd0
11-01 08:46:30.062 1869-1869 E/eglCodecCommon: **** ERROR unknown type 0x0 (glSizeof,72)
11-01 08:46:30.082 1869-1889 D/IoThreadClientInvocationHandler: isMainFrame=false for https://tt.onthe.io/?k[]=12632:time[page:%D0%97%D0%B0%D0%B1%D1%80%D0%BE%D1%88%D0%B5%D0%BD%D0%BD%D1%83%D1%8E%20%D0%B3%D0%BE%D1%81%D1%82%D0%B8%D0%BD%D0%B8%D1%86%D1%83%20%D1%83%20%D0%A6%D0%B8%D1%80%D0%BA%D0%B0%20%D0%BD%D0%B0%D1%87%D0%B0%D0%BB%D0%B8%20%D1%80%D0%B5%D0%BC%D0%BE%D0%BD%D1%82%D0%B8%D1%80%D0%BE%D0%B2%D0%B0%D1%82%D1%8C%20%D0%B8%D0%B7%D0%BD%D1%83%D1%82%D1%80%D0%B8]&s=68f457b8f20b25b1405898689b08349c&1478004390082
11-01 08:46:30.082 1869-1889 D/AdblockWebView: Allowed loading https://tt.onthe.io/?k[]=12632:time[page:%D0%97%D0%B0%D0%B1%D1%80%D0%BE%D1%88%D0%B5%D0%BD%D0%BD%D1%83%D1%8E%20%D0%B3%D0%BE%D1%81%D1%82%D0%B8%D0%BD%D0%B8%D1%86%D1%83%20%D1%83%20%D0%A6%D0%B8%D1%80%D0%BA%D0%B0%20%D0%BD%D0%B0%D1%87%D0%B0%D0%BB%D0%B8%20%D1%80%D0%B5%D0%BC%D0%BE%D0%BD%D1%82%D0%B8%D1%80%D0%BE%D0%B2%D0%B0%D1%82%D1%8C%20%D0%B8%D0%B7%D0%BD%D1%83%D1%82%D1%80%D0%B8]&s=68f457b8f20b25b1405898689b08349c&1478004390082
11-01 08:46:30.112 1869-1869 E/eglCodecCommon: glUtilsParamSize: unknow param 0x00000b44
11-01 08:46:30.112 1869-1869 E/eglCodecCommon: glUtilsParamSize: unknow param 0x00000bd0
11-01 08:46:30.132 1869-1869 E/eglCodecCommon: **** ERROR unknown type 0x0 (glSizeof,72)
11-01 08:46:30.142 1869-1869 E/eglCodecCommon: glUtilsParamSize: unknow param 0x00000b44
11-01 08:46:30.152 1869-1869 E/eglCodecCommon: glUtilsParamSize: unknow param 0x00000bd0
11-01 08:46:30.162 1869-1869 E/eglCodecCommon: **** ERROR unknown type 0x0 (glSizeof,72)
11-01 08:46:30.192 1869-1869 E/eglCodecCommon: glUtilsParamSize: unknow param 0x00000b44
11-01 08:46:30.202 1869-1869 E/eglCodecCommon: glUtilsParamSize: unknow param 0x00000bd0
11-01 08:46:30.222 1869-1869 E/eglCodecCommon: **** ERROR unknown type 0x0 (glSizeof,72)
11-01 08:46:30.242 1869-1869 E/eglCodecCommon: glUtilsParamSize: unknow param 0x00000b44
11-01 08:46:30.242 1869-1869 E/eglCodecCommon: glUtilsParamSize: unknow param 0x00000bd0
11-01 08:46:30.262 1869-1869 E/eglCodecCommon: **** ERROR unknown type 0x0 (glSizeof,72)
11-01 08:46:30.322 1869-1869 E/eglCodecCommon: glUtilsParamSize: unknow param 0x00000b44
11-01 08:46:30.332 1869-1869 E/eglCodecCommon: glUtilsParamSize: unknow param 0x00000bd0
11-01 08:46:30.362 1869-1869 E/eglCodecCommon: **** ERROR unknown type 0x0 (glSizeof,72)
11-01 08:46:30.482 1869-1869 E/eglCodecCommon: glUtilsParamSize: unknow param 0x00000b44
11-01 08:46:30.482 1869-1869 E/eglCodecCommon: glUtilsParamSize: unknow param 0x00000bd0
11-01 08:46:30.502 1869-1869 E/eglCodecCommon: **** ERROR unknown type 0x0 (glSizeof,72)
11-01 08:46:30.522 1869-1869 E/eglCodecCommon: glUtilsParamSize: unknow param 0x00000b44
11-01 08:46:30.522 1869-1869 E/eglCodecCommon: glUtilsParamSize: unknow param 0x00000bd0
11-01 08:46:30.552 1869-1869 E/eglCodecCommon: **** ERROR unknown type 0x0 (glSizeof,72)
11-01 08:46:30.582 1869-1869 E/eglCodecCommon: glUtilsParamSize: unknow param 0x00000b44
11-01 08:46:30.582 1869-1869 E/eglCodecCommon: glUtilsParamSize: unknow param 0x00000bd0
11-01 08:46:30.622 1869-1869 E/eglCodecCommon: **** ERROR unknown type 0x0 (glSizeof,72)
11-01 08:46:30.632 1869-1869 E/eglCodecCommon: glUtilsParamSize: unknow param 0x00000b44
11-01 08:46:30.642 1869-1869 E/eglCodecCommon: glUtilsParamSize: unknow param 0x00000bd0
11-01 08:46:30.672 1869-1869 E/eglCodecCommon: **** ERROR unknown type 0x0 (glSizeof,72)
11-01 08:46:30.692 1869-1869 E/eglCodecCommon: glUtilsParamSize: unknow param 0x00000b44
11-01 08:46:30.692 1869-1869 E/eglCodecCommon: glUtilsParamSize: unknow param 0x00000bd0
11-01 08:46:30.722 1869-1869 E/eglCodecCommon: **** ERROR unknown type 0x0 (glSizeof,72)
11-01 08:46:30.732 1869-1869 E/eglCodecCommon: glUtilsParamSize: unknow param 0x00000b44
11-01 08:46:30.742 1869-1869 E/eglCodecCommon: glUtilsParamSize: unknow param 0x00000bd0
11-01 08:46:30.772 1869-1869 E/eglCodecCommon: **** ERROR unknown type 0x0 (glSizeof,72)
11-01 08:46:30.812 1869-1869 E/eglCodecCommon: glUtilsParamSize: unknow param 0x00000b44
11-01 08:46:30.812 1869-1869 E/eglCodecCommon: glUtilsParamSize: unknow param 0x00000bd0
11-01 08:46:30.862 1869-1869 E/eglCodecCommon: **** ERROR unknown type 0x0 (glSizeof,72)
11-01 08:46:30.902 1869-1869 E/eglCodecCommon: glUtilsParamSize: unknow param 0x00000b44
11-01 08:46:30.902 1869-1869 E/eglCodecCommon: glUtilsParamSize: unknow param 0x00000bd0
11-01 08:46:30.922 1869-1869 E/eglCodecCommon: **** ERROR unknown type 0x0 (glSizeof,72)
11-01 08:46:31.092 1869-1869 E/eglCodecCommon: glUtilsParamSize: unknow param 0x00000b44
11-01 08:46:31.092 1869-1869 E/eglCodecCommon: glUtilsParamSize: unknow param 0x00000bd0
11-01 08:46:31.122 1869-1869 E/eglCodecCommon: **** ERROR unknown type 0x0 (glSizeof,72)
11-01 08:46:31.142 1869-1869 E/eglCodecCommon: glUtilsParamSize: unknow param 0x00000b44
11-01 08:46:31.162 1869-1869 E/eglCodecCommon: glUtilsParamSize: unknow param 0x00000bd0
11-01 08:46:31.192 1869-1869 E/eglCodecCommon: **** ERROR unknown type 0x0 (glSizeof,72)
11-01 08:46:31.232 1869-1869 E/eglCodecCommon: glUtilsParamSize: unknow param 0x00000b44
11-01 08:46:31.232 1869-1869 E/eglCodecCommon: glUtilsParamSize: unknow param 0x00000bd0
11-01 08:46:31.302 1869-1869 E/eglCodecCommon: **** ERROR unknown type 0x0 (glSizeof,72)
11-01 08:46:31.332 1869-1869 E/eglCodecCommon: glUtilsParamSize: unknow param 0x00000b44
11-01 08:46:31.332 1869-1869 E/eglCodecCommon: glUtilsParamSize: unknow param 0x00000bd0
11-01 08:46:31.362 1869-1869 E/eglCodecCommon: **** ERROR unknown type 0x0 (glSizeof,72)
11-01 08:46:31.422 1869-1869 E/eglCodecCommon: glUtilsParamSize: unknow param 0x00000b44
11-01 08:46:31.422 1869-1869 E/eglCodecCommon: glUtilsParamSize: unknow param 0x00000bd0
11-01 08:46:31.452 1869-1869 E/eglCodecCommon: **** ERROR unknown type 0x0 (glSizeof,72)
11-01 08:46:31.472 1869-1869 E/eglCodecCommon: glUtilsParamSize: unknow param 0x00000b44
11-01 08:46:31.472 1869-1869 E/eglCodecCommon: glUtilsParamSize: unknow param 0x00000bd0
11-01 08:46:31.502 1869-1869 E/eglCodecCommon: **** ERROR unknown type 0x0 (glSizeof,72)
11-01 08:46:31.652 1869-1869 E/eglCodecCommon: glUtilsParamSize: unknow param 0x00000b44
11-01 08:46:31.662 1869-1869 E/eglCodecCommon: glUtilsParamSize: unknow param 0x00000bd0
11-01 08:46:31.672 1869-1869 E/eglCodecCommon: **** ERROR unknown type 0x0 (glSizeof,72)
11-01 08:46:31.692 1869-1869 E/eglCodecCommon: glUtilsParamSize: unknow param 0x00000b44
11-01 08:46:31.702 1869-1869 E/eglCodecCommon: glUtilsParamSize: unknow param 0x00000bd0
11-01 08:46:31.722 1869-1869 E/eglCodecCommon: **** ERROR unknown type 0x0 (glSizeof,72)
11-01 08:46:31.742 1869-1869 E/eglCodecCommon: glUtilsParamSize: unknow param 0x00000b44
11-01 08:46:31.742 1869-1869 E/eglCodecCommon: glUtilsParamSize: unknow param 0x00000bd0
11-01 08:46:31.762 1869-1869 E/eglCodecCommon: **** ERROR unknown type 0x0 (glSizeof,72)
11-01 08:46:31.782 1869-1869 E/eglCodecCommon: glUtilsParamSize: unknow param 0x00000b44
11-01 08:46:31.782 1869-1869 E/eglCodecCommon: glUtilsParamSize: unknow param 0x00000bd0
11-01 08:46:31.802 1869-1869 E/eglCodecCommon: **** ERROR unknown type 0x0 (glSizeof,72)
11-01 08:46:31.822 1869-1869 E/eglCodecCommon: glUtilsParamSize: unknow param 0x00000b44
11-01 08:46:31.822 1869-1869 E/eglCodecCommon: glUtilsParamSize: unknow param 0x00000bd0
11-01 08:46:31.852 1869-1869 E/eglCodecCommon: **** ERROR unknown type 0x0 (glSizeof,72)
11-01 08:46:31.862 1869-1869 E/eglCodecCommon: glUtilsParamSize: unknow param 0x00000b44
11-01 08:46:31.872 1869-1869 E/eglCodecCommon: glUtilsParamSize: unknow param 0x00000bd0
11-01 08:46:31.892 1869-1869 E/eglCodecCommon: **** ERROR unknown type 0x0 (glSizeof,72)
11-01 08:46:31.932 1869-1869 E/eglCodecCommon: glUtilsParamSize: unknow param 0x00000b44
11-01 08:46:31.932 1869-1869 E/eglCodecCommon: glUtilsParamSize: unknow param 0x00000bd0
11-01 08:46:31.972 1869-1869 E/eglCodecCommon: **** ERROR unknown type 0x0 (glSizeof,72)
11-01 08:46:32.002 1869-1869 E/eglCodecCommon: glUtilsParamSize: unknow param 0x00000b44
11-01 08:46:32.002 1869-1869 E/eglCodecCommon: glUtilsParamSize: unknow param 0x00000bd0
11-01 08:46:32.032 1869-1869 E/eglCodecCommon: **** ERROR unknown type 0x0 (glSizeof,72)
11-01 08:46:33.872 1869-1869 W/UnimplementedWebViewApi: Unimplemented WebView method onKeyDown called from: android.webkit.WebView.onKeyDown(WebView.java:2169)
11-01 08:46:33.882 937-993 E/gralloc_goldfish: gralloc_alloc: Mismatched usage flags: 328 x 546, usage 333
11-01 08:46:33.882 937-993 W/GraphicBufferAllocator: alloc(328, 546, 1, 00000333, ...) failed -22 (Invalid argument) [
11-01 08:46:33.882 937: 993 E/ ] GraphicBufferAlloc::createGraphicBuffer(w=328, h=546) failed (Invalid argument), handle=0x0
11-01 08:46:33.882 1275-1287 E/BufferQueue: [ScreenshotClient] dequeueBuffer: SurfaceComposer::createGraphicBuffer failed
11-01 08:46:33.882 1275-1287 W/WindowManager: Screenshot failure taking screenshot for (328x546) to layer 21010
11-01 08:46:33.912 1275-1332 E/SoundPool: error loading /system/media/audio/ui/Effect_Tick.ogg
11-01 08:46:33.912 1275-1332 W/AudioService: Soundpool could not load file: /system/media/audio/ui/Effect_Tick.ogg
11-01 08:46:33.912 1275-1332 E/SoundPool: error loading /system/media/audio/ui/Effect_Tick.ogg
11-01 08:46:33.912 1275-1332 W/AudioService: Soundpool could not load file: /system/media/audio/ui/Effect_Tick.ogg
11-01 08:46:33.912 1275-1332 E/SoundPool: error loading /system/media/audio/ui/Effect_Tick.ogg
11-01 08:46:33.912 1275-1332 W/AudioService: Soundpool could not load file: /system/media/audio/ui/Effect_Tick.ogg
11-01 08:46:33.912 1275-1332 E/SoundPool: error loading /system/media/audio/ui/Effect_Tick.ogg
11-01 08:46:33.912 1275-1332 W/AudioService: Soundpool could not load file: /system/media/audio/ui/Effect_Tick.ogg
11-01 08:46:33.912 1275-1332 E/SoundPool: error loading /system/media/audio/ui/Effect_Tick.ogg
11-01 08:46:33.912 1275-1332 W/AudioService: Soundpool could not load file: /system/media/audio/ui/Effect_Tick.ogg
11-01 08:46:33.912 1275-1332 E/SoundPool: error loading /system/media/audio/ui/KeypressStandard.ogg
11-01 08:46:33.912 1275-1332 W/AudioService: Soundpool could not load file: /system/media/audio/ui/KeypressStandard.ogg
11-01 08:46:33.912 1275-1332 E/SoundPool: error loading /system/media/audio/ui/KeypressSpacebar.ogg
11-01 08:46:33.912 1275-1332 W/AudioService: Soundpool could not load file: /system/media/audio/ui/KeypressSpacebar.ogg
11-01 08:46:33.912 1275-1332 E/SoundPool: error loading /system/media/audio/ui/KeypressDelete.ogg
11-01 08:46:33.912 1275-1332 W/AudioService: Soundpool could not load file: /system/media/audio/ui/KeypressDelete.ogg
11-01 08:46:33.912 1275-1332 E/SoundPool: error loading /system/media/audio/ui/KeypressReturn.ogg
11-01 08:46:33.912 1275-1332 W/AudioService: Soundpool could not load file: /system/media/audio/ui/KeypressReturn.ogg
11-01 08:46:33.912 1275-1332 E/SoundPool: error loading /system/media/audio/ui/KeypressInvalid.ogg
11-01 08:46:33.912 1275-1332 W/AudioService: Soundpool could not load file: /system/media/audio/ui/KeypressInvalid.ogg
11-01 08:46:33.912 1275-1332 W/AudioService: onLoadSoundEffects(), Error -1 while loading samples
11-01 08:46:33.992 1416-1416 W/EGL_emulation: eglSurfaceAttrib not implemented
11-01 08:46:33.992 1869-1869 W/IInputConnectionWrapper: showStatusIcon on inactive InputConnection
11-01 08:46:34.512 1275-1290 I/ActivityManager: Killing 1528:com.android.externalstorage/u0a6 (adj 15): empty #17
11-01 08:46:34.532 1869-1869 D/AdblockWebView: Dispose invoked
11-01 08:46:34.532 1869-1869 D/AdblockWebView: Stop abp loading
11-01 08:46:34.532 1869-1869 D/AdblockWebView: Stop prevent drawing, invalidating
11-01 08:46:34.532 1869-1869 D/AdblockWebView: Clearing referrers
11-01 08:46:34.532 1869-1869 W/Adblock: Disposing adblock engine
11-01 08:46:34.532 1869-1869 W/AdblockEngine: Dispose
11-01 08:46:34.532 1869-1869 E/eglCodecCommon: glUtilsParamSize: unknow param 0x00000b44
11-01 08:46:34.532 1869-1869 E/eglCodecCommon: glUtilsParamSize: unknow param 0x00000bd0
11-01 08:46:34.572 937-937 W/SurfaceFlinger: couldn't log to binary event log: overflow.
11-01 08:46:34.592 1869-1869 E/eglCodecCommon: **** ERROR unknown type 0x0 (glSizeof,72)
11-01 08:46:40.032 1869-1889 D/IoThreadClientInvocationHandler: isMainFrame=false for https://tt.onthe.io/?k[]=12632:time[page:%D0%97%D0%B0%D0%B1%D1%80%D0%BE%D1%88%D0%B5%D0%BD%D0%BD%D1%83%D1%8E%20%D0%B3%D0%BE%D1%81%D1%82%D0%B8%D0%BD%D0%B8%D1%86%D1%83%20%D1%83%20%D0%A6%D0%B8%D1%80%D0%BA%D0%B0%20%D0%BD%D0%B0%D1%87%D0%B0%D0%BB%D0%B8%20%D1%80%D0%B5%D0%BC%D0%BE%D0%BD%D1%82%D0%B8%D1%80%D0%BE%D0%B2%D0%B0%D1%82%D1%8C%20%D0%B8%D0%B7%D0%BD%D1%83%D1%82%D1%80%D0%B8]&s=68f457b8f20b25b1405898689b08349c&1478004400038
11-01 08:46:40.032 1869-1889 E/AdblockWebView: FilterEngine already disposed, allow loading
11-01 08:46:50.052 1869-1889 D/IoThreadClientInvocationHandler: isMainFrame=false for https://tt.onthe.io/?k[]=12632:time[page:%D0%97%D0%B0%D0%B1%D1%80%D0%BE%D1%88%D0%B5%D0%BD%D0%BD%D1%83%D1%8E%20%D0%B3%D0%BE%D1%81%D1%82%D0%B8%D0%BD%D0%B8%D1%86%D1%83%20%D1%83%20%D0%A6%D0%B8%D1%80%D0%BA%D0%B0%20%D0%BD%D0%B0%D1%87%D0%B0%D0%BB%D0%B8%20%D1%80%D0%B5%D0%BC%D0%BE%D0%BD%D1%82%D0%B8%D1%80%D0%BE%D0%B2%D0%B0%D1%82%D1%8C%20%D0%B8%D0%B7%D0%BD%D1%83%D1%82%D1%80%D0%B8]&s=68f457b8f20b25b1405898689b08349c&1478004410048
11-01 08:46:50.052 1869-1889 E/AdblockWebView: FilterEngine already disposed, allow loading
11-01 08:47:00.042 1869-1889 D/IoThreadClientInvocationHandler: isMainFrame=false for https://tt.onthe.io/?k[]=12632:time[page:%D0%97%D0%B0%D0%B1%D1%80%D0%BE%D1%88%D0%B5%D0%BD%D0%BD%D1%83%D1%8E%20%D0%B3%D0%BE%D1%81%D1%82%D0%B8%D0%BD%D0%B8%D1%86%D1%83%20%D1%83%20%D0%A6%D0%B8%D1%80%D0%BA%D0%B0%20%D0%BD%D0%B0%D1%87%D0%B0%D0%BB%D0%B8%20%D1%80%D0%B5%D0%BC%D0%BE%D0%BD%D1%82%D0%B8%D1%80%D0%BE%D0%B2%D0%B0%D1%82%D1%8C%20%D0%B8%D0%B7%D0%BD%D1%83%D1%82%D1%80%D0%B8]&s=68f457b8f20b25b1405898689b08349c&1478004420045
11-01 08:47:00.042 1869-1889 E/AdblockWebView: FilterEngine already disposed, allow loading
11-01 08:47:10.063 1869-1889 D/IoThreadClientInvocationHandler: isMainFrame=false for https://tt.onthe.io/?k[]=12632:time[page:%D0%97%D0%B0%D0%B1%D1%80%D0%BE%D1%88%D0%B5%D0%BD%D0%BD%D1%83%D1%8E%20%D0%B3%D0%BE%D1%81%D1%82%D0%B8%D0%BD%D0%B8%D1%86%D1%83%20%D1%83%20%D0%A6%D0%B8%D1%80%D0%BA%D0%B0%20%D0%BD%D0%B0%D1%87%D0%B0%D0%BB%D0%B8%20%D1%80%D0%B5%D0%BC%D0%BE%D0%BD%D1%82%D0%B8%D1%80%D0%BE%D0%B2%D0%B0%D1%82%D1%8C%20%D0%B8%D0%B7%D0%BD%D1%83%D1%82%D1%80%D0%B8]&s=68f457b8f20b25b1405898689b08349c&1478004430060
11-01 08:47:10.063 1869-1889 E/AdblockWebView: FilterEngine already disposed, allow loading
11-01 08:47:20.063 1869-1889 D/IoThreadClientInvocationHandler: isMainFrame=false for https://tt.onthe.io/?k[]=12632:time[page:%D0%97%D0%B0%D0%B1%D1%80%D0%BE%D1%88%D0%B5%D0%BD%D0%BD%D1%83%D1%8E%20%D0%B3%D0%BE%D1%81%D1%82%D0%B8%D0%BD%D0%B8%D1%86%D1%83%20%D1%83%20%D0%A6%D0%B8%D1%80%D0%BA%D0%B0%20%D0%BD%D0%B0%D1%87%D0%B0%D0%BB%D0%B8%20%D1%80%D0%B5%D0%BC%D0%BE%D0%BD%D1%82%D0%B8%D1%80%D0%BE%D0%B2%D0%B0%D1%82%D1%8C%20%D0%B8%D0%B7%D0%BD%D1%83%D1%82%D1%80%D0%B8]&s=68f457b8f20b25b1405898689b08349c&1478004440069
11-01 08:47:20.063 1869-1889 E/AdblockWebView: FilterEngine already disposed, allow loading
11-01 08:47:30.073 1869-1889 D/IoThreadClientInvocationHandler: isMainFrame=false for https://tt.onthe.io/?k[]=12632:time[page:%D0%97%D0%B0%D0%B1%D1%80%D0%BE%D1%88%D0%B5%D0%BD%D0%BD%D1%83%D1%8E%20%D0%B3%D0%BE%D1%81%D1%82%D0%B8%D0%BD%D0%B8%D1%86%D1%83%20%D1%83%20%D0%A6%D0%B8%D1%80%D0%BA%D0%B0%20%D0%BD%D0%B0%D1%87%D0%B0%D0%BB%D0%B8%20%D1%80%D0%B5%D0%BC%D0%BE%D0%BD%D1%82%D0%B8%D1%80%D0%BE%D0%B2%D0%B0%D1%82%D1%8C%20%D0%B8%D0%B7%D0%BD%D1%83%D1%82%D1%80%D0%B8]&s=68f457b8f20b25b1405898689b08349c&1478004450071
11-01 08:47:30.073 1869-1889 E/AdblockWebView: FilterEngine already disposed, allow loading
11-01 08:47:40.083 1869-1889 D/IoThreadClientInvocationHandler: isMainFrame=false for https://tt.onthe.io/?k[]=12632:time[page:%D0%97%D0%B0%D0%B1%D1%80%D0%BE%D1%88%D0%B5%D0%BD%D0%BD%D1%83%D1%8E%20%D0%B3%D0%BE%D1%81%D1%82%D0%B8%D0%BD%D0%B8%D1%86%D1%83%20%D1%83%20%D0%A6%D0%B8%D1%80%D0%BA%D0%B0%20%D0%BD%D0%B0%D1%87%D0%B0%D0%BB%D0%B8%20%D1%80%D0%B5%D0%BC%D0%BE%D0%BD%D1%82%D0%B8%D1%80%D0%BE%D0%B2%D0%B0%D1%82%D1%8C%20%D0%B8%D0%B7%D0%BD%D1%83%D1%82%D1%80%D0%B8]&s=68f457b8f20b25b1405898689b08349c&1478004460090
11-01 08:47:40.083 1869-1889 E/AdblockWebView: FilterEngine already disposed, allow loading
11-01 08:47:50.083 1869-1889 D/IoThreadClientInvocationHandler: isMainFrame=false for https://tt.onthe.io/?k[]=12632:time[page:%D0%97%D0%B0%D0%B1%D1%80%D0%BE%D1%88%D0%B5%D0%BD%D0%BD%D1%83%D1%8E%20%D0%B3%D0%BE%D1%81%D1%82%D0%B8%D0%BD%D0%B8%D1%86%D1%83%20%D1%83%20%D0%A6%D0%B8%D1%80%D0%BA%D0%B0%20%D0%BD%D0%B0%D1%87%D0%B0%D0%BB%D0%B8%20%D1%80%D0%B5%D0%BC%D0%BE%D0%BD%D1%82%D0%B8%D1%80%D0%BE%D0%B2%D0%B0%D1%82%D1%8C%20%D0%B8%D0%B7%D0%BD%D1%83%D1%82%D1%80%D0%B8]&s=68f457b8f20b25b1405898689b08349c&1478004470093
11-01 08:47:50.083 1869-1889 E/AdblockWebView: FilterEngine already disposed, allow loading
11-01 08:48:00.103 1869-1889 D/IoThreadClientInvocationHandler: isMainFrame=false for https://tt.onthe.io/?k[]=12632:time[page:%D0%97%D0%B0%D0%B1%D1%80%D0%BE%D1%88%D0%B5%D0%BD%D0%BD%D1%83%D1%8E%20%D0%B3%D0%BE%D1%81%D1%82%D0%B8%D0%BD%D0%B8%D1%86%D1%83%20%D1%83%20%D0%A6%D0%B8%D1%80%D0%BA%D0%B0%20%D0%BD%D0%B0%D1%87%D0%B0%D0%BB%D0%B8%20%D1%80%D0%B5%D0%BC%D0%BE%D0%BD%D1%82%D0%B8%D1%80%D0%BE%D0%B2%D0%B0%D1%82%D1%8C%20%D0%B8%D0%B7%D0%BD%D1%83%D1%82%D1%80%D0%B8]&s=68f457b8f20b25b1405898689b08349c&1478004480103
11-01 08:48:00.103 1869-1889 E/AdblockWebView: FilterEngine already disposed, allow loading
11-01 08:48:10.103 1869-1889 D/IoThreadClientInvocationHandler: isMainFrame=false for https://tt.onthe.io/?k[]=12632:time[page:%D0%97%D0%B0%D0%B1%D1%80%D0%BE%D1%88%D0%B5%D0%BD%D0%BD%D1%83%D1%8E%20%D0%B3%D0%BE%D1%81%D1%82%D0%B8%D0%BD%D0%B8%D1%86%D1%83%20%D1%83%20%D0%A6%D0%B8%D1%80%D0%BA%D0%B0%20%D0%BD%D0%B0%D1%87%D0%B0%D0%BB%D0%B8%20%D1%80%D0%B5%D0%BC%D0%BE%D0%BD%D1%82%D0%B8%D1%80%D0%BE%D0%B2%D0%B0%D1%82%D1%8C%20%D0%B8%D0%B7%D0%BD%D1%83%D1%82%D1%80%D0%B8]&s=68f457b8f20b25b1405898689b08349c&1478004490103
11-01 08:48:10.103 1869-1889 E/AdblockWebView: FilterEngine already disposed, allow loading
11-01 08:48:20.104 1869-1889 D/IoThreadClientInvocationHandler: isMainFrame=false for https://tt.onthe.io/?k[]=12632:time[page:%D0%97%D0%B0%D0%B1%D1%80%D0%BE%D1%88%D0%B5%D0%BD%D0%BD%D1%83%D1%8E%20%D0%B3%D0%BE%D1%81%D1%82%D0%B8%D0%BD%D0%B8%D1%86%D1%83%20%D1%83%20%D0%A6%D0%B8%D1%80%D0%BA%D0%B0%20%D0%BD%D0%B0%D1%87%D0%B0%D0%BB%D0%B8%20%D1%80%D0%B5%D0%BC%D0%BE%D0%BD%D1%82%D0%B8%D1%80%D0%BE%D0%B2%D0%B0%D1%82%D1%8C%20%D0%B8%D0%B7%D0%BD%D1%83%D1%82%D1%80%D0%B8]&s=68f457b8f20b25b1405898689b08349c&1478004500113
11-01 08:48:20.104 1869-1889 E/AdblockWebView: FilterEngine already disposed, allow loading
11-01 08:48:30.134 1869-1889 D/IoThreadClientInvocationHandler: isMainFrame=false for https://tt.onthe.io/?k[]=12632:time[page:%D0%97%D0%B0%D0%B1%D1%80%D0%BE%D1%88%D0%B5%D0%BD%D0%BD%D1%83%D1%8E%20%D0%B3%D0%BE%D1%81%D1%82%D0%B8%D0%BD%D0%B8%D1%86%D1%83%20%D1%83%20%D0%A6%D0%B8%D1%80%D0%BA%D0%B0%20%D0%BD%D0%B0%D1%87%D0%B0%D0%BB%D0%B8%20%D1%80%D0%B5%D0%BC%D0%BE%D0%BD%D1%82%D0%B8%D1%80%D0%BE%D0%B2%D0%B0%D1%82%D1%8C%20%D0%B8%D0%B7%D0%BD%D1%83%D1%82%D1%80%D0%B8]&s=68f457b8f20b25b1405898689b08349c&1478004510131
11-01 08:48:30.134 1869-1889 E/AdblockWebView: FilterEngine already disposed, allow loading
11-01 08:48:40.124 1869-1889 D/IoThreadClientInvocationHandler: isMainFrame=false for https://tt.onthe.io/?k[]=12632:time[page:%D0%97%D0%B0%D0%B1%D1%80%D0%BE%D1%88%D0%B5%D0%BD%D0%BD%D1%83%D1%8E%20%D0%B3%D0%BE%D1%81%D1%82%D0%B8%D0%BD%D0%B8%D1%86%D1%83%20%D1%83%20%D0%A6%D0%B8%D1%80%D0%BA%D0%B0%20%D0%BD%D0%B0%D1%87%D0%B0%D0%BB%D0%B8%20%D1%80%D0%B5%D0%BC%D0%BE%D0%BD%D1%82%D0%B8%D1%80%D0%BE%D0%B2%D0%B0%D1%82%D1%8C%20%D0%B8%D0%B7%D0%BD%D1%83%D1%82%D1%80%D0%B8]&s=68f457b8f20b25b1405898689b08349c&1478004520133
11-01 08:48:40.124 1869-1889 E/AdblockWebView: FilterEngine already disposed, allow loading
11-01 08:48:50.134 1869-1889 D/IoThreadClientInvocationHandler: isMainFrame=false for https://tt.onthe.io/?k[]=12632:time[page:%D0%97%D0%B0%D0%B1%D1%80%D0%BE%D1%88%D0%B5%D0%BD%D0%BD%D1%83%D1%8E%20%D0%B3%D0%BE%D1%81%D1%82%D0%B8%D0%BD%D0%B8%D1%86%D1%83%20%D1%83%20%D0%A6%D0%B8%D1%80%D0%BA%D0%B0%20%D0%BD%D0%B0%D1%87%D0%B0%D0%BB%D0%B8%20%D1%80%D0%B5%D0%BC%D0%BE%D0%BD%D1%82%D0%B8%D1%80%D0%BE%D0%B2%D0%B0%D1%82%D1%8C%20%D0%B8%D0%B7%D0%BD%D1%83%D1%82%D1%80%D0%B8]&s=68f457b8f20b25b1405898689b08349c&1478004530141
11-01 08:48:50.134 1869-1889 E/AdblockWebView: FilterEngine already disposed, allow loading
11-01 08:49:00.144 1869-1889 D/IoThreadClientInvocationHandler: isMainFrame=false for https://tt.onthe.io/?k[]=12632:time[page:%D0%97%D0%B0%D0%B1%D1%80%D0%BE%D1%88%D0%B5%D0%BD%D0%BD%D1%83%D1%8E%20%D0%B3%D0%BE%D1%81%D1%82%D0%B8%D0%BD%D0%B8%D1%86%D1%83%20%D1%83%20%D0%A6%D0%B8%D1%80%D0%BA%D0%B0%20%D0%BD%D0%B0%D1%87%D0%B0%D0%BB%D0%B8%20%D1%80%D0%B5%D0%BC%D0%BE%D0%BD%D1%82%D0%B8%D1%80%D0%BE%D0%B2%D0%B0%D1%82%D1%8C%20%D0%B8%D0%B7%D0%BD%D1%83%D1%82%D1%80%D0%B8]&s=68f457b8f20b25b1405898689b08349c&1478004540151
11-01 08:49:00.144 1869-1889 E/AdblockWebView: FilterEngine already disposed, allow loading
11-01 08:49:10.144 1869-1889 D/IoThreadClientInvocationHandler: isMainFrame=false for https://tt.onthe.io/?k[]=12632:time[page:%D0%97%D0%B0%D0%B1%D1%80%D0%BE%D1%88%D0%B5%D0%BD%D0%BD%D1%83%D1%8E%20%D0%B3%D0%BE%D1%81%D1%82%D0%B8%D0%BD%D0%B8%D1%86%D1%83%20%D1%83%20%D0%A6%D0%B8%D1%80%D0%BA%D0%B0%20%D0%BD%D0%B0%D1%87%D0%B0%D0%BB%D0%B8%20%D1%80%D0%B5%D0%BC%D0%BE%D0%BD%D1%82%D0%B8%D1%80%D0%BE%D0%B2%D0%B0%D1%82%D1%8C%20%D0%B8%D0%B7%D0%BD%D1%83%D1%82%D1%80%D0%B8]&s=68f457b8f20b25b1405898689b08349c&1478004550152
11-01 08:49:10.144 1869-1889 E/AdblockWebView: FilterEngine already disposed, allow loading
11-01 08:49:20.164 1869-1889 D/IoThreadClientInvocationHandler: isMainFrame=false for https://tt.onthe.io/?k[]=12632:time[page:%D0%97%D0%B0%D0%B1%D1%80%D0%BE%D1%88%D0%B5%D0%BD%D0%BD%D1%83%D1%8E%20%D0%B3%D0%BE%D1%81%D1%82%D0%B8%D0%BD%D0%B8%D1%86%D1%83%20%D1%83%20%D0%A6%D0%B8%D1%80%D0%BA%D0%B0%20%D0%BD%D0%B0%D1%87%D0%B0%D0%BB%D0%B8%20%D1%80%D0%B5%D0%BC%D0%BE%D0%BD%D1%82%D0%B8%D1%80%D0%BE%D0%B2%D0%B0%D1%82%D1%8C%20%D0%B8%D0%B7%D0%BD%D1%83%D1%82%D1%80%D0%B8]&s=68f457b8f20b25b1405898689b08349c&1478004560171
11-01 08:49:20.164 1869-1889 E/AdblockWebView: FilterEngine already disposed, allow loading
11-01 08:49:21.165 1869-1889 E/chromium: [ERROR:ssl_client_socket_openssl.cc(197)] OpenSSL SYSCALL error, earliest error code in error queue: 0, errno: 0
11-01 08:49:21.165 1869-1889 E/chromium: [ERROR:ssl_client_socket_openssl.cc(870)] handshake failed; returned 0, SSL error code 5, net_error -107
11-01 08:49:30.185 1869-1889 D/IoThreadClientInvocationHandler: isMainFrame=false for https://tt.onthe.io/?k[]=12632:time[page:%D0%97%D0%B0%D0%B1%D1%80%D0%BE%D1%88%D0%B5%D0%BD%D0%BD%D1%83%D1%8E%20%D0%B3%D0%BE%D1%81%D1%82%D0%B8%D0%BD%D0%B8%D1%86%D1%83%20%D1%83%20%D0%A6%D0%B8%D1%80%D0%BA%D0%B0%20%D0%BD%D0%B0%D1%87%D0%B0%D0%BB%D0%B8%20%D1%80%D0%B5%D0%BC%D0%BE%D0%BD%D1%82%D0%B8%D1%80%D0%BE%D0%B2%D0%B0%D1%82%D1%8C%20%D0%B8%D0%B7%D0%BD%D1%83%D1%82%D1%80%D0%B8]&s=68f457b8f20b25b1405898689b08349c&1478004570183
11-01 08:49:30.185 1869-1889 E/AdblockWebView: FilterEngine already disposed, allow loading
11-01 08:49:40.185 1869-1889 D/IoThreadClientInvocationHandler: isMainFrame=false for https://tt.onthe.io/?k[]=12632:time[page:%D0%97%D0%B0%D0%B1%D1%80%D0%BE%D1%88%D0%B5%D0%BD%D0%BD%D1%83%D1%8E%20%D0%B3%D0%BE%D1%81%D1%82%D0%B8%D0%BD%D0%B8%D1%86%D1%83%20%D1%83%20%D0%A6%D0%B8%D1%80%D0%BA%D0%B0%20%D0%BD%D0%B0%D1%87%D0%B0%D0%BB%D0%B8%20%D1%80%D0%B5%D0%BC%D0%BE%D0%BD%D1%82%D0%B8%D1%80%D0%BE%D0%B2%D0%B0%D1%82%D1%8C%20%D0%B8%D0%B7%D0%BD%D1%83%D1%82%D1%80%D0%B8]&s=68f457b8f20b25b1405898689b08349c&1478004580192
11-01 08:49:40.185 1869-1889 E/AdblockWebView: FilterEngine already disposed, allow loading
11-01 08:49:40.895 1869-1889 E/chromium: [ERROR:ssl_client_socket_openssl.cc(197)] OpenSSL SYSCALL error, earliest error code in error queue: 0, errno: 0
11-01 08:49:40.895 1869-1889 E/chromium: [ERROR:ssl_client_socket_openssl.cc(870)] handshake failed; returned 0, SSL error code 5, net_error -107
11-01 08:49:50.175 1869-1889 D/IoThreadClientInvocationHandler: isMainFrame=false for https://tt.onthe.io/?k[]=12632:time[page:%D0%97%D0%B0%D0%B1%D1%80%D0%BE%D1%88%D0%B5%D0%BD%D0%BD%D1%83%D1%8E%20%D0%B3%D0%BE%D1%81%D1%82%D0%B8%D0%BD%D0%B8%D1%86%D1%83%20%D1%83%20%D0%A6%D0%B8%D1%80%D0%BA%D0%B0%20%D0%BD%D0%B0%D1%87%D0%B0%D0%BB%D0%B8%20%D1%80%D0%B5%D0%BC%D0%BE%D0%BD%D1%82%D0%B8%D1%80%D0%BE%D0%B2%D0%B0%D1%82%D1%8C%20%D0%B8%D0%B7%D0%BD%D1%83%D1%82%D1%80%D0%B8]&s=68f457b8f20b25b1405898689b08349c&1478004590184
11-01 08:49:50.175 1869-1889 E/AdblockWebView: FilterEngine already disposed, allow loading
11-01 08:50:00.195 1869-1889 D/IoThreadClientInvocationHandler: isMainFrame=false for https://tt.onthe.io/?k[]=12632:time[page:%D0%97%D0%B0%D0%B1%D1%80%D0%BE%D1%88%D0%B5%D0%BD%D0%BD%D1%83%D1%8E%20%D0%B3%D0%BE%D1%81%D1%82%D0%B8%D0%BD%D0%B8%D1%86%D1%83%20%D1%83%20%D0%A6%D0%B8%D1%80%D0%BA%D0%B0%20%D0%BD%D0%B0%D1%87%D0%B0%D0%BB%D0%B8%20%D1%80%D0%B5%D0%BC%D0%BE%D0%BD%D1%82%D0%B8%D1%80%D0%BE%D0%B2%D0%B0%D1%82%D1%8C%20%D0%B8%D0%B7%D0%BD%D1%83%D1%82%D1%80%D0%B8]&s=68f457b8f20b25b1405898689b08349c&1478004600202
11-01 08:50:00.195 1869-1889 E/AdblockWebView: FilterEngine already disposed, allow loading
11-01 08:50:10.215 1869-1889 D/IoThreadClientInvocationHandler: isMainFrame=false for https://tt.onthe.io/?k[]=12632:time[page:%D0%97%D0%B0%D0%B1%D1%80%D0%BE%D1%88%D0%B5%D0%BD%D0%BD%D1%83%D1%8E%20%D0%B3%D0%BE%D1%81%D1%82%D0%B8%D0%BD%D0%B8%D1%86%D1%83%20%D1%83%20%D0%A6%D0%B8%D1%80%D0%BA%D0%B0%20%D0%BD%D0%B0%D1%87%D0%B0%D0%BB%D0%B8%20%D1%80%D0%B5%D0%BC%D0%BE%D0%BD%D1%82%D0%B8%D1%80%D0%BE%D0%B2%D0%B0%D1%82%D1%8C%20%D0%B8%D0%B7%D0%BD%D1%83%D1%82%D1%80%D0%B8]&s=68f457b8f20b25b1405898689b08349c&1478004610224
11-01 08:50:10.215 1869-1889 E/AdblockWebView: FilterEngine already disposed, allow loading
11-01 08:50:20.195 1869-1889 D/IoThreadClientInvocationHandler: isMainFrame=false for https://tt.onthe.io/?k[]=12632:time[page:%D0%97%D0%B0%D0%B1%D1%80%D0%BE%D1%88%D0%B5%D0%BD%D0%BD%D1%83%D1%8E%20%D0%B3%D0%BE%D1%81%D1%82%D0%B8%D0%BD%D0%B8%D1%86%D1%83%20%D1%83%20%D0%A6%D0%B8%D1%80%D0%BA%D0%B0%20%D0%BD%D0%B0%D1%87%D0%B0%D0%BB%D0%B8%20%D1%80%D0%B5%D0%BC%D0%BE%D0%BD%D1%82%D0%B8%D1%80%D0%BE%D0%B2%D0%B0%D1%82%D1%8C%20%D0%B8%D0%B7%D0%BD%D1%83%D1%82%D1%80%D0%B8]&s=68f457b8f20b25b1405898689b08349c&1478004620204
11-01 08:50:20.205 1869-1889 E/AdblockWebView: FilterEngine already disposed, allow loading
11-01 08:50:30.226 1869-1889 D/IoThreadClientInvocationHandler: isMainFrame=false for https://tt.onthe.io/?k[]=12632:time[page:%D0%97%D0%B0%D0%B1%D1%80%D0%BE%D1%88%D0%B5%D0%BD%D0%BD%D1%83%D1%8E%20%D0%B3%D0%BE%D1%81%D1%82%D0%B8%D0%BD%D0%B8%D1%86%D1%83%20%D1%83%20%D0%A6%D0%B8%D1%80%D0%BA%D0%B0%20%D0%BD%D0%B0%D1%87%D0%B0%D0%BB%D0%B8%20%D1%80%D0%B5%D0%BC%D0%BE%D0%BD%D1%82%D0%B8%D1%80%D0%BE%D0%B2%D0%B0%D1%82%D1%8C%20%D0%B8%D0%B7%D0%BD%D1%83%D1%82%D1%80%D0%B8]&s=68f457b8f20b25b1405898689b08349c&1478004630222
11-01 08:50:30.226 1869-1889 E/AdblockWebView: FilterEngine already disposed, allow loading
11-01 08:50:40.216 1869-1889 D/IoThreadClientInvocationHandler: isMainFrame=false for https://tt.onthe.io/?k[]=12632:time[page:%D0%97%D0%B0%D0%B1%D1%80%D0%BE%D1%88%D0%B5%D0%BD%D0%BD%D1%83%D1%8E%20%D0%B3%D0%BE%D1%81%D1%82%D0%B8%D0%BD%D0%B8%D1%86%D1%83%20%D1%83%20%D0%A6%D0%B8%D1%80%D0%BA%D0%B0%20%D0%BD%D0%B0%D1%87%D0%B0%D0%BB%D0%B8%20%D1%80%D0%B5%D0%BC%D0%BE%D0%BD%D1%82%D0%B8%D1%80%D0%BE%D0%B2%D0%B0%D1%82%D1%8C%20%D0%B8%D0%B7%D0%BD%D1%83%D1%82%D1%80%D0%B8]&s=68f457b8f20b25b1405898689b08349c&1478004640214
11-01 08:50:40.216 1869-1889 E/AdblockWebView: FilterEngine already disposed, allow loading
11-01 08:50:50.216 1869-1889 D/IoThreadClientInvocationHandler: isMainFrame=false for https://tt.onthe.io/?k[]=12632:time[page:%D0%97%D0%B0%D0%B1%D1%80%D0%BE%D1%88%D0%B5%D0%BD%D0%BD%D1%83%D1%8E%20%D0%B3%D0%BE%D1%81%D1%82%D0%B8%D0%BD%D0%B8%D1%86%D1%83%20%D1%83%20%D0%A6%D0%B8%D1%80%D0%BA%D0%B0%20%D0%BD%D0%B0%D1%87%D0%B0%D0%BB%D0%B8%20%D1%80%D0%B5%D0%BC%D0%BE%D0%BD%D1%82%D0%B8%D1%80%D0%BE%D0%B2%D0%B0%D1%82%D1%8C%20%D0%B8%D0%B7%D0%BD%D1%83%D1%82%D1%80%D0%B8]&s=68f457b8f20b25b1405898689b08349c&1478004650214
11-01 08:50:50.216 1869-1889 E/AdblockWebView: FilterEngine already disposed, allow loading
11-01 08:51:00.236 1869-1889 D/IoThreadClientInvocationHandler: isMainFrame=false for https://tt.onthe.io/?k[]=12632:time[page:%D0%97%D0%B0%D0%B1%D1%80%D0%BE%D1%88%D0%B5%D0%BD%D0%BD%D1%83%D1%8E%20%D0%B3%D0%BE%D1%81%D1%82%D0%B8%D0%BD%D0%B8%D1%86%D1%83%20%D1%83%20%D0%A6%D0%B8%D1%80%D0%BA%D0%B0%20%D0%BD%D0%B0%D1%87%D0%B0%D0%BB%D0%B8%20%D1%80%D0%B5%D0%BC%D0%BE%D0%BD%D1%82%D0%B8%D1%80%D0%BE%D0%B2%D0%B0%D1%82%D1%8C%20%D0%B8%D0%B7%D0%BD%D1%83%D1%82%D1%80%D0%B8]&s=68f457b8f20b25b1405898689b08349c&1478004660232
11-01 08:51:00.236 1869-1889 E/AdblockWebView: FilterEngine already disposed, allow loading
11-01 08:51:10.226 1869-1889 D/IoThreadClientInvocationHandler: isMainFrame=false for https://tt.onthe.io/?k[]=12632:time[page:%D0%97%D0%B0%D0%B1%D1%80%D0%BE%D1%88%D0%B5%D0%BD%D0%BD%D1%83%D1%8E%20%D0%B3%D0%BE%D1%81%D1%82%D0%B8%D0%BD%D0%B8%D1%86%D1%83%20%D1%83%20%D0%A6%D0%B8%D1%80%D0%BA%D0%B0%20%D0%BD%D0%B0%D1%87%D0%B0%D0%BB%D0%B8%20%D1%80%D0%B5%D0%BC%D0%BE%D0%BD%D1%82%D0%B8%D1%80%D0%BE%D0%B2%D0%B0%D1%82%D1%8C%20%D0%B8%D0%B7%D0%BD%D1%83%D1%82%D1%80%D0%B8]&s=68f457b8f20b25b1405898689b08349c&1478004670225
11-01 08:51:10.226 1869-1889 E/AdblockWebView: FilterEngine already disposed, allow loading
11-01 09:00:00.014 1338-1338 D/dalvikvm: GC_FOR_ALLOC freed 609K, 55% free 8976K/19600K, paused 4ms, total 4ms
11-01 09:00:01.004 1275-1327 D/ConnectivityService: Sampling interval elapsed, updating statistics ..
11-01 09:00:01.004 1275-1327 D/ConnectivityService: Done.
11-01 09:00:01.004 1275-1327 D/ConnectivityService: Setting timer for 720seconds
11-01 09:09:00.002 1275-1275 I/ActivityManager: Killing 1476:android.process.media/u0a5 (adj 15): empty for 1819s
11-01 09:09:00.002 1275-1275 I/ActivityManager: Killing 1714:com.android.email/u0a24 (adj 15): empty for 1825s
11-01 09:09:00.002 1275-1275 I/ActivityManager: Killing 1388:com.android.settings/1000 (adj 15): empty for 1830s
11-01 09:09:00.002 1275-1275 I/ActivityManager: Killing 1736:com.android.exchange/u0a25 (adj 15): empty for 1831s
11-01 09:09:00.002 1275-1275 I/ActivityManager: Killing 1613:com.android.dialer/u0a4 (adj 15): empty for 1834s
11-01 09:09:00.002 1275-1275 I/ActivityManager: Killing 1427:com.android.printspooler/u0a39 (adj 15): empty for 1836s
11-01 09:09:00.002 1275-1275 I/ActivityManager: Killing 1546:com.android.music/u0a32 (adj 15): empty for 1838s
11-01 09:09:00.012 1275-1507 W/MediaFocusControl: RemoteControlClient died
11-01 09:09:00.062 1275-1290 I/ProcessStatsService: Prepared write state in 0ms
11-01 09:09:00.062 1275-1290 I/ProcessStatsService: Prepared write state in 0ms
11-01 09:09:00.062 1275-1290 I/ProcessStatsService: Prepared write state in 0ms
11-01 09:09:00.062 1275-1290 I/ProcessStatsService: Prepared write state in 0ms
11-01 09:09:00.062 1275-1290 I/ProcessStatsService: Prepared write state in 0ms
11-01 09:09:00.062 1275-1290 I/ProcessStatsService: Prepared write state in 0ms
11-01 09:09:00.062 1275-1290 I/ProcessStatsService: Prepared write state in 1ms
11-01 09:09:00.062 1275-1290 I/ProcessStatsService: Prepared write state in 1ms
11-01 09:09:00.062 1275-1290 I/ProcessStatsService: Prepared write state in 0ms
11-01 09:09:00.072 1275-1290 I/ProcessStatsService: Prepared write state in 9ms
11-01 09:09:00.092 1275-1290 I/ProcessStatsService: Prepared write state in 1ms
11-01 09:09:00.112 1275-1291 I/ProcessStatsService: Pruning old procstats: /data/system/procstats/state-2016-10-17-08-27-00.bin
11-01 09:10:01.573 1404-1404 D/dalvikvm: GC_FOR_ALLOC freed 590K, 17% free 3426K/4100K, paused 3ms, total 3ms
11-01 09:15:01.008 1275-1327 D/ConnectivityService: Sampling interval elapsed, updating statistics ..
11-01 09:15:01.008 1275-1327 D/ConnectivityService: Done.
11-01 09:15:01.008 1275-1327 D/ConnectivityService: Setting timer for 720seconds
11-01 09:16:04.579 1275-1507 D/dalvikvm: GC_FOR_ALLOC freed 713K, 19% free 5889K/7248K, paused 12ms, total 18ms
11-01 09:30:01.001 1275-1327 D/ConnectivityService: Sampling interval elapsed, updating statistics ..
11-01 09:30:01.001 1275-1327 D/ConnectivityService: Done.
11-01 09:30:01.001 1275-1327 D/ConnectivityService: Setting timer for 720seconds
11-01 09:39:02.159 1275-1290 I/ProcessStatsService: Prepared write state in 5ms
11-01 09:39:02.169 1275-1290 I/ProcessStatsService: Prepared write state in 2ms
11-01 09:40:45.531 1869-1920 A/libc: Fatal signal 11 (SIGSEGV) at 0x00000000 (code=1), thread 1920 (roid.webviewapp)
11-01 09:40:45.651 935-935 I/DEBUG: *** *** *** *** *** *** *** *** *** *** *** *** *** *** *** ***
11-01 09:40:45.651 935-935 I/DEBUG: Build fingerprint: 'generic_x86/sdk_x86/generic_x86:4.4.2/KK/999428:eng/test-keys'
11-01 09:40:45.651 935-935 I/DEBUG: Revision: '0'
11-01 09:40:45.651 935-935 I/DEBUG: pid: 1869, tid: 1920, name: roid.webviewapp >>> org.adblockplus.libadblockplus.android.webviewapp <<<
11-01 09:40:45.651 935-935 I/DEBUG: signal 11 (SIGSEGV), code 1 (SEGV_MAPERR), fault addr 00000000
11-01 09:40:46.841 935-935 I/DEBUG: eax 93fff194 ebx 958dcd38 ecx 9533aa10 edx 93fff250
11-01 09:40:46.841 935-935 I/DEBUG: esi 93fff194 edi 00000000
11-01 09:40:46.841 935-935 I/DEBUG: xcs 00000073 xds 0000007b xes 0000007b xfs 00000000 xss 0000007b
11-01 09:40:46.841 935-935 I/DEBUG: eip 9533b46e ebp 93fff198 esp 93fff130 flags 00210292
11-01 09:40:46.841 935-935 E/Corkscrew: unrecognized dwarf lower part encoding: 0x66
11-01 09:40:46.841 935-935 I/DEBUG: backtrace:
11-01 09:40:46.841 935-935 I/DEBUG: #00 pc 001ab46e /data/app-lib/org.adblockplus.libadblockplus.android.webviewapp-1/libadblockplus-jni.so (JNIEnvAcquire::JNIEnvAcquire(_JavaVM*)+46)
11-01 09:40:46.861 935-935 E/Corkscrew: unrecognized dwarf lower part encoding: 0x66
11-01 09:40:46.911 938-938 D/Zygote: Process 1869 terminated by signal (11)
11-01 09:40:46.911 1275-1507 I/ActivityManager: Process org.adblockplus.libadblockplus.android.webviewapp (pid 1869) has died.
11-01 09:40:46.931 1275-1297 I/BootReceiver: Copying /data/tombstones/tombstone_05 to DropBox (SYSTEM_TOMBSTONE)
11-01 09:40:46.961 1275-1297 D/dalvikvm: GC_FOR_ALLOC freed 505K, 18% free 5973K/7248K, paused 18ms, total 27ms
11-01 09:40:46.981 1275-1297 D/dalvikvm: GC_FOR_ALLOC freed 43K, 16% free 6149K/7248K, paused 17ms, total 17ms
11-01 09:40:46.981 1275-1297 I/dalvikvm-heap: Grow heap (frag case) to 6.264MB for 196620-byte allocation
11-01 09:40:47.001 1275-2363 D/dalvikvm: GC_FOR_ALLOC freed <1K, 15% free 6340K/7444K, paused 25ms, total 25ms
11-01 09:40:47.021 1275-1297 D/dalvikvm: GC_FOR_ALLOC freed 1K, 15% free 6339K/7444K, paused 17ms, total 17ms
11-01 09:40:47.021 1275-1297 I/dalvikvm-heap: Grow heap (frag case) to 6.542MB for 294928-byte allocation
11-01 09:40:47.041 1275-1297 D/dalvikvm: GC_FOR_ALLOC freed 192K, 17% free 6435K/7736K, paused 16ms, total 16ms
11-01 09:40:47.051 1275-1297 D/dalvikvm: GC_FOR_ALLOC freed 8K, 17% free 6430K/7736K, paused 6ms, total 6ms
11-01 09:40:47.051 1275-1297 I/dalvikvm-heap: Grow heap (frag case) to 6.539MB for 196648-byte allocation
11-01 09:40:47.061 1275-1297 D/dalvikvm: GC_FOR_ALLOC freed 296K, 21% free 6326K/7932K, paused 2ms, total 2ms
11-01 09:40:47.131 1275-1290 D/dalvikvm: GC_FOR_ALLOC freed 810K, 25% free 5949K/7932K, paused 23ms, total 23ms
11-01 09:40:47.131 1275-1290 I/dalvikvm-heap: Grow heap (frag case) to 6.957MB for 1127532-byte allocation
11-01 09:40:47.141 1275-2365 D/dalvikvm: GC_FOR_ALLOC freed 0K, 22% free 7050K/9036K, paused 0ms, total 0ms [
11-01 09:40:47.221 937: 2027 D/ ] HostConnection::get() New Host Connection established 0xb83280d0, tid 2027 [
11-01 09:40:47.231 1275: 1290 D/ ] HostConnection::get() New Host Connection established 0xb97d98f0, tid 1290
11-01 09:42:12.762 1404-1404 D/dalvikvm: GC_FOR_ALLOC freed 512K, 17% free 3425K/4100K, paused 4ms, total 4ms
11-01 09:43:55.364 1275-1332 E/SoundPool: error loading /system/media/audio/ui/Effect_Tick.ogg
11-01 09:43:55.364 1275-1332 W/AudioService: Soundpool could not load file: /system/media/audio/ui/Effect_Tick.ogg
11-01 09:43:55.364 1275-1332 E/SoundPool: error loading /system/media/audio/ui/Effect_Tick.ogg
11-01 09:43:55.364 1275-1332 W/AudioService: Soundpool could not load file: /system/media/audio/ui/Effect_Tick.ogg
11-01 09:43:55.364 1275-1332 E/SoundPool: error loading /system/media/audio/ui/Effect_Tick.ogg
11-01 09:43:55.364 1275-1332 W/AudioService: Soundpool could not load file: /system/media/audio/ui/Effect_Tick.ogg
11-01 09:43:55.364 1275-1332 E/SoundPool: error loading /system/media/audio/ui/Effect_Tick.ogg
11-01 09:43:55.364 1275-1332 W/AudioService: Soundpool could not load file: /system/media/audio/ui/Effect_Tick.ogg
11-01 09:43:55.364 1275-1332 E/SoundPool: error loading /system/media/audio/ui/Effect_Tick.ogg
11-01 09:43:55.364 1275-1332 W/AudioService: Soundpool could not load file: /system/media/audio/ui/Effect_Tick.ogg
11-01 09:43:55.364 1275-1332 E/SoundPool: error loading /system/media/audio/ui/KeypressStandard.ogg
11-01 09:43:55.364 1275-1332 W/AudioService: Soundpool could not load file: /system/media/audio/ui/KeypressStandard.ogg
11-01 09:43:55.364 1275-1332 E/SoundPool: error loading /system/media/audio/ui/KeypressSpacebar.ogg
11-01 09:43:55.364 1275-1332 W/AudioService: Soundpool could not load file: /system/media/audio/ui/KeypressSpacebar.ogg
11-01 09:43:55.364 1275-1332 E/SoundPool: error loading /system/media/audio/ui/KeypressDelete.ogg
11-01 09:43:55.364 1275-1332 W/AudioService: Soundpool could not load file: /system/media/audio/ui/KeypressDelete.ogg
11-01 09:43:55.364 1275-1332 E/SoundPool: error loading /system/media/audio/ui/KeypressReturn.ogg
11-01 09:43:55.364 1275-1332 W/AudioService: Soundpool could not load file: /system/media/audio/ui/KeypressReturn.ogg
11-01 09:43:55.364 1275-1332 E/SoundPool: error loading /system/media/audio/ui/KeypressInvalid.ogg
11-01 09:43:55.364 1275-1332 W/AudioService: Soundpool could not load file: /system/media/audio/ui/KeypressInvalid.ogg
11-01 09:43:55.364 1275-1332 W/AudioService: onLoadSoundEffects(), Error -1 while loading samples
11-01 09:43:55.364 1275-1507 W/InputMethodManagerService: Window already focused, ignoring focus gain of: com.android.internal.view.IInputMethodClient$Stub$Proxy@a5263e10 attribute=null, token = android.os.BinderProxy@a525a988
11-01 09:44:03.894 1275-1332 E/SoundPool: error loading /system/media/audio/ui/Effect_Tick.ogg
11-01 09:44:03.894 1275-1332 W/AudioService: Soundpool could not load file: /system/media/audio/ui/Effect_Tick.ogg
11-01 09:44:03.894 1275-1332 E/SoundPool: error loading /system/media/audio/ui/Effect_Tick.ogg
11-01 09:44:03.894 1275-1332 W/AudioService: Soundpool could not load file: /system/media/audio/ui/Effect_Tick.ogg
11-01 09:44:03.894 1275-1332 E/SoundPool: error loading /system/media/audio/ui/Effect_Tick.ogg
11-01 09:44:03.894 1275-1332 W/AudioService: Soundpool could not load file: /system/media/audio/ui/Effect_Tick.ogg
11-01 09:44:03.894 1275-1332 E/SoundPool: error loading /system/media/audio/ui/Effect_Tick.ogg
11-01 09:44:03.894 1275-1332 W/AudioService: Soundpool could not load file: /system/media/audio/ui/Effect_Tick.ogg
11-01 09:44:03.894 1275-1332 E/SoundPool: error loading /system/media/audio/ui/Effect_Tick.ogg
11-01 09:44:03.894 1275-1332 W/AudioService: Soundpool could not load file: /system/media/audio/ui/Effect_Tick.ogg
11-01 09:44:03.894 1275-1332 E/SoundPool: error loading /system/media/audio/ui/KeypressStandard.ogg
11-01 09:44:03.894 1275-1332 W/AudioService: Soundpool could not load file: /system/media/audio/ui/KeypressStandard.ogg
11-01 09:44:03.894 1275-1332 E/SoundPool: error loading /system/media/audio/ui/KeypressSpacebar.ogg
11-01 09:44:03.894 1275-1332 W/AudioService: Soundpool could not load file: /system/media/audio/ui/KeypressSpacebar.ogg
11-01 09:44:03.894 1275-1332 E/SoundPool: error loading /system/media/audio/ui/KeypressDelete.ogg
11-01 09:44:03.894 1275-1332 W/AudioService: Soundpool could not load file: /system/media/audio/ui/KeypressDelete.ogg
11-01 09:44:03.894 1275-1332 E/SoundPool: error loading /system/media/audio/ui/KeypressReturn.ogg
11-01 09:44:03.894 1275-1332 W/AudioService: Soundpool could not load file: /system/media/audio/ui/KeypressReturn.ogg
11-01 09:44:03.894 1275-1332 E/SoundPool: error loading /system/media/audio/ui/KeypressInvalid.ogg
11-01 09:44:03.894 1275-1332 W/AudioService: Soundpool could not load file: /system/media/audio/ui/KeypressInvalid.ogg
11-01 09:44:03.894 1275-1332 W/AudioService: onLoadSoundEffects(), Error -1 while loading samples
11-01 09:44:04.554 1416-1416 D/android.widget.GridLayout: horizontal constraints: x1-x0>=350, x2-x1>=390, x2-x0<=736 are inconsistent; permanently removing: x2-x0<=736.
11-01 09:44:04.554 1416-1416 D/android.widget.GridLayout: horizontal constraints: x1-x0>=350, x2-x1>=390, x2-x0<=736 are inconsistent; permanently removing: x2-x0<=736.
11-01 09:44:04.554 1416-1416 D/android.widget.GridLayout: horizontal constraints: x1-x0>=350, x2-x1>=390, x2-x0<=736 are inconsistent; permanently removing: x2-x0<=736.
11-01 09:44:04.554 1416-1416 D/android.widget.GridLayout: horizontal constraints: x1-x0>=350, x2-x1>=390, x2-x0<=736 are inconsistent; permanently removing: x2-x0<=736.
11-01 09:44:04.584 1416-1460 D/dalvikvm: GC_FOR_ALLOC freed 999K, 13% free 7943K/9036K, paused 4ms, total 6ms
11-01 09:44:04.654 1416-1460 D/dalvikvm: GC_FOR_ALLOC freed 116K, 10% free 8664K/9600K, paused 3ms, total 9ms
11-01 09:44:04.794 1416-1825 D/dalvikvm: GC_FOR_ALLOC freed 64K, 10% free 9590K/10540K, paused 4ms, total 4ms
11-01 09:44:04.894 1416-1460 D/dalvikvm: GC_FOR_ALLOC freed 90K, 9% free 10701K/11668K, paused 4ms, total 4ms
11-01 09:44:05.534 1275-1507 I/ActivityManager: START u0 {act=android.intent.action.MAIN cat=[android.intent.category.LAUNCHER] flg=0x10200000 cmp=org.adblockplus.libadblockplus.android.webviewapp/.MainActivity} from pid 1416
11-01 09:44:05.544 937-993 E/gralloc_goldfish: gralloc_alloc: Mismatched usage flags: 328 x 546, usage 333
11-01 09:44:05.544 937-993 W/GraphicBufferAllocator: alloc(328, 546, 1, 00000333, ...) failed -22 (Invalid argument) [
11-01 09:44:05.544 937: 993 E/ ] GraphicBufferAlloc::createGraphicBuffer(w=328, h=546) failed (Invalid argument), handle=0x0
11-01 09:44:05.544 1275-1507 E/BufferQueue: [ScreenshotClient] dequeueBuffer: SurfaceComposer::createGraphicBuffer failed
11-01 09:44:05.544 1275-1507 W/WindowManager: Screenshot failure taking screenshot for (328x546) to layer 21005
11-01 09:44:05.564 1275-1332 E/SoundPool: error loading /system/media/audio/ui/Effect_Tick.ogg
11-01 09:44:05.564 1275-1332 W/AudioService: Soundpool could not load file: /system/media/audio/ui/Effect_Tick.ogg
11-01 09:44:05.564 1275-1332 E/SoundPool: error loading /system/media/audio/ui/Effect_Tick.ogg
11-01 09:44:05.564 1275-1332 W/AudioService: Soundpool could not load file: /system/media/audio/ui/Effect_Tick.ogg
11-01 09:44:05.564 1275-1332 E/SoundPool: error loading /system/media/audio/ui/Effect_Tick.ogg
11-01 09:44:05.564 1275-1332 W/AudioService: Soundpool could not load file: /system/media/audio/ui/Effect_Tick.ogg
11-01 09:44:05.564 1275-1332 E/SoundPool: error loading /system/media/audio/ui/Effect_Tick.ogg
11-01 09:44:05.564 1275-1332 W/AudioService: Soundpool could not load file: /system/media/audio/ui/Effect_Tick.ogg
11-01 09:44:05.564 1275-1332 E/SoundPool: error loading /system/media/audio/ui/Effect_Tick.ogg
11-01 09:44:05.564 1275-1332 W/AudioService: Soundpool could not load file: /system/media/audio/ui/Effect_Tick.ogg
11-01 09:44:05.564 1275-1332 E/SoundPool: error loading /system/media/audio/ui/KeypressStandard.ogg
11-01 09:44:05.564 1275-1332 W/AudioService: Soundpool could not load file: /system/media/audio/ui/KeypressStandard.ogg
11-01 09:44:05.564 1275-1332 E/SoundPool: error loading /system/media/audio/ui/KeypressSpacebar.ogg
11-01 09:44:05.564 1275-1332 W/AudioService: Soundpool could not load file: /system/media/audio/ui/KeypressSpacebar.ogg
11-01 09:44:05.564 1275-1332 E/SoundPool: error loading /system/media/audio/ui/KeypressDelete.ogg
11-01 09:44:05.564 1275-1332 W/AudioService: Soundpool could not load file: /system/media/audio/ui/KeypressDelete.ogg
11-01 09:44:05.564 1275-1332 E/SoundPool: error loading /system/media/audio/ui/KeypressReturn.ogg
11-01 09:44:05.564 1275-1332 W/AudioService: Soundpool could not load file: /system/media/audio/ui/KeypressReturn.ogg
11-01 09:44:05.564 1275-1332 E/SoundPool: error loading /system/media/audio/ui/KeypressInvalid.ogg
11-01 09:44:05.564 1275-1332 W/AudioService: Soundpool could not load file: /system/media/audio/ui/KeypressInvalid.ogg
11-01 09:44:05.564 1275-1332 W/AudioService: onLoadSoundEffects(), Error -1 while loading samples
11-01 09:44:05.594 2397-2397 D/dalvikvm: Not late-enabling CheckJNI (already on)
11-01 09:44:05.604 1275-1286 I/ActivityManager: Start proc org.adblockplus.libadblockplus.android.webviewapp for activity org.adblockplus.libadblockplus.android.webviewapp/.MainActivity: pid=2397 uid=10064 gids={50064, 3003, 1028, 1015}
11-01 09:44:05.694 2397-2397 I/InstantRun: Instant Run Runtime started. Android package is org.adblockplus.libadblockplus.android.webviewapp, real application class is org.adblockplus.libadblockplus.android.webviewapp.Application.
11-01 09:44:05.694 2397-2397 W/InstantRun: No instant run dex files added to classpath
11-01 09:44:05.824 2397-2397 D/dalvikvm: GC_FOR_ALLOC freed 75K, 5% free 3285K/3432K, paused 2ms, total 11ms
