11-01 08:46:00.171 1869-1869 E/eglCodecCommon: glUtilsParamSize: unknow param 0x00000bd0
11-01 08:46:00.201 1869-1869 E/eglCodecCommon: **** ERROR unknown type 0x0 (glSizeof,72)
11-01 08:46:00.211 1869-1889 D/IoThreadClientInvocationHandler: isMainFrame=false for https://mc.yandex.ru/clmap/6874273?page-url=http%3A%2F%2Fm.e1.ru%2F&pointer-click=rn%3A990186373%3Ax%3A26026%3Ay%3A28493%3At%3A180%3Ap%3AX%3B%7BAAAA4A1&browser-info=st%3A1478004360%3Au%3A1478004342381710404
11-01 08:46:00.211 1869-1889 D/AdblockWebView: Allowed loading https://mc.yandex.ru/clmap/6874273?page-url=http%3A%2F%2Fm.e1.ru%2F&pointer-click=rn%3A990186373%3Ax%3A26026%3Ay%3A28493%3At%3A180%3Ap%3AX%3B%7BAAAA4A1&browser-info=st%3A1478004360%3Au%3A1478004342381710404
11-01 08:46:00.261 1869-1869 D/AdblockWebView: Loading progress=0%
11-01 08:46:00.261 1869-1869 D/AdblockWebView: Start loading http://m.e1.ru/news/454993
11-01 08:46:00.261 1869-1869 D/AdblockWebView: Extracted domain m.e1.ru from http://m.e1.ru/news/454993
11-01 08:46:00.271 1869-2020 D/AdblockWebView: Listed subscriptions: 1
11-01 08:46:00.271 1869-2020 D/AdblockWebView: Subscribed to [Subscription] url=https://easylist-downloads.adblockplus.org/ruadlist+easylist.txt title=RuAdList+EasyList fixedTitle=true homepage=https://forums.lanik.us/viewforum.php?f=102 lastDownload=1477981956 downloadStatus=synchronize_ok lastSuccess=1477981956 lastCheck=1478004046 expires=1478673156 softExpiration=1478350971 version=201611010631 requiredVersion=2.0 downloadCount=1
11-01 08:46:00.271 1869-2020 D/AdblockWebView: Requesting elemhide selectors from AdblockEngine for http://m.e1.ru/news/454993 in Thread[Thread-108,5,main]
11-01 08:46:00.421 1869-2020 D/dalvikvm: GC_FOR_ALLOC freed 3729K, 39% free 7418K/12072K, paused 7ms, total 13ms
11-01 08:46:00.461 1869-2020 D/AdblockWebView: Finished requesting elemhide selectors, got 17642 in Thread[Thread-108,5,main]
11-01 08:46:00.471 1869-2020 D/dalvikvm: GC_FOR_ALLOC freed 418K, 30% free 8502K/12072K, paused 2ms, total 3ms
11-01 08:46:00.491 1869-2020 D/dalvikvm: GC_FOR_ALLOC freed 828K, 27% free 8917K/12072K, paused 3ms, total 3ms
11-01 08:46:00.511 1869-2020 D/dalvikvm: GC_FOR_ALLOC freed 431K, 25% free 9132K/12072K, paused 6ms, total 6ms
11-01 08:46:00.511 1869-2020 I/dalvikvm-heap: Grow heap (frag case) to 9.594MB for 639590-byte allocation
11-01 08:46:00.511 1869-2020 D/dalvikvm: GC_FOR_ALLOC freed 749K, 30% free 9008K/12700K, paused 5ms, total 5ms
11-01 08:46:00.521 1869-2020 D/AdblockWebView: Setting elemhide string 319789 bytes
11-01 08:46:00.531 1869-2020 W/AdblockWebView: elemHideThread set to null
11-01 08:46:00.531 1869-1889 D/IoThreadClientInvocationHandler: isMainFrame=true for http://m.e1.ru/news/454993
11-01 08:46:00.531 1869-1889 W/AdblockWebView: http://m.e1.ru/news/454993 is main frame, allow loading
11-01 08:46:00.541 1869-1869 E/eglCodecCommon: glUtilsParamSize: unknow param 0x00000b44
11-01 08:46:00.551 1869-1869 E/eglCodecCommon: glUtilsParamSize: unknow param 0x00000bd0
11-01 08:46:00.591 1869-1869 E/eglCodecCommon: **** ERROR unknown type 0x0 (glSizeof,72)
11-01 08:46:01.281 1869-1869 D/AdblockWebView: Loading progress=79%
11-01 08:46:01.281 1869-1869 D/AdblockWebView: Injecting script
11-01 08:46:01.281 1869-1869 D/AdblockWebView: runScript started
11-01 08:46:01.281 1869-1869 D/AdblockWebView: runScript finished
11-01 08:46:01.281 1869-1869 W/AdblockWebView: Start prevent drawing
11-01 08:46:01.371 1869-1954 D/AdblockWebView: addDomListener=false
11-01 08:46:01.391 1869-1889 D/IoThreadClientInvocationHandler: isMainFrame=false for http://m.e1.ru/static/css/styles.css
11-01 08:46:01.391 1869-1889 D/AdblockWebView: Allowed loading http://m.e1.ru/static/css/styles.css
11-01 08:46:01.401 1869-1889 D/IoThreadClientInvocationHandler: isMainFrame=false for http://m.e1.ru/static/css/photoswipe.css
11-01 08:46:01.401 1869-1889 D/AdblockWebView: Allowed loading http://m.e1.ru/static/css/photoswipe.css
11-01 08:46:01.411 1869-1889 D/IoThreadClientInvocationHandler: isMainFrame=false for http://m.e1.ru/static/css/default-skin.css
11-01 08:46:01.411 1869-1889 D/AdblockWebView: Allowed loading http://m.e1.ru/static/css/default-skin.css
11-01 08:46:01.421 1869-1869 D/AdblockWebView: Loading progress=50%
11-01 08:46:01.431 1869-1889 D/IoThreadClientInvocationHandler: isMainFrame=false for http://m.e1.ru/static/js/script.js
11-01 08:46:01.431 1869-1889 D/AdblockWebView: Allowed loading http://m.e1.ru/static/js/script.js
11-01 08:46:01.461 1869-1889 D/IoThreadClientInvocationHandler: isMainFrame=false for http://m.e1.ru/static/js/photoswipe.min.js
11-01 08:46:01.461 1869-1889 D/AdblockWebView: Allowed loading http://m.e1.ru/static/js/photoswipe.min.js
11-01 08:46:01.481 1869-1889 D/IoThreadClientInvocationHandler: isMainFrame=false for http://m.e1.ru/static/js/photoswipe-ui-default.min.js
11-01 08:46:01.481 1869-1889 D/AdblockWebView: Allowed loading http://m.e1.ru/static/js/photoswipe-ui-default.min.js
11-01 08:46:01.501 1869-1889 D/IoThreadClientInvocationHandler: isMainFrame=false for http://reklama.ngs.ru/dohcohT2.js?
11-01 08:46:01.501 1869-1889 W/AdblockWebView: Blocked loading http://reklama.ngs.ru/dohcohT2.js?
11-01 08:46:01.511 1869-1869 D/AdblockWebView: Loading progress=50%
11-01 08:46:02.322 1869-1869 D/AdblockWebView: Loading progress=50%
11-01 08:46:03.492 1869-1869 D/AdblockWebView: Loading progress=50%
11-01 08:46:04.892 1869-1869 D/AdblockWebView: Loading progress=50%
11-01 08:46:05.452 1869-1869 D/AdblockWebView: Loading progress=50%
11-01 08:46:05.902 1869-1869 D/AdblockWebView: Loading progress=50%
11-01 08:46:05.982 1869-1889 D/IoThreadClientInvocationHandler: isMainFrame=false for http://counter.yadro.ru/hit;hsdigital/rn/smi/66/realty?rhttp%3A//m.e1.ru/;s384*592*32;uhttp%3A//m.e1.ru/news/454993;0.40497283916920424
11-01 08:46:05.982 1869-1889 D/AdblockWebView: Allowed loading http://counter.yadro.ru/hit;hsdigital/rn/smi/66/realty?rhttp%3A//m.e1.ru/;s384*592*32;uhttp%3A//m.e1.ru/news/454993;0.40497283916920424
11-01 08:46:06.072 1869-1869 D/AdblockWebView: Loading progress=50%
11-01 08:46:06.072 1869-1889 D/IoThreadClientInvocationHandler: isMainFrame=false for http://counter.yadro.ru/hit;e1_ru?rhttp%3A//m.e1.ru/;s384*592*32;uhttp%3A//m.e1.ru/news/454993;h%u0417%u0430%u0431%u0440%u043E%u0448%u0435%u043D%u043D%u0443%u044E%20%u0433%u043E%u0441%u0442%u0438%u043D%u0438%u0446%u0443%20%u0443%20%u0426%u0438%u0440%u043A%u0430%20%u043D%u0430%u0447%u0430%u043B%u0438%20%u0440%u0435%u043C%u043E%u043D%u0442%u0438%u0440%u043E%u0432%u0430%u0442%u044C%20%u0438%u0437%u043D%u0443%u0442%u0440%u0438;0.5819908906705678
11-01 08:46:06.072 1869-1889 D/AdblockWebView: Allowed loading http://counter.yadro.ru/hit;e1_ru?rhttp%3A//m.e1.ru/;s384*592*32;uhttp%3A//m.e1.ru/news/454993;h%u0417%u0430%u0431%u0440%u043E%u0448%u0435%u043D%u043D%u0443%u044E%20%u0433%u043E%u0441%u0442%u0438%u043D%u0438%u0446%u0443%20%u0443%20%u0426%u0438%u0440%u043A%u0430%20%u043D%u0430%u0447%u0430%u043B%u0438%20%u0440%u0435%u043C%u043E%u043D%u0442%u0438%u0440%u043E%u0432%u0430%u0442%u044C%20%u0438%u0437%u043D%u0443%u0442%u0440%u0438;0.5819908906705678
11-01 08:46:06.122 1869-1889 D/IoThreadClientInvocationHandler: isMainFrame=false for http://reklama.e1.ru/ap-js/?pid=26881&w=100%25&h=90px&asb=403e9ebbede9&sn=back1.core.e1.ru&ru=news&ts=1478004275&avc=11&s=a9a9061fbd2766fe2eafd895f696078f&mobile=1
11-01 08:46:06.122 1869-1889 W/AdblockWebView: Blocked loading http://reklama.e1.ru/ap-js/?pid=26881&w=100%25&h=90px&asb=403e9ebbede9&sn=back1.core.e1.ru&ru=news&ts=1478004275&avc=11&s=a9a9061fbd2766fe2eafd895f696078f&mobile=1
11-01 08:46:06.122 1869-1889 D/IoThreadClientInvocationHandler: isMainFrame=false for http://m.e1.ru/news/images/resize_880/l/new1/454/993/images/DSC_4078.JPG
11-01 08:46:06.122 1869-1889 D/AdblockWebView: Allowed loading http://m.e1.ru/news/images/resize_880/l/new1/454/993/images/DSC_4078.JPG
11-01 08:46:06.132 1869-1889 D/IoThreadClientInvocationHandler: isMainFrame=false for http://m.e1.ru/news/images/resize_880/new1/454/993/images/30603545371_845f291f27_b.jpg
11-01 08:46:06.132 1869-1889 D/AdblockWebView: Allowed loading http://m.e1.ru/news/images/resize_880/new1/454/993/images/30603545371_845f291f27_b.jpg
11-01 08:46:06.142 1869-1889 D/IoThreadClientInvocationHandler: isMainFrame=false for http://m.e1.ru/news/images/resize_880/l/new1/454/993/images/DSC_4059.JPG
11-01 08:46:06.142 1869-1889 D/AdblockWebView: Allowed loading http://m.e1.ru/news/images/resize_880/l/new1/454/993/images/DSC_4059.JPG
11-01 08:46:06.142 1869-1889 D/IoThreadClientInvocationHandler: isMainFrame=false for http://m.e1.ru/news/images/resize_880/l/new1/454/993/images/DSC_4070.JPG
11-01 08:46:06.152 1869-1889 D/AdblockWebView: Allowed loading http://m.e1.ru/news/images/resize_880/l/new1/454/993/images/DSC_4070.JPG
11-01 08:46:06.182 1869-1889 D/IoThreadClientInvocationHandler: isMainFrame=false for http://m.e1.ru/static/js/share42.js
11-01 08:46:06.182 1869-1889 D/AdblockWebView: Allowed loading http://m.e1.ru/static/js/share42.js
11-01 08:46:06.192 1869-1889 D/IoThreadClientInvocationHandler: isMainFrame=false for http://reklama.e1.ru/ap-js/?pid=35043&w=100%25&h=90&asb=33538be8bdac&sn=back1.core.e1.ru&ru=news&ts=1478004262&avc=10&s=0169f11834c1e9de7c5b38155e6bd81e&mobile=1
11-01 08:46:06.192 1869-1889 W/AdblockWebView: Blocked loading http://reklama.e1.ru/ap-js/?pid=35043&w=100%25&h=90&asb=33538be8bdac&sn=back1.core.e1.ru&ru=news&ts=1478004262&avc=10&s=0169f11834c1e9de7c5b38155e6bd81e&mobile=1
11-01 08:46:06.202 1869-1869 D/AdblockWebView: Loading progress=70%
11-01 08:46:06.292 1869-1869 E/eglCodecCommon: glUtilsParamSize: unknow param 0x00000b44
11-01 08:46:06.332 1869-1869 E/eglCodecCommon: glUtilsParamSize: unknow param 0x00000bd0
11-01 08:46:06.332 1869-1869 E/eglCodecCommon: **** ERROR unknown type 0x0 (glSizeof,72)
11-01 08:46:06.512 1869-1889 D/IoThreadClientInvocationHandler: isMainFrame=false for http://www.google-analytics.com/__utm.gif?utmwv=5.6.7&utms=2&utmn=2144620361&utmhn=m.e1.ru&utmcs=UTF-8&utmsr=384x592&utmvp=384x416&utmsc=32-bit&utmul=ru-ru&utmje=1&utmfl=-&utmdt=%D0%97%D0%B0%D0%B1%D1%80%D0%BE%D1%88%D0%B5%D0%BD%D0%BD%D1%83%D1%8E%20%D0%B3%D0%BE%D1%81%D1%82%D0%B8%D0%BD%D0%B8%D1%86%D1%83%20%D1%83%20%D0%A6%D0%B8%D1%80%D0%BA%D0%B0%20%D0%BD%D0%B0%D1%87%D0%B0%D0%BB%D0%B8%20%D1%80%D0%B5%D0%BC%D0%BE%D0%BD%D1%82%D0%B8%D1%80%D0%BE%D0%B2%D0%B0%D1%82%D1%8C%20%D0%B8%D0%B7%D0%BD%D1%83%D1%82%D1%80%D0%B8&utmhid=1603801969&utmr=0&utmp=%2Fnews%2F454993&utmht=1478004366473&utmac=UA-3975627-1&utmcc=__utma%3D224280135.612150864.1478004335.1478004335.1478004335.1%3B%2B__utmz%3D224280135.1478004335.1.1.utmcsr%3D(direct)%7Cutmccn%3D(direct)%7Cutmcmd%3D(none)%3B&utmjid=&utmu=qAEAAAAAAAAAAAAAAAAAAAAE~
11-01 08:46:06.522 1869-1889 D/AdblockWebView: Allowed loading http://www.google-analytics.com/__utm.gif?utmwv=5.6.7&utms=2&utmn=2144620361&utmhn=m.e1.ru&utmcs=UTF-8&utmsr=384x592&utmvp=384x416&utmsc=32-bit&utmul=ru-ru&utmje=1&utmfl=-&utmdt=%D0%97%D0%B0%D0%B1%D1%80%D0%BE%D1%88%D0%B5%D0%BD%D0%BD%D1%83%D1%8E%20%D0%B3%D0%BE%D1%81%D1%82%D0%B8%D0%BD%D0%B8%D1%86%D1%83%20%D1%83%20%D0%A6%D0%B8%D1%80%D0%BA%D0%B0%20%D0%BD%D0%B0%D1%87%D0%B0%D0%BB%D0%B8%20%D1%80%D0%B5%D0%BC%D0%BE%D0%BD%D1%82%D0%B8%D1%80%D0%BE%D0%B2%D0%B0%D1%82%D1%8C%20%D0%B8%D0%B7%D0%BD%D1%83%D1%82%D1%80%D0%B8&utmhid=1603801969&utmr=0&utmp=%2Fnews%2F454993&utmht=1478004366473&utmac=UA-3975627-1&utmcc=__utma%3D224280135.612150864.1478004335.1478004335.1478004335.1%3B%2B__utmz%3D224280135.1478004335.1.1.utmcsr%3D(direct)%7Cutmccn%3D(direct)%7Cutmcmd%3D(none)%3B&utmjid=&utmu=qAEAAAAAAAAAAAAAAAAAAAAE~
11-01 08:46:06.562 1869-1869 W/AdblockWebView: Prevent drawing
11-01 08:46:06.692 1869-1889 D/IoThreadClientInvocationHandler: isMainFrame=false for https://mc.yandex.ru/watch/6874273?wmode=5&callback=_ymjsp567570538&page-ref=http%3A%2F%2Fm.e1.ru%2F&page-url=http%3A%2F%2Fm.e1.ru%2Fnews%2F454993&browser-info=j%3A1%3As%3A384x592x32%3Ask%3A2%3Aadb%3A1%3Afpr%3A216613626101%3Acn%3A1%3Aw%3A384x416%3Az%3A-240%3Ai%3A20161101084606%3Aet%3A1478004367%3Aen%3Autf-8%3Av%3A729%3Ac%3A1%3Ala%3Aru-ru%3Apv%3A1%3Arn%3A876365369%3Ahid%3A989759529%3Ads%3A0%2C0%2C733%2C17%2C0%2C0%2C%2C%2C%2C%2C%2C%2C%3Ast%3A1478004367%3Au%3A1478004342381710404%3At%3A%D0%97%D0%B0%D0%B1%D1%80%D0%BE%D1%88%D0%B5%D0%BD%D0%BD%D1%83%D1%8E%20%D0%B3%D0%BE%D1%81%D1%82%D0%B8%D0%BD%D0%B8%D1%86%D1%83%20%D1%83%20%D0%A6%D0%B8%D1%80%D0%BA%D0%B0%20%D0%BD%D0%B0%D1%87%D0%B0%D0%BB%D0%B8%20%D1%80%D0%B5%D0%BC%D0%BE%D0%BD%D1%82%D0%B8%D1%80%D0%BE%D0%B2%D0%B0%D1%82%D1%8C%20%D0%B8%D0%B7%D0%BD%D1%83%D1%82%D1%80%D0%B8
11-01 08:46:06.692 1869-1889 D/AdblockWebView: Allowed loading https://mc.yandex.ru/watch/6874273?wmode=5&callback=_ymjsp567570538&page-ref=http%3A%2F%2Fm.e1.ru%2F&page-url=http%3A%2F%2Fm.e1.ru%2Fnews%2F454993&browser-info=j%3A1%3As%3A384x592x32%3Ask%3A2%3Aadb%3A1%3Afpr%3A216613626101%3Acn%3A1%3Aw%3A384x416%3Az%3A-240%3Ai%3A20161101084606%3Aet%3A1478004367%3Aen%3Autf-8%3Av%3A729%3Ac%3A1%3Ala%3Aru-ru%3Apv%3A1%3Arn%3A876365369%3Ahid%3A989759529%3Ads%3A0%2C0%2C733%2C17%2C0%2C0%2C%2C%2C%2C%2C%2C%2C%3Ast%3A1478004367%3Au%3A1478004342381710404%3At%3A%D0%97%D0%B0%D0%B1%D1%80%D0%BE%D1%88%D0%B5%D0%BD%D0%BD%D1%83%D1%8E%20%D0%B3%D0%BE%D1%81%D1%82%D0%B8%D0%BD%D0%B8%D1%86%D1%83%20%D1%83%20%D0%A6%D0%B8%D1%80%D0%BA%D0%B0%20%D0%BD%D0%B0%D1%87%D0%B0%D0%BB%D0%B8%20%D1%80%D0%B5%D0%BC%D0%BE%D0%BD%D1%82%D0%B8%D1%80%D0%BE%D0%B2%D0%B0%D1%82%D1%8C%20%D0%B8%D0%B7%D0%BD%D1%83%D1%82%D1%80%D0%B8
11-01 08:46:06.712 1869-1889 D/IoThreadClientInvocationHandler: isMainFrame=false for http://www.tns-counter.ru/V13a***R%3Ehttp://m.e1.ru/*hfs_ru/ru/UTF-8/tmsec=e1_news/76320137
11-01 08:46:06.712 1869-1889 D/AdblockWebView: Allowed loading http://www.tns-counter.ru/V13a***R%3Ehttp://m.e1.ru/*hfs_ru/ru/UTF-8/tmsec=e1_news/76320137
11-01 08:46:06.732 1869-1869 D/AdblockWebView: Loading progress=71%
11-01 08:46:06.932 1869-1869 D/AdblockWebView: Loading progress=74%
11-01 08:46:06.952 1869-1869 W/AdblockWebView: Prevent drawing
11-01 08:46:06.992 1869-1869 D/AdblockWebView: Loading progress=77%
11-01 08:46:07.022 1869-1869 D/AdblockWebView: JS: level=LOG, message="onreadystatechange() event fired (interactive)", sourceId="", line=43
11-01 08:46:07.022 1869-1869 I/chromium: [INFO:CONSOLE(43)] "onreadystatechange() event fired (interactive)", source: (43)
11-01 08:46:07.042 1869-1869 D/AdblockWebView: JS: level=LOG, message="starting injecting css rules", sourceId="", line=12
11-01 08:46:07.042 1869-1869 I/chromium: [INFO:CONSOLE(12)] "starting injecting css rules", source: (12)
11-01 08:46:07.052 1869-1954 D/AdblockWebView: Waiting for elemhide selectors to be ready
11-01 08:46:07.062 1869-1954 D/AdblockWebView: Elemhide selectors ready, 319789 bytes
11-01 08:46:07.062 1869-1954 D/AdblockWebView: Clearing referrers
11-01 08:46:07.082 1869-1869 D/AdblockWebView: JS: level=LOG, message="parsed selectors: 17642", sourceId="", line=14
11-01 08:46:07.082 1869-1869 I/chromium: [INFO:CONSOLE(14)] "parsed selectors: 17642", source: (14)
11-01 08:46:07.102 1869-1869 W/AdblockWebView: Prevent drawing
11-01 08:46:07.122 1869-1869 W/AdblockWebView: Prevent drawing
11-01 08:46:07.142 1869-1869 W/AdblockWebView: Prevent drawing
11-01 08:46:07.172 1869-1869 W/AdblockWebView: Prevent drawing
11-01 08:46:07.202 1869-1869 W/AdblockWebView: Prevent drawing
11-01 08:46:07.392 1869-1869 W/AdblockWebView: Prevent drawing
11-01 08:46:07.422 1869-1869 W/AdblockWebView: Prevent drawing
11-01 08:46:07.552 1869-1869 W/AdblockWebView: Prevent drawing
11-01 08:46:07.692 1869-1869 D/AdblockWebView: JS: level=LOG, message="finished injecting css rules", sourceId="", line=30
11-01 08:46:07.692 1869-1869 I/chromium: [INFO:CONSOLE(30)] "finished injecting css rules", source: (30)
11-01 08:46:07.692 1869-1869 D/AdblockWebView: Stop prevent drawing, invalidating
11-01 08:46:07.692 1869-1869 D/AdblockWebView: JS: level=LOG, message="DOMContentLoaded() event fired", sourceId="", line=60
11-01 08:46:07.752 1869-1869 I/chromium: [INFO:CONSOLE(60)] "DOMContentLoaded() event fired", source: (60)
11-01 08:46:07.752 1869-1869 E/eglCodecCommon: glUtilsParamSize: unknow param 0x00000b44
11-01 08:46:07.752 1869-1869 E/eglCodecCommon: glUtilsParamSize: unknow param 0x00000bd0
11-01 08:46:07.832 1869-1869 E/eglCodecCommon: **** ERROR unknown type 0x0 (glSizeof,72)
11-01 08:46:07.852 1869-1869 D/AdblockWebView: JS: level=LOG, message="already hidden, exiting", sourceId="", line=6
11-01 08:46:07.852 1869-1869 I/chromium: [INFO:CONSOLE(6)] "already hidden, exiting", source: (6)
11-01 08:46:08.042 1869-1869 D/AdblockWebView: JS: level=ERROR, message="Uncaught TypeError: Cannot call method 'removeItem' of null", sourceId="http://m.e1.ru/static/js/script.js", line=1293
11-01 08:46:08.042 1869-1869 I/chromium: [INFO:CONSOLE(1293)] "Uncaught TypeError: Cannot call method 'removeItem' of null", source: http://m.e1.ru/static/js/script.js (1293)
11-01 08:46:08.052 1869-1869 D/AdblockWebView: Loading progress=78%
11-01 08:46:08.062 1869-1889 D/IoThreadClientInvocationHandler: isMainFrame=false for https://tt.onthe.io/?k[]=12632:pageviews_instant[depth:2,url:%2Fnews%2F454993,browser:Chrome,referrer:direct,device:smart%20(Android),lifetime:0,browser_version:Chrome%204,user_type:,returned:new,domain:m.e1.ru,sp:%2F,cdn_version:2]&s=68f457b8f20b25b1405898689b08349c&1478004368067
11-01 08:46:08.062 1869-1889 D/AdblockWebView: Allowed loading https://tt.onthe.io/?k[]=12632:pageviews_instant[depth:2,url:%2Fnews%2F454993,browser:Chrome,referrer:direct,device:smart%20(Android),lifetime:0,browser_version:Chrome%204,user_type:,returned:new,domain:m.e1.ru,sp:%2F,cdn_version:2]&s=68f457b8f20b25b1405898689b08349c&1478004368067
11-01 08:46:08.162 1869-1869 E/eglCodecCommon: glUtilsParamSize: unknow param 0x00000b44
11-01 08:46:08.162 1869-1869 E/eglCodecCommon: glUtilsParamSize: unknow param 0x00000bd0
11-01 08:46:08.162 1869-1869 E/eglCodecCommon: **** ERROR unknown type 0x0 (glSizeof,72)
11-01 08:46:08.252 1869-1869 D/AdblockWebView: Loading progress=83%
11-01 08:46:08.352 1869-1869 E/eglCodecCommon: glUtilsParamSize: unknow param 0x00000b44
11-01 08:46:08.352 1869-1869 E/eglCodecCommon: glUtilsParamSize: unknow param 0x00000bd0
11-01 08:46:08.462 1869-1869 E/eglCodecCommon: **** ERROR unknown type 0x0 (glSizeof,72)
11-01 08:46:08.462 1869-1869 D/AdblockWebView: Loading progress=85%
11-01 08:46:08.592 1869-1869 D/AdblockWebView: Loading progress=86%
11-01 08:46:08.622 1869-1869 E/eglCodecCommon: glUtilsParamSize: unknow param 0x00000b44
11-01 08:46:08.622 1869-1869 E/eglCodecCommon: glUtilsParamSize: unknow param 0x00000bd0
11-01 08:46:08.712 1869-1869 E/eglCodecCommon: **** ERROR unknown type 0x0 (glSizeof,72)
11-01 08:46:08.722 1869-1869 D/AdblockWebView: Loading progress=87%
11-01 08:46:08.762 1869-1869 E/eglCodecCommon: glUtilsParamSize: unknow param 0x00000b44
11-01 08:46:08.762 1869-1869 E/eglCodecCommon: glUtilsParamSize: unknow param 0x00000bd0
11-01 08:46:08.792 1869-1869 E/eglCodecCommon: **** ERROR unknown type 0x0 (glSizeof,72)
11-01 08:46:08.822 1869-1869 E/eglCodecCommon: glUtilsParamSize: unknow param 0x00000b44
11-01 08:46:08.822 1869-1869 E/eglCodecCommon: glUtilsParamSize: unknow param 0x00000bd0
11-01 08:46:08.912 1869-1869 E/eglCodecCommon: **** ERROR unknown type 0x0 (glSizeof,72)
11-01 08:46:08.932 1869-1869 D/AdblockWebView: Loading progress=87%
11-01 08:46:08.942 1869-1869 D/AdblockWebView: JS: level=LOG, message="onreadystatechange() event fired (complete)", sourceId="", line=43
11-01 08:46:08.942 1869-1869 I/chromium: [INFO:CONSOLE(43)] "onreadystatechange() event fired (complete)", source: (43)
11-01 08:46:08.942 1869-1869 D/AdblockWebView: JS: level=LOG, message="load() event fired", sourceId="", line=53
11-01 08:46:08.942 1869-1869 I/chromium: [INFO:CONSOLE(53)] "load() event fired", source: (53)
11-01 08:46:08.992 1869-1869 D/AdblockWebView: JS: level=LOG, message="already hidden, exiting", sourceId="", line=6
11-01 08:46:08.992 1869-1869 I/chromium: [INFO:CONSOLE(6)] "already hidden, exiting", source: (6)
11-01 08:46:08.992 1869-1869 D/AdblockWebView: Loading progress=100%
11-01 08:46:09.012 1869-1889 D/IoThreadClientInvocationHandler: isMainFrame=false for http://m.e1.ru/favicon_e1.ico
11-01 08:46:09.012 1869-1889 D/AdblockWebView: Allowed loading http://m.e1.ru/favicon_e1.ico
11-01 08:46:09.022 1869-1869 E/eglCodecCommon: glUtilsParamSize: unknow param 0x00000b44
11-01 08:46:09.042 1869-1869 E/eglCodecCommon: glUtilsParamSize: unknow param 0x00000bd0
11-01 08:46:09.062 1869-1869 E/eglCodecCommon: **** ERROR unknown type 0x0 (glSizeof,72)
11-01 08:46:09.122 1869-1869 E/eglCodecCommon: glUtilsParamSize: unknow param 0x00000b44
11-01 08:46:09.122 1869-1869 E/eglCodecCommon: glUtilsParamSize: unknow param 0x00000bd0
11-01 08:46:09.152 1869-1869 E/eglCodecCommon: **** ERROR unknown type 0x0 (glSizeof,72)
11-01 08:46:09.972 1869-1869 E/eglCodecCommon: glUtilsParamSize: unknow param 0x00000b44
11-01 08:46:09.972 1869-1869 E/eglCodecCommon: glUtilsParamSize: unknow param 0x00000bd0
11-01 08:46:10.002 1869-1869 E/eglCodecCommon: **** ERROR unknown type 0x0 (glSizeof,72)
11-01 08:46:10.032 1869-1869 E/eglCodecCommon: glUtilsParamSize: unknow param 0x00000b44
11-01 08:46:10.032 1869-1869 E/eglCodecCommon: glUtilsParamSize: unknow param 0x00000bd0
11-01 08:46:10.162 1869-1869 E/eglCodecCommon: **** ERROR unknown type 0x0 (glSizeof,72)
11-01 08:46:10.192 1869-1869 E/eglCodecCommon: glUtilsParamSize: unknow param 0x00000b44
11-01 08:46:10.192 1869-1869 E/eglCodecCommon: glUtilsParamSize: unknow param 0x00000bd0
11-01 08:46:10.202 1869-1869 E/eglCodecCommon: **** ERROR unknown type 0x0 (glSizeof,72)
11-01 08:46:10.232 1869-1869 E/eglCodecCommon: glUtilsParamSize: unknow param 0x00000b44
11-01 08:46:10.232 1869-1869 E/eglCodecCommon: glUtilsParamSize: unknow param 0x00000bd0
11-01 08:46:10.262 1869-1889 D/IoThreadClientInvocationHandler: isMainFrame=false for https://tt.onthe.io/?k[]=12632:pageviews_info[url:/news/spool/news_id-news.html,browser:Chrome,referrer:direct,device:smart%20(Android),lifetime:0,browser_version:Chrome%204,user_type:,returned:new,domain:m.e1.ru,sp:%2F,cdn_version:2,page:%D0%97%D0%B0%D0%B1%D1%80%D0%BE%D1%88%D0%B5%D0%BD%D0%BD%D1%83%D1%8E%20%D0%B3%D0%BE%D1%81%D1%82%D0%B8%D0%BD%D0%B8%D1%86%D1%83%20%D1%83%20%D0%A6%D0%B8%D1%80%D0%BA%D0%B0%20%D0%BD%D0%B0%D1%87%D0%B0%D0%BB%D0%B8%20%D1%80%D0%B5%D0%BC%D0%BE%D0%BD%D1%82%D0%B8%D1%80%D0%BE%D0%B2%D0%B0%D1%82%D1%8C%20%D0%B8%D0%B7%D0%BD%D1%83%D1%82%D1%80%D0%B8]&s=68f457b8f20b25b1405898689b08349c&1478004370256
11-01 08:46:10.262 1869-1889 D/AdblockWebView: Allowed loading https://tt.onthe.io/?k[]=12632:pageviews_info[url:/news/spool/news_id-news.html,browser:Chrome,referrer:direct,device:smart%20(Android),lifetime:0,browser_version:Chrome%204,user_type:,returned:new,domain:m.e1.ru,sp:%2F,cdn_version:2,page:%D0%97%D0%B0%D0%B1%D1%80%D0%BE%D1%88%D0%B5%D0%BD%D0%BD%D1%83%D1%8E%20%D0%B3%D0%BE%D1%81%D1%82%D0%B8%D0%BD%D0%B8%D1%86%D1%83%20%D1%83%20%D0%A6%D0%B8%D1%80%D0%BA%D0%B0%20%D0%BD%D0%B0%D1%87%D0%B0%D0%BB%D0%B8%20%D1%80%D0%B5%D0%BC%D0%BE%D0%BD%D1%82%D0%B8%D1%80%D0%BE%D0%B2%D0%B0%D1%82%D1%8C%20%D0%B8%D0%B7%D0%BD%D1%83%D1%82%D1%80%D0%B8]&s=68f457b8f20b25b1405898689b08349c&1478004370256
11-01 08:46:10.302 1869-1869 E/eglCodecCommon: **** ERROR unknown type 0x0 (glSizeof,72)
11-01 08:46:10.312 1869-1869 E/eglCodecCommon: glUtilsParamSize: unknow param 0x00000b44
11-01 08:46:10.322 1869-1869 E/eglCodecCommon: glUtilsParamSize: unknow param 0x00000bd0
11-01 08:46:10.362 1869-1869 E/eglCodecCommon: **** ERROR unknown type 0x0 (glSizeof,72)
11-01 08:46:10.382 1869-1869 E/eglCodecCommon: glUtilsParamSize: unknow param 0x00000b44
11-01 08:46:10.392 1869-1869 E/eglCodecCommon: glUtilsParamSize: unknow param 0x00000bd0
11-01 08:46:10.422 1869-1869 E/eglCodecCommon: **** ERROR unknown type 0x0 (glSizeof,72)
11-01 08:46:10.472 1869-1869 E/eglCodecCommon: glUtilsParamSize: unknow param 0x00000b44
11-01 08:46:10.472 1869-1869 E/eglCodecCommon: glUtilsParamSize: unknow param 0x00000bd0
11-01 08:46:10.522 1869-1869 E/eglCodecCommon: **** ERROR unknown type 0x0 (glSizeof,72)
11-01 08:46:10.632 1869-1869 E/eglCodecCommon: glUtilsParamSize: unknow param 0x00000b44
11-01 08:46:10.642 1869-1869 E/eglCodecCommon: glUtilsParamSize: unknow param 0x00000bd0
11-01 08:46:10.662 1869-1869 E/eglCodecCommon: **** ERROR unknown type 0x0 (glSizeof,72)
11-01 08:46:10.672 1869-1869 E/eglCodecCommon: glUtilsParamSize: unknow param 0x00000b44
11-01 08:46:10.672 1869-1869 E/eglCodecCommon: glUtilsParamSize: unknow param 0x00000bd0
11-01 08:46:10.702 1869-1869 E/eglCodecCommon: **** ERROR unknown type 0x0 (glSizeof,72)
11-01 08:46:10.722 1869-1869 E/eglCodecCommon: glUtilsParamSize: unknow param 0x00000b44
11-01 08:46:10.722 1869-1869 E/eglCodecCommon: glUtilsParamSize: unknow param 0x00000bd0
11-01 08:46:10.762 1869-1869 E/eglCodecCommon: **** ERROR unknown type 0x0 (glSizeof,72)
11-01 08:46:10.822 1869-1869 E/eglCodecCommon: glUtilsParamSize: unknow param 0x00000b44
11-01 08:46:10.822 1869-1869 E/eglCodecCommon: glUtilsParamSize: unknow param 0x00000bd0
11-01 08:46:10.862 1869-1869 E/eglCodecCommon: **** ERROR unknown type 0x0 (glSizeof,72)
11-01 08:46:10.872 1869-1869 E/eglCodecCommon: glUtilsParamSize: unknow param 0x00000b44
11-01 08:46:10.872 1869-1869 E/eglCodecCommon: glUtilsParamSize: unknow param 0x00000bd0
11-01 08:46:10.902 1869-1869 E/eglCodecCommon: **** ERROR unknown type 0x0 (glSizeof,72)
11-01 08:46:10.922 1869-1869 E/eglCodecCommon: glUtilsParamSize: unknow param 0x00000b44
11-01 08:46:10.932 1869-1869 E/eglCodecCommon: glUtilsParamSize: unknow param 0x00000bd0
11-01 08:46:10.962 1869-1869 E/eglCodecCommon: **** ERROR unknown type 0x0 (glSizeof,72)
11-01 08:46:10.992 1869-1869 E/eglCodecCommon: glUtilsParamSize: unknow param 0x00000b44
11-01 08:46:10.992 1869-1869 E/eglCodecCommon: glUtilsParamSize: unknow param 0x00000bd0
11-01 08:46:11.032 1869-1869 E/eglCodecCommon: **** ERROR unknown type 0x0 (glSizeof,72)
11-01 08:46:11.072 1869-1869 E/eglCodecCommon: glUtilsParamSize: unknow param 0x00000b44
11-01 08:46:11.072 1869-1869 E/eglCodecCommon: glUtilsParamSize: unknow param 0x00000bd0
11-01 08:46:11.102 1869-1869 E/eglCodecCommon: **** ERROR unknown type 0x0 (glSizeof,72)
11-01 08:46:11.112 1869-1869 E/eglCodecCommon: glUtilsParamSize: unknow param 0x00000b44
11-01 08:46:11.112 1869-1869 E/eglCodecCommon: glUtilsParamSize: unknow param 0x00000bd0
11-01 08:46:11.152 1869-1869 E/eglCodecCommon: **** ERROR unknown type 0x0 (glSizeof,72)
11-01 08:46:11.162 1869-1869 E/eglCodecCommon: glUtilsParamSize: unknow param 0x00000b44
11-01 08:46:11.192 1869-1869 E/eglCodecCommon: glUtilsParamSize: unknow param 0x00000bd0
11-01 08:46:11.222 1869-1869 E/eglCodecCommon: **** ERROR unknown type 0x0 (glSizeof,72)
11-01 08:46:11.232 1869-1869 E/eglCodecCommon: glUtilsParamSize: unknow param 0x00000b44
11-01 08:46:11.232 1869-1869 E/eglCodecCommon: glUtilsParamSize: unknow param 0x00000bd0
11-01 08:46:11.272 1869-1869 E/eglCodecCommon: **** ERROR unknown type 0x0 (glSizeof,72)
11-01 08:46:11.852 1869-1869 E/eglCodecCommon: glUtilsParamSize: unknow param 0x00000b44
11-01 08:46:11.862 1869-1869 E/eglCodecCommon: glUtilsParamSize: unknow param 0x00000bd0
11-01 08:46:11.892 1869-1869 E/eglCodecCommon: **** ERROR unknown type 0x0 (glSizeof,72)
11-01 08:46:11.912 1869-1869 E/eglCodecCommon: glUtilsParamSize: unknow param 0x00000b44
11-01 08:46:11.912 1869-1869 E/eglCodecCommon: glUtilsParamSize: unknow param 0x00000bd0
11-01 08:46:11.942 1869-1869 E/eglCodecCommon: **** ERROR unknown type 0x0 (glSizeof,72)
11-01 08:46:11.972 1869-1869 E/eglCodecCommon: glUtilsParamSize: unknow param 0x00000b44
11-01 08:46:11.972 1869-1869 E/eglCodecCommon: glUtilsParamSize: unknow param 0x00000bd0
11-01 08:46:11.992 1869-1869 E/eglCodecCommon: **** ERROR unknown type 0x0 (glSizeof,72)
11-01 08:46:12.282 1869-1869 E/eglCodecCommon: glUtilsParamSize: unknow param 0x00000b44
11-01 08:46:12.292 1869-1869 E/eglCodecCommon: glUtilsParamSize: unknow param 0x00000bd0
11-01 08:46:12.322 1869-1869 E/eglCodecCommon: **** ERROR unknown type 0x0 (glSizeof,72)
11-01 08:46:12.332 1869-1869 E/eglCodecCommon: glUtilsParamSize: unknow param 0x00000b44
11-01 08:46:12.342 1869-1869 E/eglCodecCommon: glUtilsParamSize: unknow param 0x00000bd0
11-01 08:46:12.372 1869-1869 E/eglCodecCommon: **** ERROR unknown type 0x0 (glSizeof,72)
11-01 08:46:12.672 1869-1869 E/eglCodecCommon: glUtilsParamSize: unknow param 0x00000b44
11-01 08:46:12.682 1869-1869 E/eglCodecCommon: glUtilsParamSize: unknow param 0x00000bd0
11-01 08:46:12.702 1869-1869 E/eglCodecCommon: **** ERROR unknown type 0x0 (glSizeof,72)
11-01 08:46:12.712 1869-1869 E/eglCodecCommon: glUtilsParamSize: unknow param 0x00000b44
11-01 08:46:12.722 1869-1869 E/eglCodecCommon: glUtilsParamSize: unknow param 0x00000bd0
11-01 08:46:12.752 1869-1869 E/eglCodecCommon: **** ERROR unknown type 0x0 (glSizeof,72)
11-01 08:46:12.782 1869-1869 E/eglCodecCommon: glUtilsParamSize: unknow param 0x00000b44
11-01 08:46:12.782 1869-1869 E/eglCodecCommon: glUtilsParamSize: unknow param 0x00000bd0
11-01 08:46:12.802 1869-1869 E/eglCodecCommon: **** ERROR unknown type 0x0 (glSizeof,72)
11-01 08:46:12.842 1869-1869 E/eglCodecCommon: glUtilsParamSize: unknow param 0x00000b44
11-01 08:46:12.842 1869-1869 E/eglCodecCommon: glUtilsParamSize: unknow param 0x00000bd0
11-01 08:46:12.872 1869-1869 E/eglCodecCommon: **** ERROR unknown type 0x0 (glSizeof,72)
11-01 08:46:12.882 1869-1869 E/eglCodecCommon: glUtilsParamSize: unknow param 0x00000b44
11-01 08:46:12.882 1869-1869 E/eglCodecCommon: glUtilsParamSize: unknow param 0x00000bd0
11-01 08:46:12.922 1869-1869 E/eglCodecCommon: **** ERROR unknown type 0x0 (glSizeof,72)
11-01 08:46:13.222 1869-1869 E/eglCodecCommon: glUtilsParamSize: unknow param 0x00000b44
11-01 08:46:13.232 1869-1869 E/eglCodecCommon: glUtilsParamSize: unknow param 0x00000bd0
11-01 08:46:13.252 1869-1869 E/eglCodecCommon: **** ERROR unknown type 0x0 (glSizeof,72)
11-01 08:46:13.272 1869-1869 E/eglCodecCommon: glUtilsParamSize: unknow param 0x00000b44
11-01 08:46:13.272 1869-1869 E/eglCodecCommon: glUtilsParamSize: unknow param 0x00000bd0
11-01 08:46:13.312 1869-1869 E/eglCodecCommon: **** ERROR unknown type 0x0 (glSizeof,72)
11-01 08:46:13.322 1869-1869 E/eglCodecCommon: glUtilsParamSize: unknow param 0x00000b44
11-01 08:46:13.332 1869-1869 E/eglCodecCommon: glUtilsParamSize: unknow param 0x00000bd0
11-01 08:46:13.352 1869-1869 E/eglCodecCommon: **** ERROR unknown type 0x0 (glSizeof,72)
11-01 08:46:13.372 1869-1869 E/eglCodecCommon: glUtilsParamSize: unknow param 0x00000b44
11-01 08:46:13.372 1869-1869 E/eglCodecCommon: glUtilsParamSize: unknow param 0x00000bd0
11-01 08:46:13.412 1869-1869 E/eglCodecCommon: **** ERROR unknown type 0x0 (glSizeof,72)
11-01 08:46:13.422 1869-1869 E/eglCodecCommon: glUtilsParamSize: unknow param 0x00000b44
11-01 08:46:13.422 1869-1869 E/eglCodecCommon: glUtilsParamSize: unknow param 0x00000bd0
11-01 08:46:13.462 1869-1869 E/eglCodecCommon: **** ERROR unknown type 0x0 (glSizeof,72)
11-01 08:46:13.502 1869-1869 E/eglCodecCommon: glUtilsParamSize: unknow param 0x00000b44
11-01 08:46:13.502 1869-1869 E/eglCodecCommon: glUtilsParamSize: unknow param 0x00000bd0
11-01 08:46:13.532 1869-1869 E/eglCodecCommon: **** ERROR unknown type 0x0 (glSizeof,72)
11-01 08:46:13.582 1869-1869 E/eglCodecCommon: glUtilsParamSize: unknow param 0x00000b44
11-01 08:46:13.592 1869-1869 E/eglCodecCommon: glUtilsParamSize: unknow param 0x00000bd0
11-01 08:46:13.612 1869-1869 E/eglCodecCommon: **** ERROR unknown type 0x0 (glSizeof,72)
11-01 08:46:13.632 1869-1869 E/eglCodecCommon: glUtilsParamSize: unknow param 0x00000b44
11-01 08:46:13.642 1869-1869 E/eglCodecCommon: glUtilsParamSize: unknow param 0x00000bd0
11-01 08:46:13.662 1869-1869 E/eglCodecCommon: **** ERROR unknown type 0x0 (glSizeof,72)
11-01 08:46:13.692 1869-1869 E/eglCodecCommon: glUtilsParamSize: unknow param 0x00000b44
11-01 08:46:13.692 1869-1869 E/eglCodecCommon: glUtilsParamSize: unknow param 0x00000bd0
11-01 08:46:13.722 1869-1869 E/eglCodecCommon: **** ERROR unknown type 0x0 (glSizeof,72)
11-01 08:46:14.422 1869-1869 E/eglCodecCommon: glUtilsParamSize: unknow param 0x00000b44
11-01 08:46:14.432 1869-1869 E/eglCodecCommon: glUtilsParamSize: unknow param 0x00000bd0
11-01 08:46:14.462 1869-1869 E/eglCodecCommon: **** ERROR unknown type 0x0 (glSizeof,72)
11-01 08:46:14.482 1869-1869 E/eglCodecCommon: glUtilsParamSize: unknow param 0x00000b44
11-01 08:46:14.492 1869-1869 E/eglCodecCommon: glUtilsParamSize: unknow param 0x00000bd0
11-01 08:46:14.522 1869-1869 E/eglCodecCommon: **** ERROR unknown type 0x0 (glSizeof,72)
11-01 08:46:14.552 1869-1869 E/eglCodecCommon: glUtilsParamSize: unknow param 0x00000b44
11-01 08:46:14.552 1869-1869 E/eglCodecCommon: glUtilsParamSize: unknow param 0x00000bd0
11-01 08:46:14.602 1869-1869 E/eglCodecCommon: **** ERROR unknown type 0x0 (glSizeof,72)
11-01 08:46:14.622 1869-1869 E/eglCodecCommon: glUtilsParamSize: unknow param 0x00000b44
11-01 08:46:14.642 1869-1869 E/eglCodecCommon: glUtilsParamSize: unknow param 0x00000bd0
11-01 08:46:14.772 1869-1869 E/eglCodecCommon: **** ERROR unknown type 0x0 (glSizeof,72)
11-01 08:46:14.812 1869-1869 E/eglCodecCommon: glUtilsParamSize: unknow param 0x00000b44
11-01 08:46:14.812 1869-1869 E/eglCodecCommon: glUtilsParamSize: unknow param 0x00000bd0
11-01 08:46:14.832 1869-1869 E/eglCodecCommon: **** ERROR unknown type 0x0 (glSizeof,72)
11-01 08:46:14.862 1869-1869 E/eglCodecCommon: glUtilsParamSize: unknow param 0x00000b44
11-01 08:46:14.862 1869-1869 E/eglCodecCommon: glUtilsParamSize: unknow param 0x00000bd0
11-01 08:46:14.902 1869-1869 E/eglCodecCommon: **** ERROR unknown type 0x0 (glSizeof,72)
11-01 08:46:14.922 1869-1869 E/eglCodecCommon: glUtilsParamSize: unknow param 0x00000b44
11-01 08:46:14.922 1869-1869 E/eglCodecCommon: glUtilsParamSize: unknow param 0x00000bd0
11-01 08:46:14.952 1869-1869 E/eglCodecCommon: **** ERROR unknown type 0x0 (glSizeof,72)
11-01 08:46:14.972 1869-1869 E/eglCodecCommon: glUtilsParamSize: unknow param 0x00000b44
11-01 08:46:14.972 1869-1869 E/eglCodecCommon: glUtilsParamSize: unknow param 0x00000bd0
11-01 08:46:15.012 1869-1869 E/eglCodecCommon: **** ERROR unknown type 0x0 (glSizeof,72)
11-01 08:46:15.032 1869-1869 E/eglCodecCommon: glUtilsParamSize: unknow param 0x00000b44
11-01 08:46:15.032 1869-1869 E/eglCodecCommon: glUtilsParamSize: unknow param 0x00000bd0
11-01 08:46:15.062 1869-1869 E/eglCodecCommon: **** ERROR unknown type 0x0 (glSizeof,72)
11-01 08:46:15.092 1869-1869 E/eglCodecCommon: glUtilsParamSize: unknow param 0x00000b44
11-01 08:46:15.102 1869-1869 E/eglCodecCommon: glUtilsParamSize: unknow param 0x00000bd0
11-01 08:46:15.152 1869-1869 E/eglCodecCommon: **** ERROR unknown type 0x0 (glSizeof,72)
11-01 08:46:15.302 1869-1869 E/eglCodecCommon: glUtilsParamSize: unknow param 0x00000b44
11-01 08:46:15.312 1869-1869 E/eglCodecCommon: glUtilsParamSize: unknow param 0x00000bd0
11-01 08:46:15.332 1869-1869 E/eglCodecCommon: **** ERROR unknown type 0x0 (glSizeof,72)
11-01 08:46:15.342 1869-1869 E/eglCodecCommon: glUtilsParamSize: unknow param 0x00000b44
11-01 08:46:15.352 1869-1869 E/eglCodecCommon: glUtilsParamSize: unknow param 0x00000bd0
11-01 08:46:15.362 1869-1869 E/eglCodecCommon: **** ERROR unknown type 0x0 (glSizeof,72)
11-01 08:46:15.372 1869-1869 E/eglCodecCommon: glUtilsParamSize: unknow param 0x00000b44
11-01 08:46:15.382 1869-1869 E/eglCodecCommon: glUtilsParamSize: unknow param 0x00000bd0
11-01 08:46:15.402 1869-1869 E/eglCodecCommon: **** ERROR unknown type 0x0 (glSizeof,72)
11-01 08:46:15.402 1869-1869 E/eglCodecCommon: glUtilsParamSize: unknow param 0x00000b44
11-01 08:46:15.402 1869-1869 E/eglCodecCommon: glUtilsParamSize: unknow param 0x00000bd0
11-01 08:46:15.432 1869-1869 E/eglCodecCommon: **** ERROR unknown type 0x0 (glSizeof,72)
11-01 08:46:15.442 1869-1869 E/eglCodecCommon: glUtilsParamSize: unknow param 0x00000b44
11-01 08:46:15.442 1869-1869 E/eglCodecCommon: glUtilsParamSize: unknow param 0x00000bd0
11-01 08:46:15.472 1869-1869 E/eglCodecCommon: **** ERROR unknown type 0x0 (glSizeof,72)
11-01 08:46:15.482 1869-1869 E/eglCodecCommon: glUtilsParamSize: unknow param 0x00000b44
11-01 08:46:15.482 1869-1869 E/eglCodecCommon: glUtilsParamSize: unknow param 0x00000bd0
11-01 08:46:15.512 1869-1869 E/eglCodecCommon: **** ERROR unknown type 0x0 (glSizeof,72)
11-01 08:46:15.532 1869-1869 E/eglCodecCommon: glUtilsParamSize: unknow param 0x00000b44
11-01 08:46:15.532 1869-1869 E/eglCodecCommon: glUtilsParamSize: unknow param 0x00000bd0
11-01 08:46:15.552 1869-1869 E/eglCodecCommon: **** ERROR unknown type 0x0 (glSizeof,72)
11-01 08:46:15.592 1869-1869 E/eglCodecCommon: glUtilsParamSize: unknow param 0x00000b44
11-01 08:46:15.592 1869-1869 E/eglCodecCommon: glUtilsParamSize: unknow param 0x00000bd0
11-01 08:46:15.632 1869-1869 E/eglCodecCommon: **** ERROR unknown type 0x0 (glSizeof,72)
11-01 08:46:15.662 1869-1869 E/eglCodecCommon: glUtilsParamSize: unknow param 0x00000b44
11-01 08:46:15.672 1869-1869 E/eglCodecCommon: glUtilsParamSize: unknow param 0x00000bd0
11-01 08:46:15.702 1869-1869 E/eglCodecCommon: **** ERROR unknown type 0x0 (glSizeof,72)
11-01 08:46:15.722 1869-1869 E/eglCodecCommon: glUtilsParamSize: unknow param 0x00000b44
11-01 08:46:15.722 1869-1869 E/eglCodecCommon: glUtilsParamSize: unknow param 0x00000bd0
11-01 08:46:15.752 1869-1869 E/eglCodecCommon: **** ERROR unknown type 0x0 (glSizeof,72)
11-01 08:46:15.782 1869-1869 E/eglCodecCommon: glUtilsParamSize: unknow param 0x00000b44
11-01 08:46:15.782 1869-1869 E/eglCodecCommon: glUtilsParamSize: unknow param 0x00000bd0
11-01 08:46:15.802 1869-1869 E/eglCodecCommon: **** ERROR unknown type 0x0 (glSizeof,72)
11-01 08:46:15.842 1869-1869 E/eglCodecCommon: glUtilsParamSize: unknow param 0x00000b44
11-01 08:46:15.842 1869-1869 E/eglCodecCommon: glUtilsParamSize: unknow param 0x00000bd0
11-01 08:46:15.882 1869-1869 E/eglCodecCommon: **** ERROR unknown type 0x0 (glSizeof,72)
11-01 08:46:15.892 1869-1869 E/eglCodecCommon: glUtilsParamSize: unknow param 0x00000b44
11-01 08:46:15.902 1869-1869 E/eglCodecCommon: glUtilsParamSize: unknow param 0x00000bd0
11-01 08:46:15.972 1869-1869 E/eglCodecCommon: **** ERROR unknown type 0x0 (glSizeof,72)
11-01 08:46:16.012 1869-1869 E/eglCodecCommon: glUtilsParamSize: unknow param 0x00000b44
11-01 08:46:16.012 1869-1869 E/eglCodecCommon: glUtilsParamSize: unknow param 0x00000bd0
11-01 08:46:16.022 1869-1869 E/eglCodecCommon: **** ERROR unknown type 0x0 (glSizeof,72)
11-01 08:46:16.052 1869-1869 E/eglCodecCommon: glUtilsParamSize: unknow param 0x00000b44
11-01 08:46:16.052 1869-1869 E/eglCodecCommon: glUtilsParamSize: unknow param 0x00000bd0
11-01 08:46:16.072 1869-1869 E/eglCodecCommon: **** ERROR unknown type 0x0 (glSizeof,72)
11-01 08:46:16.122 1869-1869 E/eglCodecCommon: glUtilsParamSize: unknow param 0x00000b44
11-01 08:46:16.132 1869-1869 E/eglCodecCommon: glUtilsParamSize: unknow param 0x00000bd0
11-01 08:46:16.162 1869-1869 E/eglCodecCommon: **** ERROR unknown type 0x0 (glSizeof,72)
11-01 08:46:16.202 1869-1869 E/eglCodecCommon: glUtilsParamSize: unknow param 0x00000b44
11-01 08:46:16.212 1869-1869 E/eglCodecCommon: glUtilsParamSize: unknow param 0x00000bd0
11-01 08:46:16.222 1869-1869 E/eglCodecCommon: **** ERROR unknown type 0x0 (glSizeof,72)
11-01 08:46:16.322 1869-1869 E/eglCodecCommon: glUtilsParamSize: unknow param 0x00000b44
11-01 08:46:16.322 1869-1869 E/eglCodecCommon: glUtilsParamSize: unknow param 0x00000bd0
11-01 08:46:16.352 1869-1869 E/eglCodecCommon: **** ERROR unknown type 0x0 (glSizeof,72)
11-01 08:46:16.362 1869-1869 E/eglCodecCommon: glUtilsParamSize: unknow param 0x00000b44
11-01 08:46:16.362 1869-1869 E/eglCodecCommon: glUtilsParamSize: unknow param 0x00000bd0
11-01 08:46:16.392 1869-1869 E/eglCodecCommon: **** ERROR unknown type 0x0 (glSizeof,72)
11-01 08:46:16.402 1869-1869 E/eglCodecCommon: glUtilsParamSize: unknow param 0x00000b44
11-01 08:46:16.412 1869-1869 E/eglCodecCommon: glUtilsParamSize: unknow param 0x00000bd0
11-01 08:46:16.432 1869-1869 E/eglCodecCommon: **** ERROR unknown type 0x0 (glSizeof,72)
11-01 08:46:16.452 1869-1869 E/eglCodecCommon: glUtilsParamSize: unknow param 0x00000b44
11-01 08:46:16.452 1869-1869 E/eglCodecCommon: glUtilsParamSize: unknow param 0x00000bd0
11-01 08:46:16.502 1869-1869 E/eglCodecCommon: **** ERROR unknown type 0x0 (glSizeof,72)
11-01 08:46:16.512 1869-1869 E/eglCodecCommon: glUtilsParamSize: unknow param 0x00000b44
11-01 08:46:16.522 1869-1869 E/eglCodecCommon: glUtilsParamSize: unknow param 0x00000bd0
11-01 08:46:16.552 1869-1869 E/eglCodecCommon: **** ERROR unknown type 0x0 (glSizeof,72)
11-01 08:46:16.562 1869-1869 E/eglCodecCommon: glUtilsParamSize: unknow param 0x00000b44
11-01 08:46:16.562 1869-1869 E/eglCodecCommon: glUtilsParamSize: unknow param 0x00000bd0
11-01 08:46:16.592 1869-1869 E/eglCodecCommon: **** ERROR unknown type 0x0 (glSizeof,72)
11-01 08:46:16.602 1869-1869 E/eglCodecCommon: glUtilsParamSize: unknow param 0x00000b44
11-01 08:46:16.602 1869-1869 E/eglCodecCommon: glUtilsParamSize: unknow param 0x00000bd0
11-01 08:46:16.642 1869-1869 E/eglCodecCommon: **** ERROR unknown type 0x0 (glSizeof,72)
11-01 08:46:16.672 1869-1869 E/eglCodecCommon: glUtilsParamSize: unknow param 0x00000b44
11-01 08:46:16.682 1869-1869 E/eglCodecCommon: glUtilsParamSize: unknow param 0x00000bd0
11-01 08:46:16.712 1869-1869 E/eglCodecCommon: **** ERROR unknown type 0x0 (glSizeof,72)
11-01 08:46:16.742 1869-1869 E/eglCodecCommon: glUtilsParamSize: unknow param 0x00000b44
11-01 08:46:16.752 1869-1869 E/eglCodecCommon: glUtilsParamSize: unknow param 0x00000bd0
11-01 08:46:16.772 1869-1869 E/eglCodecCommon: **** ERROR unknown type 0x0 (glSizeof,72)
11-01 08:46:16.812 1869-1869 E/eglCodecCommon: glUtilsParamSize: unknow param 0x00000b44
11-01 08:46:16.812 1869-1869 E/eglCodecCommon: glUtilsParamSize: unknow param 0x00000bd0
11-01 08:46:16.832 1869-1869 E/eglCodecCommon: **** ERROR unknown type 0x0 (glSizeof,72)
11-01 08:46:17.152 1869-1869 E/eglCodecCommon: glUtilsParamSize: unknow param 0x00000b44
11-01 08:46:17.152 1869-1869 E/eglCodecCommon: glUtilsParamSize: unknow param 0x00000bd0
11-01 08:46:17.192 1869-1869 E/eglCodecCommon: **** ERROR unknown type 0x0 (glSizeof,72)
11-01 08:46:17.202 1869-1869 E/eglCodecCommon: glUtilsParamSize: unknow param 0x00000b44
11-01 08:46:17.202 1869-1869 E/eglCodecCommon: glUtilsParamSize: unknow param 0x00000bd0
11-01 08:46:17.272 1869-1869 E/eglCodecCommon: **** ERROR unknown type 0x0 (glSizeof,72)
11-01 08:46:17.342 1869-1869 E/eglCodecCommon: glUtilsParamSize: unknow param 0x00000b44
11-01 08:46:17.342 1869-1869 E/eglCodecCommon: glUtilsParamSize: unknow param 0x00000bd0
11-01 08:46:17.382 1869-1869 E/eglCodecCommon: **** ERROR unknown type 0x0 (glSizeof,72)
11-01 08:46:17.422 1869-1869 E/eglCodecCommon: glUtilsParamSize: unknow param 0x00000b44
11-01 08:46:17.422 1869-1869 E/eglCodecCommon: glUtilsParamSize: unknow param 0x00000bd0
11-01 08:46:17.472 1869-1869 E/eglCodecCommon: **** ERROR unknown type 0x0 (glSizeof,72)
11-01 08:46:17.512 1869-1869 E/eglCodecCommon: glUtilsParamSize: unknow param 0x00000b44
11-01 08:46:17.512 1869-1869 E/eglCodecCommon: glUtilsParamSize: unknow param 0x00000bd0
11-01 08:46:17.552 1869-1869 E/eglCodecCommon: **** ERROR unknown type 0x0 (glSizeof,72)
11-01 08:46:17.582 1869-1869 E/eglCodecCommon: glUtilsParamSize: unknow param 0x00000b44
11-01 08:46:17.582 1869-1869 E/eglCodecCommon: glUtilsParamSize: unknow param 0x00000bd0
11-01 08:46:17.692 1869-1869 E/eglCodecCommon: **** ERROR unknown type 0x0 (glSizeof,72)
11-01 08:46:17.702 1869-1869 E/eglCodecCommon: glUtilsParamSize: unknow param 0x00000b44
11-01 08:46:17.712 1869-1869 E/eglCodecCommon: glUtilsParamSize: unknow param 0x00000bd0
11-01 08:46:17.772 1869-1869 E/eglCodecCommon: **** ERROR unknown type 0x0 (glSizeof,72)
11-01 08:46:17.802 1869-1869 E/eglCodecCommon: glUtilsParamSize: unknow param 0x00000b44
11-01 08:46:17.802 1869-1869 E/eglCodecCommon: glUtilsParamSize: unknow param 0x00000bd0
11-01 08:46:17.812 1869-1869 E/eglCodecCommon: **** ERROR unknown type 0x0 (glSizeof,72)
11-01 08:46:17.832 1869-1869 E/eglCodecCommon: glUtilsParamSize: unknow param 0x00000b44
11-01 08:46:17.842 1869-1869 E/eglCodecCommon: glUtilsParamSize: unknow param 0x00000bd0
11-01 08:46:17.842 1869-1869 E/eglCodecCommon: **** ERROR unknown type 0x0 (glSizeof,72)
11-01 08:46:17.852 1869-1869 E/eglCodecCommon: glUtilsParamSize: unknow param 0x00000b44
11-01 08:46:17.862 1869-1869 E/eglCodecCommon: glUtilsParamSize: unknow param 0x00000bd0
11-01 08:46:17.882 1869-1869 E/eglCodecCommon: **** ERROR unknown type 0x0 (glSizeof,72)
11-01 08:46:17.942 1869-1869 E/eglCodecCommon: glUtilsParamSize: unknow param 0x00000b44
11-01 08:46:17.942 1869-1869 E/eglCodecCommon: glUtilsParamSize: unknow param 0x00000bd0
11-01 08:46:17.952 1869-1869 E/eglCodecCommon: **** ERROR unknown type 0x0 (glSizeof,72)
11-01 08:46:18.172 1869-1869 E/eglCodecCommon: glUtilsParamSize: unknow param 0x00000b44
11-01 08:46:18.182 1869-1869 E/eglCodecCommon: glUtilsParamSize: unknow param 0x00000bd0
11-01 08:46:18.202 1869-1869 E/eglCodecCommon: **** ERROR unknown type 0x0 (glSizeof,72)
11-01 08:46:18.212 1869-1869 E/eglCodecCommon: glUtilsParamSize: unknow param 0x00000b44
11-01 08:46:18.212 1869-1869 E/eglCodecCommon: glUtilsParamSize: unknow param 0x00000bd0
11-01 08:46:18.242 1869-1869 E/eglCodecCommon: **** ERROR unknown type 0x0 (glSizeof,72)
11-01 08:46:18.252 1869-1869 E/eglCodecCommon: glUtilsParamSize: unknow param 0x00000b44
11-01 08:46:18.262 1869-1869 E/eglCodecCommon: glUtilsParamSize: unknow param 0x00000bd0
11-01 08:46:18.282 1869-1869 E/eglCodecCommon: **** ERROR unknown type 0x0 (glSizeof,72)
11-01 08:46:18.292 1869-1869 E/eglCodecCommon: glUtilsParamSize: unknow param 0x00000b44
11-01 08:46:18.292 1869-1869 E/eglCodecCommon: glUtilsParamSize: unknow param 0x00000bd0
11-01 08:46:18.312 1869-1869 E/eglCodecCommon: **** ERROR unknown type 0x0 (glSizeof,72)
11-01 08:46:18.322 1869-1869 E/eglCodecCommon: glUtilsParamSize: unknow param 0x00000b44
11-01 08:46:18.332 1869-1869 E/eglCodecCommon: glUtilsParamSize: unknow param 0x00000bd0
11-01 08:46:18.352 1869-1869 E/eglCodecCommon: **** ERROR unknown type 0x0 (glSizeof,72)
11-01 08:46:18.362 1869-1869 E/eglCodecCommon: glUtilsParamSize: unknow param 0x00000b44
11-01 08:46:18.362 1869-1869 E/eglCodecCommon: glUtilsParamSize: unknow param 0x00000bd0
11-01 08:46:18.402 1869-1869 E/eglCodecCommon: **** ERROR unknown type 0x0 (glSizeof,72)
11-01 08:46:18.422 1869-1869 E/eglCodecCommon: glUtilsParamSize: unknow param 0x00000b44
11-01 08:46:18.422 1869-1869 E/eglCodecCommon: glUtilsParamSize: unknow param 0x00000bd0
11-01 08:46:18.442 1869-1869 E/eglCodecCommon: **** ERROR unknown type 0x0 (glSizeof,72)
11-01 08:46:18.462 1869-1869 E/eglCodecCommon: glUtilsParamSize: unknow param 0x00000b44
11-01 08:46:18.462 1869-1869 E/eglCodecCommon: glUtilsParamSize: unknow param 0x00000bd0
11-01 08:46:18.492 1869-1869 E/eglCodecCommon: **** ERROR unknown type 0x0 (glSizeof,72)
11-01 08:46:18.522 1869-1869 E/eglCodecCommon: glUtilsParamSize: unknow param 0x00000b44
11-01 08:46:18.522 1869-1869 E/eglCodecCommon: glUtilsParamSize: unknow param 0x00000bd0
11-01 08:46:18.542 1869-1869 E/eglCodecCommon: **** ERROR unknown type 0x0 (glSizeof,72)
11-01 08:46:19.522 1869-1869 E/eglCodecCommon: glUtilsParamSize: unknow param 0x00000b44
11-01 08:46:19.542 1869-1869 E/eglCodecCommon: glUtilsParamSize: unknow param 0x00000bd0
11-01 08:46:19.582 1869-1869 E/eglCodecCommon: **** ERROR unknown type 0x0 (glSizeof,72)
11-01 08:46:19.612 1869-1869 E/eglCodecCommon: glUtilsParamSize: unknow param 0x00000b44
11-01 08:46:19.612 1869-1869 E/eglCodecCommon: glUtilsParamSize: unknow param 0x00000bd0
11-01 08:46:19.642 1869-1869 E/eglCodecCommon: **** ERROR unknown type 0x0 (glSizeof,72)
11-01 08:46:19.672 1869-1869 E/eglCodecCommon: glUtilsParamSize: unknow param 0x00000b44
11-01 08:46:19.692 1869-1869 E/eglCodecCommon: glUtilsParamSize: unknow param 0x00000bd0
11-01 08:46:19.702 1869-1869 E/eglCodecCommon: **** ERROR unknown type 0x0 (glSizeof,72)
11-01 08:46:19.742 1869-1869 E/eglCodecCommon: glUtilsParamSize: unknow param 0x00000b44
11-01 08:46:19.742 1869-1869 E/eglCodecCommon: glUtilsParamSize: unknow param 0x00000bd0
11-01 08:46:19.772 1869-1869 E/eglCodecCommon: **** ERROR unknown type 0x0 (glSizeof,72)
11-01 08:46:19.812 1869-1869 E/eglCodecCommon: glUtilsParamSize: unknow param 0x00000b44
11-01 08:46:19.812 1869-1869 E/eglCodecCommon: glUtilsParamSize: unknow param 0x00000bd0
11-01 08:46:19.842 1869-1869 E/eglCodecCommon: **** ERROR unknown type 0x0 (glSizeof,72)
11-01 08:46:19.872 1869-1869 E/eglCodecCommon: glUtilsParamSize: unknow param 0x00000b44
11-01 08:46:19.872 1869-1869 E/eglCodecCommon: glUtilsParamSize: unknow param 0x00000bd0
11-01 08:46:19.902 1869-1869 E/eglCodecCommon: **** ERROR unknown type 0x0 (glSizeof,72)
11-01 08:46:19.922 1869-1869 E/eglCodecCommon: glUtilsParamSize: unknow param 0x00000b44
11-01 08:46:19.922 1869-1869 E/eglCodecCommon: glUtilsParamSize: unknow param 0x00000bd0
11-01 08:46:19.952 1869-1869 E/eglCodecCommon: **** ERROR unknown type 0x0 (glSizeof,72)
11-01 08:46:20.012 1869-1889 D/IoThreadClientInvocationHandler: isMainFrame=false for https://tt.onthe.io/?k[]=12632:time[page:%D0%97%D0%B0%D0%B1%D1%80%D0%BE%D1%88%D0%B5%D0%BD%D0%BD%D1%83%D1%8E%20%D0%B3%D0%BE%D1%81%D1%82%D0%B8%D0%BD%D0%B8%D1%86%D1%83%20%D1%83%20%D0%A6%D0%B8%D1%80%D0%BA%D0%B0%20%D0%BD%D0%B0%D1%87%D0%B0%D0%BB%D0%B8%20%D1%80%D0%B5%D0%BC%D0%BE%D0%BD%D1%82%D0%B8%D1%80%D0%BE%D0%B2%D0%B0%D1%82%D1%8C%20%D0%B8%D0%B7%D0%BD%D1%83%D1%82%D1%80%D0%B8]&s=68f457b8f20b25b1405898689b08349c&1478004380019
