11-01 08:38:37.130 1775-1775 E/logwrapper: executing /system/bin/ip failed: No such file or directory
11-01 08:38:37.130 1275-1275 D/MobileDataStateTracker: hipri: Received state=DISCONNECTED, old=CONNECTED, reason=dataDisabled
11-01 08:38:37.130 1275-1275 D/MobileDataStateTracker: hipri: setDetailed state, old =CONNECTED and new state=DISCONNECTED
11-01 08:38:37.130 1275-1327 D/ConnectivityService: ConnectivityChange for mobile_hipri: DISCONNECTED/DISCONNECTED
11-01 08:38:37.140 934-1271 E/SecondaryTablController: ip route del failed: /system/bin/ip route del 10.0.2.2/32 via 0.0.0.0 dev eth0 table 60
11-01 08:38:37.140 1776-1776 E/logwrapper: executing /system/bin/ip failed: No such file or directory
11-01 08:38:37.140 934-1271 W/FrameworkListener: Handler 'interface' error (No such device)
11-01 08:38:37.150 934-1271 E/SecondaryTablController: ip route del failed: /system/bin/ip route del 0.0.0.0/0 via 10.0.2.2 dev eth0 table 60
11-01 08:38:37.150 934-1271 W/FrameworkListener: Handler 'interface' error (No such device)
11-01 08:38:37.170 1275-1327 D/Nat464Xlat: requiresClat: netType=5, hasIPv4Address=true
11-01 08:38:38.220 1275-1594 D/dalvikvm: GC_FOR_ALLOC freed 751K, 17% free 5724K/6864K, paused 6ms, total 11ms
11-01 08:38:38.590 1275-1594 D/dalvikvm: GC_FOR_ALLOC freed 736K, 17% free 5703K/6864K, paused 9ms, total 9ms
11-01 08:38:38.900 1275-1594 D/dalvikvm: GC_FOR_ALLOC freed 708K, 17% free 5703K/6864K, paused 11ms, total 12ms
11-01 08:38:39.210 1275-1594 D/dalvikvm: GC_FOR_ALLOC freed 709K, 17% free 5703K/6864K, paused 7ms, total 8ms
11-01 08:38:39.630 1275-1594 D/dalvikvm: GC_FOR_ALLOC freed 709K, 17% free 5703K/6864K, paused 10ms, total 10ms
11-01 08:38:40.030 1275-1594 D/dalvikvm: GC_FOR_ALLOC freed 709K, 17% free 5703K/6864K, paused 11ms, total 11ms
11-01 08:38:40.210 1275-1295 D/Tethering: MasterInitialState.processMessage what=3
11-01 08:38:40.210 1275-1295 D/Tethering: MasterInitialState.processMessage what=3
11-01 08:38:40.210 1275-1362 D/CaptivePortalTracker: NoActiveNetworkState{ when=-6ms what=1 obj=NetworkInfo: type: mobile_hipri[LTE], state: DISCONNECTED/DISCONNECTED, reason: dataDisabled, extra: epc.tmobile.com, roaming: false, failover: false, isAvailable: true, isConnectedToProvisioningNetwork: false target=com.android.internal.util.StateMachine$SmHandler }
11-01 08:38:40.210 1275-1362 D/CaptivePortalTracker: NoActiveNetworkState not a wifi connectivity change, ignore
11-01 08:38:40.210 1275-1362 D/CaptivePortalTracker: NoActiveNetworkState{ when=-5ms what=1 obj=NetworkInfo: type: mobile[LTE], state: CONNECTED/CONNECTED, reason: connected, extra: epc.tmobile.com, roaming: false, failover: false, isAvailable: true, isConnectedToProvisioningNetwork: false target=com.android.internal.util.StateMachine$SmHandler }
11-01 08:38:40.210 1275-1362 D/CaptivePortalTracker: NoActiveNetworkState not a wifi connectivity change, ignore
11-01 08:38:40.380 1275-1594 D/dalvikvm: GC_FOR_ALLOC freed 701K, 17% free 5712K/6864K, paused 12ms, total 16ms
11-01 08:38:40.730 1275-1594 D/dalvikvm: GC_FOR_ALLOC freed 712K, 17% free 5710K/6864K, paused 11ms, total 11ms
11-01 08:38:41.120 1275-1594 D/dalvikvm: GC_FOR_ALLOC freed 712K, 17% free 5709K/6864K, paused 14ms, total 15ms
11-01 08:38:41.450 1275-1594 D/dalvikvm: GC_FOR_ALLOC freed 711K, 17% free 5708K/6864K, paused 13ms, total 13ms
11-01 08:38:41.790 1275-1594 D/dalvikvm: GC_FOR_ALLOC freed 710K, 17% free 5708K/6864K, paused 11ms, total 11ms
11-01 08:38:42.130 1275-1594 D/ConnectivityService: [CheckMp] isMobileOk: X result=0
11-01 08:38:42.130 1275-1275 D/ConnectivityService: [CheckMp] onPostExecute: result=0
11-01 08:38:42.130 1275-1275 D/ConnectivityService: CheckMp.onComplete: result=0
11-01 08:38:42.130 1275-1275 D/ConnectivityService: CheckMp.onComplete: ignore, connected or no connection
11-01 08:38:42.650 1275-1290 I/ActivityManager: Waited long enough for: ServiceRecord{a5366df8 u0 com.android.calendar/.alerts.InitAlarmsService}
11-01 08:38:57.730 1688-1708 D/InitAlarmsService: Clearing and rescheduling alarms.
11-01 08:39:02.770 1275-1290 D/dalvikvm: GC_FOR_ALLOC freed 706K, 17% free 5712K/6864K, paused 16ms, total 17ms
11-01 08:39:21.581 1275-1333 I/MediaFocusControl: AudioFocus abandonAudioFocus() from android.media.AudioManager@a50670e8com.android.music.MediaPlaybackService$3@a5065fe8
11-01 08:39:23.591 1275-1327 D/ConnectivityService: Sampling interval elapsed, updating statistics ..
11-01 08:39:23.591 1275-1327 D/ConnectivityService: Done.
11-01 08:39:23.591 1275-1327 D/ConnectivityService: Setting timer for 720seconds [
11-01 08:39:23.631 1275: 1393 D/ ] Setting time of day to sec=1478003963
11-01 08:39:24.026 1570-1710 I/AlarmClock: Displaying next alarm time: ''
11-01 08:39:41.896 1800-1800 D/AndroidRuntime: >>>>>> AndroidRuntime START com.android.internal.os.RuntimeInit <<<<<<
11-01 08:39:41.896 1800-1800 W/linker: libdvm.so has text relocations. This is wasting memory and is a security risk. Please fix.
11-01 08:39:41.906 1800-1800 D/AndroidRuntime: CheckJNI is ON
11-01 08:39:41.906 1800-1800 D/dalvikvm: Trying to load lib libjavacore.so 0x0
11-01 08:39:41.906 1800-1800 D/dalvikvm: Added shared lib libjavacore.so 0x0
11-01 08:39:41.916 1800-1800 D/dalvikvm: Trying to load lib libnativehelper.so 0x0
11-01 08:39:41.916 1800-1800 D/dalvikvm: Added shared lib libnativehelper.so 0x0
11-01 08:39:41.916 1800-1800 D/dalvikvm: No JNI_OnLoad found in libnativehelper.so 0x0, skipping init
11-01 08:39:41.936 1800-1800 D/dalvikvm: Note: class Landroid/app/ActivityManagerNative; has 179 unimplemented (abstract) methods
11-01 08:39:41.986 1800-1800 E/memtrack: Couldn't load memtrack module (No such file or directory)
11-01 08:39:41.996 1800-1800 E/android.os.Debug: failed to load memtrack module: -2
11-01 08:39:42.016 1800-1800 D/AndroidRuntime: Calling main entry com.android.commands.pm.Pm
11-01 08:39:42.046 1275-1298 I/ActivityManager: Start proc com.android.defcontainer for service com.android.defcontainer/.DefaultContainerService: pid=1809 uid=10003 gids={50003, 1028, 1015, 1023, 2001, 1035}
11-01 08:39:42.096 1275-1298 W/ActivityManager: No content provider found for permission revoke: file:///data/local/tmp/org.adblockplus.libadblockplus.android.webviewapp
11-01 08:39:42.106 1275-1298 W/ActivityManager: No content provider found for permission revoke: file:///data/local/tmp/org.adblockplus.libadblockplus.android.webviewapp
11-01 08:39:42.106 1275-1298 I/PackageManager: Copying native libraries to /data/app-lib/vmdl-1375258861
11-01 08:39:42.276 1275-1298 D/dalvikvm: GC_FOR_ALLOC freed 497K, 14% free 5920K/6864K, paused 7ms, total 9ms
11-01 08:39:42.556 1275-1298 D/dalvikvm: GC_FOR_ALLOC freed 711K, 14% free 5922K/6864K, paused 0ms, total 7ms
11-01 08:39:42.556 1275-1290 I/ActivityManager: Force stopping org.adblockplus.libadblockplus.android.webviewapp appid=10064 user=-1: uninstall pkg
11-01 08:39:42.596 1275-1298 W/PackageSettings: Skipping PackageSetting{a50d81a8 org.adblockplus.libadblockplus.tests/10056} due to missing metadata
11-01 08:39:42.606 1275-1298 I/PackageManager: Package org.adblockplus.libadblockplus.android.webviewapp codePath changed from /data/app/org.adblockplus.libadblockplus.android.webviewapp-2.apk to /data/app/org.adblockplus.libadblockplus.android.webviewapp-1.apk; Retaining data and using new
11-01 08:39:42.626 1275-1298 I/PackageManager: Running dexopt on: org.adblockplus.libadblockplus.android.webviewapp
11-01 08:39:42.626 1824-1824 W/linker: libdvm.so has text relocations. This is wasting memory and is a security risk. Please fix.
11-01 08:39:42.696 1824-1824 W/dalvikvm: method Landroid/support/v7/internal/widget/ListViewCompat;.lookForSelectablePosition incorrectly overrides package-private method with same name in Landroid/widget/ListView;
11-01 08:39:42.816 1824-1824 D/dalvikvm: DexOpt: load 25ms, verify+opt 110ms, 1971508 bytes
11-01 08:39:43.236 1275-1298 W/PackageManager: Code path for pkg : org.adblockplus.libadblockplus.android.webviewapp changing from /data/app/org.adblockplus.libadblockplus.android.webviewapp-2.apk to /data/app/org.adblockplus.libadblockplus.android.webviewapp-1.apk
11-01 08:39:43.236 1275-1298 W/PackageManager: Resource path for pkg : org.adblockplus.libadblockplus.android.webviewapp changing from /data/app/org.adblockplus.libadblockplus.android.webviewapp-2.apk to /data/app/org.adblockplus.libadblockplus.android.webviewapp-1.apk
11-01 08:39:43.246 1275-1290 I/ActivityManager: Force stopping org.adblockplus.libadblockplus.android.webviewapp appid=10064 user=-1: update pkg
11-01 08:39:43.326 1275-1298 W/PackageSettings: Skipping PackageSetting{a50d81a8 org.adblockplus.libadblockplus.tests/10056} due to missing metadata
11-01 08:39:43.366 1275-1298 D/dalvikvm: GC_FOR_ALLOC freed 736K, 14% free 5948K/6864K, paused 13ms, total 22ms
11-01 08:39:43.406 1275-1298 W/PackageSettings: Skipping PackageSetting{a50d81a8 org.adblockplus.libadblockplus.tests/10056} due to missing metadata
11-01 08:39:43.436 1275-1298 I/ActivityManager: Force stopping org.adblockplus.libadblockplus.android.webviewapp appid=10064 user=0: pkg removed
11-01 08:39:43.456 1416-1416 D/dalvikvm: GC_EXPLICIT freed 746K, 15% free 7443K/8664K, paused 0ms+1ms, total 11ms
11-01 08:39:43.476 1275-1275 D/BackupManagerService: Received broadcast Intent { act=android.intent.action.PACKAGE_REMOVED dat=package:org.adblockplus.libadblockplus.android.webviewapp flg=0x4000010 (has extras) }
11-01 08:39:43.486 1275-1313 I/InputReader: Reconfiguring input devices. changes=0x00000010
11-01 08:39:43.506 1275-1286 I/PackageManager: Action: "android.intent.action.SENDTO"
11-01 08:39:43.506 1275-1286 I/PackageManager: Category: "android.intent.category.DEFAULT"
11-01 08:39:43.506 1275-1286 I/PackageManager: Scheme: "sms"
11-01 08:39:43.506 1275-1286 I/PackageManager: Adding preferred activity ComponentInfo{com.android.mms/com.android.mms.ui.ComposeMessageActivity} for user 0 :
11-01 08:39:43.566 1275-1512 I/PackageManager: Action: "android.intent.action.SENDTO"
11-01 08:39:43.566 1275-1512 I/PackageManager: Category: "android.intent.category.DEFAULT"
11-01 08:39:43.566 1275-1512 I/PackageManager: Scheme: "smsto"
11-01 08:39:43.566 1275-1512 I/PackageManager: Adding preferred activity ComponentInfo{com.android.mms/com.android.mms.ui.ComposeMessageActivity} for user 0 :
11-01 08:39:43.586 1275-1513 I/ActivityManager: Start proc com.android.keychain for broadcast com.android.keychain/.KeyChainBroadcastReceiver: pid=1826 uid=1000 gids={41000, 1028, 1015, 3002, 3001, 3003}
11-01 08:39:43.606 1275-1511 I/PackageManager: Action: "android.intent.action.SENDTO"
11-01 08:39:43.606 1275-1511 I/PackageManager: Category: "android.intent.category.DEFAULT"
11-01 08:39:43.606 1275-1511 I/PackageManager: Scheme: "mms"
11-01 08:39:43.606 1275-1511 I/PackageManager: Adding preferred activity ComponentInfo{com.android.mms/com.android.mms.ui.ComposeMessageActivity} for user 0 :
11-01 08:39:43.656 1404-1404 D/dalvikvm: GC_FOR_ALLOC freed 426K, 13% free 3520K/4016K, paused 4ms, total 9ms
11-01 08:39:43.656 1275-1287 I/PackageManager: Action: "android.intent.action.SENDTO"
11-01 08:39:43.656 1275-1287 I/PackageManager: Category: "android.intent.category.DEFAULT"
11-01 08:39:43.656 1275-1287 I/PackageManager: Scheme: "mmsto"
11-01 08:39:43.656 1275-1287 I/PackageManager: Adding preferred activity ComponentInfo{com.android.mms/com.android.mms.ui.ComposeMessageActivity} for user 0 :
11-01 08:39:43.666 1275-1507 I/PackageManager: Action: "android.intent.action.SENDTO"
11-01 08:39:43.666 1275-1507 I/PackageManager: Category: "android.intent.category.DEFAULT"
11-01 08:39:43.666 1275-1507 I/PackageManager: Scheme: "sms"
11-01 08:39:43.666 1275-1507 I/PackageManager: Adding preferred activity ComponentInfo{com.android.mms/com.android.mms.ui.ComposeMessageActivity} for user 0 :
11-01 08:39:43.706 1275-1298 D/dalvikvm: GC_EXPLICIT freed 887K, 15% free 5839K/6864K, paused 0ms+1ms, total 111ms
11-01 08:39:43.706 1275-1507 D/dalvikvm: WAIT_FOR_CONCURRENT_GC blocked 41ms
11-01 08:39:43.706 1275-1297 D/dalvikvm: WAIT_FOR_CONCURRENT_GC blocked 29ms
11-01 08:39:43.716 1275-1335 D/dalvikvm: WAIT_FOR_CONCURRENT_GC blocked 31ms
11-01 08:39:43.716 1800-1800 D/AndroidRuntime: Shutting down VM
11-01 08:39:43.726 1800-1806 D/jdwp: Got wake-up signal, bailing out of select
11-01 08:39:43.726 1800-1806 D/dalvikvm: Debugger has detached; object registry had 1 entries
11-01 08:39:43.776 1275-1275 D/BackupManagerService: Received broadcast Intent { act=android.intent.action.PACKAGE_ADDED dat=package:org.adblockplus.libadblockplus.android.webviewapp flg=0x4000010 (has extras) }
11-01 08:39:43.786 1275-1313 I/InputReader: Reconfiguring input devices. changes=0x00000010
11-01 08:39:43.786 1275-1513 I/PackageManager: Action: "android.intent.action.SENDTO"
11-01 08:39:43.786 1275-1513 I/PackageManager: Category: "android.intent.category.DEFAULT"
11-01 08:39:43.786 1275-1513 I/PackageManager: Scheme: "smsto"
11-01 08:39:43.786 1275-1513 I/PackageManager: Adding preferred activity ComponentInfo{com.android.mms/com.android.mms.ui.ComposeMessageActivity} for user 0 :
11-01 08:39:43.816 1826-1826 W/ContextImpl: Calling a method in the system process without a qualified user: android.app.ContextImpl.startService:1479 android.content.ContextWrapper.startService:494 android.content.ContextWrapper.startService:494 com.android.keychain.KeyChainBroadcastReceiver.onReceive:12 android.app.ActivityThread.handleReceiver:2419
11-01 08:39:43.846 1275-1513 I/PackageManager: Action: "android.intent.action.SENDTO"
11-01 08:39:43.846 1275-1513 I/PackageManager: Category: "android.intent.category.DEFAULT"
11-01 08:39:43.846 1275-1513 I/PackageManager: Scheme: "mms"
11-01 08:39:43.846 1275-1513 I/PackageManager: Adding preferred activity ComponentInfo{com.android.mms/com.android.mms.ui.ComposeMessageActivity} for user 0 :
11-01 08:39:43.856 938-938 D/dalvikvm: GC_EXPLICIT freed 38K, 4% free 2882K/2992K, paused 0ms+0ms, total 4ms
11-01 08:39:43.856 1275-1286 I/ActivityManager: Start proc com.svox.pico for broadcast com.svox.pico/.VoiceDataInstallerReceiver: pid=1840 uid=10037 gids={50037, 1028, 1015}
11-01 08:39:43.886 1275-1443 I/PackageManager: Action: "android.intent.action.SENDTO"
11-01 08:39:43.886 1275-1443 I/PackageManager: Category: "android.intent.category.DEFAULT"
11-01 08:39:43.886 1275-1443 I/PackageManager: Scheme: "mmsto"
11-01 08:39:43.886 1275-1443 I/PackageManager: Adding preferred activity ComponentInfo{com.android.mms/com.android.mms.ui.ComposeMessageActivity} for user 0 :
11-01 08:39:43.896 1404-1404 D/dalvikvm: GC_FOR_ALLOC freed 384K, 15% free 3504K/4100K, paused 2ms, total 2ms
11-01 08:39:43.906 1275-1514 D/dalvikvm: GC_FOR_ALLOC freed 677K, 15% free 5839K/6864K, paused 7ms, total 7ms
11-01 08:39:43.916 1275-1287 I/PackageManager: Action: "android.intent.action.SENDTO"
11-01 08:39:43.916 1275-1287 I/PackageManager: Category: "android.intent.category.DEFAULT"
11-01 08:39:43.916 1275-1287 I/PackageManager: Scheme: "sms"
11-01 08:39:43.916 1275-1287 I/PackageManager: Adding preferred activity ComponentInfo{com.android.mms/com.android.mms.ui.ComposeMessageActivity} for user 0 :
11-01 08:39:43.936 938-938 D/dalvikvm: GC_EXPLICIT freed <1K, 4% free 2882K/2992K, paused 1ms+0ms, total 82ms
11-01 08:39:43.956 1275-1511 I/PackageManager: Action: "android.intent.action.SENDTO"
11-01 08:39:43.956 1275-1511 I/PackageManager: Category: "android.intent.category.DEFAULT"
11-01 08:39:43.956 1275-1511 I/PackageManager: Scheme: "smsto"
11-01 08:39:43.956 1275-1511 I/PackageManager: Adding preferred activity ComponentInfo{com.android.mms/com.android.mms.ui.ComposeMessageActivity} for user 0 :
11-01 08:39:43.986 938-938 D/dalvikvm: GC_EXPLICIT freed <1K, 4% free 2882K/2992K, paused 41ms+1ms, total 45ms
11-01 08:39:44.016 1275-1513 I/PackageManager: Action: "android.intent.action.SENDTO"
11-01 08:39:44.016 1275-1513 I/PackageManager: Category: "android.intent.category.DEFAULT"
11-01 08:39:44.016 1275-1513 I/PackageManager: Scheme: "mms"
11-01 08:39:44.016 1275-1513 I/PackageManager: Adding preferred activity ComponentInfo{com.android.mms/com.android.mms.ui.ComposeMessageActivity} for user 0 :
11-01 08:39:44.036 1275-1286 I/PackageManager: Action: "android.intent.action.SENDTO"
11-01 08:39:44.036 1275-1286 I/PackageManager: Category: "android.intent.category.DEFAULT"
11-01 08:39:44.036 1275-1286 I/PackageManager: Scheme: "mmsto"
11-01 08:39:44.036 1275-1286 I/PackageManager: Adding preferred activity ComponentInfo{com.android.mms/com.android.mms.ui.ComposeMessageActivity} for user 0 :
11-01 08:39:44.056 1275-1513 I/PackageManager: Action: "android.intent.action.SENDTO"
11-01 08:39:44.056 1275-1513 I/PackageManager: Category: "android.intent.category.DEFAULT"
11-01 08:39:44.056 1275-1513 I/PackageManager: Scheme: "sms"
11-01 08:39:44.056 1275-1513 I/PackageManager: Adding preferred activity ComponentInfo{com.android.mms/com.android.mms.ui.ComposeMessageActivity} for user 0 :
11-01 08:39:44.076 1404-1404 D/dalvikvm: GC_FOR_ALLOC freed 384K, 15% free 3507K/4100K, paused 4ms, total 4ms
11-01 08:39:44.086 1275-1387 I/PackageManager: Action: "android.intent.action.SENDTO"
11-01 08:39:44.086 1275-1387 I/PackageManager: Category: "android.intent.category.DEFAULT"
11-01 08:39:44.086 1275-1387 I/PackageManager: Scheme: "smsto"
11-01 08:39:44.086 1275-1387 I/PackageManager: Adding preferred activity ComponentInfo{com.android.mms/com.android.mms.ui.ComposeMessageActivity} for user 0 :
11-01 08:39:44.116 1275-1287 I/PackageManager: Action: "android.intent.action.SENDTO"
11-01 08:39:44.116 1275-1287 I/PackageManager: Category: "android.intent.category.DEFAULT"
11-01 08:39:44.116 1275-1287 I/PackageManager: Scheme: "mms"
11-01 08:39:44.116 1275-1287 I/PackageManager: Adding preferred activity ComponentInfo{com.android.mms/com.android.mms.ui.ComposeMessageActivity} for user 0 :
11-01 08:39:44.126 1275-1287 D/dalvikvm: GC_FOR_ALLOC freed 728K, 15% free 5847K/6864K, paused 10ms, total 12ms
11-01 08:39:44.166 1275-1512 I/PackageManager: Action: "android.intent.action.SENDTO"
11-01 08:39:44.166 1275-1512 I/PackageManager: Category: "android.intent.category.DEFAULT"
11-01 08:39:44.166 1275-1512 I/PackageManager: Scheme: "mmsto"
11-01 08:39:44.166 1275-1512 I/PackageManager: Adding preferred activity ComponentInfo{com.android.mms/com.android.mms.ui.ComposeMessageActivity} for user 0 :
11-01 08:39:44.206 1275-1514 I/PackageManager: Action: "android.intent.action.SENDTO"
11-01 08:39:44.206 1275-1514 I/PackageManager: Category: "android.intent.category.DEFAULT"
11-01 08:39:44.206 1275-1514 I/PackageManager: Scheme: "sms"
11-01 08:39:44.206 1275-1514 I/PackageManager: Adding preferred activity ComponentInfo{com.android.mms/com.android.mms.ui.ComposeMessageActivity} for user 0 :
11-01 08:39:44.216 1275-1333 I/PackageManager: Action: "android.intent.action.SENDTO"
11-01 08:39:44.216 1275-1333 I/PackageManager: Category: "android.intent.category.DEFAULT"
11-01 08:39:44.216 1275-1333 I/PackageManager: Scheme: "smsto"
11-01 08:39:44.216 1275-1333 I/PackageManager: Adding preferred activity ComponentInfo{com.android.mms/com.android.mms.ui.ComposeMessageActivity} for user 0 :
11-01 08:39:44.226 1275-1511 I/PackageManager: Action: "android.intent.action.SENDTO"
11-01 08:39:44.226 1275-1511 I/PackageManager: Category: "android.intent.category.DEFAULT"
11-01 08:39:44.226 1275-1511 I/PackageManager: Scheme: "mms"
11-01 08:39:44.226 1275-1511 I/PackageManager: Adding preferred activity ComponentInfo{com.android.mms/com.android.mms.ui.ComposeMessageActivity} for user 0 :
11-01 08:39:44.236 1404-1404 D/dalvikvm: GC_FOR_ALLOC freed 407K, 15% free 3502K/4100K, paused 4ms, total 4ms
11-01 08:39:44.236 1275-1387 I/PackageManager: Action: "android.intent.action.SENDTO"
11-01 08:39:44.236 1275-1387 I/PackageManager: Category: "android.intent.category.DEFAULT"
11-01 08:39:44.236 1275-1387 I/PackageManager: Scheme: "mmsto"
11-01 08:39:44.236 1275-1387 I/PackageManager: Adding preferred activity ComponentInfo{com.android.mms/com.android.mms.ui.ComposeMessageActivity} for user 0 :
11-01 08:39:44.276 1275-1291 W/RecognitionManagerService: no available voice recognition services found for user 0
11-01 08:39:44.296 1275-1514 I/PackageManager: Action: "android.intent.action.SENDTO"
11-01 08:39:44.296 1275-1514 I/PackageManager: Category: "android.intent.category.DEFAULT"
11-01 08:39:44.296 1275-1514 I/PackageManager: Scheme: "sms"
11-01 08:39:44.296 1275-1514 I/PackageManager: Adding preferred activity ComponentInfo{com.android.mms/com.android.mms.ui.ComposeMessageActivity} for user 0 :
11-01 08:39:44.326 1275-1333 I/PackageManager: Action: "android.intent.action.SENDTO"
11-01 08:39:44.326 1275-1333 I/PackageManager: Category: "android.intent.category.DEFAULT"
11-01 08:39:44.326 1275-1333 I/PackageManager: Scheme: "smsto"
11-01 08:39:44.326 1275-1333 I/PackageManager: Adding preferred activity ComponentInfo{com.android.mms/com.android.mms.ui.ComposeMessageActivity} for user 0 :
11-01 08:39:44.336 1859-1859 D/AndroidRuntime: >>>>>> AndroidRuntime START com.android.internal.os.RuntimeInit <<<<<<
11-01 08:39:44.336 1859-1859 W/linker: libdvm.so has text relocations. This is wasting memory and is a security risk. Please fix.
11-01 08:39:44.346 1275-1333 D/dalvikvm: GC_FOR_ALLOC freed 734K, 15% free 5858K/6864K, paused 21ms, total 21ms
11-01 08:39:44.366 1859-1859 D/AndroidRuntime: CheckJNI is ON
11-01 08:39:44.386 1275-1511 I/PackageManager: Action: "android.intent.action.SENDTO"
11-01 08:39:44.386 1275-1511 I/PackageManager: Category: "android.intent.category.DEFAULT"
11-01 08:39:44.386 1275-1511 I/PackageManager: Scheme: "mms"
11-01 08:39:44.386 1275-1511 I/PackageManager: Adding preferred activity ComponentInfo{com.android.mms/com.android.mms.ui.ComposeMessageActivity} for user 0 :
11-01 08:39:44.396 1275-1286 I/PackageManager: Action: "android.intent.action.SENDTO"
11-01 08:39:44.396 1275-1286 I/PackageManager: Category: "android.intent.category.DEFAULT"
11-01 08:39:44.396 1275-1286 I/PackageManager: Scheme: "mmsto"
11-01 08:39:44.396 1275-1286 I/PackageManager: Adding preferred activity ComponentInfo{com.android.mms/com.android.mms.ui.ComposeMessageActivity} for user 0 :
11-01 08:39:44.416 1404-1404 D/dalvikvm: GC_FOR_ALLOC freed 387K, 15% free 3504K/4100K, paused 3ms, total 4ms
11-01 08:39:44.426 1859-1859 D/dalvikvm: Trying to load lib libjavacore.so 0x0
11-01 08:39:44.426 1859-1859 D/dalvikvm: Added shared lib libjavacore.so 0x0
11-01 08:39:44.426 1859-1859 D/dalvikvm: Trying to load lib libnativehelper.so 0x0
11-01 08:39:44.426 1859-1859 D/dalvikvm: Added shared lib libnativehelper.so 0x0
11-01 08:39:44.426 1859-1859 D/dalvikvm: No JNI_OnLoad found in libnativehelper.so 0x0, skipping init
11-01 08:39:44.436 1275-1512 D/dalvikvm: GC_FOR_ALLOC freed 312K, 16% free 5830K/6864K, paused 17ms, total 18ms
11-01 08:39:44.436 1275-1512 I/dalvikvm-heap: Grow heap (frag case) to 5.864MB for 104010-byte allocation
11-01 08:39:44.456 1275-1284 D/dalvikvm: GC_FOR_ALLOC freed <1K, 15% free 5931K/6968K, paused 22ms, total 22ms
11-01 08:39:44.466 1275-1513 D/dalvikvm: GC_FOR_ALLOC freed 102K, 16% free 5861K/6968K, paused 6ms, total 6ms
11-01 08:39:44.466 1275-1513 I/dalvikvm-heap: Grow heap (frag case) to 5.945MB for 156012-byte allocation
11-01 08:39:44.486 1859-1859 D/dalvikvm: Note: class Landroid/app/ActivityManagerNative; has 179 unimplemented (abstract) methods
11-01 08:39:44.496 1275-1284 D/dalvikvm: GC_FOR_ALLOC freed 107K, 18% free 5906K/7124K, paused 22ms, total 22ms
11-01 08:39:44.536 1859-1859 E/memtrack: Couldn't load memtrack module (No such file or directory)
11-01 08:39:44.536 1859-1859 E/android.os.Debug: failed to load memtrack module: -2
11-01 08:39:44.566 1859-1859 D/AndroidRuntime: Calling main entry com.android.commands.am.Am
11-01 08:39:44.576 1275-1512 I/ActivityManager: START u0 {act=android.intent.action.MAIN cat=[android.intent.category.LAUNCHER] flg=0x10000000 cmp=org.adblockplus.libadblockplus.android.webviewapp/.MainActivity} from pid 1859
11-01 08:39:44.916 1859-1859 D/AndroidRuntime: Shutting down VM
11-01 08:39:44.916 1275-1512 I/WindowManager: Screenshot max retries 4 of Token{a52f0e20 ActivityRecord{a52f0bc8 u0 com.android.launcher/com.android.launcher2.Launcher t1}} appWin=Window{a5351ba8 u0 com.android.launcher/com.android.launcher2.Launcher} drawState=4
11-01 08:39:44.916 1275-1512 W/WindowManager: Screenshot failure taking screenshot for (768x1280) to layer 21005
11-01 08:39:44.926 1859-1865 D/jdwp: Got wake-up signal, bailing out of select
11-01 08:39:44.926 1859-1865 D/dalvikvm: Debugger has detached; object registry had 1 entries
11-01 08:39:44.926 1869-1869 D/dalvikvm: Not late-enabling CheckJNI (already on)
11-01 08:39:44.946 1275-1286 I/ActivityManager: Start proc org.adblockplus.libadblockplus.android.webviewapp for activity org.adblockplus.libadblockplus.android.webviewapp/.MainActivity: pid=1869 uid=10064 gids={50064, 3003, 1028, 1015}
11-01 08:39:44.976 1869-1869 I/InstantRun: Instant Run Runtime started. Android package is org.adblockplus.libadblockplus.android.webviewapp, real application class is org.adblockplus.libadblockplus.android.webviewapp.Application.
11-01 08:39:44.986 1869-1869 W/InstantRun: No instant run dex files added to classpath
11-01 08:39:45.026 1869-1869 D/dalvikvm: GC_FOR_ALLOC freed 74K, 5% free 3285K/3432K, paused 3ms, total 8ms
11-01 08:39:45.036 1869-1869 D/dalvikvm: GC_FOR_ALLOC freed 6K, 5% free 3583K/3736K, paused 1ms, total 2ms
11-01 08:39:45.046 1869-1869 D/dalvikvm: GC_FOR_ALLOC freed <1K, 4% free 3888K/4040K, paused 2ms, total 2ms
11-01 08:39:45.046 1869-1869 D/dalvikvm: GC_FOR_ALLOC freed 1K, 4% free 4191K/4344K, paused 2ms, total 3ms
11-01 08:39:45.056 1869-1869 I/chromium: [INFO:library_loader_hooks.cc(112)] Chromium logging enabled: level = 0, default verbosity = 0
11-01 08:39:45.066 1869-1869 I/BrowserProcessMain: Initializing chromium process, renderers=0
11-01 08:39:45.216 1869-1889 W/chromium: [WARNING:proxy_service.cc(888)] PAC support disabled because there is no system implementation [
11-01 08:39:45.266 1869: 1869 D/ ] HostConnection::get() New Host Connection established 0xb96d0950, tid 1869
11-01 08:39:45.296 1869-1869 D/dalvikvm: GC_FOR_ALLOC freed 30K, 3% free 4630K/4748K, paused 2ms, total 2ms
11-01 08:39:45.296 1869-1869 I/dalvikvm-heap: Grow heap (frag case) to 5.663MB for 1127532-byte allocation
11-01 08:39:45.306 1869-1878 D/dalvikvm: GC_FOR_ALLOC freed <1K, 3% free 5730K/5852K, paused 2ms, total 2ms
11-01 08:39:45.446 1869-1869 D/Adblock: Creating adblock engine ...
11-01 08:39:45.446 1869-1869 D/dalvikvm: Trying to load lib /data/app-lib/org.adblockplus.libadblockplus.android.webviewapp-1/libadblockplus-jni.so 0xa5060b58
11-01 08:39:45.446 1869-1869 D/dalvikvm: Added shared lib /data/app-lib/org.adblockplus.libadblockplus.android.webviewapp-1/libadblockplus-jni.so 0xa5060b58
11-01 08:39:45.446 1869-1869 D/dalvikvm: No JNI_OnLoad found in /data/app-lib/org.adblockplus.libadblockplus.android.webviewapp-1/libadblockplus-jni.so 0xa5060b58, skipping init
11-01 08:39:45.456 1869-1869 D/dalvikvm: Trying to load lib /data/app-lib/org.adblockplus.libadblockplus.android.webviewapp-1/libadblockplus-jni.so 0xa5060b58
11-01 08:39:45.456 1869-1869 D/dalvikvm: Shared lib '/data/app-lib/org.adblockplus.libadblockplus.android.webviewapp-1/libadblockplus-jni.so' already loaded in same CL 0xa5060b58
11-01 08:39:45.456 1869-1869 D/dalvikvm: Trying to load lib /data/app-lib/org.adblockplus.libadblockplus.android.webviewapp-1/libadblockplus-jni.so 0xa5060b58
11-01 08:39:45.456 1869-1869 D/dalvikvm: Shared lib '/data/app-lib/org.adblockplus.libadblockplus.android.webviewapp-1/libadblockplus-jni.so' already loaded in same CL 0xa5060b58
11-01 08:39:45.456 1869-1869 D/dalvikvm: Trying to load lib /data/app-lib/org.adblockplus.libadblockplus.android.webviewapp-1/libadblockplus-jni.so 0xa5060b58
11-01 08:39:45.456 1869-1869 D/dalvikvm: Shared lib '/data/app-lib/org.adblockplus.libadblockplus.android.webviewapp-1/libadblockplus-jni.so' already loaded in same CL 0xa5060b58
11-01 08:39:45.456 1869-1869 W/AdblockEngine: Create
11-01 08:39:45.456 1869-1869 D/dalvikvm: Trying to load lib /data/app-lib/org.adblockplus.libadblockplus.android.webviewapp-1/libadblockplus-jni.so 0xa5060b58
11-01 08:39:45.456 1869-1869 D/dalvikvm: Shared lib '/data/app-lib/org.adblockplus.libadblockplus.android.webviewapp-1/libadblockplus-jni.so' already loaded in same CL 0xa5060b58
11-01 08:39:45.466 1869-1869 D/dalvikvm: Trying to load lib /data/app-lib/org.adblockplus.libadblockplus.android.webviewapp-1/libadblockplus-jni.so 0xa5060b58
11-01 08:39:45.466 1869-1869 D/dalvikvm: Shared lib '/data/app-lib/org.adblockplus.libadblockplus.android.webviewapp-1/libadblockplus-jni.so' already loaded in same CL 0xa5060b58
11-01 08:39:45.466 1869-1869 D/dalvikvm: Trying to load lib /data/app-lib/org.adblockplus.libadblockplus.android.webviewapp-1/libadblockplus-jni.so 0xa5060b58
11-01 08:39:45.466 1869-1869 D/dalvikvm: Shared lib '/data/app-lib/org.adblockplus.libadblockplus.android.webviewapp-1/libadblockplus-jni.so' already loaded in same CL 0xa5060b58
11-01 08:39:45.466 1869-1869 D/dalvikvm: Trying to load lib /data/app-lib/org.adblockplus.libadblockplus.android.webviewapp-1/libadblockplus-jni.so 0xa5060b58
11-01 08:39:45.466 1869-1869 D/dalvikvm: Shared lib '/data/app-lib/org.adblockplus.libadblockplus.android.webviewapp-1/libadblockplus-jni.so' already loaded in same CL 0xa5060b58
11-01 08:39:46.816 1869-1869 D/dalvikvm: Trying to load lib /data/app-lib/org.adblockplus.libadblockplus.android.webviewapp-1/libadblockplus-jni.so 0xa5060b58
11-01 08:39:46.816 1869-1869 D/dalvikvm: Shared lib '/data/app-lib/org.adblockplus.libadblockplus.android.webviewapp-1/libadblockplus-jni.so' already loaded in same CL 0xa5060b58
11-01 08:39:46.816 1869-1869 D/AdblockEngine: Filter changed: subscription.title, [Subscription] url=https://easylist-downloads.adblockplus.org/easylist.txt title=EasyList
11-01 08:39:46.816 1869-1869 D/AdblockEngine: Filter changed: subscription.homepage, [Subscription] url=https://easylist-downloads.adblockplus.org/easylist.txt title=EasyList homepage=https://easylist.adblockplus.org/
11-01 08:39:46.816 1869-1869 D/AdblockEngine: Filter changed: subscription.title, [Subscription] url=https://easylist-downloads.adblockplus.org/abpindo+easylist.txt title=ABPindo+EasyList
11-01 08:39:46.816 1869-1869 D/AdblockEngine: Filter changed: subscription.homepage, [Subscription] url=https://easylist-downloads.adblockplus.org/abpindo+easylist.txt title=ABPindo+EasyList homepage=http://abpindo.blogspot.com/
11-01 08:39:46.816 1869-1869 D/AdblockEngine: Filter changed: subscription.title, [Subscription] url=https://easylist-downloads.adblockplus.org/bulgarian_list+easylist.txt title=Bulgarian list+EasyList
11-01 08:39:46.816 1869-1869 D/AdblockEngine: Filter changed: subscription.homepage, [Subscription] url=https://easylist-downloads.adblockplus.org/bulgarian_list+easylist.txt title=Bulgarian list+EasyList homepage=http://stanev.org/abp/
11-01 08:39:46.816 1869-1869 D/AdblockEngine: Filter changed: subscription.title, [Subscription] url=https://easylist-downloads.adblockplus.org/easylistchina+easylist.txt title=EasyList China+EasyList
11-01 08:39:46.816 1869-1869 D/AdblockEngine: Filter changed: subscription.homepage, [Subscription] url=https://easylist-downloads.adblockplus.org/easylistchina+easylist.txt title=EasyList China+EasyList homepage=http://abpchina.org/forum/
11-01 08:39:46.816 1869-1869 D/AdblockEngine: Filter changed: subscription.title, [Subscription] url=https://easylist-downloads.adblockplus.org/easylistczechslovak+easylist.txt title=EasyList Czech and Slovak+EasyList
11-01 08:39:46.816 1869-1869 D/AdblockEngine: Filter changed: subscription.homepage, [Subscription] url=https://easylist-downloads.adblockplus.org/easylistczechslovak+easylist.txt title=EasyList Czech and Slovak+EasyList homepage=http://adblock.sk/
11-01 08:39:46.816 1869-1869 D/AdblockEngine: Filter changed: subscription.title, [Subscription] url=https://easylist-downloads.adblockplus.org/easylistdutch+easylist.txt title=EasyList Dutch+EasyList
11-01 08:39:46.816 1869-1869 D/AdblockEngine: Filter changed: subscription.homepage, [Subscription] url=https://easylist-downloads.adblockplus.org/easylistdutch+easylist.txt title=EasyList Dutch+EasyList homepage=https://easylist.adblockplus.org/
11-01 08:39:46.816 1869-1869 D/AdblockEngine: Filter changed: subscription.title, [Subscription] url=https://easylist-downloads.adblockplus.org/easylistgermany+easylist.txt title=EasyList Germany+EasyList
11-01 08:39:46.816 1869-1869 D/AdblockEngine: Filter changed: subscription.homepage, [Subscription] url=https://easylist-downloads.adblockplus.org/easylistgermany+easylist.txt title=EasyList Germany+EasyList homepage=https://easylist.adblockplus.org/
11-01 08:39:46.816 1869-1869 D/AdblockEngine: Filter changed: subscription.title, [Subscription] url=https://easylist-downloads.adblockplus.org/israellist+easylist.txt title=EasyList Hebrew+EasyList
11-01 08:39:46.816 1869-1869 D/AdblockEngine: Filter changed: subscription.homepage, [Subscription] url=https://easylist-downloads.adblockplus.org/israellist+easylist.txt title=EasyList Hebrew+EasyList homepage=https://github.com/ABPIsrael/EasyListHebrew
11-01 08:39:46.816 1869-1869 D/AdblockEngine: Filter changed: subscription.title, [Subscription] url=https://easylist-downloads.adblockplus.org/easylistitaly+easylist.txt title=EasyList Italy+EasyList
11-01 08:39:46.816 1869-1869 D/AdblockEngine: Filter changed: subscription.homepage, [Subscription] url=https://easylist-downloads.adblockplus.org/easylistitaly+easylist.txt title=EasyList Italy+EasyList homepage=https://easylist.adblockplus.org/
11-01 08:39:46.816 1869-1869 D/AdblockEngine: Filter changed: subscription.title, [Subscription] url=https://easylist-downloads.adblockplus.org/easylistlithuania+easylist.txt title=EasyList Lithuania+EasyList
11-01 08:39:46.816 1869-1869 D/AdblockEngine: Filter changed: subscription.homepage, [Subscription] url=https://easylist-downloads.adblockplus.org/easylistlithuania+easylist.txt title=EasyList Lithuania+EasyList homepage=http://margevicius.lt/
11-01 08:39:46.816 1869-1869 D/AdblockEngine: Filter changed: subscription.title, [Subscription] url=https://easylist-downloads.adblockplus.org/latvianlist+easylist.txt title=Latvian List+EasyList
11-01 08:39:46.816 1869-1869 D/AdblockEngine: Filter changed: subscription.homepage, [Subscription] url=https://easylist-downloads.adblockplus.org/latvianlist+easylist.txt title=Latvian List+EasyList homepage=https://notabug.org/latvian-list/adblock-latvian
11-01 08:39:46.816 1869-1869 D/AdblockEngine: Filter changed: subscription.title, [Subscription] url=https://easylist-downloads.adblockplus.org/liste_ar+liste_fr+easylist.txt title=Liste AR+Liste FR+EasyList
11-01 08:39:46.816 1869-1869 D/AdblockEngine: Filter changed: subscription.homepage, [Subscription] url=https://easylist-downloads.adblockplus.org/liste_ar+liste_fr+easylist.txt title=Liste AR+Liste FR+EasyList homepage=https://code.google.com/p/liste-ar-adblock/
11-01 08:39:46.816 1869-1869 D/AdblockEngine: Filter changed: subscription.title, [Subscription] url=https://easylist-downloads.adblockplus.org/liste_fr+easylist.txt title=Liste FR+EasyList
11-01 08:39:46.816 1869-1869 D/AdblockEngine: Filter changed: subscription.homepage, [Subscription] url=https://easylist-downloads.adblockplus.org/liste_fr+easylist.txt title=Liste FR+EasyList homepage=http://adblock-listefr.com/
11-01 08:39:46.816 1869-1869 D/AdblockEngine: Filter changed: subscription.title, [Subscription] url=https://easylist-downloads.adblockplus.org/rolist+easylist.txt title=ROList+EasyList
11-01 08:39:46.816 1869-1869 D/AdblockEngine: Filter changed: subscription.homepage, [Subscription] url=https://easylist-downloads.adblockplus.org/rolist+easylist.txt title=ROList+EasyList homepage=http://www.zoso.ro/rolist
11-01 08:39:46.816 1869-1869 D/dalvikvm: Trying to load lib /data/app-lib/org.adblockplus.libadblockplus.android.webviewapp-1/libadblockplus-jni.so 0xa5060b58
11-01 08:39:46.816 1869-1869 D/dalvikvm: Shared lib '/data/app-lib/org.adblockplus.libadblockplus.android.webviewapp-1/libadblockplus-jni.so' already loaded in same CL 0xa5060b58
11-01 08:39:46.816 1869-1869 D/Adblock: Adblock engine created
11-01 08:39:46.826 1869-1869 W/Adblock: No saved adblock settings
11-01 08:39:46.916 1869-1869 W/EGL_emulation: eglSurfaceAttrib not implemented
11-01 08:39:46.926 1869-1869 D/OpenGLRenderer: Enabling debug mode 0
11-01 08:39:46.926 1869-1869 W/AwContents: nativeOnDraw failed; clearing to background color.
11-01 08:39:46.996 1275-1289 I/ActivityManager: Displayed org.adblockplus.libadblockplus.android.webviewapp/.MainActivity: +2s80ms
11-01 08:39:47.036 1869-1869 W/AwContents: nativeOnDraw failed; clearing to background color.
11-01 08:39:47.616 1869-1910 D/AdblockEngine: Filter changed: save
11-01 08:39:48.106 1869-1869 W/AwContents: nativeOnDraw failed; clearing to background color.
11-01 08:39:48.116 1869-1869 W/AwContents: nativeOnDraw failed; clearing to background color.
11-01 08:39:48.136 1869-1869 W/AwContents: nativeOnDraw failed; clearing to background color.
11-01 08:39:48.156 1869-1869 W/AwContents: nativeOnDraw failed; clearing to background color.
11-01 08:39:48.166 1869-1869 W/AwContents: nativeOnDraw failed; clearing to background color.
11-01 08:39:48.186 1869-1869 W/AwContents: nativeOnDraw failed; clearing to background color.
11-01 08:39:48.206 1869-1869 W/AwContents: nativeOnDraw failed; clearing to background color.
11-01 08:39:48.216 1869-1869 W/AwContents: nativeOnDraw failed; clearing to background color.
11-01 08:39:48.236 1869-1869 W/AwContents: nativeOnDraw failed; clearing to background color.
11-01 08:39:48.256 1869-1869 W/AwContents: nativeOnDraw failed; clearing to background color.
11-01 08:39:48.266 1869-1869 W/AwContents: nativeOnDraw failed; clearing to background color.
11-01 08:39:48.286 1869-1869 W/AwContents: nativeOnDraw failed; clearing to background color.
11-01 08:39:48.306 1869-1869 W/AwContents: nativeOnDraw failed; clearing to background color.
11-01 08:39:48.326 1869-1869 W/AwContents: nativeOnDraw failed; clearing to background color.
11-01 08:39:48.336 1869-1869 W/AwContents: nativeOnDraw failed; clearing to background color.
11-01 08:39:48.366 1869-1869 W/AwContents: nativeOnDraw failed; clearing to background color.
11-01 08:39:48.956 1275-1846 D/dalvikvm: GC_FOR_ALLOC freed 101K, 15% free 6122K/7124K, paused 10ms, total 21ms
11-01 08:39:48.956 1275-1846 I/dalvikvm-heap: Grow heap (frag case) to 6.168MB for 123888-byte allocation
11-01 08:39:48.966 1275-1846 D/dalvikvm: GC_FOR_ALLOC freed 185K, 17% free 6057K/7248K, paused 8ms, total 9ms
11-01 08:40:45.517 1869-1901 D/AdblockEngine: Filter changed: subscription.lastCheck, [Subscription] url=https://easylist-downloads.adblockplus.org/ruadlist+easylist.txt title=RuAdList+EasyList fixedTitle=true homepage=https://forums.lanik.us/viewforum.php?f=102 lastDownload=1477981956 downloadStatus=synchronize_ok lastSuccess=1477981956 lastCheck=1478004046 expires=1478673156 softExpiration=1478350971 version=201611010631 requiredVersion=2.0 downloadCount=1
11-01 08:40:45.637 1869-1922 D/AdblockEngine: Filter changed: save
11-01 08:44:35.880 1338-1338 D/dalvikvm: GC_FOR_ALLOC freed 1672K, 62% free 7576K/19600K, paused 4ms, total 4ms
11-01 08:44:35.900 1338-1338 W/SoundPool: sample 0 not READY
11-01 08:44:35.930 1338-1338 D/PhoneStatusBar: disable: < expand icons alerts ticker system_info back* home* recent* clock* search*
> 11-01 08:44:36.070 1416-1416 W/IInputConnectionWrapper: showStatusIcon on inactive InputConnection
11-01 08:44:37.770 1338-1338 D/dalvikvm: GC_FOR_ALLOC freed 1234K, 60% free 7908K/19600K, paused 3ms, total 6ms
11-01 08:44:37.770 1275-1332 E/SoundPool: error loading /system/media/audio/ui/Effect_Tick.ogg
11-01 08:44:37.770 1275-1332 W/AudioService: Soundpool could not load file: /system/media/audio/ui/Effect_Tick.ogg
11-01 08:44:37.770 1275-1332 E/SoundPool: error loading /system/media/audio/ui/Effect_Tick.ogg
11-01 08:44:37.770 1275-1332 W/AudioService: Soundpool could not load file: /system/media/audio/ui/Effect_Tick.ogg
11-01 08:44:37.770 1275-1332 E/SoundPool: error loading /system/media/audio/ui/Effect_Tick.ogg
11-01 08:44:37.770 1275-1332 W/AudioService: Soundpool could not load file: /system/media/audio/ui/Effect_Tick.ogg
11-01 08:44:37.770 1275-1332 E/SoundPool: error loading /system/media/audio/ui/Effect_Tick.ogg
11-01 08:44:37.770 1275-1332 W/AudioService: Soundpool could not load file: /system/media/audio/ui/Effect_Tick.ogg
11-01 08:44:37.770 1275-1332 E/SoundPool: error loading /system/media/audio/ui/Effect_Tick.ogg
11-01 08:44:37.770 1275-1332 W/AudioService: Soundpool could not load file: /system/media/audio/ui/Effect_Tick.ogg
11-01 08:44:37.770 1275-1332 E/SoundPool: error loading /system/media/audio/ui/KeypressStandard.ogg
11-01 08:44:37.770 1275-1332 W/AudioService: Soundpool could not load file: /system/media/audio/ui/KeypressStandard.ogg
11-01 08:44:37.770 1275-1332 E/SoundPool: error loading /system/media/audio/ui/KeypressSpacebar.ogg
11-01 08:44:37.770 1275-1332 W/AudioService: Soundpool could not load file: /system/media/audio/ui/KeypressSpacebar.ogg
11-01 08:44:37.770 1275-1332 E/SoundPool: error loading /system/media/audio/ui/KeypressDelete.ogg
11-01 08:44:37.770 1275-1332 W/AudioService: Soundpool could not load file: /system/media/audio/ui/KeypressDelete.ogg
11-01 08:44:37.770 1275-1332 E/SoundPool: error loading /system/media/audio/ui/KeypressReturn.ogg
11-01 08:44:37.770 1275-1332 W/AudioService: Soundpool could not load file: /system/media/audio/ui/KeypressReturn.ogg
11-01 08:44:37.770 1275-1332 E/SoundPool: error loading /system/media/audio/ui/KeypressInvalid.ogg
11-01 08:44:37.770 1275-1332 W/AudioService: Soundpool could not load file: /system/media/audio/ui/KeypressInvalid.ogg
11-01 08:44:37.770 1275-1332 W/AudioService: onLoadSoundEffects(), Error -1 while loading samples
11-01 08:44:38.610 1869-1869 D/AdblockWebView: Loading progress=0%
11-01 08:44:38.610 1869-1869 D/AdblockWebView: Injecting script
11-01 08:44:38.610 1869-1869 D/AdblockWebView: runScript started
11-01 08:44:38.610 1869-1869 D/AdblockWebView: runScript finished
11-01 08:44:38.630 1869-1869 D/AdblockWebView: Start loading http://www.google.com/
11-01 08:44:38.630 1869-1869 D/AdblockWebView: Extracted domain www.google.com from http://www.google.com/
11-01 08:44:38.630 1869-1889 D/IoThreadClientInvocationHandler: isMainFrame=true for http://www.google.com/
11-01 08:44:38.630 1869-1889 W/AdblockWebView: http://www.google.com/ is main frame, allow loading
11-01 08:44:38.640 1869-1955 D/AdblockWebView: Listed subscriptions: 1
11-01 08:44:38.640 1869-1955 D/AdblockWebView: Subscribed to [Subscription] url=https://easylist-downloads.adblockplus.org/ruadlist+easylist.txt title=RuAdList+EasyList fixedTitle=true homepage=https://forums.lanik.us/viewforum.php?f=102 lastDownload=1477981956 downloadStatus=synchronize_ok lastSuccess=1477981956 lastCheck=1478004046 expires=1478673156 softExpiration=1478350971 version=201611010631 requiredVersion=2.0 downloadCount=1
11-01 08:44:38.640 1869-1955 D/AdblockWebView: Requesting elemhide selectors from AdblockEngine for http://www.google.com/ in Thread[Thread-92,5,main]
11-01 08:44:38.960 1869-1957 I/chromium: [INFO:simple_index_file.cc(397)] Simple Cache Index is being restored from disk.
11-01 08:44:39.130 1869-1955 D/dalvikvm: GC_FOR_ALLOC freed 327K, 6% free 6355K/6752K, paused 2ms, total 3ms
11-01 08:44:39.170 1869-1955 D/dalvikvm: GC_FOR_ALLOC freed 153K, 3% free 7363K/7588K, paused 5ms, total 5ms
11-01 08:44:39.170 1869-1955 D/AdblockWebView: Finished requesting elemhide selectors, got 17652 in Thread[Thread-92,5,main]
11-01 08:44:39.250 1869-1955 D/dalvikvm: GC_FOR_ALLOC freed 939K, 12% free 7763K/8792K, paused 2ms, total 3ms
11-01 08:44:39.290 1869-1955 D/dalvikvm: GC_FOR_ALLOC freed 718K, 14% free 8122K/9440K, paused 5ms, total 5ms
11-01 08:44:39.290 1869-1955 D/AdblockWebView: Setting elemhide string 320358 bytes
11-01 08:44:39.290 1869-1955 W/AdblockWebView: elemHideThread set to null
11-01 08:44:39.320 1869-1869 E/eglCodecCommon: glUtilsParamSize: unknow param 0x00000b44
11-01 08:44:39.320 1869-1869 E/eglCodecCommon: glUtilsParamSize: unknow param 0x00000bd0
11-01 08:44:39.350 1869-1869 I/chromium: [INFO:async_pixel_transfer_manager_android.cc(56)] Async pixel transfers not supported
11-01 08:44:39.360 1869-1869 E/chromium: [ERROR:gles2_cmd_decoder_autogen.h(1144)] [GroupMarkerNotSet(crbug.com/242999)!:C8A489B9]GL ERROR :GL_INVALID_OPERATION : GetIntegerv: <- error from previous GL command
11-01 08:44:39.440 1869-1869 I/chromium: [INFO:async_pixel_transfer_manager_android.cc(56)] Async pixel transfers not supported
11-01 08:44:39.440 1869-1869 E/chromium: [ERROR:gles2_cmd_decoder_autogen.h(1144)] [GroupMarkerNotSet(crbug.com/242999)!:B8E18CB9]GL ERROR :GL_INVALID_OPERATION : GetIntegerv: <- error from previous GL command
11-01 08:44:39.520 1869-1869 E/eglCodecCommon: **** ERROR unknown type 0x0 (glSizeof,72)
11-01 08:44:39.530 1869-1869 E/eglCodecCommon: glUtilsParamSize: unknow param 0x00000b44
11-01 08:44:39.540 1869-1869 E/eglCodecCommon: glUtilsParamSize: unknow param 0x00000bd0
11-01 08:44:39.630 1869-1869 E/eglCodecCommon: **** ERROR unknown type 0x0 (glSizeof,72)
11-01 08:44:44.820 1869-1869 D/AdblockWebView: Stop abp loading
11-01 08:44:44.820 1869-1869 D/AdblockWebView: Stop prevent drawing, invalidating
11-01 08:44:44.820 1869-1869 D/AdblockWebView: Clearing referrers
11-01 08:44:44.820 1869-1869 D/AdblockWebView: Start loading http://www.google.ru/?gfe_rd=cr&ei=O44YWJDRNJPAsAGd6KXADw
11-01 08:44:44.820 1869-1869 D/AdblockWebView: Extracted domain www.google.ru from http://www.google.ru/?gfe_rd=cr&ei=O44YWJDRNJPAsAGd6KXADw
11-01 08:44:44.820 1869-1962 D/AdblockWebView: Listed subscriptions: 1
11-01 08:44:44.830 1869-1962 D/AdblockWebView: Subscribed to [Subscription] url=https://easylist-downloads.adblockplus.org/ruadlist+easylist.txt title=RuAdList+EasyList fixedTitle=true homepage=https://forums.lanik.us/viewforum.php?f=102 lastDownload=1477981956 downloadStatus=synchronize_ok lastSuccess=1477981956 lastCheck=1478004046 expires=1478673156 softExpiration=1478350971 version=201611010631 requiredVersion=2.0 downloadCount=1
11-01 08:44:44.830 1869-1962 D/AdblockWebView: Requesting elemhide selectors from AdblockEngine for http://www.google.ru/?gfe_rd=cr&ei=O44YWJDRNJPAsAGd6KXADw in Thread[Thread-94,5,main]
11-01 08:44:44.840 1869-1869 E/eglCodecCommon: glUtilsParamSize: unknow param 0x00000b44
11-01 08:44:44.840 1869-1869 E/eglCodecCommon: glUtilsParamSize: unknow param 0x00000bd0
11-01 08:44:44.850 1869-1869 E/eglCodecCommon: **** ERROR unknown type 0x0 (glSizeof,72)
11-01 08:44:44.990 1869-1962 D/dalvikvm: GC_FOR_ALLOC freed 2354K, 25% free 7465K/9892K, paused 3ms, total 3ms
11-01 08:44:44.990 1869-1962 D/AdblockWebView: Finished requesting elemhide selectors, got 17640 in Thread[Thread-94,5,main]
11-01 08:44:45.000 1869-1962 D/dalvikvm: GC_FOR_ALLOC freed 574K, 17% free 8230K/9892K, paused 3ms, total 3ms
11-01 08:44:45.020 1869-1962 D/dalvikvm: GC_FOR_ALLOC freed 607K, 14% free 8533K/9892K, paused 3ms, total 3ms
11-01 08:44:45.020 1869-1962 I/dalvikvm-heap: Grow heap (frag case) to 9.031MB for 662262-byte allocation
11-01 08:44:45.030 1869-1962 D/dalvikvm: GC_FOR_ALLOC freed 431K, 17% free 8749K/10540K, paused 10ms, total 10ms
11-01 08:44:45.040 1869-1962 D/AdblockWebView: Setting elemhide string 319776 bytes
11-01 08:44:45.040 1869-1962 W/AdblockWebView: elemHideThread set to null
11-01 08:44:47.340 1869-1869 D/AdblockWebView: Stop abp loading
11-01 08:44:47.340 1869-1869 D/AdblockWebView: Stop prevent drawing, invalidating
11-01 08:44:47.340 1869-1869 D/AdblockWebView: Clearing referrers
11-01 08:44:47.340 1869-1869 D/AdblockWebView: Start loading https://www.google.ru/?gfe_rd=cr&ei=O44YWJDRNJPAsAGd6KXADw&gws_rd=ssl
11-01 08:44:47.340 1869-1869 D/AdblockWebView: Extracted domain www.google.ru from https://www.google.ru/?gfe_rd=cr&ei=O44YWJDRNJPAsAGd6KXADw&gws_rd=ssl
11-01 08:44:47.350 1869-1964 D/AdblockWebView: Listed subscriptions: 1
11-01 08:44:47.350 1869-1964 D/AdblockWebView: Subscribed to [Subscription] url=https://easylist-downloads.adblockplus.org/ruadlist+easylist.txt title=RuAdList+EasyList fixedTitle=true homepage=https://forums.lanik.us/viewforum.php?f=102 lastDownload=1477981956 downloadStatus=synchronize_ok lastSuccess=1477981956 lastCheck=1478004046 expires=1478673156 softExpiration=1478350971 version=201611010631 requiredVersion=2.0 downloadCount=1
11-01 08:44:47.350 1869-1964 D/AdblockWebView: Requesting elemhide selectors from AdblockEngine for https://www.google.ru/?gfe_rd=cr&ei=O44YWJDRNJPAsAGd6KXADw&gws_rd=ssl in Thread[Thread-95,5,main]
11-01 08:44:47.370 1869-1869 E/eglCodecCommon: glUtilsParamSize: unknow param 0x00000b44
11-01 08:44:47.370 1869-1869 E/eglCodecCommon: glUtilsParamSize: unknow param 0x00000bd0
11-01 08:44:47.370 1869-1869 E/eglCodecCommon: **** ERROR unknown type 0x0 (glSizeof,72)
11-01 08:44:47.510 1869-1964 D/dalvikvm: GC_FOR_ALLOC freed 3021K, 29% free 7684K/10776K, paused 4ms, total 5ms
11-01 08:44:47.520 1869-1964 D/AdblockWebView: Finished requesting elemhide selectors, got 17640 in Thread[Thread-95,5,main]
11-01 08:44:47.530 1869-1964 D/dalvikvm: GC_FOR_ALLOC freed 848K, 23% free 8389K/10776K, paused 3ms, total 3ms
11-01 08:44:47.540 1869-1964 D/dalvikvm: GC_FOR_ALLOC freed 287K, 21% free 8533K/10776K, paused 3ms, total 3ms
11-01 08:44:47.550 1869-1964 D/dalvikvm: GC_FOR_ALLOC freed 431K, 19% free 8748K/10776K, paused 2ms, total 2ms
11-01 08:44:47.550 1869-1964 D/AdblockWebView: Setting elemhide string 319776 bytes
11-01 08:44:47.550 1869-1964 W/AdblockWebView: elemHideThread set to null
