11-01 08:45:28.021 1869-1869 I/chromium: [INFO:CONSOLE(43)] "onreadystatechange() event fired (interactive)", source: (43)
11-01 08:45:28.031 1869-1869 D/AdblockWebView: JS: level=LOG, message="starting injecting css rules", sourceId="", line=12
11-01 08:45:28.031 1869-1869 I/chromium: [INFO:CONSOLE(12)] "starting injecting css rules", source: (12)
11-01 08:45:28.041 1869-1954 D/AdblockWebView: Waiting for elemhide selectors to be ready
11-01 08:45:28.041 1869-1954 D/AdblockWebView: Elemhide selectors ready, 319789 bytes
11-01 08:45:28.041 1869-1954 D/AdblockWebView: Clearing referrers
11-01 08:45:28.111 1869-1869 D/AdblockWebView: JS: level=LOG, message="parsed selectors: 17642", sourceId="", line=14
11-01 08:45:28.111 1869-1869 I/chromium: [INFO:CONSOLE(14)] "parsed selectors: 17642", source: (14)
11-01 08:45:28.221 1869-1889 D/IoThreadClientInvocationHandler: isMainFrame=false for http://m.e1.ru/news/static/55c04db68d0ea192e4cd83127b3a2210_76_76_c.jpg
11-01 08:45:28.221 1869-1889 D/AdblockWebView: Allowed loading http://m.e1.ru/news/static/55c04db68d0ea192e4cd83127b3a2210_76_76_c.jpg
11-01 08:45:28.241 1869-1889 D/IoThreadClientInvocationHandler: isMainFrame=false for http://m.e1.ru/news/static/12d1fa75d06cb525f08872837ecae18d_76_76_c.jpg
11-01 08:45:28.241 1869-1889 D/AdblockWebView: Allowed loading http://m.e1.ru/news/static/12d1fa75d06cb525f08872837ecae18d_76_76_c.jpg
11-01 08:45:28.261 1869-1889 D/IoThreadClientInvocationHandler: isMainFrame=false for http://m.e1.ru/news/static/cbc96613a8557dc79c7a4df2c928b591_76_76_c.jpg
11-01 08:45:28.261 1869-1889 D/AdblockWebView: Allowed loading http://m.e1.ru/news/static/cbc96613a8557dc79c7a4df2c928b591_76_76_c.jpg
11-01 08:45:28.301 1869-1889 D/IoThreadClientInvocationHandler: isMainFrame=false for http://m.e1.ru/news/static/8a0f1915c7dca2cb68d1e24b1b10cc69_76_76_c.jpg
11-01 08:45:28.301 1869-1889 D/AdblockWebView: Allowed loading http://m.e1.ru/news/static/8a0f1915c7dca2cb68d1e24b1b10cc69_76_76_c.jpg
11-01 08:45:28.321 1869-1889 D/IoThreadClientInvocationHandler: isMainFrame=false for http://m.e1.ru/news/static/c96536cdb1fa1efe467bc38d93996fbb_76_76_c.jpg
11-01 08:45:28.321 1869-1889 D/AdblockWebView: Allowed loading http://m.e1.ru/news/static/c96536cdb1fa1efe467bc38d93996fbb_76_76_c.jpg
11-01 08:45:28.681 1869-1869 D/AdblockWebView: JS: level=LOG, message="finished injecting css rules", sourceId="", line=30
11-01 08:45:28.681 1869-1869 I/chromium: [INFO:CONSOLE(30)] "finished injecting css rules", source: (30)
11-01 08:45:28.701 1869-1869 D/AdblockWebView: Stop prevent drawing, invalidating
11-01 08:45:28.721 1869-1869 E/eglCodecCommon: glUtilsParamSize: unknow param 0x00000b44
11-01 08:45:28.721 1869-1869 E/eglCodecCommon: glUtilsParamSize: unknow param 0x00000bd0
11-01 08:45:28.741 1869-1869 E/eglCodecCommon: **** ERROR unknown type 0x0 (glSizeof,72)
11-01 08:45:28.751 1869-1869 D/AdblockWebView: Loading progress=50%
11-01 08:45:28.851 1869-1889 D/IoThreadClientInvocationHandler: isMainFrame=false for http://m.e1.ru/news/static/45a403ffb3e830ee61b773d1a8bf26b8_76_76_c.jpg
11-01 08:45:28.851 1869-1889 D/AdblockWebView: Allowed loading http://m.e1.ru/news/static/45a403ffb3e830ee61b773d1a8bf26b8_76_76_c.jpg
11-01 08:45:29.121 1869-1869 E/eglCodecCommon: glUtilsParamSize: unknow param 0x00000b44
11-01 08:45:29.131 1869-1869 E/eglCodecCommon: glUtilsParamSize: unknow param 0x00000bd0
11-01 08:45:29.131 1869-1869 E/eglCodecCommon: **** ERROR unknown type 0x0 (glSizeof,72)
11-01 08:45:29.151 1869-1889 D/IoThreadClientInvocationHandler: isMainFrame=false for https://tt.onthe.io/?k[]=12632:pageviews_instant[depth:1,url:%2F,browser:Chrome,referrer:direct,device:smart%20(Android),lifetime:0,browser_version:Chrome%204,user_type:new,returned:new,domain:m.e1.ru,sp:%2F,cdn_version:2]&s=68f457b8f20b25b1405898689b08349c&1478004329157
11-01 08:45:29.151 1869-1889 D/AdblockWebView: Allowed loading https://tt.onthe.io/?k[]=12632:pageviews_instant[depth:1,url:%2F,browser:Chrome,referrer:direct,device:smart%20(Android),lifetime:0,browser_version:Chrome%204,user_type:new,returned:new,domain:m.e1.ru,sp:%2F,cdn_version:2]&s=68f457b8f20b25b1405898689b08349c&1478004329157
11-01 08:45:29.181 1869-1869 D/AdblockWebView: Loading progress=50%
11-01 08:45:29.281 1869-1889 D/IoThreadClientInvocationHandler: isMainFrame=false for http://partner.googleadservices.com/gpt/pubads_impl_104.js
11-01 08:45:29.281 1869-1889 W/AdblockWebView: Blocked loading http://partner.googleadservices.com/gpt/pubads_impl_104.js
11-01 08:45:29.301 1869-1869 D/AdblockWebView: Loading progress=54%
11-01 08:45:29.351 1869-1869 E/eglCodecCommon: glUtilsParamSize: unknow param 0x00000b44
11-01 08:45:29.361 1869-1869 E/eglCodecCommon: glUtilsParamSize: unknow param 0x00000bd0
11-01 08:45:29.471 1869-1869 E/eglCodecCommon: **** ERROR unknown type 0x0 (glSizeof,72)
11-01 08:45:29.521 1869-1869 E/eglCodecCommon: glUtilsParamSize: unknow param 0x00000b44
11-01 08:45:29.531 1869-1869 E/eglCodecCommon: glUtilsParamSize: unknow param 0x00000bd0
11-01 08:45:29.541 1869-1869 E/eglCodecCommon: **** ERROR unknown type 0x0 (glSizeof,72)
11-01 08:45:29.581 1869-1869 E/eglCodecCommon: glUtilsParamSize: unknow param 0x00000b44
11-01 08:45:29.591 1869-1869 E/eglCodecCommon: glUtilsParamSize: unknow param 0x00000bd0
11-01 08:45:29.691 1869-1869 E/eglCodecCommon: **** ERROR unknown type 0x0 (glSizeof,72)
11-01 08:45:33.401 1869-1869 E/eglCodecCommon: glUtilsParamSize: unknow param 0x00000b44
11-01 08:45:33.411 1869-1869 E/eglCodecCommon: glUtilsParamSize: unknow param 0x00000bd0
11-01 08:45:33.471 1869-1869 E/eglCodecCommon: **** ERROR unknown type 0x0 (glSizeof,72)
11-01 08:45:33.481 1869-1869 E/eglCodecCommon: glUtilsParamSize: unknow param 0x00000b44
11-01 08:45:33.491 1869-1869 E/eglCodecCommon: glUtilsParamSize: unknow param 0x00000bd0
11-01 08:45:33.601 1869-1869 E/eglCodecCommon: **** ERROR unknown type 0x0 (glSizeof,72)
11-01 08:45:33.621 1869-1869 E/eglCodecCommon: glUtilsParamSize: unknow param 0x00000b44
11-01 08:45:33.621 1869-1869 E/eglCodecCommon: glUtilsParamSize: unknow param 0x00000bd0
11-01 08:45:33.641 1869-1869 E/eglCodecCommon: **** ERROR unknown type 0x0 (glSizeof,72)
11-01 08:45:33.731 1869-1869 E/eglCodecCommon: glUtilsParamSize: unknow param 0x00000b44
11-01 08:45:33.731 1869-1869 E/eglCodecCommon: glUtilsParamSize: unknow param 0x00000bd0
11-01 08:45:33.811 1869-1869 E/eglCodecCommon: **** ERROR unknown type 0x0 (glSizeof,72)
11-01 08:45:33.851 1869-1869 E/eglCodecCommon: glUtilsParamSize: unknow param 0x00000b44
11-01 08:45:33.861 1869-1869 E/eglCodecCommon: glUtilsParamSize: unknow param 0x00000bd0
11-01 08:45:33.871 1869-1869 E/eglCodecCommon: **** ERROR unknown type 0x0 (glSizeof,72)
11-01 08:45:33.931 1869-1869 E/eglCodecCommon: glUtilsParamSize: unknow param 0x00000b44
11-01 08:45:33.941 1869-1869 E/eglCodecCommon: glUtilsParamSize: unknow param 0x00000bd0
11-01 08:45:33.951 1869-1869 E/eglCodecCommon: **** ERROR unknown type 0x0 (glSizeof,72)
11-01 08:45:33.961 1869-1869 E/eglCodecCommon: glUtilsParamSize: unknow param 0x00000b44
11-01 08:45:33.961 1869-1869 E/eglCodecCommon: glUtilsParamSize: unknow param 0x00000bd0
11-01 08:45:33.981 1869-1869 E/eglCodecCommon: **** ERROR unknown type 0x0 (glSizeof,72)
11-01 08:45:33.991 1869-1869 E/eglCodecCommon: glUtilsParamSize: unknow param 0x00000b44
11-01 08:45:34.001 1869-1869 E/eglCodecCommon: glUtilsParamSize: unknow param 0x00000bd0
11-01 08:45:34.021 1869-1869 E/eglCodecCommon: **** ERROR unknown type 0x0 (glSizeof,72)
11-01 08:45:34.031 1869-1869 E/eglCodecCommon: glUtilsParamSize: unknow param 0x00000b44
11-01 08:45:34.031 1869-1869 E/eglCodecCommon: glUtilsParamSize: unknow param 0x00000bd0
11-01 08:45:34.041 1869-1869 E/eglCodecCommon: **** ERROR unknown type 0x0 (glSizeof,72)
11-01 08:45:34.051 1869-1869 E/eglCodecCommon: glUtilsParamSize: unknow param 0x00000b44
11-01 08:45:34.061 1869-1869 E/eglCodecCommon: glUtilsParamSize: unknow param 0x00000bd0
11-01 08:45:34.081 1869-1869 E/eglCodecCommon: **** ERROR unknown type 0x0 (glSizeof,72)
11-01 08:45:34.091 1869-1869 E/eglCodecCommon: glUtilsParamSize: unknow param 0x00000b44
11-01 08:45:34.101 1869-1869 E/eglCodecCommon: glUtilsParamSize: unknow param 0x00000bd0
11-01 08:45:34.121 1869-1869 E/eglCodecCommon: **** ERROR unknown type 0x0 (glSizeof,72)
11-01 08:45:34.131 1869-1869 E/eglCodecCommon: glUtilsParamSize: unknow param 0x00000b44
11-01 08:45:34.141 1869-1869 E/eglCodecCommon: glUtilsParamSize: unknow param 0x00000bd0
11-01 08:45:34.161 1869-1869 E/eglCodecCommon: **** ERROR unknown type 0x0 (glSizeof,72)
11-01 08:45:34.181 1869-1869 E/eglCodecCommon: glUtilsParamSize: unknow param 0x00000b44
11-01 08:45:34.181 1869-1869 E/eglCodecCommon: glUtilsParamSize: unknow param 0x00000bd0
11-01 08:45:34.271 1869-1889 D/IoThreadClientInvocationHandler: isMainFrame=false for http://m.e1.ru/news/static/c4b5cade639fb93be49fcc1708162317_76_76_c.jpg
11-01 08:45:34.271 1869-1889 D/AdblockWebView: Allowed loading http://m.e1.ru/news/static/c4b5cade639fb93be49fcc1708162317_76_76_c.jpg
11-01 08:45:34.301 1869-1869 E/eglCodecCommon: **** ERROR unknown type 0x0 (glSizeof,72)
11-01 08:45:34.311 1869-1869 E/eglCodecCommon: glUtilsParamSize: unknow param 0x00000b44
11-01 08:45:34.311 1869-1869 E/eglCodecCommon: glUtilsParamSize: unknow param 0x00000bd0
11-01 08:45:34.321 1869-1869 E/eglCodecCommon: **** ERROR unknown type 0x0 (glSizeof,72)
11-01 08:45:34.371 1869-1869 D/AdblockWebView: Loading progress=56%
11-01 08:45:34.451 1869-1869 E/eglCodecCommon: glUtilsParamSize: unknow param 0x00000b44
11-01 08:45:34.461 1869-1889 D/IoThreadClientInvocationHandler: isMainFrame=false for http://m.e1.ru/news/static/a53fda88a4bc7db30f736bc8b5271bfc_76_76_c.jpg
11-01 08:45:34.461 1869-1889 D/AdblockWebView: Allowed loading http://m.e1.ru/news/static/a53fda88a4bc7db30f736bc8b5271bfc_76_76_c.jpg
11-01 08:45:34.471 1869-1869 E/eglCodecCommon: glUtilsParamSize: unknow param 0x00000bd0
11-01 08:45:34.491 1869-1869 E/eglCodecCommon: **** ERROR unknown type 0x0 (glSizeof,72)
11-01 08:45:34.491 1869-1889 D/IoThreadClientInvocationHandler: isMainFrame=false for http://m.e1.ru/news/static/50e209318f0302e192d0f9bac09b4a52_76_76_c.jpg
11-01 08:45:34.501 1869-1869 D/AdblockWebView: Loading progress=58%
11-01 08:45:34.511 1869-1889 D/AdblockWebView: Allowed loading http://m.e1.ru/news/static/50e209318f0302e192d0f9bac09b4a52_76_76_c.jpg
11-01 08:45:34.511 1869-1889 D/IoThreadClientInvocationHandler: isMainFrame=false for http://m.e1.ru/news/images/main/0/2080.jpg
11-01 08:45:34.511 1869-1889 D/AdblockWebView: Allowed loading http://m.e1.ru/news/images/main/0/2080.jpg
11-01 08:45:34.531 1869-1889 D/IoThreadClientInvocationHandler: isMainFrame=false for http://m.e1.ru/news/images/main/0/2079.jpg
11-01 08:45:34.531 1869-1889 D/AdblockWebView: Allowed loading http://m.e1.ru/news/images/main/0/2079.jpg
11-01 08:45:34.551 1869-1889 D/IoThreadClientInvocationHandler: isMainFrame=false for http://m.e1.ru/news/images/main/0/2077.jpg
11-01 08:45:34.551 1869-1889 D/AdblockWebView: Allowed loading http://m.e1.ru/news/images/main/0/2077.jpg
11-01 08:45:34.561 1869-1889 D/IoThreadClientInvocationHandler: isMainFrame=false for http://m.e1.ru/news/images/main/454/937/12.jpg
11-01 08:45:34.561 1869-1889 D/AdblockWebView: Allowed loading http://m.e1.ru/news/images/main/454/937/12.jpg
11-01 08:45:34.591 1869-1889 D/IoThreadClientInvocationHandler: isMainFrame=false for http://m.e1.ru/news/images/main/454/905/12.jpg
11-01 08:45:34.591 1869-1889 D/AdblockWebView: Allowed loading http://m.e1.ru/news/images/main/454/905/12.jpg
11-01 08:45:34.601 1869-1889 D/IoThreadClientInvocationHandler: isMainFrame=false for http://m.e1.ru/news/images/main/0/2074.jpg
11-01 08:45:34.601 1869-1889 D/AdblockWebView: Allowed loading http://m.e1.ru/news/images/main/0/2074.jpg
11-01 08:45:34.691 1869-1889 D/IoThreadClientInvocationHandler: isMainFrame=false for http://www.google-analytics.com/plugins/ga/inpage_linkid.js
11-01 08:45:34.691 1869-1889 D/AdblockWebView: Allowed loading http://www.google-analytics.com/plugins/ga/inpage_linkid.js
11-01 08:45:34.721 1869-1869 D/AdblockWebView: Loading progress=60%
11-01 08:45:34.861 1869-1869 E/eglCodecCommon: glUtilsParamSize: unknow param 0x00000b44
11-01 08:45:34.971 1869-1869 E/eglCodecCommon: glUtilsParamSize: unknow param 0x00000bd0
11-01 08:45:35.011 1869-1869 E/eglCodecCommon: **** ERROR unknown type 0x0 (glSizeof,72)
11-01 08:45:35.021 1869-1889 D/IoThreadClientInvocationHandler: isMainFrame=false for http://m.e1.ru/news/images/main/0/2072.jpg
11-01 08:45:35.021 1869-1889 D/AdblockWebView: Allowed loading http://m.e1.ru/news/images/main/0/2072.jpg
11-01 08:45:35.041 1869-1889 D/IoThreadClientInvocationHandler: isMainFrame=false for http://m.e1.ru/news/images/main/0/2071.jpg
11-01 08:45:35.041 1869-1889 D/AdblockWebView: Allowed loading http://m.e1.ru/news/images/main/0/2071.jpg
11-01 08:45:35.081 1869-1889 D/IoThreadClientInvocationHandler: isMainFrame=false for http://m.e1.ru/news/images/main/0/2070.jpg
11-01 08:45:35.081 1869-1889 D/AdblockWebView: Allowed loading http://m.e1.ru/news/images/main/0/2070.jpg
11-01 08:45:35.111 1869-1889 D/IoThreadClientInvocationHandler: isMainFrame=false for http://m.e1.ru/news/images/main/454/865/11.jpg
11-01 08:45:35.111 1869-1889 D/AdblockWebView: Allowed loading http://m.e1.ru/news/images/main/454/865/11.jpg
11-01 08:45:35.141 1869-1869 D/AdblockWebView: Loading progress=61%
11-01 08:45:35.141 1869-1869 E/eglCodecCommon: glUtilsParamSize: unknow param 0x00000b44
11-01 08:45:35.141 1869-1869 E/eglCodecCommon: glUtilsParamSize: unknow param 0x00000bd0
11-01 08:45:35.151 1869-1869 E/eglCodecCommon: **** ERROR unknown type 0x0 (glSizeof,72)
11-01 08:45:35.211 1869-1869 D/AdblockWebView: Loading progress=61%
11-01 08:45:35.421 1869-1869 E/eglCodecCommon: glUtilsParamSize: unknow param 0x00000b44
11-01 08:45:35.421 1869-1869 E/eglCodecCommon: glUtilsParamSize: unknow param 0x00000bd0
11-01 08:45:35.471 1869-1869 E/eglCodecCommon: **** ERROR unknown type 0x0 (glSizeof,72)
11-01 08:45:35.551 1869-1869 D/AdblockWebView: Loading progress=63%
11-01 08:45:35.781 1869-1869 E/eglCodecCommon: glUtilsParamSize: unknow param 0x00000b44
11-01 08:45:35.781 1869-1869 E/eglCodecCommon: glUtilsParamSize: unknow param 0x00000bd0
11-01 08:45:35.911 1869-1869 E/eglCodecCommon: **** ERROR unknown type 0x0 (glSizeof,72)
11-01 08:45:36.061 1869-1869 D/AdblockWebView: Loading progress=64%
11-01 08:45:36.101 1869-1869 E/eglCodecCommon: glUtilsParamSize: unknow param 0x00000b44
11-01 08:45:36.101 1869-1869 E/eglCodecCommon: glUtilsParamSize: unknow param 0x00000bd0
11-01 08:45:36.181 1869-1869 E/eglCodecCommon: **** ERROR unknown type 0x0 (glSizeof,72)
11-01 08:45:36.411 1869-1869 E/eglCodecCommon: glUtilsParamSize: unknow param 0x00000b44
11-01 08:45:36.411 1869-1869 E/eglCodecCommon: glUtilsParamSize: unknow param 0x00000bd0
11-01 08:45:36.471 1869-1869 E/eglCodecCommon: **** ERROR unknown type 0x0 (glSizeof,72)
11-01 08:45:36.481 1869-1869 D/AdblockWebView: Loading progress=65%
11-01 08:45:36.491 1869-1869 E/eglCodecCommon: glUtilsParamSize: unknow param 0x00000b44
11-01 08:45:36.491 1869-1869 E/eglCodecCommon: glUtilsParamSize: unknow param 0x00000bd0
11-01 08:45:36.511 1869-1869 E/eglCodecCommon: **** ERROR unknown type 0x0 (glSizeof,72)
11-01 08:45:36.621 1869-1869 E/eglCodecCommon: glUtilsParamSize: unknow param 0x00000b44
11-01 08:45:36.621 1869-1869 E/eglCodecCommon: glUtilsParamSize: unknow param 0x00000bd0
11-01 08:45:36.751 1869-1869 E/eglCodecCommon: **** ERROR unknown type 0x0 (glSizeof,72)
11-01 08:45:36.841 1869-1869 E/eglCodecCommon: glUtilsParamSize: unknow param 0x00000b44
11-01 08:45:36.841 1869-1869 E/eglCodecCommon: glUtilsParamSize: unknow param 0x00000bd0
11-01 08:45:36.921 1869-1869 E/eglCodecCommon: **** ERROR unknown type 0x0 (glSizeof,72)
11-01 08:45:36.931 1869-1869 E/eglCodecCommon: glUtilsParamSize: unknow param 0x00000b44
11-01 08:45:36.931 1869-1869 E/eglCodecCommon: glUtilsParamSize: unknow param 0x00000bd0
11-01 08:45:36.961 1869-1869 E/eglCodecCommon: **** ERROR unknown type 0x0 (glSizeof,72)
11-01 08:45:36.961 1869-1869 D/AdblockWebView: Loading progress=66%
11-01 08:45:36.981 1869-1869 E/eglCodecCommon: glUtilsParamSize: unknow param 0x00000b44
11-01 08:45:36.991 1869-1869 E/eglCodecCommon: glUtilsParamSize: unknow param 0x00000bd0
11-01 08:45:37.001 1869-1869 E/eglCodecCommon: **** ERROR unknown type 0x0 (glSizeof,72)
11-01 08:45:37.011 1869-1869 E/eglCodecCommon: glUtilsParamSize: unknow param 0x00000b44
11-01 08:45:37.011 1869-1869 E/eglCodecCommon: glUtilsParamSize: unknow param 0x00000bd0
11-01 08:45:37.021 1869-1869 E/eglCodecCommon: **** ERROR unknown type 0x0 (glSizeof,72)
11-01 08:45:37.041 1869-1869 E/eglCodecCommon: glUtilsParamSize: unknow param 0x00000b44
11-01 08:45:37.041 1869-1869 E/eglCodecCommon: glUtilsParamSize: unknow param 0x00000bd0
11-01 08:45:37.061 1869-1869 E/eglCodecCommon: **** ERROR unknown type 0x0 (glSizeof,72)
11-01 08:45:37.081 1869-1869 E/eglCodecCommon: glUtilsParamSize: unknow param 0x00000b44
11-01 08:45:37.091 1869-1869 E/eglCodecCommon: glUtilsParamSize: unknow param 0x00000bd0
11-01 08:45:37.111 1869-1869 E/eglCodecCommon: **** ERROR unknown type 0x0 (glSizeof,72)
11-01 08:45:37.141 1869-1869 E/eglCodecCommon: glUtilsParamSize: unknow param 0x00000b44
11-01 08:45:37.141 1869-1869 E/eglCodecCommon: glUtilsParamSize: unknow param 0x00000bd0
11-01 08:45:37.171 1869-1869 E/eglCodecCommon: **** ERROR unknown type 0x0 (glSizeof,72)
11-01 08:45:37.181 1869-1869 D/AdblockWebView: Loading progress=67%
11-01 08:45:37.251 1869-1869 E/eglCodecCommon: glUtilsParamSize: unknow param 0x00000b44
11-01 08:45:37.261 1869-1869 E/eglCodecCommon: glUtilsParamSize: unknow param 0x00000bd0
11-01 08:45:37.281 1869-1869 E/eglCodecCommon: **** ERROR unknown type 0x0 (glSizeof,72)
11-01 08:45:37.891 1869-1869 D/AdblockWebView: Loading progress=68%
11-01 08:45:38.021 1869-1869 D/AdblockWebView: Loading progress=68%
11-01 08:45:38.051 1869-1869 E/eglCodecCommon: glUtilsParamSize: unknow param 0x00000b44
11-01 08:45:38.061 1869-1869 E/eglCodecCommon: glUtilsParamSize: unknow param 0x00000bd0
11-01 08:45:38.091 1869-1869 E/eglCodecCommon: **** ERROR unknown type 0x0 (glSizeof,72)
11-01 08:45:38.991 1869-1869 D/AdblockWebView: Loading progress=69%
11-01 08:45:39.141 1869-1869 D/AdblockWebView: Loading progress=69%
11-01 08:45:39.171 1869-1869 E/eglCodecCommon: glUtilsParamSize: unknow param 0x00000b44
11-01 08:45:39.181 1869-1869 E/eglCodecCommon: glUtilsParamSize: unknow param 0x00000bd0
11-01 08:45:39.191 1869-1869 E/eglCodecCommon: **** ERROR unknown type 0x0 (glSizeof,72)
11-01 08:45:39.791 1869-1869 D/AdblockWebView: Loading progress=69%
11-01 08:45:39.831 1869-1869 E/eglCodecCommon: glUtilsParamSize: unknow param 0x00000b44
11-01 08:45:39.831 1869-1869 E/eglCodecCommon: glUtilsParamSize: unknow param 0x00000bd0
11-01 08:45:39.851 1869-1869 E/eglCodecCommon: **** ERROR unknown type 0x0 (glSizeof,72)
11-01 08:45:39.951 1869-1869 D/AdblockWebView: Loading progress=69%
11-01 08:45:39.981 1869-1869 E/eglCodecCommon: glUtilsParamSize: unknow param 0x00000b44
11-01 08:45:39.991 1869-1869 E/eglCodecCommon: glUtilsParamSize: unknow param 0x00000bd0
11-01 08:45:40.011 1869-1869 E/eglCodecCommon: **** ERROR unknown type 0x0 (glSizeof,72)
11-01 08:45:40.081 1869-1869 D/AdblockWebView: Loading progress=70%
11-01 08:45:40.131 1869-1869 E/eglCodecCommon: glUtilsParamSize: unknow param 0x00000b44
11-01 08:45:40.141 1869-1869 E/eglCodecCommon: glUtilsParamSize: unknow param 0x00000bd0
11-01 08:45:40.151 1869-1869 E/eglCodecCommon: **** ERROR unknown type 0x0 (glSizeof,72)
11-01 08:45:40.431 1869-1869 D/AdblockWebView: Loading progress=70%
11-01 08:45:40.451 1869-1869 E/eglCodecCommon: glUtilsParamSize: unknow param 0x00000b44
11-01 08:45:40.461 1869-1869 E/eglCodecCommon: glUtilsParamSize: unknow param 0x00000bd0
11-01 08:45:40.491 1869-1869 E/eglCodecCommon: **** ERROR unknown type 0x0 (glSizeof,72)
11-01 08:45:40.641 1869-1869 D/AdblockWebView: Loading progress=70%
11-01 08:45:40.701 1869-1869 E/eglCodecCommon: glUtilsParamSize: unknow param 0x00000b44
11-01 08:45:40.711 1869-1869 E/eglCodecCommon: glUtilsParamSize: unknow param 0x00000bd0
11-01 08:45:40.721 1869-1869 E/eglCodecCommon: **** ERROR unknown type 0x0 (glSizeof,72)
11-01 08:45:40.951 1869-1869 D/AdblockWebView: Loading progress=72%
11-01 08:45:40.951 1869-1889 D/IoThreadClientInvocationHandler: isMainFrame=false for http://www.e1.ru/news/static/609db8d9f3b483f32b82047242770709_76_76_c.jpg
11-01 08:45:40.951 1869-1889 D/AdblockWebView: Allowed loading http://www.e1.ru/news/static/609db8d9f3b483f32b82047242770709_76_76_c.jpg
11-01 08:45:40.971 1869-1869 E/eglCodecCommon: glUtilsParamSize: unknow param 0x00000b44
11-01 08:45:40.971 1869-1869 E/eglCodecCommon: glUtilsParamSize: unknow param 0x00000bd0
11-01 08:45:40.981 1869-1869 E/eglCodecCommon: **** ERROR unknown type 0x0 (glSizeof,72)
11-01 08:45:41.321 1869-1889 D/IoThreadClientInvocationHandler: isMainFrame=false for http://static.ngs.ru/news/54/preview/1573819781d78361c95c82594c54b6aa0cf09805_76_76_c.jpeg
11-01 08:45:41.321 1869-1889 D/AdblockWebView: Allowed loading http://static.ngs.ru/news/54/preview/1573819781d78361c95c82594c54b6aa0cf09805_76_76_c.jpeg
11-01 08:45:41.361 1869-1869 D/AdblockWebView: Loading progress=73%
11-01 08:45:41.431 1869-1869 E/eglCodecCommon: glUtilsParamSize: unknow param 0x00000b44
11-01 08:45:41.431 1869-1869 E/eglCodecCommon: glUtilsParamSize: unknow param 0x00000bd0
11-01 08:45:41.451 1869-1869 E/eglCodecCommon: **** ERROR unknown type 0x0 (glSizeof,72)
11-01 08:45:41.751 1869-1869 D/AdblockWebView: Loading progress=75%
11-01 08:45:42.151 1869-1869 D/AdblockWebView: Loading progress=77%
11-01 08:45:42.311 1869-1889 D/IoThreadClientInvocationHandler: isMainFrame=false for https://mc.yandex.ru/watch/6874273?wmode=5&callback=_ymjsp716534357&page-url=http%3A%2F%2Fm.e1.ru%2F&browser-info=j%3A1%3As%3A384x592x32%3Ask%3A2%3Afpr%3A216613626101%3Acn%3A1%3Aw%3A384x416%3Az%3A-240%3Ai%3A20161101084542%3Aet%3A1478004342%3Aen%3Autf-8%3Av%3A729%3Ac%3A1%3Ala%3Aru-ru%3Apv%3A1%3Arn%3A788789975%3Ahid%3A1062778509%3Ads%3A520%2C634%2C1041%2C1979%2C5004%2C0%2C%2C6482%2C%2C%2C%2C%2C%3Ast%3A1478004342%3Au%3A1478004342381710404%3At%3A%D0%95%D0%BA%D0%B0%D1%82%D0%B5%D1%80%D0%B8%D0%BD%D0%B1%D1%83%D1%80%D0%B3%20%D0%9E%D0%BD-%D0%9B%D0%B0%D0%B9%D0%BD
11-01 08:45:42.311 1869-1889 D/AdblockWebView: Allowed loading https://mc.yandex.ru/watch/6874273?wmode=5&callback=_ymjsp716534357&page-url=http%3A%2F%2Fm.e1.ru%2F&browser-info=j%3A1%3As%3A384x592x32%3Ask%3A2%3Afpr%3A216613626101%3Acn%3A1%3Aw%3A384x416%3Az%3A-240%3Ai%3A20161101084542%3Aet%3A1478004342%3Aen%3Autf-8%3Av%3A729%3Ac%3A1%3Ala%3Aru-ru%3Apv%3A1%3Arn%3A788789975%3Ahid%3A1062778509%3Ads%3A520%2C634%2C1041%2C1979%2C5004%2C0%2C%2C6482%2C%2C%2C%2C%2C%3Ast%3A1478004342%3Au%3A1478004342381710404%3At%3A%D0%95%D0%BA%D0%B0%D1%82%D0%B5%D1%80%D0%B8%D0%BD%D0%B1%D1%83%D1%80%D0%B3%20%D0%9E%D0%BD-%D0%9B%D0%B0%D0%B9%D0%BD
11-01 08:45:42.331 1869-1869 D/AdblockWebView: JS: level=LOG, message="DOMContentLoaded() event fired", sourceId="", line=60
11-01 08:45:42.331 1869-1869 I/chromium: [INFO:CONSOLE(60)] "DOMContentLoaded() event fired", source: (60)
11-01 08:45:42.351 1869-1869 D/AdblockWebView: JS: level=LOG, message="already hidden, exiting", sourceId="", line=6
11-01 08:45:42.351 1869-1869 I/chromium: [INFO:CONSOLE(6)] "already hidden, exiting", source: (6)
11-01 08:45:42.391 1869-1869 D/AdblockWebView: JS: level=ERROR, message="Uncaught TypeError: Cannot call method 'removeItem' of null", sourceId="http://m.e1.ru/static/js/script.js?1", line=1293
11-01 08:45:42.391 1869-1869 I/chromium: [INFO:CONSOLE(1293)] "Uncaught TypeError: Cannot call method 'removeItem' of null", source: http://m.e1.ru/static/js/script.js?1 (1293)
11-01 08:45:42.451 1869-1869 D/AdblockWebView: Loading progress=77%
11-01 08:45:43.011 1869-1869 D/AdblockWebView: Loading progress=77%
11-01 08:45:43.021 1869-1869 E/eglCodecCommon: glUtilsParamSize: unknow param 0x00000b44
11-01 08:45:43.031 1869-1869 E/eglCodecCommon: glUtilsParamSize: unknow param 0x00000bd0
11-01 08:45:43.051 1869-1869 E/eglCodecCommon: **** ERROR unknown type 0x0 (glSizeof,72)
11-01 08:45:44.111 1869-1869 D/AdblockWebView: Loading progress=78%
11-01 08:45:44.891 1869-1869 D/AdblockWebView: Loading progress=79%
11-01 08:45:45.531 1869-1902 E/compat.js:79: ReferenceError: Pref is not defined [
11-01 08:45:45.531 1869: 1902 V/ ] 1: Components.utils.reportError() at compat.js:80 2: /* anonymous */() at compat.js:270
11-01 08:45:45.551 1869-1869 D/AdblockWebView: Loading progress=79%
11-01 08:45:45.951 1869-1889 D/IoThreadClientInvocationHandler: isMainFrame=false for http://static.ngs.ru/news/54/preview/53f7cc5408638cf6c72a4338d0b780b0062673f3_76_76_c.jpeg
11-01 08:45:45.951 1869-1889 D/AdblockWebView: Allowed loading http://static.ngs.ru/news/54/preview/53f7cc5408638cf6c72a4338d0b780b0062673f3_76_76_c.jpeg
11-01 08:45:45.971 1869-1869 D/AdblockWebView: Loading progress=80%
11-01 08:45:46.141 1869-1889 D/IoThreadClientInvocationHandler: isMainFrame=false for http://m.e1.ru/static/img/f1.png
11-01 08:45:46.141 1869-1889 D/AdblockWebView: Allowed loading http://m.e1.ru/static/img/f1.png
11-01 08:45:46.161 1869-1869 D/AdblockWebView: Loading progress=80%
11-01 08:45:46.201 1869-1869 E/eglCodecCommon: glUtilsParamSize: unknow param 0x00000b44
11-01 08:45:46.201 1869-1869 E/eglCodecCommon: glUtilsParamSize: unknow param 0x00000bd0
11-01 08:45:46.221 1869-1869 E/eglCodecCommon: **** ERROR unknown type 0x0 (glSizeof,72)
11-01 08:45:46.361 1869-1869 D/AdblockWebView: Loading progress=81%
11-01 08:45:46.451 1869-1889 D/IoThreadClientInvocationHandler: isMainFrame=false for http://m.e1.ru/static/img/f2.png
11-01 08:45:46.451 1869-1889 D/AdblockWebView: Allowed loading http://m.e1.ru/static/img/f2.png
11-01 08:45:46.481 1869-1869 D/AdblockWebView: Loading progress=81%
11-01 08:45:47.071 1869-1869 D/AdblockWebView: Loading progress=82%
11-01 08:45:47.351 1869-1869 D/AdblockWebView: Loading progress=83%
11-01 08:45:47.761 1869-1869 D/AdblockWebView: Loading progress=83%
11-01 08:45:47.981 1869-1869 D/AdblockWebView: Loading progress=84%
11-01 08:45:48.001 1869-1869 E/eglCodecCommon: glUtilsParamSize: unknow param 0x00000b44
11-01 08:45:48.001 1869-1869 E/eglCodecCommon: glUtilsParamSize: unknow param 0x00000bd0
11-01 08:45:48.031 1869-1869 E/eglCodecCommon: **** ERROR unknown type 0x0 (glSizeof,72)
11-01 08:45:48.041 1869-1869 D/AdblockWebView: Loading progress=84%
11-01 08:45:48.881 1869-1869 D/AdblockWebView: Loading progress=84%
11-01 08:45:49.101 1869-1869 D/AdblockWebView: Loading progress=84%
11-01 08:45:49.541 1869-1889 D/IoThreadClientInvocationHandler: isMainFrame=false for http://m.e1.ru/static/img/f3.png
11-01 08:45:49.541 1869-1889 D/AdblockWebView: Allowed loading http://m.e1.ru/static/img/f3.png
11-01 08:45:49.551 1869-1889 D/IoThreadClientInvocationHandler: isMainFrame=false for http://m.e1.ru/static/img/up_orange.png
11-01 08:45:49.551 1869-1889 D/AdblockWebView: Allowed loading http://m.e1.ru/static/img/up_orange.png
11-01 08:45:49.561 1869-1889 D/IoThreadClientInvocationHandler: isMainFrame=false for http://www.tns-counter.ru/V13a***R%3E*hfs_ru/ru/UTF-8/tmsec=e1_news/172226354
11-01 08:45:49.561 1869-1889 D/AdblockWebView: Allowed loading http://www.tns-counter.ru/V13a***R%3E*hfs_ru/ru/UTF-8/tmsec=e1_news/172226354
11-01 08:45:49.611 1869-1869 D/AdblockWebView: Loading progress=84%
11-01 08:45:49.681 1869-1869 E/eglCodecCommon: glUtilsParamSize: unknow param 0x00000b44
11-01 08:45:49.691 1869-1869 E/eglCodecCommon: glUtilsParamSize: unknow param 0x00000bd0
11-01 08:45:49.701 1869-1869 E/eglCodecCommon: **** ERROR unknown type 0x0 (glSizeof,72)
11-01 08:45:49.961 1869-1869 D/AdblockWebView: Loading progress=86%
11-01 08:45:50.301 1869-1869 D/AdblockWebView: Loading progress=86%
11-01 08:45:50.491 1869-1889 D/IoThreadClientInvocationHandler: isMainFrame=false for http://www.google-analytics.com/r/__utm.gif?utmwv=5.6.7&utms=1&utmn=378634681&utmhn=m.e1.ru&utmcs=UTF-8&utmsr=384x592&utmvp=384x416&utmsc=32-bit&utmul=ru-ru&utmje=1&utmfl=-&utmdt=%D0%95%D0%BA%D0%B0%D1%82%D0%B5%D1%80%D0%B8%D0%BD%D0%B1%D1%83%D1%80%D0%B3%20%D0%9E%D0%BD-%D0%9B%D0%B0%D0%B9%D0%BD&utmhid=695545606&utmr=-&utmp=%2F&utmht=1478004335719&utmac=UA-3975627-1&utmcc=__utma%3D224280135.612150864.1478004335.1478004335.1478004335.1%3B%2B__utmz%3D224280135.1478004335.1.1.utmcsr%3D(direct)%7Cutmccn%3D(direct)%7Cutmcmd%3D(none)%3B&utmjid=1738663758&utmredir=1&utmu=qAEAAAAAAAAAAAAAAAAAAAAE~
11-01 08:45:50.491 1869-1889 D/AdblockWebView: Allowed loading http://www.google-analytics.com/r/__utm.gif?utmwv=5.6.7&utms=1&utmn=378634681&utmhn=m.e1.ru&utmcs=UTF-8&utmsr=384x592&utmvp=384x416&utmsc=32-bit&utmul=ru-ru&utmje=1&utmfl=-&utmdt=%D0%95%D0%BA%D0%B0%D1%82%D0%B5%D1%80%D0%B8%D0%BD%D0%B1%D1%83%D1%80%D0%B3%20%D0%9E%D0%BD-%D0%9B%D0%B0%D0%B9%D0%BD&utmhid=695545606&utmr=-&utmp=%2F&utmht=1478004335719&utmac=UA-3975627-1&utmcc=__utma%3D224280135.612150864.1478004335.1478004335.1478004335.1%3B%2B__utmz%3D224280135.1478004335.1.1.utmcsr%3D(direct)%7Cutmccn%3D(direct)%7Cutmcmd%3D(none)%3B&utmjid=1738663758&utmredir=1&utmu=qAEAAAAAAAAAAAAAAAAAAAAE~
11-01 08:45:50.511 1869-1869 D/AdblockWebView: Loading progress=86%
11-01 08:45:51.371 1869-1889 D/IoThreadClientInvocationHandler: isMainFrame=false for https://mc.yandex.ru/metrika/advert.gif
11-01 08:45:51.371 1869-1889 W/AdblockWebView: Blocked loading https://mc.yandex.ru/metrika/advert.gif
11-01 08:45:51.391 1869-1869 D/AdblockWebView: Loading progress=86%
11-01 08:45:51.451 1869-1869 E/eglCodecCommon: glUtilsParamSize: unknow param 0x00000b44
11-01 08:45:51.451 1869-1869 E/eglCodecCommon: glUtilsParamSize: unknow param 0x00000bd0
11-01 08:45:51.481 1869-1869 E/eglCodecCommon: **** ERROR unknown type 0x0 (glSizeof,72)
11-01 08:45:51.531 1869-1869 D/AdblockWebView: Loading progress=86%
11-01 08:45:51.691 1869-1869 E/eglCodecCommon: glUtilsParamSize: unknow param 0x00000b44
11-01 08:45:51.691 1869-1869 E/eglCodecCommon: glUtilsParamSize: unknow param 0x00000bd0
11-01 08:45:51.841 1869-1869 E/eglCodecCommon: **** ERROR unknown type 0x0 (glSizeof,72)
11-01 08:45:51.841 1869-1869 D/AdblockWebView: Loading progress=86%
11-01 08:45:51.981 1869-1869 E/eglCodecCommon: glUtilsParamSize: unknow param 0x00000b44
11-01 08:45:51.981 1869-1869 E/eglCodecCommon: glUtilsParamSize: unknow param 0x00000bd0
11-01 08:45:52.111 1869-1869 E/eglCodecCommon: **** ERROR unknown type 0x0 (glSizeof,72)
11-01 08:45:52.901 1869-1869 D/AdblockWebView: Loading progress=86%
11-01 08:45:52.971 1869-1869 E/eglCodecCommon: glUtilsParamSize: unknow param 0x00000b44
11-01 08:45:52.971 1869-1869 E/eglCodecCommon: glUtilsParamSize: unknow param 0x00000bd0
11-01 08:45:52.991 1869-1869 E/eglCodecCommon: **** ERROR unknown type 0x0 (glSizeof,72)
11-01 08:45:53.601 1869-1869 E/eglCodecCommon: glUtilsParamSize: unknow param 0x00000b44
11-01 08:45:53.601 1869-1869 E/eglCodecCommon: glUtilsParamSize: unknow param 0x00000bd0
11-01 08:45:53.671 1869-1869 E/eglCodecCommon: **** ERROR unknown type 0x0 (glSizeof,72)
11-01 08:45:53.691 1869-1869 E/eglCodecCommon: glUtilsParamSize: unknow param 0x00000b44
11-01 08:45:53.691 1869-1869 E/eglCodecCommon: glUtilsParamSize: unknow param 0x00000bd0
11-01 08:45:53.741 1869-1869 E/eglCodecCommon: **** ERROR unknown type 0x0 (glSizeof,72)
11-01 08:45:53.771 1869-1869 E/eglCodecCommon: glUtilsParamSize: unknow param 0x00000b44
11-01 08:45:53.781 1869-1869 E/eglCodecCommon: glUtilsParamSize: unknow param 0x00000bd0
11-01 08:45:53.851 1869-1869 E/eglCodecCommon: **** ERROR unknown type 0x0 (glSizeof,72)
11-01 08:45:53.881 1869-1869 E/eglCodecCommon: glUtilsParamSize: unknow param 0x00000b44
11-01 08:45:53.881 1869-1869 E/eglCodecCommon: glUtilsParamSize: unknow param 0x00000bd0
11-01 08:45:53.981 1869-1869 E/eglCodecCommon: **** ERROR unknown type 0x0 (glSizeof,72)
11-01 08:45:54.011 1869-1869 E/eglCodecCommon: glUtilsParamSize: unknow param 0x00000b44
11-01 08:45:54.011 1869-1869 E/eglCodecCommon: glUtilsParamSize: unknow param 0x00000bd0
11-01 08:45:54.041 1869-1869 E/eglCodecCommon: **** ERROR unknown type 0x0 (glSizeof,72)
11-01 08:45:54.051 1869-1869 E/eglCodecCommon: glUtilsParamSize: unknow param 0x00000b44
11-01 08:45:54.061 1869-1869 E/eglCodecCommon: glUtilsParamSize: unknow param 0x00000bd0
11-01 08:45:54.141 1869-1869 E/eglCodecCommon: **** ERROR unknown type 0x0 (glSizeof,72)
11-01 08:45:54.151 1869-1869 E/eglCodecCommon: glUtilsParamSize: unknow param 0x00000b44
11-01 08:45:54.151 1869-1869 E/eglCodecCommon: glUtilsParamSize: unknow param 0x00000bd0
11-01 08:45:54.191 1869-1869 E/eglCodecCommon: **** ERROR unknown type 0x0 (glSizeof,72)
11-01 08:45:54.201 1869-1869 E/eglCodecCommon: glUtilsParamSize: unknow param 0x00000b44
11-01 08:45:54.201 1869-1869 E/eglCodecCommon: glUtilsParamSize: unknow param 0x00000bd0
11-01 08:45:54.221 1869-1869 E/eglCodecCommon: **** ERROR unknown type 0x0 (glSizeof,72)
11-01 08:45:54.271 1869-1869 E/eglCodecCommon: glUtilsParamSize: unknow param 0x00000b44
11-01 08:45:54.271 1869-1869 E/eglCodecCommon: glUtilsParamSize: unknow param 0x00000bd0
11-01 08:45:54.291 1869-1869 E/eglCodecCommon: **** ERROR unknown type 0x0 (glSizeof,72)
11-01 08:45:54.381 1869-1869 E/eglCodecCommon: glUtilsParamSize: unknow param 0x00000b44
11-01 08:45:54.381 1869-1869 E/eglCodecCommon: glUtilsParamSize: unknow param 0x00000bd0
11-01 08:45:54.451 1869-1869 E/eglCodecCommon: **** ERROR unknown type 0x0 (glSizeof,72)
11-01 08:45:54.491 1869-1869 E/eglCodecCommon: glUtilsParamSize: unknow param 0x00000b44
11-01 08:45:54.491 1869-1869 E/eglCodecCommon: glUtilsParamSize: unknow param 0x00000bd0
11-01 08:45:54.501 1869-1869 E/eglCodecCommon: **** ERROR unknown type 0x0 (glSizeof,72)
11-01 08:45:54.521 1869-1869 E/eglCodecCommon: glUtilsParamSize: unknow param 0x00000b44
11-01 08:45:54.521 1869-1869 E/eglCodecCommon: glUtilsParamSize: unknow param 0x00000bd0
11-01 08:45:54.551 1869-1869 E/eglCodecCommon: **** ERROR unknown type 0x0 (glSizeof,72)
11-01 08:45:54.571 1869-1869 E/eglCodecCommon: glUtilsParamSize: unknow param 0x00000b44
11-01 08:45:54.581 1869-1869 E/eglCodecCommon: glUtilsParamSize: unknow param 0x00000bd0
11-01 08:45:54.611 1869-1869 E/eglCodecCommon: **** ERROR unknown type 0x0 (glSizeof,72)
11-01 08:45:54.621 1869-1869 E/eglCodecCommon: glUtilsParamSize: unknow param 0x00000b44
11-01 08:45:54.631 1869-1869 E/eglCodecCommon: glUtilsParamSize: unknow param 0x00000bd0
11-01 08:45:54.651 1869-1869 E/eglCodecCommon: **** ERROR unknown type 0x0 (glSizeof,72)
11-01 08:45:54.671 1869-1869 E/eglCodecCommon: glUtilsParamSize: unknow param 0x00000b44
11-01 08:45:54.691 1869-1869 E/eglCodecCommon: glUtilsParamSize: unknow param 0x00000bd0
11-01 08:45:54.711 1869-1869 E/eglCodecCommon: **** ERROR unknown type 0x0 (glSizeof,72)
11-01 08:45:54.721 1869-1869 E/eglCodecCommon: glUtilsParamSize: unknow param 0x00000b44
11-01 08:45:54.731 1869-1869 E/eglCodecCommon: glUtilsParamSize: unknow param 0x00000bd0
11-01 08:45:54.771 1869-1869 E/eglCodecCommon: **** ERROR unknown type 0x0 (glSizeof,72)
11-01 08:45:54.811 1869-1869 E/eglCodecCommon: glUtilsParamSize: unknow param 0x00000b44
11-01 08:45:54.811 1869-1869 E/eglCodecCommon: glUtilsParamSize: unknow param 0x00000bd0
11-01 08:45:54.851 1869-1869 E/eglCodecCommon: **** ERROR unknown type 0x0 (glSizeof,72)
11-01 08:45:54.871 1869-1869 E/eglCodecCommon: glUtilsParamSize: unknow param 0x00000b44
11-01 08:45:54.881 1869-1869 E/eglCodecCommon: glUtilsParamSize: unknow param 0x00000bd0
11-01 08:45:54.901 1869-1869 E/eglCodecCommon: **** ERROR unknown type 0x0 (glSizeof,72)
11-01 08:45:54.931 1869-1869 E/eglCodecCommon: glUtilsParamSize: unknow param 0x00000b44
11-01 08:45:54.941 1869-1869 E/eglCodecCommon: glUtilsParamSize: unknow param 0x00000bd0
11-01 08:45:54.961 1869-1869 E/eglCodecCommon: **** ERROR unknown type 0x0 (glSizeof,72)
11-01 08:45:55.011 1869-1869 E/eglCodecCommon: glUtilsParamSize: unknow param 0x00000b44
11-01 08:45:55.011 1869-1869 E/eglCodecCommon: glUtilsParamSize: unknow param 0x00000bd0
11-01 08:45:55.041 1869-1869 E/eglCodecCommon: **** ERROR unknown type 0x0 (glSizeof,72)
11-01 08:45:55.091 1869-1869 E/eglCodecCommon: glUtilsParamSize: unknow param 0x00000b44
11-01 08:45:55.091 1869-1869 E/eglCodecCommon: glUtilsParamSize: unknow param 0x00000bd0
11-01 08:45:55.141 1869-1869 E/eglCodecCommon: **** ERROR unknown type 0x0 (glSizeof,72)
11-01 08:45:55.171 1869-1869 E/eglCodecCommon: glUtilsParamSize: unknow param 0x00000b44
11-01 08:45:55.171 1869-1869 E/eglCodecCommon: glUtilsParamSize: unknow param 0x00000bd0
11-01 08:45:55.221 1869-1869 E/eglCodecCommon: **** ERROR unknown type 0x0 (glSizeof,72)
11-01 08:45:55.251 1869-1869 E/eglCodecCommon: glUtilsParamSize: unknow param 0x00000b44
11-01 08:45:55.251 1869-1869 E/eglCodecCommon: glUtilsParamSize: unknow param 0x00000bd0
11-01 08:45:55.271 1869-1869 E/eglCodecCommon: **** ERROR unknown type 0x0 (glSizeof,72)
11-01 08:45:55.291 1869-1869 E/eglCodecCommon: glUtilsParamSize: unknow param 0x00000b44
11-01 08:45:55.301 1869-1869 E/eglCodecCommon: glUtilsParamSize: unknow param 0x00000bd0
11-01 08:45:55.321 1869-1869 E/eglCodecCommon: **** ERROR unknown type 0x0 (glSizeof,72)
11-01 08:45:55.331 1869-1869 E/eglCodecCommon: glUtilsParamSize: unknow param 0x00000b44
11-01 08:45:55.341 1869-1869 E/eglCodecCommon: glUtilsParamSize: unknow param 0x00000bd0
11-01 08:45:55.371 1869-1869 E/eglCodecCommon: **** ERROR unknown type 0x0 (glSizeof,72)
11-01 08:45:55.391 1869-1869 E/eglCodecCommon: glUtilsParamSize: unknow param 0x00000b44
11-01 08:45:55.401 1869-1869 E/eglCodecCommon: glUtilsParamSize: unknow param 0x00000bd0
11-01 08:45:55.421 1869-1869 E/eglCodecCommon: **** ERROR unknown type 0x0 (glSizeof,72)
11-01 08:45:55.441 1869-1869 E/eglCodecCommon: glUtilsParamSize: unknow param 0x00000b44
11-01 08:45:55.441 1869-1869 E/eglCodecCommon: glUtilsParamSize: unknow param 0x00000bd0
11-01 08:45:55.481 1869-1869 E/eglCodecCommon: **** ERROR unknown type 0x0 (glSizeof,72)
11-01 08:45:55.501 1869-1869 E/eglCodecCommon: glUtilsParamSize: unknow param 0x00000b44
11-01 08:45:55.511 1869-1869 E/eglCodecCommon: glUtilsParamSize: unknow param 0x00000bd0
11-01 08:45:55.531 1869-1869 E/eglCodecCommon: **** ERROR unknown type 0x0 (glSizeof,72)
11-01 08:45:55.551 1869-1869 E/eglCodecCommon: glUtilsParamSize: unknow param 0x00000b44
11-01 08:45:55.561 1869-1869 E/eglCodecCommon: glUtilsParamSize: unknow param 0x00000bd0
11-01 08:45:55.591 1869-1869 E/eglCodecCommon: **** ERROR unknown type 0x0 (glSizeof,72)
11-01 08:45:55.831 1869-1869 E/eglCodecCommon: glUtilsParamSize: unknow param 0x00000b44
11-01 08:45:55.841 1869-1869 E/eglCodecCommon: glUtilsParamSize: unknow param 0x00000bd0
11-01 08:45:55.871 1869-1869 E/eglCodecCommon: **** ERROR unknown type 0x0 (glSizeof,72)
11-01 08:45:55.871 1869-1869 E/eglCodecCommon: glUtilsParamSize: unknow param 0x00000b44
11-01 08:45:55.881 1869-1869 E/eglCodecCommon: glUtilsParamSize: unknow param 0x00000bd0
11-01 08:45:55.891 1869-1869 E/eglCodecCommon: **** ERROR unknown type 0x0 (glSizeof,72)
11-01 08:45:55.901 1869-1869 E/eglCodecCommon: glUtilsParamSize: unknow param 0x00000b44
11-01 08:45:55.911 1869-1869 E/eglCodecCommon: glUtilsParamSize: unknow param 0x00000bd0
11-01 08:45:55.941 1869-1869 E/eglCodecCommon: **** ERROR unknown type 0x0 (glSizeof,72)
11-01 08:45:55.951 1869-1869 E/eglCodecCommon: glUtilsParamSize: unknow param 0x00000b44
11-01 08:45:55.951 1869-1869 E/eglCodecCommon: glUtilsParamSize: unknow param 0x00000bd0
11-01 08:45:55.981 1869-1869 E/eglCodecCommon: **** ERROR unknown type 0x0 (glSizeof,72)
11-01 08:45:56.001 1869-1869 E/eglCodecCommon: glUtilsParamSize: unknow param 0x00000b44
11-01 08:45:56.011 1869-1869 E/eglCodecCommon: glUtilsParamSize: unknow param 0x00000bd0
11-01 08:45:56.021 1869-1869 E/eglCodecCommon: **** ERROR unknown type 0x0 (glSizeof,72)
11-01 08:45:56.041 1869-1869 E/eglCodecCommon: glUtilsParamSize: unknow param 0x00000b44
11-01 08:45:56.051 1869-1869 E/eglCodecCommon: glUtilsParamSize: unknow param 0x00000bd0
11-01 08:45:56.061 1869-1869 E/eglCodecCommon: **** ERROR unknown type 0x0 (glSizeof,72)
11-01 08:45:56.081 1869-1869 E/eglCodecCommon: glUtilsParamSize: unknow param 0x00000b44
11-01 08:45:56.081 1869-1869 E/eglCodecCommon: glUtilsParamSize: unknow param 0x00000bd0
11-01 08:45:56.121 1869-1869 E/eglCodecCommon: **** ERROR unknown type 0x0 (glSizeof,72)
11-01 08:45:56.161 1869-1869 E/eglCodecCommon: glUtilsParamSize: unknow param 0x00000b44
11-01 08:45:56.171 1869-1869 E/eglCodecCommon: glUtilsParamSize: unknow param 0x00000bd0
11-01 08:45:56.201 1869-1869 E/eglCodecCommon: **** ERROR unknown type 0x0 (glSizeof,72)
11-01 08:45:56.501 1869-1869 D/AdblockWebView: Loading progress=87%
11-01 08:45:56.521 1869-1869 D/AdblockWebView: Loading progress=100%
11-01 08:45:56.541 1869-1889 D/IoThreadClientInvocationHandler: isMainFrame=false for http://m.e1.ru/favicon_e1.ico
11-01 08:45:56.541 1869-1889 D/AdblockWebView: Allowed loading http://m.e1.ru/favicon_e1.ico
11-01 08:45:56.571 1869-1869 E/eglCodecCommon: glUtilsParamSize: unknow param 0x00000b44
11-01 08:45:56.581 1869-1869 E/eglCodecCommon: glUtilsParamSize: unknow param 0x00000bd0
11-01 08:45:56.601 1869-1869 E/eglCodecCommon: **** ERROR unknown type 0x0 (glSizeof,72)
11-01 08:45:56.601 1869-1869 D/AdblockWebView: JS: level=LOG, message="onreadystatechange() event fired (complete)", sourceId="", line=43
11-01 08:45:56.611 1869-1869 I/chromium: [INFO:CONSOLE(43)] "onreadystatechange() event fired (complete)", source: (43)
11-01 08:45:56.611 1869-1869 D/AdblockWebView: JS: level=LOG, message="load() event fired", sourceId="", line=53
11-01 08:45:56.611 1869-1869 I/chromium: [INFO:CONSOLE(53)] "load() event fired", source: (53)
11-01 08:45:56.611 1869-1869 D/AdblockWebView: JS: level=LOG, message="already hidden, exiting", sourceId="", line=6
11-01 08:45:56.611 1869-1869 I/chromium: [INFO:CONSOLE(6)] "already hidden, exiting", source: (6)
11-01 08:45:56.751 1869-1869 E/eglCodecCommon: glUtilsParamSize: unknow param 0x00000b44
11-01 08:45:56.751 1869-1869 E/eglCodecCommon: glUtilsParamSize: unknow param 0x00000bd0
11-01 08:45:56.761 1869-1869 E/eglCodecCommon: **** ERROR unknown type 0x0 (glSizeof,72)
11-01 08:45:56.821 1869-1869 E/eglCodecCommon: glUtilsParamSize: unknow param 0x00000b44
11-01 08:45:56.831 1869-1869 E/eglCodecCommon: glUtilsParamSize: unknow param 0x00000bd0
11-01 08:45:56.951 1869-1869 E/eglCodecCommon: **** ERROR unknown type 0x0 (glSizeof,72)
11-01 08:45:56.981 1869-1869 E/eglCodecCommon: glUtilsParamSize: unknow param 0x00000b44
11-01 08:45:56.981 1869-1869 E/eglCodecCommon: glUtilsParamSize: unknow param 0x00000bd0
11-01 08:45:57.011 1869-1869 E/eglCodecCommon: **** ERROR unknown type 0x0 (glSizeof,72)
11-01 08:45:57.131 1869-1869 E/eglCodecCommon: glUtilsParamSize: unknow param 0x00000b44
11-01 08:45:57.131 1869-1869 E/eglCodecCommon: glUtilsParamSize: unknow param 0x00000bd0
11-01 08:45:57.171 1869-1869 E/eglCodecCommon: **** ERROR unknown type 0x0 (glSizeof,72)
11-01 08:45:57.181 1869-1869 E/eglCodecCommon: glUtilsParamSize: unknow param 0x00000b44
11-01 08:45:57.181 1869-1869 E/eglCodecCommon: glUtilsParamSize: unknow param 0x00000bd0
11-01 08:45:57.191 1869-1869 E/eglCodecCommon: **** ERROR unknown type 0x0 (glSizeof,72)
11-01 08:45:57.211 1869-1869 E/eglCodecCommon: glUtilsParamSize: unknow param 0x00000b44
11-01 08:45:57.211 1869-1869 E/eglCodecCommon: glUtilsParamSize: unknow param 0x00000bd0
11-01 08:45:57.221 1869-1869 E/eglCodecCommon: **** ERROR unknown type 0x0 (glSizeof,72)
11-01 08:45:57.281 1869-1869 E/eglCodecCommon: glUtilsParamSize: unknow param 0x00000b44
11-01 08:45:57.281 1869-1869 E/eglCodecCommon: glUtilsParamSize: unknow param 0x00000bd0
11-01 08:45:57.311 1869-1869 E/eglCodecCommon: **** ERROR unknown type 0x0 (glSizeof,72)
11-01 08:45:57.361 1869-1889 D/IoThreadClientInvocationHandler: isMainFrame=false for https://mc.yandex.ru/watch/6874273?page-url=http%3A%2F%2Fm.e1.ru%2F&browser-info=j%3A1%3As%3A384x592x32%3Ask%3A2%3Aadb%3A1%3Afpr%3A216613626101%3Acn%3A1%3Aw%3A384x416%3Az%3A-240%3Ai%3A20161101084557%3Aet%3A1478004357%3Aen%3Autf-8%3Av%3A729%3Ac%3A1%3Ala%3Aru-ru%3Aar%3A1%3Anb%3A1%3Acl%3A14263%3Arn%3A535338310%3Ahid%3A1062778509%3Ads%3A%2C%2C%2C%2C%2C%2C%2C%2C55%2C42318%2C42330%2C75%2C28097%3Ast%3A1478004357%3Au%3A1478004342381710404
11-01 08:45:57.361 1869-1889 D/AdblockWebView: Allowed loading https://mc.yandex.ru/watch/6874273?page-url=http%3A%2F%2Fm.e1.ru%2F&browser-info=j%3A1%3As%3A384x592x32%3Ask%3A2%3Aadb%3A1%3Afpr%3A216613626101%3Acn%3A1%3Aw%3A384x416%3Az%3A-240%3Ai%3A20161101084557%3Aet%3A1478004357%3Aen%3Autf-8%3Av%3A729%3Ac%3A1%3Ala%3Aru-ru%3Aar%3A1%3Anb%3A1%3Acl%3A14263%3Arn%3A535338310%3Ahid%3A1062778509%3Ads%3A%2C%2C%2C%2C%2C%2C%2C%2C55%2C42318%2C42330%2C75%2C28097%3Ast%3A1478004357%3Au%3A1478004342381710404
11-01 08:45:57.381 1869-1869 E/eglCodecCommon: glUtilsParamSize: unknow param 0x00000b44
11-01 08:45:57.381 1869-1869 E/eglCodecCommon: glUtilsParamSize: unknow param 0x00000bd0
11-01 08:45:57.381 1869-1869 E/eglCodecCommon: **** ERROR unknown type 0x0 (glSizeof,72)
11-01 08:45:57.421 1869-1869 E/eglCodecCommon: glUtilsParamSize: unknow param 0x00000b44
11-01 08:45:57.421 1869-1869 E/eglCodecCommon: glUtilsParamSize: unknow param 0x00000bd0
11-01 08:45:57.441 1869-1869 E/eglCodecCommon: **** ERROR unknown type 0x0 (glSizeof,72)
11-01 08:45:57.511 1869-1869 E/eglCodecCommon: glUtilsParamSize: unknow param 0x00000b44
11-01 08:45:57.511 1869-1869 E/eglCodecCommon: glUtilsParamSize: unknow param 0x00000bd0
11-01 08:45:57.531 1869-1869 E/eglCodecCommon: **** ERROR unknown type 0x0 (glSizeof,72)
11-01 08:45:57.551 1869-1869 E/eglCodecCommon: glUtilsParamSize: unknow param 0x00000b44
11-01 08:45:57.551 1869-1869 E/eglCodecCommon: glUtilsParamSize: unknow param 0x00000bd0
11-01 08:45:57.581 1869-1869 E/eglCodecCommon: **** ERROR unknown type 0x0 (glSizeof,72)
11-01 08:45:57.591 1869-1869 E/eglCodecCommon: glUtilsParamSize: unknow param 0x00000b44
11-01 08:45:57.601 1869-1869 E/eglCodecCommon: glUtilsParamSize: unknow param 0x00000bd0
11-01 08:45:57.621 1869-1869 E/eglCodecCommon: **** ERROR unknown type 0x0 (glSizeof,72)
11-01 08:45:57.631 1869-1869 E/eglCodecCommon: glUtilsParamSize: unknow param 0x00000b44
11-01 08:45:57.641 1869-1869 E/eglCodecCommon: glUtilsParamSize: unknow param 0x00000bd0
11-01 08:45:57.681 1869-1889 D/IoThreadClientInvocationHandler: isMainFrame=false for https://tt.onthe.io/?k[]=12632:visits[url://spool/news_id-.html,browser:Chrome,referrer:direct,device:smart%20(Android),lifetime:0,browser_version:Chrome%204,user_type:new,returned:new,domain:m.e1.ru,sp:%2F,cdn_version:2,page:%D0%95%D0%BA%D0%B0%D1%82%D0%B5%D1%80%D0%B8%D0%BD%D0%B1%D1%83%D1%80%D0%B3%20%D0%9E%D0%BD-%D0%9B%D0%B0%D0%B9%D0%BD]&/?k[]=12632:uniques[url://spool/news_id-.html,browser:Chrome,referrer:direct,device:smart%20(Android),lifetime:0,browser_version:Chrome%204,user_type:new,returned:new,domain:m.e1.ru,sp:%2F,cdn_version:2,page:%D0%95%D0%BA%D0%B0%D1%82%D0%B5%D1%80%D0%B8%D0%BD%D0%B1%D1%83%D1%80%D0%B3%20%D0%9E%D0%BD-%D0%9B%D0%B0%D0%B9%D0%BD]&/?k[]=12632:pageviews_info[url://spool/news_id-.html,browser:Chrome,referrer:direct,device:smart%20(Android),lifetime:0,browser_version:Chrome%204,user_type:new,returned:new,domain:m.e1.ru,sp:%2F,cdn_version:2,page:%D0%95%D0%BA%D0%B0%D1%82%D0%B5%D1%80%D0%B8%D0%BD%D0%B1%D1%83%D1%80%D0%B3%20%D0%9E%D0%BD-%D0%9B%D0%B0%D0%B9%D0%BD]&s=68f457b8f20b25b1405898689b08349c&1478004357688
11-01 08:45:57.691 1869-1889 D/AdblockWebView: Allowed loading https://tt.onthe.io/?k[]=12632:visits[url://spool/news_id-.html,browser:Chrome,referrer:direct,device:smart%20(Android),lifetime:0,browser_version:Chrome%204,user_type:new,returned:new,domain:m.e1.ru,sp:%2F,cdn_version:2,page:%D0%95%D0%BA%D0%B0%D1%82%D0%B5%D1%80%D0%B8%D0%BD%D0%B1%D1%83%D1%80%D0%B3%20%D0%9E%D0%BD-%D0%9B%D0%B0%D0%B9%D0%BD]&/?k[]=12632:uniques[url://spool/news_id-.html,browser:Chrome,referrer:direct,device:smart%20(Android),lifetime:0,browser_version:Chrome%204,user_type:new,returned:new,domain:m.e1.ru,sp:%2F,cdn_version:2,page:%D0%95%D0%BA%D0%B0%D1%82%D0%B5%D1%80%D0%B8%D0%BD%D0%B1%D1%83%D1%80%D0%B3%20%D0%9E%D0%BD-%D0%9B%D0%B0%D0%B9%D0%BD]&/?k[]=12632:pageviews_info[url://spool/news_id-.html,browser:Chrome,referrer:direct,device:smart%20(Android),lifetime:0,browser_version:Chrome%204,user_type:new,returned:new,domain:m.e1.ru,sp:%2F,cdn_version:2,page:%D0%95%D0%BA%D0%B0%D1%82%D0%B5%D1%80%D0%B8%D0%BD%D0%B1%D1%83%D1%80%D0%B3%20%D0%9E%D0%BD-%D0%9B%D0%B0%D0%B9%D0%BD]&s=68f457b8f20b25b1405898689b08349c&1478004357688
11-01 08:45:57.711 1869-1869 E/eglCodecCommon: **** ERROR unknown type 0x0 (glSizeof,72)
11-01 08:45:57.741 1869-1869 E/eglCodecCommon: glUtilsParamSize: unknow param 0x00000b44
11-01 08:45:57.741 1869-1869 E/eglCodecCommon: glUtilsParamSize: unknow param 0x00000bd0
11-01 08:45:57.781 1869-1869 E/eglCodecCommon: **** ERROR unknown type 0x0 (glSizeof,72)
11-01 08:45:57.811 1869-1869 E/eglCodecCommon: glUtilsParamSize: unknow param 0x00000b44
11-01 08:45:57.811 1869-1869 E/eglCodecCommon: glUtilsParamSize: unknow param 0x00000bd0
11-01 08:45:57.831 1869-1869 E/eglCodecCommon: **** ERROR unknown type 0x0 (glSizeof,72)
11-01 08:45:57.871 1869-1869 E/eglCodecCommon: glUtilsParamSize: unknow param 0x00000b44
11-01 08:45:57.871 1869-1869 E/eglCodecCommon: glUtilsParamSize: unknow param 0x00000bd0
11-01 08:45:57.891 1869-1869 E/eglCodecCommon: **** ERROR unknown type 0x0 (glSizeof,72)
11-01 08:46:00.071 1869-1869 E/eglCodecCommon: glUtilsParamSize: unknow param 0x00000b44
11-01 08:46:00.081 1869-1869 E/eglCodecCommon: glUtilsParamSize: unknow param 0x00000bd0
11-01 08:46:00.101 1869-1869 E/eglCodecCommon: **** ERROR unknown type 0x0 (glSizeof,72)
11-01 08:46:00.171 1869-1869 E/eglCodecCommon: glUtilsParamSize: unknow param 0x00000b44
