11-01 08:38:20.650 1370-1517 D/dalvikvm: GC_FOR_ALLOC freed 265K, 10% free 3121K/3452K, paused 129ms, total 143ms
11-01 08:38:20.650 1370-1517 I/LatinIME:LogUtils: Dictionary info: dictionary = UserHistoryDictionary.ru.dict ; version = ? ; date = 1477321201
11-01 08:38:20.650 1275-1275 D/MobileDataStateTracker: hipri: Broadcast received: android.intent.action.ANY_DATA_STATE apnType=hipri
11-01 08:38:20.650 1275-1275 D/MobileDataStateTracker: hipri: Received state=DISCONNECTED, old=DISCONNECTED, reason=roamingOff
11-01 08:38:20.650 1275-1275 D/MobileDataStateTracker: ims: Broadcast received: android.intent.action.ANY_DATA_STATE apnType=ims
11-01 08:38:20.650 1275-1275 D/MobileDataStateTracker: ims: Received state=DISCONNECTED, old=DISCONNECTED, reason=roamingOff
11-01 08:38:20.650 1275-1275 D/MobileDataStateTracker: default: Broadcast received: android.intent.action.ANY_DATA_STATE apnType=default
11-01 08:38:20.650 1275-1275 D/MobileDataStateTracker: default: Received state=DISCONNECTED, old=DISCONNECTED, reason=roamingOff
11-01 08:38:20.650 1275-1275 D/MobileDataStateTracker: mms: Broadcast received: android.intent.action.ANY_DATA_STATE apnType=mms
11-01 08:38:20.660 1275-1275 D/MobileDataStateTracker: mms: Received state=DISCONNECTED, old=DISCONNECTED, reason=roamingOff
11-01 08:38:20.660 1275-1275 D/MobileDataStateTracker: cbs: Broadcast received: android.intent.action.ANY_DATA_STATE apnType=cbs
11-01 08:38:20.660 1275-1275 D/MobileDataStateTracker: cbs: Received state=DISCONNECTED, old=DISCONNECTED, reason=roamingOff
11-01 08:38:20.760 1338-1338 E/BluetoothAdapter: Bluetooth binder is null
11-01 08:38:20.860 1528-1528 D/ExternalStorage: Missing UUID for /storage/sdcard; skipping
11-01 08:38:20.860 1528-1528 D/ExternalStorage: After updating volumes, found 0 active roots
11-01 08:38:20.870 1528-1528 D/ExternalStorage: Missing UUID for /storage/sdcard; skipping
11-01 08:38:20.870 1528-1528 D/ExternalStorage: After updating volumes, found 0 active roots
11-01 08:38:20.870 1476-1476 D/MediaScannerReceiver: action: android.intent.action.MEDIA_MOUNTED path: /storage/sdcard [
11-01 08:38:20.890 1416: 1416 D/ ] HostConnection::get() New Host Connection established 0xb970bbc0, tid 1416
11-01 08:38:20.900 1275-1386 I/ActivityManager: Start proc com.android.music for broadcast com.android.music/.MediaButtonIntentReceiver: pid=1546 uid=10032 gids={50032, 3003, 1028, 1015}
11-01 08:38:20.910 1338-1338 D/PhoneStatusBar: disable: < expand icons alerts ticker system_info back home RECENT* clock SEARCH*
> 11-01 08:38:20.930 1416-1416 W/EGL_emulation: eglSurfaceAttrib not implemented
11-01 08:38:20.930 1546-1546 I/dalvikvm: CheckJNI enabled: not enabling JNI app bug workarounds.
11-01 08:38:20.980 1416-1416 D/OpenGLRenderer: Enabling debug mode 0
11-01 08:38:21.040 1404-1404 D/dalvikvm: GC_FOR_ALLOC freed 376K, 12% free 3289K/3732K, paused 76ms, total 83ms
11-01 08:38:21.080 1338-1338 D/dalvikvm: GC_FOR_ALLOC freed 144K, 4% free 5913K/6124K, paused 56ms, total 66ms
11-01 08:38:21.120 1388-1388 E/BluetoothAdapter: Bluetooth binder is null
11-01 08:38:21.130 1275-1513 I/MediaFocusControl: Remote Control registerMediaButtonIntent() for PendingIntent{a5243d40: PendingIntentRecord{a52de598 com.android.music broadcastIntent}}
11-01 08:38:21.130 1338-1338 E/BluetoothAdapter: Bluetooth binder is null
11-01 08:38:21.130 1338-1338 D/PhoneStatusBar: heads up is disabled
11-01 08:38:21.240 1275-1275 D/MobileDataStateTracker: fota: Broadcast received: android.intent.action.ANY_DATA_STATE apnType=fota
11-01 08:38:21.240 1275-1275 D/MobileDataStateTracker: fota: Received state=DISCONNECTED, old=DISCONNECTED, reason=dataAttached
11-01 08:38:21.290 1275-1275 D/MobileDataStateTracker: ia: Broadcast received: android.intent.action.ANY_DATA_STATE apnType=ia
11-01 08:38:21.290 1275-1275 D/MobileDataStateTracker: ia: Received state=DISCONNECTED, old=DISCONNECTED, reason=dataAttached
11-01 08:38:21.290 1275-1275 D/MobileDataStateTracker: supl: Broadcast received: android.intent.action.ANY_DATA_STATE apnType=supl
11-01 08:38:21.320 1275-1275 D/MobileDataStateTracker: supl: Received state=DISCONNECTED, old=DISCONNECTED, reason=dataAttached
11-01 08:38:21.320 1275-1275 D/MobileDataStateTracker: hipri: Broadcast received: android.intent.action.ANY_DATA_STATE apnType=hipri
11-01 08:38:21.320 1275-1275 D/MobileDataStateTracker: hipri: Received state=DISCONNECTED, old=DISCONNECTED, reason=dataAttached
11-01 08:38:21.360 1275-1275 D/MobileDataStateTracker: ims: Broadcast received: android.intent.action.ANY_DATA_STATE apnType=ims
11-01 08:38:21.360 1275-1275 D/MobileDataStateTracker: ims: Received state=DISCONNECTED, old=DISCONNECTED, reason=dataAttached
11-01 08:38:21.390 1275-1275 D/MobileDataStateTracker: mms: Broadcast received: android.intent.action.ANY_DATA_STATE apnType=mms
11-01 08:38:21.390 1275-1275 D/MobileDataStateTracker: mms: Received state=DISCONNECTED, old=DISCONNECTED, reason=dataAttached
11-01 08:38:21.390 1275-1275 D/MobileDataStateTracker: cbs: Broadcast received: android.intent.action.ANY_DATA_STATE apnType=cbs
11-01 08:38:21.390 1275-1275 D/MobileDataStateTracker: cbs: Received state=DISCONNECTED, old=DISCONNECTED, reason=dataAttached
11-01 08:38:21.490 1338-1338 D/dalvikvm: GC_FOR_ALLOC freed 357K, 7% free 6515K/6940K, paused 4ms, total 8ms
11-01 08:38:21.520 1275-1275 D/MobileDataStateTracker: fota: Broadcast received: android.intent.action.ANY_DATA_STATE apnType=fota
11-01 08:38:21.520 1275-1275 D/MobileDataStateTracker: fota: Received state=DISCONNECTED, old=DISCONNECTED, reason=dataAttached
11-01 08:38:21.520 1275-1275 D/MobileDataStateTracker: ia: Broadcast received: android.intent.action.ANY_DATA_STATE apnType=ia
11-01 08:38:21.530 1275-1275 D/MobileDataStateTracker: ia: Received state=DISCONNECTED, old=DISCONNECTED, reason=dataAttached
11-01 08:38:21.580 1275-1275 D/MobileDataStateTracker: supl: Broadcast received: android.intent.action.ANY_DATA_STATE apnType=supl
11-01 08:38:21.580 1275-1275 D/MobileDataStateTracker: supl: Received state=DISCONNECTED, old=DISCONNECTED, reason=dataAttached
11-01 08:38:21.580 1275-1275 D/MobileDataStateTracker: hipri: Broadcast received: android.intent.action.ANY_DATA_STATE apnType=hipri
11-01 08:38:21.580 1275-1275 D/MobileDataStateTracker: hipri: Received state=DISCONNECTED, old=DISCONNECTED, reason=dataAttached
11-01 08:38:21.580 1275-1275 D/MobileDataStateTracker: ims: Broadcast received: android.intent.action.ANY_DATA_STATE apnType=ims
11-01 08:38:21.580 1275-1275 D/MobileDataStateTracker: ims: Received state=DISCONNECTED, old=DISCONNECTED, reason=dataAttached
11-01 08:38:21.580 1275-1275 D/MobileDataStateTracker: mms: Broadcast received: android.intent.action.ANY_DATA_STATE apnType=mms
11-01 08:38:21.580 1275-1275 D/MobileDataStateTracker: mms: Received state=DISCONNECTED, old=DISCONNECTED, reason=dataAttached
11-01 08:38:21.610 1275-1275 D/MobileDataStateTracker: cbs: Broadcast received: android.intent.action.ANY_DATA_STATE apnType=cbs
11-01 08:38:21.610 1275-1275 D/MobileDataStateTracker: cbs: Received state=DISCONNECTED, old=DISCONNECTED, reason=dataAttached
11-01 08:38:21.610 1416-1416 W/EGL_emulation: eglSurfaceAttrib not implemented
11-01 08:38:21.630 1275-1289 I/ActivityManager: Displayed com.android.launcher/com.android.launcher2.Launcher: +5s157ms
11-01 08:38:21.760 1416-1416 D/dalvikvm: GC_FOR_ALLOC freed 157K, 6% free 4190K/4416K, paused 3ms, total 3ms
11-01 08:38:21.760 1416-1416 I/dalvikvm-heap: Grow heap (frag case) to 5.034MB for 921612-byte allocation
11-01 08:38:21.810 1416-1416 D/dalvikvm: GC_FOR_ALLOC freed 9K, 5% free 5081K/5320K, paused 0ms, total 0ms
11-01 08:38:21.880 1275-1286 D/dalvikvm: GC_FOR_ALLOC freed 659K, 12% free 5562K/6296K, paused 11ms, total 19ms
11-01 08:38:21.900 1416-1416 D/dalvikvm: GC_FOR_ALLOC freed <1K, 5% free 5081K/5320K, paused 82ms, total 83ms
11-01 08:38:21.900 1416-1416 I/dalvikvm-heap: Grow heap (frag case) to 5.904MB for 921612-byte allocation
11-01 08:38:21.910 1416-1416 D/dalvikvm: GC_FOR_ALLOC freed <1K, 4% free 5981K/6224K, paused 3ms, total 3ms
11-01 08:38:21.930 1338-1338 D/dalvikvm: GC_FOR_ALLOC freed 328K, 6% free 7401K/7796K, paused 4ms, total 4ms
11-01 08:38:22.010 1416-1416 D/dalvikvm: GC_FOR_ALLOC freed <1K, 4% free 5982K/6224K, paused 101ms, total 101ms
11-01 08:38:22.020 1416-1416 I/dalvikvm-heap: Grow heap (frag case) to 6.783MB for 921612-byte allocation
11-01 08:38:22.020 1416-1416 D/dalvikvm: GC_FOR_ALLOC freed <1K, 4% free 6882K/7128K, paused 4ms, total 4ms
11-01 08:38:22.200 1275-1386 D/dalvikvm: GC_FOR_ALLOC freed 511K, 11% free 5616K/6296K, paused 11ms, total 28ms
11-01 08:38:22.240 1275-1512 D/dalvikvm: GC_FOR_ALLOC freed 93K, 12% free 5628K/6376K, paused 24ms, total 25ms
11-01 08:38:22.240 1275-1512 I/dalvikvm-heap: Grow heap (frag case) to 5.680MB for 119560-byte allocation
11-01 08:38:22.270 1275-1513 D/dalvikvm: GC_FOR_ALLOC freed 3K, 12% free 5741K/6496K, paused 13ms, total 27ms
11-01 08:38:22.330 1404-1404 D/MccTable: updateMccMncConfiguration: mcc=310, mnc=260
11-01 08:38:22.330 1404-1404 D/MccTable: getLocaleFromMcc to en_us mcc=310
11-01 08:38:22.330 1404-1404 D/MccTable: getLocaleForLanguageCountry: skipping already persisted
11-01 08:38:22.350 1404-1404 D/MccTable: getLocaleForLanguageCountry: X locale=null
11-01 08:38:22.350 1404-1404 D/MccTable: WIFI_COUNTRY_CODE set to us
11-01 08:38:22.360 1275-1511 I/WifiService: WifiService trying to set country code to us with persist set to true
11-01 08:38:22.360 1404-1404 D/MccTable: updateMccMncConfiguration updateConfig config={1.0 310mcc260mnc ?locale ?layoutDir ?swdp ?wdp ?hdp ?density ?lsize ?long ?orien ?uimode ?night ?touch ?keyb/?/? ?nav/?}
11-01 08:38:22.360 1275-1512 I/ActivityManager: Config changes=3 {1.0 310mcc260mnc ru_RU ldltr sw384dp w384dp h567dp 320dpi nrml port finger qwerty/v/v -nav/h s.5}
11-01 08:38:22.390 937-1311 D/PermissionCache: checking android.permission.READ_FRAME_BUFFER for uid=1000 => granted (119 us)
11-01 08:38:22.390 937-1311 E/gralloc_goldfish: gralloc_alloc: Mismatched usage flags: 768 x 1280, usage b33
11-01 08:38:22.390 937-1311 W/GraphicBufferAllocator: alloc(768, 1280, 1, 00000b33, ...) failed -22 (Invalid argument) [
11-01 08:38:22.390 937: 1311 E/ ] GraphicBufferAlloc::createGraphicBuffer(w=768, h=1280) failed (Invalid argument), handle=0x0
11-01 08:38:22.390 937-1311 E/BufferQueue: [ScreenshotSurface] dequeueBuffer: SurfaceComposer::createGraphicBuffer failed
11-01 08:38:22.460 1275-1290 I/ActivityManager: Start proc com.android.deskclock for broadcast com.android.deskclock/com.android.alarmclock.AnalogAppWidgetProvider: pid=1570 uid=10020 gids={50020, 1028}
11-01 08:38:22.480 1404-1404 D/MccTable: updateMccMncConfiguration: mcc=310, mnc=260
11-01 08:38:22.480 1404-1404 D/MccTable: getLocaleFromMcc to en_us mcc=310
11-01 08:38:22.480 1404-1404 D/MccTable: getLocaleForLanguageCountry: skipping already persisted
11-01 08:38:22.480 1404-1404 D/MccTable: getLocaleForLanguageCountry: X locale=null
11-01 08:38:22.480 1404-1404 D/MccTable: WIFI_COUNTRY_CODE set to us
11-01 08:38:22.480 1275-1512 I/WifiService: WifiService trying to set country code to us with persist set to true
11-01 08:38:22.490 1404-1404 D/MccTable: updateMccMncConfiguration updateConfig config={1.0 310mcc260mnc ?locale ?layoutDir ?swdp ?wdp ?hdp ?density ?lsize ?long ?orien ?uimode ?night ?touch ?keyb/?/? ?nav/?}
11-01 08:38:22.640 1404-1404 D/dalvikvm: GC_FOR_ALLOC freed 384K, 12% free 3416K/3868K, paused 5ms, total 7ms
11-01 08:38:22.690 1338-1338 D/dalvikvm: GC_FOR_ALLOC freed 925K, 12% free 7309K/8304K, paused 3ms, total 3ms
11-01 08:38:22.690 1338-1338 I/dalvikvm-heap: Grow heap (frag case) to 10.129MB for 3072012-byte allocation
11-01 08:38:22.750 1275-1513 D/dalvikvm: GC_FOR_ALLOC freed 320K, 13% free 5680K/6496K, paused 19ms, total 22ms
11-01 08:38:22.750 1275-1513 I/dalvikvm-heap: Grow heap (frag case) to 5.789MB for 179338-byte allocation
11-01 08:38:22.760 1338-1338 D/dalvikvm: GC_FOR_ALLOC freed 4K, 9% free 10305K/11308K, paused 2ms, total 2ms
11-01 08:38:22.810 1275-1284 D/dalvikvm: GC_FOR_ALLOC freed 1K, 13% free 5853K/6672K, paused 53ms, total 53ms
11-01 08:38:22.820 1416-1416 I/Choreographer: Skipped 34 frames! The application may be doing too much work on its main thread.
11-01 08:38:22.850 1275-1586 D/dalvikvm: GC_FOR_ALLOC freed 148K, 15% free 5729K/6672K, paused 27ms, total 27ms
11-01 08:38:22.860 1338-1338 D/dalvikvm: GC_FOR_ALLOC freed <1K, 9% free 10305K/11308K, paused 3ms, total 3ms
11-01 08:38:22.860 1338-1338 I/dalvikvm-heap: Grow heap (frag case) to 17.137MB for 7352332-byte allocation
11-01 08:38:22.870 1416-1449 W/Launcher.Model: LoaderTask running with no launcher (loadAllAppsByBatch)
11-01 08:38:22.960 1338-1338 D/dalvikvm: GC_FOR_ALLOC freed 0K, 6% free 17485K/18492K, paused 91ms, total 92ms
11-01 08:38:22.990 1275-1275 D/MobileDataStateTracker: fota: Broadcast received: android.intent.action.ANY_DATA_STATE apnType=fota
11-01 08:38:22.990 1275-1275 D/MobileDataStateTracker: fota: Received state=DISCONNECTED, old=DISCONNECTED, reason=simLoaded
11-01 08:38:22.990 1275-1275 D/MobileDataStateTracker: ia: Broadcast received: android.intent.action.ANY_DATA_STATE apnType=ia
11-01 08:38:22.990 1275-1275 D/MobileDataStateTracker: ia: Received state=DISCONNECTED, old=DISCONNECTED, reason=simLoaded
11-01 08:38:23.030 1275-1275 D/MobileDataStateTracker: supl: Broadcast received: android.intent.action.ANY_DATA_STATE apnType=supl
11-01 08:38:23.030 1275-1275 D/MobileDataStateTracker: supl: Received state=DISCONNECTED, old=DISCONNECTED, reason=simLoaded
11-01 08:38:23.030 1275-1275 D/MobileDataStateTracker: hipri: Broadcast received: android.intent.action.ANY_DATA_STATE apnType=hipri
11-01 08:38:23.040 1275-1275 D/MobileDataStateTracker: hipri: Received state=DISCONNECTED, old=DISCONNECTED, reason=simLoaded
11-01 08:38:23.040 1275-1275 D/MobileDataStateTracker: ims: Broadcast received: android.intent.action.ANY_DATA_STATE apnType=ims
11-01 08:38:23.040 1275-1275 D/MobileDataStateTracker: ims: Received state=DISCONNECTED, old=DISCONNECTED, reason=simLoaded
11-01 08:38:23.040 1275-1275 D/MobileDataStateTracker: mms: Broadcast received: android.intent.action.ANY_DATA_STATE apnType=mms
11-01 08:38:23.040 1275-1275 D/MobileDataStateTracker: mms: Received state=DISCONNECTED, old=DISCONNECTED, reason=simLoaded
11-01 08:38:23.040 1275-1275 D/MobileDataStateTracker: cbs: Broadcast received: android.intent.action.ANY_DATA_STATE apnType=cbs
11-01 08:38:23.040 1275-1275 D/MobileDataStateTracker: cbs: Received state=DISCONNECTED, old=DISCONNECTED, reason=simLoaded
11-01 08:38:23.050 1275-1275 D/MobileDataStateTracker: default: Broadcast received: android.intent.action.ANY_DATA_STATE apnType=default
11-01 08:38:23.070 1404-1493 D/dalvikvm: GC_FOR_ALLOC freed 513K, 15% free 3415K/3996K, paused 15ms, total 15ms
11-01 08:38:23.090 1275-1275 D/MobileDataStateTracker: default: Received state=CONNECTING, old=DISCONNECTED, reason=simLoaded
11-01 08:38:23.090 1275-1275 D/MobileDataStateTracker: default: setDetailed state, old =IDLE and new state=CONNECTING
11-01 08:38:23.220 1275-1275 D/MobileDataStateTracker: fota: Broadcast received: android.intent.action.ANY_DATA_STATE apnType=fota
11-01 08:38:23.220 1275-1275 D/MobileDataStateTracker: fota: Received state=DISCONNECTED, old=DISCONNECTED, reason=simLoaded
11-01 08:38:23.250 1388-1388 E/BluetoothAdapter: Bluetooth binder is null
11-01 08:38:23.250 1275-1275 D/MobileDataStateTracker: ia: Broadcast received: android.intent.action.ANY_DATA_STATE apnType=ia
11-01 08:38:23.250 1275-1275 D/MobileDataStateTracker: ia: Received state=DISCONNECTED, old=DISCONNECTED, reason=simLoaded
11-01 08:38:23.260 1275-1275 D/MobileDataStateTracker: supl: Broadcast received: android.intent.action.ANY_DATA_STATE apnType=supl
11-01 08:38:23.260 1275-1275 D/MobileDataStateTracker: supl: Received state=DISCONNECTED, old=DISCONNECTED, reason=simLoaded
11-01 08:38:23.260 1275-1275 D/MobileDataStateTracker: hipri: Broadcast received: android.intent.action.ANY_DATA_STATE apnType=hipri
11-01 08:38:23.260 1275-1275 D/MobileDataStateTracker: hipri: Received state=DISCONNECTED, old=DISCONNECTED, reason=simLoaded
11-01 08:38:23.260 1275-1275 D/MobileDataStateTracker: ims: Broadcast received: android.intent.action.ANY_DATA_STATE apnType=ims
11-01 08:38:23.260 1275-1275 D/MobileDataStateTracker: ims: Received state=DISCONNECTED, old=DISCONNECTED, reason=simLoaded
11-01 08:38:23.260 1275-1275 D/MobileDataStateTracker: mms: Broadcast received: android.intent.action.ANY_DATA_STATE apnType=mms
11-01 08:38:23.300 1275-1275 D/MobileDataStateTracker: mms: Received state=DISCONNECTED, old=DISCONNECTED, reason=simLoaded
11-01 08:38:23.300 1275-1275 D/MobileDataStateTracker: cbs: Broadcast received: android.intent.action.ANY_DATA_STATE apnType=cbs
11-01 08:38:23.300 1275-1275 D/MobileDataStateTracker: cbs: Received state=DISCONNECTED, old=DISCONNECTED, reason=simLoaded
11-01 08:38:23.300 1275-1275 D/MobileDataStateTracker: default: Broadcast received: android.intent.action.ANY_DATA_STATE apnType=default
11-01 08:38:23.300 1275-1275 D/MobileDataStateTracker: default: Received state=CONNECTED, old=CONNECTING, reason=connected
11-01 08:38:23.300 1275-1275 D/MobileDataStateTracker: default: setDetailed state, old =CONNECTING and new state=CONNECTED
11-01 08:38:23.300 1275-1327 D/ConnectivityService: ConnectivityChange for mobile: CONNECTED/CONNECTED
11-01 08:38:23.300 1275-1327 D/ConnectivityService: ConnectivityChange checkMobileProvisioning for TYPE_MOBILE or ProvisioningNetwork
11-01 08:38:23.300 1275-1327 D/ConnectivityService: checkMobileProvisioning: E suggestedTimeOutMs=60000
11-01 08:38:23.300 1275-1327 D/ConnectivityService: setProvNotificationVisible: E visible=false networkType=5 extraInfo=null url=null
11-01 08:38:23.300 1275-1327 D/ConnectivityService: checkMobileProvisioning: params={ url=http://clients3.google.com/generate_204 mTimeOutMs=60000 mCb=com.android.server.ConnectivityService$5@a53096a0}
11-01 08:38:23.300 1275-1327 D/ConnectivityService: checkMobileProvisioning: X
11-01 08:38:23.310 1275-1594 D/MobileDataStateTracker: default: isProvisioningNetwork: retVal=false
11-01 08:38:23.310 1275-1594 D/ConnectivityService: [CheckMp] isMobileOk: isDefaultProvisioning=false
11-01 08:38:23.320 1275-1594 D/MobileDataStateTracker: hipri: isProvisioningNetwork: retVal=false
11-01 08:38:23.320 1275-1594 D/ConnectivityService: [CheckMp] isMobileOk: isHipriProvisioning=false
11-01 08:38:23.320 1275-1594 D/ConnectivityService: [CheckMp] isMobileOk: start hipri url=http://clients3.google.com/generate_204
11-01 08:38:23.320 1275-1594 D/ConnectivityService: startUsingNetworkFeature reconnecting to 0: enableHIPRI [
11-01 08:38:23.330 1338: 1338 D/ ] HostConnection::get() New Host Connection established 0xb96f9a00, tid 1338
11-01 08:38:23.350 1416-1416 D/Launcher.Model: Reload apps on config change. curr_mcc:310 prevmcc:0
11-01 08:38:23.380 1275-1327 D/Nat464Xlat: requiresClat: netType=0, hasIPv4Address=true
11-01 08:38:23.390 1275-1594 D/ConnectivityService: startUsingNetworkFeature X: return APN_REQUEST_STARTED
11-01 08:38:23.390 1275-1594 D/ConnectivityService: [CheckMp] isMobileOk: hipri started
11-01 08:38:23.390 1275-1594 D/ConnectivityService: [CheckMp] isMobileOk: not connected ni=NetworkInfo: type: mobile_hipri[LTE], state: DISCONNECTED/IDLE, reason: (unspecified), extra: (none), roaming: false, failover: false, isAvailable: true, isConnectedToProvisioningNetwork: false
11-01 08:38:23.400 1416-1416 W/EGL_emulation: eglSurfaceAttrib not implemented
11-01 08:38:23.460 1416-1449 D/dalvikvm: GC_FOR_ALLOC freed 3499K, 44% free 4704K/8276K, paused 4ms, total 10ms
11-01 08:38:23.460 1275-1275 D/MobileDataStateTracker: hipri: Broadcast received: android.intent.action.ANY_DATA_STATE apnType=hipri
11-01 08:38:23.470 1275-1275 D/MobileDataStateTracker: hipri: Received state=CONNECTING, old=DISCONNECTED, reason=dataEnabled
11-01 08:38:23.470 1275-1275 D/MobileDataStateTracker: hipri: setDetailed state, old =IDLE and new state=CONNECTING
11-01 08:38:23.480 1275-1275 D/MobileDataStateTracker: fota: Broadcast received: android.intent.action.ANY_DATA_STATE apnType=fota
11-01 08:38:23.480 1275-1275 D/MobileDataStateTracker: fota: Received state=DISCONNECTED, old=DISCONNECTED, reason=dataEnabled
11-01 08:38:23.500 1275-1275 D/MobileDataStateTracker: ia: Broadcast received: android.intent.action.ANY_DATA_STATE apnType=ia
11-01 08:38:23.500 1275-1275 D/MobileDataStateTracker: ia: Received state=DISCONNECTED, old=DISCONNECTED, reason=dataEnabled
11-01 08:38:23.510 1275-1275 D/MobileDataStateTracker: supl: Broadcast received: android.intent.action.ANY_DATA_STATE apnType=supl
11-01 08:38:23.510 1275-1275 D/MobileDataStateTracker: supl: Received state=DISCONNECTED, old=DISCONNECTED, reason=dataEnabled
11-01 08:38:23.510 1275-1275 D/MobileDataStateTracker: ims: Broadcast received: android.intent.action.ANY_DATA_STATE apnType=ims
11-01 08:38:23.510 1275-1275 D/MobileDataStateTracker: ims: Received state=DISCONNECTED, old=DISCONNECTED, reason=dataEnabled
11-01 08:38:23.510 1275-1275 D/MobileDataStateTracker: mms: Broadcast received: android.intent.action.ANY_DATA_STATE apnType=mms
11-01 08:38:23.510 1275-1275 D/MobileDataStateTracker: mms: Received state=DISCONNECTED, old=DISCONNECTED, reason=dataEnabled
11-01 08:38:23.510 1275-1275 D/MobileDataStateTracker: cbs: Broadcast received: android.intent.action.ANY_DATA_STATE apnType=cbs
11-01 08:38:23.510 1275-1275 D/MobileDataStateTracker: cbs: Received state=DISCONNECTED, old=DISCONNECTED, reason=dataEnabled
11-01 08:38:23.510 1275-1275 D/MobileDataStateTracker: hipri: Broadcast received: android.intent.action.ANY_DATA_STATE apnType=hipri
11-01 08:38:23.510 1275-1275 D/MobileDataStateTracker: hipri: Received state=CONNECTED, old=CONNECTING, reason=dataEnabled
11-01 08:38:23.510 1275-1275 D/MobileDataStateTracker: hipri: setDetailed state, old =CONNECTING and new state=CONNECTED
11-01 08:38:23.510 1275-1327 D/ConnectivityService: ConnectivityChange for mobile_hipri: CONNECTED/CONNECTED
11-01 08:38:23.530 1275-1327 D/dalvikvm: GC_FOR_ALLOC freed 810K, 16% free 5631K/6672K, paused 19ms, total 19ms
11-01 08:38:23.550 934-1271 I/iptables: iptables: No chain/target/match by that name.
11-01 08:38:23.600 934-1271 I/iptables: iptables terminated by exit(1)
11-01 08:38:23.600 934-1271 E/Netd: exec() res=0, status=256 for /system/bin/iptables -t mangle -A st_mangle_EXEMPT -d 10.0.2.2/32 -j MARK --set-mark 1
11-01 08:38:23.600 1598-1598 E/logwrapper: executing /system/bin/ip failed: No such file or directory
11-01 08:38:23.600 934-1271 I/iptables: iptables: No chain/target/match by that name.
11-01 08:38:23.600 934-1271 I/iptables: iptables terminated by exit(1)
11-01 08:38:23.600 934-1271 E/Netd: exec() res=0, status=256 for /system/bin/iptables -t mangle -A st_mangle_EXEMPT -d 10.0.2.3/32 -j MARK --set-mark 1
11-01 08:38:23.600 1600-1600 E/logwrapper: executing /system/bin/ip failed: No such file or directory
11-01 08:38:23.600 1275-1327 E/ConnectivityService: Exception trying to add a route: java.lang.IllegalStateException: command '12 interface fwmark exempt add 10.0.2.2/32' failed with '400 12 Failed to add exemption rule (File exists)'
11-01 08:38:23.620 934-1271 I/iptables: iptables: No chain/target/match by that name.
11-01 08:38:23.620 1275-1327 E/ConnectivityService: Exception trying to add a route: java.lang.IllegalStateException: command '14 interface fwmark exempt add 10.0.2.3/32' failed with '400 14 Failed to add exemption rule (File exists)'
11-01 08:38:23.640 934-1271 I/iptables: iptables terminated by exit(1)
11-01 08:38:23.640 934-1271 E/Netd: exec() res=0, status=256 for /system/bin/iptables -t mangle -A st_mangle_EXEMPT -d 10.0.2.2/32 -j MARK --set-mark 1
11-01 08:38:23.650 1602-1602 E/logwrapper: executing /system/bin/ip failed: No such file or directory
11-01 08:38:23.680 1275-1327 E/ConnectivityService: Exception trying to add a route: java.lang.IllegalStateException: command '16 interface fwmark exempt add 10.0.2.2/32' failed with '400 16 Failed to add exemption rule (File exists)'
11-01 08:38:23.700 934-1271 I/iptables: iptables: No chain/target/match by that name.
11-01 08:38:23.700 934-1271 I/iptables: iptables terminated by exit(1)
11-01 08:38:23.700 934-1271 E/Netd: exec() res=0, status=256 for /system/bin/iptables -t mangle -A st_mangle_EXEMPT -d 10.0.2.4/32 -j MARK --set-mark 1
11-01 08:38:23.700 1604-1604 E/logwrapper: executing /system/bin/ip failed: No such file or directory
11-01 08:38:23.710 1416-1416 D/dalvikvm: GC_FOR_ALLOC freed 159K, 44% free 4661K/8276K, paused 5ms, total 5ms
11-01 08:38:23.710 1416-1416 I/dalvikvm-heap: Grow heap (frag case) to 5.494MB for 921612-byte allocation
11-01 08:38:23.740 1275-1327 E/ConnectivityService: Exception trying to add a route: java.lang.IllegalStateException: command '18 interface fwmark exempt add 10.0.2.4/32' failed with '400 18 Failed to add exemption rule (File exists)'
11-01 08:38:23.750 1605-1605 E/logwrapper: executing /system/bin/ip failed: No such file or directory
11-01 08:38:23.750 934-1271 E/SecondaryTablController: ip route add failed: /system/bin/ip route add 10.0.2.2/32 via 0.0.0.0 dev eth0 table 60
11-01 08:38:23.750 1606-1606 E/logwrapper: executing /system/bin/ip failed: No such file or directory
11-01 08:38:23.750 1275-1327 E/ConnectivityService: Exception trying to add a route: java.lang.IllegalStateException: command '19 interface route add eth0 secondary 10.0.2.2 32 0.0.0.0' failed with '400 19 ip route modification failed (No such device)'
11-01 08:38:23.750 934-1271 W/FrameworkListener: Handler 'interface' error (No such device)
11-01 08:38:23.790 934-1271 E/SecondaryTablController: ip route add failed: /system/bin/ip route add 0.0.0.0/0 via 10.0.2.2 dev eth0 table 60
11-01 08:38:23.790 1275-1327 E/ConnectivityService: Exception trying to add a route: java.lang.IllegalStateException: command '20 interface route add eth0 secondary 0.0.0.0 0 10.0.2.2' failed with '400 20 ip route modification failed (No such device)'
11-01 08:38:23.790 1275-1327 D/Nat464Xlat: requiresClat: netType=5, hasIPv4Address=true
11-01 08:38:23.790 934-1271 W/FrameworkListener: Handler 'interface' error (No such device)
11-01 08:38:23.810 1416-1416 D/dalvikvm: GC_FOR_ALLOC freed <1K, 33% free 5561K/8276K, paused 4ms, total 4ms
11-01 08:38:23.830 1416-1416 D/dalvikvm: GC_FOR_ALLOC freed <1K, 33% free 5562K/8276K, paused 24ms, total 24ms
11-01 08:38:23.830 1416-1416 I/dalvikvm-heap: Grow heap (frag case) to 6.373MB for 921612-byte allocation
11-01 08:38:23.830 1416-1416 D/dalvikvm: GC_FOR_ALLOC freed 420K, 27% free 6041K/8276K, paused 4ms, total 5ms
11-01 08:38:23.990 1338-1338 I/Choreographer: Skipped 255 frames! The application may be doing too much work on its main thread.
11-01 08:38:24.000 1275-1289 I/WindowManager: Screen frozen for +1s616ms due to Window{a52cd3f8 u0 com.android.systemui.ImageWallpaper}
11-01 08:38:24.090 1338-1338 W/EGL_emulation: eglSurfaceAttrib not implemented
11-01 08:38:24.090 1338-1338 D/OpenGLRenderer: Enabling debug mode 0
11-01 08:38:24.130 1416-1416 D/dalvikvm: GC_FOR_ALLOC freed 61K, 16% free 7022K/8276K, paused 22ms, total 25ms
11-01 08:38:24.160 1338-1338 W/EGL_emulation: eglSurfaceAttrib not implemented
11-01 08:38:24.260 1338-1338 W/EGL_emulation: eglSurfaceAttrib not implemented
11-01 08:38:24.400 1338-1338 D/PhoneStatusBar: mSettingsPanelGravity = 55
11-01 08:38:24.410 1275-1594 D/MobileDataStateTracker: hipri: isProvisioningNetwork: retVal=false
11-01 08:38:24.410 1275-1594 D/ConnectivityService: [CheckMp] isMobileOk: isProvisioningNetwork is false, continue
11-01 08:38:24.420 1275-1594 D/ConnectivityService: [CheckMp] isMobileOk: addresses=clients3.google.com/173.194.32.133,clients3.google.com/173.194.32.134,clients3.google.com/173.194.32.135,clients3.google.com/173.194.32.136,clients3.google.com/173.194.32.137,clients3.google.com/173.194.32.142,clients3.google.com/173.194.32.128,clients3.google.com/173.194.32.129,clients3.google.com/173.194.32.130,clients3.google.com/173.194.32.131,clients3.google.com/173.194.32.132
11-01 08:38:24.420 1275-1594 D/ConnectivityService: [CheckMp] isMobileOk: linkHasIpv4=true linkHasIpv6=false
11-01 08:38:24.470 934-1271 I/iptables: iptables: No chain/target/match by that name.
11-01 08:38:24.490 934-1271 I/iptables: iptables terminated by exit(1)
11-01 08:38:24.490 934-1271 E/Netd: exec() res=0, status=256 for /system/bin/iptables -t mangle -A st_mangle_EXEMPT -d 10.0.2.2/32 -j MARK --set-mark 1
11-01 08:38:24.490 1612-1612 E/logwrapper: executing /system/bin/ip failed: No such file or directory
11-01 08:38:24.490 1275-1594 E/ConnectivityService: Exception trying to add a route: java.lang.IllegalStateException: command '22 interface fwmark exempt add 10.0.2.2/32' failed with '400 22 Failed to add exemption rule (File exists)'
11-01 08:38:24.630 1275-1387 D/dalvikvm: GC_FOR_ALLOC freed 562K, 15% free 5721K/6672K, paused 14ms, total 17ms
11-01 08:38:24.660 1338-1338 I/Choreographer: Skipped 40 frames! The application may be doing too much work on its main thread.
11-01 08:38:24.680 1275-1513 I/ActivityManager: Start proc com.android.dialer for broadcast com.android.dialer/.calllog.CallLogReceiver: pid=1613 uid=10004 gids={50004, 3003, 1028, 1015}
11-01 08:38:24.740 934-1271 I/iptables: iptables: No chain/target/match by that name.
11-01 08:38:24.760 934-1271 I/iptables: iptables terminated by exit(1)
11-01 08:38:24.760 934-1271 E/Netd: exec() res=0, status=256 for /system/bin/iptables -t mangle -A st_mangle_EXEMPT -d 173.194.32.133/32 -j MARK --set-mark 1
11-01 08:38:24.770 1627-1627 E/logwrapper: executing /system/bin/ip failed: No such file or directory
11-01 08:38:24.780 1275-1594 E/ConnectivityService: Exception trying to add a route: java.lang.IllegalStateException: command '24 interface fwmark exempt add 173.194.32.133/32' failed with '400 24 Failed to add exemption rule (File exists)'
11-01 08:38:24.780 1275-1594 D/ConnectivityService: requestRouteToHostAddress ok=false
11-01 08:38:24.780 1275-1594 D/ConnectivityService: [CheckMp] isMobileOk: could not establish route to hostAddr=clients3.google.com/173.194.32.133
11-01 08:38:24.940 937-991 I/SurfaceFlinger: Boot is finished (25322 ms)
11-01 08:38:24.950 1085-1114 E/EGL_emulation: tid 1114: eglMakeCurrent(917): error 0x3001 (EGL_NOT_INITIALIZED)
11-01 08:38:25.090 1613-1613 D/ExtensionsFactory: No custom extensions.
11-01 08:38:25.090 1275-1387 D/dalvikvm: GC_FOR_ALLOC freed 315K, 14% free 5756K/6672K, paused 9ms, total 11ms
11-01 08:38:25.090 1275-1387 I/dalvikvm-heap: Grow heap (frag case) to 5.878MB for 196104-byte allocation
11-01 08:38:25.120 1275-1284 D/dalvikvm: GC_FOR_ALLOC freed 2K, 14% free 5944K/6864K, paused 33ms, total 33ms
11-01 08:38:25.150 1275-1275 E/BluetoothAdapter: Bluetooth binder is null
11-01 08:38:25.150 1275-1275 E/BluetoothAdapter: Bluetooth binder is null
11-01 08:38:25.160 1275-1308 I/PowerManagerService: Boot animation finished.
11-01 08:38:25.170 1275-1332 E/SoundPool: error loading /system/media/audio/ui/Effect_Tick.ogg
11-01 08:38:25.170 1275-1332 W/AudioService: Soundpool could not load file: /system/media/audio/ui/Effect_Tick.ogg
11-01 08:38:25.170 1275-1332 E/SoundPool: error loading /system/media/audio/ui/Effect_Tick.ogg
11-01 08:38:25.170 1275-1332 W/AudioService: Soundpool could not load file: /system/media/audio/ui/Effect_Tick.ogg
11-01 08:38:25.170 1275-1332 E/SoundPool: error loading /system/media/audio/ui/Effect_Tick.ogg
11-01 08:38:25.170 1275-1332 W/AudioService: Soundpool could not load file: /system/media/audio/ui/Effect_Tick.ogg
11-01 08:38:25.170 1275-1332 E/SoundPool: error loading /system/media/audio/ui/Effect_Tick.ogg
11-01 08:38:25.170 1275-1332 W/AudioService: Soundpool could not load file: /system/media/audio/ui/Effect_Tick.ogg
11-01 08:38:25.170 1275-1332 E/SoundPool: error loading /system/media/audio/ui/Effect_Tick.ogg
11-01 08:38:25.170 1275-1332 W/AudioService: Soundpool could not load file: /system/media/audio/ui/Effect_Tick.ogg
11-01 08:38:25.170 1275-1332 E/SoundPool: error loading /system/media/audio/ui/KeypressStandard.ogg
11-01 08:38:25.170 1275-1332 W/AudioService: Soundpool could not load file: /system/media/audio/ui/KeypressStandard.ogg
11-01 08:38:25.170 1275-1332 E/SoundPool: error loading /system/media/audio/ui/KeypressSpacebar.ogg
11-01 08:38:25.170 1275-1332 W/AudioService: Soundpool could not load file: /system/media/audio/ui/KeypressSpacebar.ogg
11-01 08:38:25.170 1275-1332 E/SoundPool: error loading /system/media/audio/ui/KeypressDelete.ogg
11-01 08:38:25.170 1275-1332 W/AudioService: Soundpool could not load file: /system/media/audio/ui/KeypressDelete.ogg
11-01 08:38:25.170 1275-1332 E/SoundPool: error loading /system/media/audio/ui/KeypressReturn.ogg
11-01 08:38:25.170 1275-1332 W/AudioService: Soundpool could not load file: /system/media/audio/ui/KeypressReturn.ogg
11-01 08:38:25.170 1275-1332 E/SoundPool: error loading /system/media/audio/ui/KeypressInvalid.ogg
11-01 08:38:25.170 1275-1332 W/AudioService: Soundpool could not load file: /system/media/audio/ui/KeypressInvalid.ogg
11-01 08:38:25.170 1275-1332 W/AudioService: onLoadSoundEffects(), Error -1 while loading samples
11-01 08:38:25.230 1275-1636 I/RecoverySystem: No recovery log file
11-01 08:38:25.230 1275-1275 I/ActivityManager: Start proc com.android.providers.calendar for broadcast com.android.providers.calendar/.CalendarReceiver: pid=1637 uid=10001 gids={50001, 3003, 1028, 1015}
11-01 08:38:25.310 1275-1636 I/BootReceiver: Copying audit failures to DropBox
11-01 08:38:25.310 1275-1636 I/BootReceiver: Checking for fsck errors
11-01 08:38:25.380 1338-1338 D/PhoneStatusBar: disable: < expand icons alerts ticker system_info BACK* HOME* RECENT CLOCK* SEARCH
> 11-01 08:38:25.400 1416-1449 D/dalvikvm: GC_FOR_ALLOC freed 553K, 11% free 7533K/8464K, paused 435ms, total 442ms
11-01 08:38:25.590 1338-1338 D/dalvikvm: GC_FOR_ALLOC freed 11876K, 61% free 7655K/19600K, paused 6ms, total 10ms
11-01 08:38:25.620 1275-1507 D/dalvikvm: GC_FOR_ALLOC freed 1044K, 18% free 5668K/6864K, paused 19ms, total 24ms
11-01 08:38:25.680 1637-1637 I/CalendarProvider2: Created com.android.providers.calendar.CalendarAlarmManager@a507ac90(com.android.providers.calendar.CalendarProvider2@a50722c0)
11-01 08:38:25.750 1275-1386 I/ActivityManager: Delay finish: com.android.providers.media/.MediaScannerReceiver
11-01 08:38:25.790 1275-1513 D/dalvikvm: GC_FOR_ALLOC freed 552K, 17% free 5742K/6864K, paused 12ms, total 14ms
11-01 08:38:25.810 1338-1338 I/Choreographer: Skipped 36 frames! The application may be doing too much work on its main thread.
11-01 08:38:25.860 1275-1333 I/ActivityManager: Delaying start of: ServiceRecord{a5367548 u0 com.android.providers.calendar/.EmptyService}
11-01 08:38:25.890 1476-1657 D/dalvikvm: GC_FOR_ALLOC freed 280K, 11% free 3106K/3452K, paused 139ms, total 139ms
11-01 08:38:26.060 1275-1289 D/dalvikvm: GC_EXPLICIT freed 117K, 17% free 5753K/6864K, paused 1ms+1ms, total 18ms
11-01 08:38:26.400 1275-1295 D/Tethering: MasterInitialState.processMessage what=3
11-01 08:38:26.400 1275-1362 D/CaptivePortalTracker: NoActiveNetworkState{ when=-3ms what=1 obj=NetworkInfo: type: mobile[LTE], state: CONNECTED/CONNECTED, reason: connected, extra: epc.tmobile.com, roaming: false, failover: false, isAvailable: true, isConnectedToProvisioningNetwork: false target=com.android.internal.util.StateMachine$SmHandler }
11-01 08:38:26.400 1275-1362 D/CaptivePortalTracker: NoActiveNetworkState not a wifi connectivity change, ignore
11-01 08:38:26.470 1463-1510 I/ContactLocale: AddressBook Labels [ru_RU]: [, А, Б, В, Г, Д, Е, Є, Ж, З, И, І, Й, К, Л, М, Н, О, П, Р, С, Т, У, Ф, Х, Ц, Ч, Ш, Щ, Ы, Э, Ю, Я, , A, B, C, D, E, F, G, H, I, J, K, L, M, N, O, P, Q, R, S, T, U, V, W, X, Y, Z, Α, Β, Γ, Δ, Ε, Ζ, Η, Θ, Ι, Κ, Λ, Μ, Ν, Ξ, Ο, Π, Ρ, Σ, Τ, Υ, Φ, Χ, Ψ, Ω, , א, ב, ג, ד, ה, ו, ז, ח, ט, י, כ, ל, מ, נ, ס, ע, פ, צ, ק, ר, ש, ת, , ا, ب, ت, ث, ج, ح, خ, د, ذ, ر, ز, س, ش, ص, ض, ط, ظ, ع, غ, ف, ق, ك, ل, م, ن, ه, و, ي, , ก, ข, ฃ, ค, ฅ, ฆ, ง, จ, ฉ, ช, ซ, ฌ, ญ, ฎ, ฏ, ฐ, ฑ, ฒ, ณ, ด, ต, ถ, ท, ธ, น, บ, ป, ผ, ฝ, พ, ฟ, ภ, ม, ย, ร, ฤ, ล, ฦ, ว, ศ, ษ, ส, ห, ฬ, อ, ฮ, , ㄱ, ㄴ, ㄷ, ㄹ, ㅁ, ㅂ, ㅅ, ㅇ, ㅈ, ㅊ, ㅋ, ㅌ, ㅍ, ㅎ, , あ, か, さ, た, な, は, ま, や, ら, わ, #, ]
11-01 08:38:26.610 1275-1351 D/GpsLocationProvider: NTP server returned: 1478003906827 (Tue Nov 01 08:38:26 EDT 2016) reference: 28628 certainty: 61 system time offset: 201
11-01 08:38:26.820 1275-1295 D/Tethering: MasterInitialState.processMessage what=3
11-01 08:38:26.820 1275-1362 D/CaptivePortalTracker: NoActiveNetworkState{ when=-4ms what=1 obj=NetworkInfo: type: mobile_hipri[LTE], state: CONNECTED/CONNECTED, reason: dataEnabled, extra: epc.tmobile.com, roaming: false, failover: false, isAvailable: true, isConnectedToProvisioningNetwork: false target=com.android.internal.util.StateMachine$SmHandler }
11-01 08:38:26.820 1275-1362 D/CaptivePortalTracker: NoActiveNetworkState not a wifi connectivity change, ignore
11-01 08:38:26.880 1637-1637 I/CalendarProvider2: Sending notification intent: Intent { act=android.intent.action.PROVIDER_CHANGED dat=content://com.android.calendar }
11-01 08:38:26.880 1637-1637 W/ContentResolver: Failed to get type for: content://com.android.calendar (Unknown URL content://com.android.calendar)
11-01 08:38:26.880 1275-1514 I/ActivityManager: Resuming delayed broadcast
11-01 08:38:26.950 1275-1513 I/ActivityManager: Start proc com.android.mms for broadcast com.android.mms/.transaction.MmsSystemEventReceiver: pid=1660 uid=10009 gids={50009, 3003, 1028, 1015}
11-01 08:38:27.040 1660-1666 D/dalvikvm: Debugger has detached; object registry had 1 entries
11-01 08:38:27.090 1275-1511 D/CountryDetector: The first listener is added
11-01 08:38:27.160 1275-1507 I/ActivityManager: Delay finish: com.android.mms/.transaction.MmsSystemEventReceiver
11-01 08:38:27.190 1660-1681 D/Mms:app: cancelNotification
11-01 08:38:27.190 1660-1664 D/dalvikvm: GC_CONCURRENT freed 198K, 9% free 3070K/3340K, paused 0ms+0ms, total 3ms
11-01 08:38:27.260 1275-1443 I/ActivityManager: Resuming delayed broadcast
11-01 08:38:27.270 1275-1507 I/ActivityManager: Delay finish: com.android.mms/.transaction.SmsReceiver
11-01 08:38:27.280 1404-1415 D/MmsSmsDatabaseHelper: [MmsSmsDb] tableName: threads hasAutoIncrement: CREATE TABLE threads (_id INTEGER PRIMARY KEY AUTOINCREMENT,date INTEGER DEFAULT 0,message_count INTEGER DEFAULT 0,recipient_ids TEXT,snippet TEXT,snippet_cs INTEGER DEFAULT 0,read INTEGER DEFAULT 1,type INTEGER DEFAULT 0,error INTEGER DEFAULT 0,has_attachment INTEGER DEFAULT 0) result: true
11-01 08:38:27.390 1404-1415 D/dalvikvm: GC_FOR_ALLOC freed 485K, 14% free 3441K/3996K, paused 96ms, total 105ms
11-01 08:38:27.390 1404-1415 D/MmsSmsDatabaseHelper: [MmsSmsDb] tableName: canonical_addresses hasAutoIncrement: CREATE TABLE canonical_addresses (_id INTEGER PRIMARY KEY AUTOINCREMENT,address TEXT) result: true
11-01 08:38:27.400 1404-1415 D/MmsSmsDatabaseHelper: [MmsSmsDb] tableName: part hasAutoIncrement: CREATE TABLE part (_id INTEGER PRIMARY KEY AUTOINCREMENT,mid INTEGER,seq INTEGER DEFAULT 0,ct TEXT,name TEXT,chset INTEGER,cd TEXT,fn TEXT,cid TEXT,cl TEXT,ctt_s INTEGER,ctt_t TEXT,_data TEXT,text TEXT) result: true
11-01 08:38:27.400 1404-1415 D/MmsSmsDatabaseHelper: [MmsSmsDb] tableName: pdu hasAutoIncrement: CREATE TABLE pdu (_id INTEGER PRIMARY KEY AUTOINCREMENT,thread_id INTEGER,date INTEGER,date_sent INTEGER DEFAULT 0,msg_box INTEGER,read INTEGER DEFAULT 0,m_id TEXT,sub TEXT,sub_cs INTEGER,ct_t TEXT,ct_l TEXT,exp INTEGER,m_cls TEXT,m_type INTEGER,v INTEGER,m_size INTEGER,pri INTEGER,rr INTEGER,rpt_a INTEGER,resp_st INTEGER,st INTEGER,tr_id TEXT,retr_st INTEGER,retr_txt TEXT,retr_txt_cs INTEGER,read_status INTEGER,ct_cls INTEGER,resp_txt TEXT,d_tm INTEGER,d_rpt INTEGER,locked INTEGER DEFAULT 0,seen INTEGER DEFAULT 0,text_only INTEGER DEFAULT 0) result: true
11-01 08:38:27.400 1404-1415 D/MmsSmsDatabaseHelper: [getWritableDatabase] hasAutoIncrementThreads: true hasAutoIncrementAddresses: true hasAutoIncrementPart: true hasAutoIncrementPdu: true
11-01 08:38:27.450 1660-1686 D/Mms:app: cancelNotification
11-01 08:38:27.460 1275-1512 I/ActivityManager: Resuming delayed broadcast
11-01 08:38:27.490 1275-1386 I/ActivityManager: Start proc com.android.calendar for broadcast com.android.calendar/.alerts.AlertReceiver: pid=1688 uid=10016 gids={50016, 3003}
11-01 08:38:27.580 1688-1688 D/ExtensionsFactory: No custom extensions.
11-01 08:38:27.580 1688-1688 D/AlertReceiver: onReceive: a=android.intent.action.BOOT_COMPLETED Intent { act=android.intent.action.BOOT_COMPLETED flg=0x8000010 cmp=com.android.calendar/.alerts.AlertReceiver (has extras) }
11-01 08:38:27.600 1275-1287 I/ActivityManager: Delay finish: com.android.calendar/.alerts.AlertReceiver
11-01 08:38:27.620 1688-1688 D/AlertUtils: Flushing old alerts from shared prefs table
11-01 08:38:27.630 1688-1705 D/AlertService: 0 Action = android.intent.action.BOOT_COMPLETED
11-01 08:38:27.630 1688-1705 D/AlertService: Scheduling next alarm with AlarmScheduler. sEventReminderReceived: null
11-01 08:38:27.740 1688-1705 D/AlarmScheduler: No events found starting within 1 week.
11-01 08:38:27.750 1275-1386 I/ActivityManager: Resuming delayed broadcast
11-01 08:38:27.800 934-1271 I/iptables: iptables: No chain/target/match by that name.
11-01 08:38:27.810 934-1271 I/iptables: iptables terminated by exit(1)
11-01 08:38:27.810 934-1271 E/Netd: exec() res=0, status=256 for /system/bin/iptables -t mangle -A st_mangle_EXEMPT -d 10.0.2.2/32 -j MARK --set-mark 1
11-01 08:38:27.810 1713-1713 E/logwrapper: executing /system/bin/ip failed: No such file or directory
11-01 08:38:27.830 1570-1710 I/AlarmClock: Displaying next alarm time: ''
11-01 08:38:27.870 1275-1513 I/ActivityManager: Start proc com.android.email for broadcast com.android.email/.service.EmailBroadcastReceiver: pid=1714 uid=10024 gids={50024, 3003, 1028, 1015}
11-01 08:38:27.880 934-1271 I/iptables: iptables: No chain/target/match by that name.
11-01 08:38:27.880 1275-1594 E/ConnectivityService: Exception trying to add a route: java.lang.IllegalStateException: command '26 interface fwmark exempt add 10.0.2.2/32' failed with '400 26 Failed to add exemption rule (File exists)'
11-01 08:38:27.920 934-1271 I/iptables: iptables terminated by exit(1)
11-01 08:38:27.920 934-1271 E/Netd: exec() res=0, status=256 for /system/bin/iptables -t mangle -A st_mangle_EXEMPT -d 173.194.32.129/32 -j MARK --set-mark 1
11-01 08:38:27.920 1728-1728 E/logwrapper: executing /system/bin/ip failed: No such file or directory
11-01 08:38:27.950 1275-1594 E/ConnectivityService: Exception trying to add a route: java.lang.IllegalStateException: command '28 interface fwmark exempt add 173.194.32.129/32' failed with '400 28 Failed to add exemption rule (File exists)'
11-01 08:38:27.950 1275-1594 D/ConnectivityService: requestRouteToHostAddress ok=false
11-01 08:38:27.950 1275-1594 D/ConnectivityService: [CheckMp] isMobileOk: could not establish route to hostAddr=clients3.google.com/173.194.32.129
11-01 08:38:28.270 1714-1730 D/ActivityThread: Loading provider com.android.email.provider;com.android.email.notifier: com.android.email.provider.EmailProvider
11-01 08:38:28.340 1275-1387 I/ActivityManager: Delay finish: com.android.email/.service.EmailBroadcastReceiver
11-01 08:38:28.490 1275-1333 W/ActivityManager: Unable to start service Intent { cmp=com.android.email/.service.AttachmentDownloadService } U=0: not found
11-01 08:38:28.500 1714-1734 I/Email: Observing account changes for notifications
11-01 08:38:28.500 1275-1511 W/ActivityManager: Unable to start service Intent { cmp=com.android.email/.service.AttachmentDownloadService } U=0: not found
11-01 08:38:28.560 1275-1287 I/ActivityManager: Delaying start of: ServiceRecord{a5351ef8 u0 com.android.exchange/.service.EmailSyncAdapterService}
11-01 08:38:28.590 1275-1511 I/ActivityManager: Start proc com.android.exchange for service com.android.exchange/.service.EmailSyncAdapterService: pid=1736 uid=10025 gids={50025, 3003, 1028, 1015}
11-01 08:38:28.640 1736-1742 D/dalvikvm: Debugger has detached; object registry had 1 entries
11-01 08:38:28.800 1370-1370 I/LauncherIconVisibilityManager: Boot has been completed
11-01 08:38:28.800 1370-1370 I/LauncherIconVisibilityManager: Activity has already been disabled: ComponentInfo{com.android.inputmethod.latin/com.android.inputmethod.latin.setup.SetupActivity}
11-01 08:38:28.800 1275-1386 I/ActivityManager: Resuming delayed broadcast
11-01 08:38:28.820 1388-1388 E/BluetoothAdapter: Bluetooth binder is null
11-01 08:38:28.900 1688-1688 D/AlertReceiver: onReceive: a=android.intent.action.PROVIDER_CHANGED Intent { act=android.intent.action.PROVIDER_CHANGED dat=content://com.android.calendar flg=0x10 cmp=com.android.calendar/.alerts.AlertReceiver }
11-01 08:38:28.900 1275-1333 I/ActivityManager: Delay finish: com.android.calendar/.alerts.AlertReceiver
11-01 08:38:28.910 1688-1755 D/AlertService: 0 Action = android.intent.action.PROVIDER_CHANGED
11-01 08:38:30.970 934-1271 I/iptables: iptables: No chain/target/match by that name.
11-01 08:38:30.980 934-1271 I/iptables: iptables terminated by exit(1)
11-01 08:38:30.980 934-1271 E/Netd: exec() res=0, status=256 for /system/bin/iptables -t mangle -A st_mangle_EXEMPT -d 10.0.2.2/32 -j MARK --set-mark 1
11-01 08:38:30.980 1760-1760 E/logwrapper: executing /system/bin/ip failed: No such file or directory
11-01 08:38:31.000 934-1271 I/iptables: iptables: No chain/target/match by that name.
11-01 08:38:31.000 934-1271 I/iptables: iptables terminated by exit(1)
11-01 08:38:31.000 934-1271 E/Netd: exec() res=0, status=256 for /system/bin/iptables -t mangle -A st_mangle_EXEMPT -d 173.194.32.136/32 -j MARK --set-mark 1
11-01 08:38:31.000 1762-1762 E/logwrapper: executing /system/bin/ip failed: No such file or directory
11-01 08:38:31.000 1275-1594 E/ConnectivityService: Exception trying to add a route: java.lang.IllegalStateException: command '30 interface fwmark exempt add 10.0.2.2/32' failed with '400 30 Failed to add exemption rule (File exists)'
11-01 08:38:31.020 1275-1594 E/ConnectivityService: Exception trying to add a route: java.lang.IllegalStateException: command '32 interface fwmark exempt add 173.194.32.136/32' failed with '400 32 Failed to add exemption rule (File exists)'
11-01 08:38:31.020 1275-1594 D/ConnectivityService: requestRouteToHostAddress ok=false
11-01 08:38:31.020 1275-1594 D/ConnectivityService: [CheckMp] isMobileOk: could not establish route to hostAddr=clients3.google.com/173.194.32.136
11-01 08:38:33.930 1688-1755 I/GlobalDismissManager: no sender configured
11-01 08:38:33.930 1688-1755 D/AlertService: Beginning updateAlertNotification
11-01 08:38:33.940 1688-1755 D/AlertService: No fired or scheduled alerts
11-01 08:38:33.950 1688-1755 D/AlertService: Scheduling next alarm with AlarmScheduler. sEventReminderReceived: null
11-01 08:38:33.960 1688-1755 D/AlarmScheduler: No events found starting within 1 week.
11-01 08:38:33.960 1275-1387 I/ActivityManager: Resuming delayed broadcast
11-01 08:38:33.970 1275-1511 I/ActivityManager: Delay finish: com.android.mms/.transaction.SmsReceiver
11-01 08:38:33.980 1275-1443 I/ActivityManager: Resuming delayed broadcast
11-01 08:38:34.000 1714-1726 D/dalvikvm: GC_FOR_ALLOC freed 311K, 11% free 3083K/3464K, paused 12ms, total 12ms
11-01 08:38:34.020 1275-1333 I/ActivityManager: Delay finish: com.android.providers.calendar/.CalendarProviderBroadcastReceiver
11-01 08:38:34.040 934-1271 I/iptables: iptables: No chain/target/match by that name.
11-01 08:38:34.050 934-1271 I/iptables: iptables terminated by exit(1)
11-01 08:38:34.050 934-1271 E/Netd: exec() res=0, status=256 for /system/bin/iptables -t mangle -A st_mangle_EXEMPT -d 10.0.2.2/32 -j MARK --set-mark 1
11-01 08:38:34.050 1769-1769 E/logwrapper: executing /system/bin/ip failed: No such file or directory
11-01 08:38:34.060 934-1271 I/iptables: iptables: No chain/target/match by that name.
11-01 08:38:34.060 934-1271 I/iptables: iptables terminated by exit(1)
11-01 08:38:34.060 934-1271 E/Netd: exec() res=0, status=256 for /system/bin/iptables -t mangle -A st_mangle_EXEMPT -d 173.194.32.130/32 -j MARK --set-mark 1
11-01 08:38:34.060 1275-1594 E/ConnectivityService: Exception trying to add a route: java.lang.IllegalStateException: command '34 interface fwmark exempt add 10.0.2.2/32' failed with '400 34 Failed to add exemption rule (File exists)'
11-01 08:38:34.070 1275-1387 I/ActivityManager: Resuming delayed broadcast
11-01 08:38:34.080 1771-1771 E/logwrapper: executing /system/bin/ip failed: No such file or directory
11-01 08:38:34.100 1275-1594 E/ConnectivityService: Exception trying to add a route: java.lang.IllegalStateException: command '36 interface fwmark exempt add 173.194.32.130/32' failed with '400 36 Failed to add exemption rule (File exists)'
11-01 08:38:34.100 1275-1594 D/ConnectivityService: requestRouteToHostAddress ok=false
11-01 08:38:34.100 1275-1594 D/ConnectivityService: [CheckMp] isMobileOk: could not establish route to hostAddr=clients3.google.com/173.194.32.130
11-01 08:38:36.130 1275-1290 I/ActivityManager: Waited long enough for: ServiceRecord{a5322aa8 u0 com.android.music/.MediaPlaybackService}
11-01 08:38:37.110 1275-1594 D/ConnectivityService: [CheckMp] isMobileOk: too many loops tried - giving up
11-01 08:38:37.110 1275-1594 D/ConnectivityService: [CheckMp] isMobileOk: X loops|timed out result=0
11-01 08:38:37.110 1275-1594 D/ConnectivityService: [CheckMp] isMobileOk: F stop hipri
11-01 08:38:37.110 1275-1327 D/MobileDataStateTracker: default: setEnableFailFastMobileData(enabled=0)
11-01 08:38:37.110 1275-1594 D/ConnectivityService: stopUsingNetworkFeature: teardown net 0: enableHIPRI
11-01 08:38:37.120 1275-1275 D/MobileDataStateTracker: hipri: Broadcast received: android.intent.action.ANY_DATA_STATE apnType=hipri
