11-01 08:37:59.410 932-932 I/Vold: Vold 2.1 (the revenge) firing up
11-01 08:37:59.410 932-932 D/Vold: Volume sdcard state changing -1 (Initializing) -> 0 (No-Media)
11-01 08:37:59.410 932-961 D/Vold: Volume sdcard state changing 0 (No-Media) -> 1 (Idle-Unmounted) --------- beginning of /dev/log/main
11-01 08:38:10.660 1275-1275 I/SensorService: Goldfish Proximity sensor
11-01 08:38:10.660 1275-1275 D/SensorService: Max socket buffer size 131071
11-01 08:38:10.660 941-941 I/installd: new connection
11-01 08:38:10.660 1275-1275 E/PowerManagerService-JNI: Couldn't load power module (No such file or directory)
11-01 08:38:10.660 1275-1275 I/SystemServer: Entered the Android system server!
11-01 08:38:10.660 1275-1275 I/SystemServer: Waiting for installd to be ready.
11-01 08:38:10.660 1275-1275 I/Installer: connecting...
11-01 08:38:10.660 1275-1275 I/SystemServer: Power Manager
11-01 08:38:10.660 1275-1275 I/SystemServer: Activity Manager
11-01 08:38:10.670 1275-1288 D/SensorService: nuSensorService thread starting...
11-01 08:38:10.670 1275-1289 I/SystemServer: Enabled StrictMode logging for WM Looper
11-01 08:38:10.680 1275-1290 I/ActivityManager: Memory class: 256
11-01 08:38:10.740 1275-1279 D/dalvikvm: GC_CONCURRENT freed 158K, 7% free 3101K/3328K, paused 16ms+0ms, total 18ms
11-01 08:38:10.750 1275-1275 I/IntentFirewall: Read new rules (A:0 B:0 S:0)
11-01 08:38:10.750 1275-1275 I/SystemServer: Display Manager
11-01 08:38:10.760 1275-1290 I/ActivityManager: Enabled StrictMode logging for AThread's Looper
11-01 08:38:10.760 1275-1275 I/SystemServer: Telephony Registry
11-01 08:38:10.760 1275-1275 I/SystemServer: Scheduling Policy
11-01 08:38:10.760 1275-1294 I/UiThread: Enabled StrictMode logging for UI thread
11-01 08:38:10.780 937-993 E/SurfaceFlinger: ro.sf.lcd_density must be defined as a build property
11-01 08:38:10.780 1275-1289 I/DisplayManagerService: Display device added: DisplayDeviceInfo{"Встроенный экран": 768 x 1280, 60.000004 fps, density 320, 320.0 x 320.0 dpi, touch INTERNAL, rotation 0, type BUILT_IN, FLAG_DEFAULT_DISPLAY, FLAG_ROTATES_WITH_CONTENT, FLAG_SECURE, FLAG_SUPPORTS_PROTECTED_BUFFERS}
11-01 08:38:10.780 1275-1275 I/SystemServer: Package Manager
11-01 08:38:10.810 1275-1275 D/SELinuxMMAC: Couldn't find install policy /data/security/mac_permissions.xml
11-01 08:38:10.810 1275-1275 D/SELinuxMMAC: Using install policy file /system/etc/security/mac_permissions.xml
11-01 08:38:10.820 1275-1279 D/dalvikvm: GC_CONCURRENT freed 348K, 12% free 3265K/3680K, paused 0ms+2ms, total 14ms
11-01 08:38:10.820 1275-1275 D/dalvikvm: WAIT_FOR_CONCURRENT_GC blocked 3ms
11-01 08:38:10.860 1275-1275 W/PackageManager: Running ENG build: no pre-dexopt!
11-01 08:38:10.910 1275-1279 D/dalvikvm: GC_CONCURRENT freed 278K, 10% free 3372K/3720K, paused 13ms+1ms, total 17ms
11-01 08:38:11.070 1275-1275 W/PackageParser: No actions in intent filter at /system/priv-app/Contacts.apk Binary XML file line #375
11-01 08:38:11.180 1275-1275 W/PackageParser: No actions in intent filter at /system/priv-app/Dialer.apk Binary XML file line #162
11-01 08:38:11.200 1275-1279 D/dalvikvm: GC_CONCURRENT freed 121K, 5% free 3637K/3828K, paused 20ms+1ms, total 24ms
11-01 08:38:11.610 1275-1279 D/dalvikvm: GC_CONCURRENT freed 177K, 6% free 3846K/4092K, paused 14ms+0ms, total 19ms
11-01 08:38:12.150 1275-1279 D/dalvikvm: GC_CONCURRENT freed 212K, 7% free 4019K/4300K, paused 19ms+1ms, total 25ms
11-01 08:38:12.790 1275-1275 D/PackageManager: No files in app dir /vendor/app
11-01 08:38:12.860 1275-1275 D/dalvikvm: GC_FOR_ALLOC freed 271K, 8% free 4263K/4600K, paused 6ms, total 10ms
11-01 08:38:12.890 1275-1275 W/PackageParser: No actions in intent filter at /data/app/ApiDemos.apk Binary XML file line #2899
11-01 08:38:12.890 1275-1275 W/PackageParser: No actions in intent filter at /data/app/ApiDemos.apk Binary XML file line #2905
11-01 08:38:12.890 1275-1275 W/PackageManager: Package com.example.android.apis desires unavailable shared library com.example.will.never.exist; ignoring!
11-01 08:38:13.780 1275-1275 D/asset: failed to open Zip archive '/data/app/org.adblockplus.libadblockplus.tests-2.apk'
11-01 08:38:13.820 1275-1275 W/PackageParser: Unable to read AndroidManifest.xml of /data/app/org.adblockplus.libadblockplus.tests-2.apk java.io.FileNotFoundException: AndroidManifest.xml
at android.content.res.AssetManager.openXmlAssetNative(Native Method)
at android.content.res.AssetManager.openXmlBlockAsset(AssetManager.java:488)
at android.content.res.AssetManager.openXmlResourceParser(AssetManager.java:456)
at android.content.pm.PackageParser.parsePackage(PackageParser.java:528)
at com.android.server.pm.PackageManagerService.scanPackageLI(PackageManagerService.java:3569)
at com.android.server.pm.PackageManagerService.scanDirLI(PackageManagerService.java:3492)
at com.android.server.pm.PackageManagerService.(PackageManagerService.java:1383)
at com.android.server.pm.PackageManagerService.main(PackageManagerService.java:1042)
at com.android.server.ServerThread.initAndLoop(SystemServer.java:241)
at com.android.server.SystemServer.main(SystemServer.java:1179)
at java.lang.reflect.Method.invokeNative(Native Method)
at java.lang.reflect.Method.invoke(Method.java:515)
at com.android.internal.os.ZygoteInit$MethodAndArgsCaller.run(ZygoteInit.java:779)
at com.android.internal.os.ZygoteInit.main(ZygoteInit.java:595)
at dalvik.system.NativeStart.main(Native Method)
11-01 08:38:13.820 1275-1275 W/PackageManager: Package com.example.android.apis desires unavailable shared library com.example.will.never.exist; ignoring!
11-01 08:38:13.820 1275-1275 W/PackageManager: Package com.android.camera desires unavailable shared library com.google.android.media.effects; ignoring!
11-01 08:38:13.820 1275-1275 I/PackageManager: Time to scan packages: 2.954 seconds
11-01 08:38:13.820 1275-1275 W/PackageManager: Not granting permission android.permission.GLOBAL_SEARCH to package com.android.quicksearchbox (protectionLevel=18 flags=0x8be45)
11-01 08:38:13.820 1275-1275 W/PackageManager: Unknown permission com.android.smspush.WAPPUSH_MANAGER_BIND in package com.android.phone
11-01 08:38:13.820 1275-1275 W/PackageManager: Unknown permission com.google.android.googleapps.permission.GOOGLE_AUTH in package com.android.providers.calendar
11-01 08:38:13.820 1275-1275 W/PackageManager: Unknown permission com.google.android.googleapps.permission.GOOGLE_AUTH.cl in package com.android.providers.calendar
11-01 08:38:13.820 1275-1275 W/PackageManager: Unknown permission com.google.android.googleapps.permission.GOOGLE_AUTH.mail in package com.android.calendar
11-01 08:38:13.820 1275-1275 W/PackageManager: Not granting permission android.permission.ACCESS_DOWNLOAD_MANAGER to package com.android.browser (protectionLevel=18 flags=0x9be45)
11-01 08:38:13.820 1275-1275 W/PackageManager: Not granting permission android.permission.SEND_DOWNLOAD_COMPLETED_INTENTS to package com.android.browser (protectionLevel=2 flags=0x9be45)
11-01 08:38:13.820 1275-1275 W/PackageManager: Not granting permission android.permission.BIND_APPWIDGET to package com.android.widgetpreview (protectionLevel=18 flags=0x8be44)
11-01 08:38:13.820 1275-1275 W/PackageManager: Unknown permission android.permission.INSTALL_DRM in package com.android.mms
11-01 08:38:13.820 1275-1275 W/PackageManager: Unknown permission com.google.android.googleapps.permission.GOOGLE_AUTH in package com.android.settings
11-01 08:38:13.820 1275-1275 W/PackageManager: Unknown permission com.google.android.googleapps.permission.ACCESS_GOOGLE_PASSWORD in package com.android.development
11-01 08:38:13.820 1275-1275 W/PackageManager: Unknown permission com.google.android.googleapps.permission.GOOGLE_AUTH in package com.android.development
11-01 08:38:13.820 1275-1275 W/PackageManager: Unknown permission com.google.android.googleapps.permission.GOOGLE_AUTH.ALL_SERVICES in package com.android.development
11-01 08:38:13.820 1275-1275 W/PackageManager: Unknown permission com.google.android.googleapps.permission.GOOGLE_AUTH.YouTubeUser in package com.android.development
11-01 08:38:13.820 1275-1275 W/PackageManager: Not granting permission android.permission.DELETE_PACKAGES to package com.svox.pico (protectionLevel=18 flags=0x8be45)
11-01 08:38:13.820 1275-1275 W/PackageManager: Not granting permission android.permission.DEVICE_POWER to package com.android.deskclock (protectionLevel=2 flags=0x48be45)
11-01 08:38:13.840 1275-1275 D/dalvikvm: GC_FOR_ALLOC freed 317K, 8% free 4455K/4840K, paused 8ms, total 13ms
11-01 08:38:13.880 1275-1275 W/PackageSettings: Skipping PackageSetting{a50d81a8 org.adblockplus.libadblockplus.tests/10056} due to missing metadata
11-01 08:38:13.910 1275-1275 D/dalvikvm: GC_EXPLICIT freed 259K, 11% free 4383K/4908K, paused 0ms+1ms, total 12ms
11-01 08:38:13.920 1275-1275 I/SystemServer: Entropy Mixer
11-01 08:38:13.920 1275-1275 I/EntropyMixer: Writing entropy...
11-01 08:38:13.940 1275-1275 I/SystemServer: User Service
11-01 08:38:13.940 1275-1275 I/SystemServer: Account Manager
11-01 08:38:13.940 1275-1275 I/SystemServer: Content Manager
11-01 08:38:13.940 1275-1275 I/SystemServer: System Content Providers
11-01 08:38:14.050 1275-1275 I/SystemServer: Lights Service
11-01 08:38:14.060 1275-1275 I/SystemServer: Battery Service
11-01 08:38:14.070 1275-1275 E/ConsumerIrService: Can't open consumer IR HW Module, error: -2
11-01 08:38:14.070 1275-1275 W/libsuspend: Error writing 'on' to /sys/power/state: Invalid argument
11-01 08:38:14.070 1275-1275 E/libsuspend: Error opening /sys/power/autosleep: No such file or directory
11-01 08:38:14.070 1275-1275 I/libsuspend: Selected wakeup count
11-01 08:38:14.070 937-993 D/PermissionCache: checking android.permission.ACCESS_SURFACE_FLINGER for uid=1000 => granted (248 us)
11-01 08:38:14.070 937-937 D/SurfaceFlinger: Screen acquired, type=0 flinger=0xb831e820
11-01 08:38:14.070 937-937 D/SurfaceFlinger: screen was previously acquired
11-01 08:38:14.070 1275-1275 D/AlarmManagerService: Kernel timezone updated to 240 minutes west of GMT
11-01 08:38:14.070 1275-1275 I/SystemServer: Vibrator Service
11-01 08:38:14.070 1275-1275 I/SystemServer: Consumer IR Service
11-01 08:38:14.070 1275-1275 I/SystemServer: Alarm Manager
11-01 08:38:14.080 1275-1275 I/SystemServer: Init Watchdog
11-01 08:38:14.080 1275-1275 I/SystemServer: Input Manager
11-01 08:38:14.080 1275-1275 I/InputManager: Initializing input manager, mUseDevInputEventForAudioJack=false
11-01 08:38:14.100 1275-1275 I/SystemServer: Window Manager
11-01 08:38:14.140 1275-1289 I/WindowManager: No existing display settings /data/system/display_settings.xml; starting empty
11-01 08:38:14.180 1275-1294 I/WindowManager: No keyguard interface!
11-01 08:38:14.200 1275-1275 I/InputManager: Starting input manager
11-01 08:38:14.200 1275-1275 I/SystemServer: No Bluetooh Service (emulator)
11-01 08:38:14.200 1275-1275 I/SystemServer: Input Method Service
11-01 08:38:14.200 1275-1275 W/InputMethodManagerService: Couldn't create dir.: /data/system/inputmethod
11-01 08:38:14.230 1275-1313 E/EventHub: could not get driver version for /dev/input/mouse0, Not a typewriter
11-01 08:38:14.230 1275-1313 W/EventHub: Unable to disable kernel key repeat for /dev/input/event0: Function not implemented
11-01 08:38:14.230 1275-1313 I/EventHub: New device: id=1, fd=97, path='/dev/input/event0', name='qwerty2', classes=0x7, configuration='/system/usr/idc/qwerty2.idc', keyLayout='/system/usr/keylayout/qwerty.kl', keyCharacterMap='/system/usr/keychars/qwerty2.kcm', builtinKeyboard=true, usingSuspendBlockIoctl=true, usingClockIoctl=true
11-01 08:38:14.230 1275-1313 E/EventHub: could not get driver version for /dev/input/mice, Not a typewriter
11-01 08:38:14.240 1275-1313 I/InputReader: Device added: id=-1, name='Virtual', sources=0x00000301
11-01 08:38:14.250 1275-1313 I/InputReader: Touch device 'qwerty2' could not query the properties of its associated display. The device will be inoperable until the display size becomes available.
11-01 08:38:14.250 1275-1313 I/InputReader: Device added: id=0, name='qwerty2', sources=0x00001103
11-01 08:38:14.260 1275-1275 I/SystemServer: Accessibility Manager
11-01 08:38:14.260 1275-1275 W/ActivityManager: Unable to write /sys/module/lowmemorykiller/parameters/adj
11-01 08:38:14.260 1275-1275 W/ActivityManager: Unable to write /sys/module/lowmemorykiller/parameters/minfree
11-01 08:38:14.280 1275-1313 I/InputReader: Reconfiguring input devices. changes=0x00000004
11-01 08:38:14.280 1275-1313 I/InputReader: Device reconfigured: id=0, name='qwerty2', size 768x1280, orientation 0, mode 1, display id 0
11-01 08:38:14.280 1275-1275 I/ActivityManager: Config changes=1df8 {1.0 ?mcc?mnc ru_RU ldltr sw384dp w384dp h640dp 320dpi nrml long port ?uimode ?night -touch qwerty/v/v -nav/h s.2}
11-01 08:38:14.280 1275-1275 D/dalvikvm: GC_FOR_ALLOC freed 303K, 8% free 4592K/4972K, paused 10ms, total 11ms
11-01 08:38:14.340 1275-1275 I/ActivityManager: Config changes=508 {1.0 ?mcc?mnc ru_RU ldltr sw384dp w384dp h567dp 320dpi nrml port ?uimode ?night finger qwerty/v/v -nav/h s.3}
11-01 08:38:14.340 1275-1275 I/SystemServer: Mount Service
11-01 08:38:14.390 1275-1275 D/MountService: got storage path: /storage/sdcard description: USB-накопитель primary: true removable: false emulated: false mtpReserve: 0 allowMassStorage: false maxFileSize: 0
11-01 08:38:14.390 1275-1275 D/MountService: addVolumeLocked() StorageVolume: mStorageId=0 mPath=/storage/sdcard mDescriptionId=17040664 mPrimary=true mRemovable=false mEmulated=false mMtpReserveSpace=0 mAllowMassStorage=false mMaxFileSize=0 mOwner=null mUuid=null mUserLabel=null mState=null
11-01 08:38:14.390 1275-1275 I/SystemServer: LockSettingsService
11-01 08:38:14.390 1275-1275 I/SystemServer: Device Policy
11-01 08:38:14.390 1275-1275 I/SystemServer: Status Bar
11-01 08:38:14.390 1275-1275 I/SystemServer: Clipboard Service
11-01 08:38:14.390 1275-1275 I/SystemServer: NetworkManagement Service
11-01 08:38:14.430 1275-1275 I/SystemServer: Text Service Manager Service
11-01 08:38:14.430 1275-1275 I/SystemServer: NetworkStats Service
11-01 08:38:14.450 1275-1275 I/SystemServer: NetworkPolicy Service
11-01 08:38:14.450 1275-1275 I/SystemServer: Wi-Fi P2pService
11-01 08:38:14.470 1275-1318 W/MountService: Duplicate state transition (unmounted -> unmounted) for /storage/sdcard
11-01 08:38:14.470 1275-1318 W/MountService: getSecureContainerList() called when storage not mounted
11-01 08:38:14.480 1275-1318 I/PackageManager: No secure containers on sdcard
11-01 08:38:14.480 1275-1318 W/PackageManager: Not granting permission android.permission.GLOBAL_SEARCH to package com.android.quicksearchbox (protectionLevel=18 flags=0x8be45)
11-01 08:38:14.480 1275-1318 W/PackageManager: Unknown permission com.android.smspush.WAPPUSH_MANAGER_BIND in package com.android.phone
11-01 08:38:14.480 1275-1318 W/PackageManager: Unknown permission com.google.android.googleapps.permission.GOOGLE_AUTH in package com.android.providers.calendar
11-01 08:38:14.480 1275-1318 W/PackageManager: Unknown permission com.google.android.googleapps.permission.GOOGLE_AUTH.cl in package com.android.providers.calendar
11-01 08:38:14.480 1275-1318 W/PackageManager: Unknown permission com.google.android.googleapps.permission.GOOGLE_AUTH.mail in package com.android.calendar
11-01 08:38:14.480 1275-1318 W/PackageManager: Not granting permission android.permission.ACCESS_DOWNLOAD_MANAGER to package com.android.browser (protectionLevel=18 flags=0x9be45)
11-01 08:38:14.480 1275-1318 W/PackageManager: Not granting permission android.permission.SEND_DOWNLOAD_COMPLETED_INTENTS to package com.android.browser (protectionLevel=2 flags=0x9be45)
11-01 08:38:14.480 1275-1318 W/PackageManager: Not granting permission android.permission.BIND_APPWIDGET to package com.android.widgetpreview (protectionLevel=18 flags=0x8be44)
11-01 08:38:14.480 1275-1318 W/PackageManager: Unknown permission android.permission.INSTALL_DRM in package com.android.mms
11-01 08:38:14.480 1275-1318 W/PackageManager: Unknown permission com.google.android.googleapps.permission.GOOGLE_AUTH in package com.android.settings
11-01 08:38:14.480 1275-1318 W/PackageManager: Unknown permission com.google.android.googleapps.permission.ACCESS_GOOGLE_PASSWORD in package com.android.development
11-01 08:38:14.480 1275-1318 W/PackageManager: Unknown permission com.google.android.googleapps.permission.GOOGLE_AUTH in package com.android.development
11-01 08:38:14.480 1275-1318 W/PackageManager: Unknown permission com.google.android.googleapps.permission.GOOGLE_AUTH.ALL_SERVICES in package com.android.development
11-01 08:38:14.480 1275-1318 W/PackageManager: Unknown permission com.google.android.googleapps.permission.GOOGLE_AUTH.YouTubeUser in package com.android.development
11-01 08:38:14.480 1275-1318 W/PackageManager: Not granting permission android.permission.DELETE_PACKAGES to package com.svox.pico (protectionLevel=18 flags=0x8be45)
11-01 08:38:14.480 1275-1318 W/PackageManager: Not granting permission android.permission.DEVICE_POWER to package com.android.deskclock (protectionLevel=2 flags=0x48be45)
11-01 08:38:14.490 1275-1275 I/SystemServer: Wi-Fi Service
11-01 08:38:14.600 1275-1318 W/PackageSettings: Skipping PackageSetting{a50d81a8 org.adblockplus.libadblockplus.tests/10056} due to missing metadata
11-01 08:38:14.660 1275-1275 I/SystemServer: Connectivity Service
11-01 08:38:14.660 1275-1275 D/ConnectivityService: ConnectivityService starting up
11-01 08:38:14.680 1275-1275 D/ConnectivityService: wifiOnly=false
11-01 08:38:14.680 1275-1275 E/MobileDataStateTracker: default: Ignoring feature request because could not acquire PhoneService
11-01 08:38:14.680 1275-1275 E/MobileDataStateTracker: default: Could not enable APN type "default"
11-01 08:38:14.700 1275-1275 D/dalvikvm: GC_FOR_ALLOC freed 328K, 8% free 4777K/5180K, paused 20ms, total 20ms
11-01 08:38:14.710 1275-1275 I/WifiService: WifiService starting up with Wi-Fi disabled
11-01 08:38:14.720 1275-1275 I/SystemServer: Network Service Discovery Service
11-01 08:38:14.720 1275-1275 D/NsdService: Network service discovery enabled true
11-01 08:38:14.720 1275-1275 I/SystemServer: UpdateLock Service
11-01 08:38:14.800 1275-1275 I/SystemServer: Notification Manager
11-01 08:38:14.810 1275-1275 I/SystemServer: Device Storage Monitor
11-01 08:38:14.810 1275-1275 I/SystemServer: Location Manager
11-01 08:38:14.810 1275-1275 I/SystemServer: Country Detector
11-01 08:38:14.810 1275-1275 I/SystemServer: Search Service
11-01 08:38:14.810 1275-1275 I/SystemServer: DropBox Service
11-01 08:38:14.810 1275-1275 I/SystemServer: Wallpaper Service
11-01 08:38:14.810 1275-1275 I/SystemServer: Audio Service
11-01 08:38:14.850 1275-1275 I/MediaFocusControl: Remote Control registerMediaButtonIntent() for PendingIntent{a5131e78: PendingIntentRecord{a51165d8 android broadcastIntent}}
11-01 08:38:14.910 1275-1275 I/SystemServer: Dock Observer
11-01 08:38:14.910 1275-1275 W/DockObserver: This kernel does not have dock station support
11-01 08:38:14.930 1275-1275 I/SystemServer: Wired Accessory Manager
11-01 08:38:14.930 1275-1275 W/WiredAccessoryManager: This kernel does not have wired headset support
11-01 08:38:14.930 1275-1275 W/WiredAccessoryManager: This kernel does not have usb audio support
11-01 08:38:14.930 1275-1275 I/SystemServer: USB Service
11-01 08:38:14.930 1275-1275 W/WiredAccessoryManager: This kernel does not have HDMI audio support
11-01 08:38:15.010 1275-1275 D/dalvikvm: GC_FOR_ALLOC freed 284K, 7% free 5005K/5364K, paused 49ms, total 50ms
11-01 08:38:15.020 1275-1275 I/SystemServer: Serial Service
11-01 08:38:15.020 1275-1275 I/SystemServer: Twilight Service
11-01 08:38:15.020 1275-1275 I/SystemServer: UI Mode Manager Service
11-01 08:38:15.020 1275-1275 I/SystemServer: Backup Service
11-01 08:38:15.100 1275-1275 I/BackupManagerService: Scheduling backup for new app com.android.calendar
11-01 08:38:15.100 1275-1275 D/BackupManagerService: Now staging backup of com.android.calendar
11-01 08:38:15.150 1275-1275 I/BackupManagerService: Scheduling backup for new app com.android.browser
11-01 08:38:15.150 1275-1275 D/BackupManagerService: Now staging backup of com.android.browser
11-01 08:38:15.150 1275-1275 I/BackupManagerService: Scheduling backup for new app com.android.providers.userdictionary
11-01 08:38:15.150 1275-1275 D/BackupManagerService: Now staging backup of com.android.providers.userdictionary
11-01 08:38:15.170 1275-1275 I/BackupManagerService: Scheduling backup for new app com.android.sharedstoragebackup
11-01 08:38:15.170 1275-1275 D/BackupManagerService: Now staging backup of com.android.sharedstoragebackup
11-01 08:38:15.180 1275-1275 I/BackupManagerService: Scheduling backup for new app android
11-01 08:38:15.180 1275-1275 D/BackupManagerService: Now staging backup of android
11-01 08:38:15.190 1275-1275 I/BackupManagerService: Scheduling backup for new app com.android.dialer
11-01 08:38:15.190 1275-1275 D/BackupManagerService: Now staging backup of com.android.dialer
11-01 08:38:15.190 1275-1275 I/BackupManagerService: Scheduling backup for new app com.android.providers.settings
11-01 08:38:15.190 1275-1275 D/BackupManagerService: Now staging backup of com.android.providers.settings
11-01 08:38:15.220 1275-1275 I/BackupManagerService: Binding to transport host ComponentInfo{android/com.android.internal.backup.LocalTransportService}
11-01 08:38:15.240 1275-1275 I/BackupManagerService: Found stale backup journal, scheduling
11-01 08:38:15.320 1275-1275 I/WindowManager: SAFE MODE not enabled
11-01 08:38:15.320 1275-1275 I/BackupManagerService: com.android.calendar
11-01 08:38:15.320 1275-1275 I/BackupManagerService: com.android.browser
11-01 08:38:15.320 1275-1275 I/BackupManagerService: com.android.providers.userdictionary
11-01 08:38:15.320 1275-1275 I/BackupManagerService: com.android.sharedstoragebackup
11-01 08:38:15.320 1275-1275 I/BackupManagerService: android
11-01 08:38:15.320 1275-1275 I/BackupManagerService: com.android.dialer
11-01 08:38:15.320 1275-1275 I/BackupManagerService: com.android.providers.settings
11-01 08:38:15.320 1275-1275 I/BackupManagerService: Backup enabled => true
11-01 08:38:15.320 1275-1275 I/SystemServer: AppWidget Service
11-01 08:38:15.320 1275-1275 I/SystemServer: Recognition Service
11-01 08:38:15.320 1275-1275 I/SystemServer: DiskStats Service
11-01 08:38:15.320 1275-1275 I/SystemServer: SamplingProfiler Service
11-01 08:38:15.320 1275-1275 I/SystemServer: NetworkTimeUpdateService
11-01 08:38:15.320 1275-1275 I/SystemServer: CommonTimeManagementService
11-01 08:38:15.320 1275-1275 I/SystemServer: CertBlacklister
11-01 08:38:15.320 1275-1275 I/SystemServer: Dreams Service
11-01 08:38:15.320 1275-1275 I/SystemServer: Assets Atlas Service
11-01 08:38:15.320 1275-1275 I/SystemServer: IdleMaintenanceService
11-01 08:38:15.320 1275-1275 I/SystemServer: Print Service
11-01 08:38:15.320 1275-1275 I/SystemServer: Media Router Service
11-01 08:38:15.330 1275-1336 D/Atlas: Loaded configuration: SliceMinArea (768x768) flags=0x2 count=24 [
11-01 08:38:15.330 937: 1311 D/ ] HostConnection::get() New Host Connection established 0xb83293a0, tid 1311
11-01 08:38:15.330 1275-1282 D/dalvikvm: JIT started for system_server [
11-01 08:38:15.390 1275: 1336 D/ ] HostConnection::get() New Host Connection established 0xb9738880, tid 1336
11-01 08:38:15.490 1275-1275 I/Zygote: Process: zygote socket opened
11-01 08:38:15.570 1275-1275 I/ActivityManager: Start proc com.android.systemui for service com.android.keyguard/.KeyguardService: pid=1338 uid=10007 gids={50007, 1028, 1015, 1035, 3002, 3001}
11-01 08:38:15.610 1275-1336 D/Atlas: Rendered atlas in 218,66ms (1,94+216,72ms)
11-01 08:38:15.680 1275-1275 I/AppOps: Pruning old package media/1013: new uid=-1
11-01 08:38:15.680 1275-1275 I/ActivityManager: System now ready
11-01 08:38:15.700 1275-1275 D/NetworkManagementService: not enabling bandwidth control
11-01 08:38:15.700 1275-1275 I/SystemServer: Making services ready
11-01 08:38:15.720 932-990 I/Vold: /dev/block/vold/179:0 being considered for volume sdcard
11-01 08:38:15.720 932-990 D/Vold: Volume sdcard state changing 1 (Idle-Unmounted) -> 3 (Checking)
11-01 08:38:15.720 1275-1293 D/MountService: volume state changed for /storage/sdcard (unmounted -> checking)
11-01 08:38:15.720 1275-1293 D/MountService: sendStorageIntent Intent { act=android.intent.action.MEDIA_CHECKING dat=file:///storage/sdcard (has extras) } to UserHandle{-1}
11-01 08:38:15.790 932-990 I/fsck_msdos: ** /dev/block/vold/179:0
11-01 08:38:15.790 932-990 I/fsck_msdos: ** Phase 1 - Read and Compare FATs
11-01 08:38:15.790 932-990 I/fsck_msdos: Attempting to allocate 1587 KB for FAT
11-01 08:38:15.880 1275-1275 W/NetworkStats: bandwidth controls disabled, unable to track stats
11-01 08:38:15.880 1275-1275 W/NetworkPolicy: bandwidth controls disabled, unable to enforce policy
11-01 08:38:16.000 1275-1275 I/ActivityManager: Config changes=200 {1.0 ?mcc?mnc ru_RU ldltr sw384dp w384dp h567dp 320dpi nrml port finger qwerty/v/v -nav/h s.4}
11-01 08:38:16.000 1275-1275 W/RecognitionManagerService: no available voice recognition services found for user 0
11-01 08:38:16.050 1275-1275 W/InputMethodManagerService: Ignoring setImeWindowStatus of uid 1000 token: null
11-01 08:38:16.140 1275-1275 D/dalvikvm: GC_FOR_ALLOC freed 327K, 8% free 5215K/5616K, paused 40ms, total 42ms
11-01 08:38:16.170 1275-1275 I/ActivityManager: Start proc com.android.inputmethod.latin for service com.android.inputmethod.latin/.LatinIME: pid=1370 uid=10029 gids={50029, 1028, 1015}
11-01 08:38:16.220 1275-1275 W/GpsLocationProvider: Could not open GPS configuration file /etc/gps.conf
11-01 08:38:16.220 1275-1275 W/ServiceWatcher: com.google.android.location not found
11-01 08:38:16.220 1275-1275 W/ServiceWatcher: com.google.android.location not found
11-01 08:38:16.220 1275-1275 W/ServiceWatcher: com.google.android.location not found
11-01 08:38:16.220 1275-1275 W/LocationManagerService: no network location provider found
11-01 08:38:16.230 1275-1275 W/ServiceWatcher: com.google.android.location not found
11-01 08:38:16.230 1275-1275 E/FlpHardwareProvider: Error hw_get_module 'flp': -2
11-01 08:38:16.230 1275-1275 W/ServiceWatcher: com.google.android.location not found
11-01 08:38:16.230 1275-1275 E/FlpHardwareProvider: Error hw_get_module 'flp': -2
11-01 08:38:16.230 1275-1275 W/ServiceWatcher: com.google.android.location not found
11-01 08:38:16.230 1275-1275 E/LocationManagerService: no geocoder provider found
11-01 08:38:16.230 1275-1275 E/LocationManagerService: No FusedProvider found.
11-01 08:38:16.230 1275-1275 E/LocationManagerService: no geofence provider found
11-01 08:38:16.310 1338-1338 E/SoundPool: error loading /system/media/audio/ui/Lock.ogg
11-01 08:38:16.310 1338-1338 W/KeyguardViewMediator: failed to load lock sound from /system/media/audio/ui/Lock.ogg
11-01 08:38:16.310 1338-1338 E/SoundPool: error loading /system/media/audio/ui/Unlock.ogg
11-01 08:38:16.310 1338-1338 W/KeyguardViewMediator: failed to load unlock sound from /system/media/audio/ui/Unlock.ogg
11-01 08:38:16.410 1275-1275 I/CommonTimeManagementService: No common time service detected on this platform. Common time services will be unavailable.
11-01 08:38:16.410 1275-1313 I/InputReader: Reconfiguring input devices. changes=0x00000030
11-01 08:38:16.410 1275-1290 I/ActivityManager: Start proc com.android.settings for broadcast com.android.settings/.widget.SettingsAppWidgetProvider: pid=1388 uid=1000 gids={41000, 1028, 1015, 3002, 3001, 3003}
11-01 08:38:16.470 1275-1275 I/ActivityManager: Start proc com.android.phone for added application com.android.phone: pid=1404 uid=1001 gids={41001, 3002, 3001, 3003, 1028, 1015}
11-01 08:38:16.470 1275-1275 I/ActivityManager: START u0 {act=android.intent.action.MAIN cat=[android.intent.category.HOME] flg=0x10000000 cmp=com.android.launcher/com.android.launcher2.Launcher} from pid 0
11-01 08:38:16.520 1275-1275 I/ActivityManager: Start proc com.android.launcher for activity com.android.launcher/com.android.launcher2.Launcher: pid=1416 uid=10008 gids={50008}
11-01 08:38:16.520 1275-1275 I/SystemServer: Enabled StrictMode for system server main thread.
11-01 08:38:16.580 1275-1291 I/ActivityManager: Start proc com.android.printspooler for service com.android.printspooler/.PrintSpoolerService: pid=1427 uid=10039 gids={50039}
11-01 08:38:16.610 1370-1376 E/jdwp: Failed sending reply to debugger: Broken pipe
11-01 08:38:16.610 1370-1376 D/dalvikvm: Debugger has detached; object registry had 1 entries
11-01 08:38:16.910 1275-1275 I/Choreographer: Skipped 83 frames! The application may be doing too much work on its main thread.
11-01 08:38:16.920 1275-1275 W/InputMethodManagerService: Focus gain on non-focused client android.view.inputmethod.InputMethodManager$1@a529f420 (uid=1000 pid=1275)
11-01 08:38:16.950 932-990 I/fsck_msdos: Attempting to allocate 1587 KB for FAT
11-01 08:38:17.460 932-990 I/fsck_msdos: ** Phase 2 - Check Cluster Chains
11-01 08:38:17.500 1427-1427 I/PrintSpoolerService: No existing print spooler state.
11-01 08:38:17.560 932-990 I/fsck_msdos: ** Phase 3 - Checking Directories
11-01 08:38:17.560 932-990 I/fsck_msdos: ** Phase 4 - Checking for Lost Files
11-01 08:38:17.560 932-990 I/fsck_msdos: 23 files, 201594 free (403188 clusters)
11-01 08:38:17.630 932-990 W/Vold: blkid failed to identify /dev/block/vold/179:0
11-01 08:38:17.630 1275-1293 I/PackageManager: Updating external media status from unmounted to mounted
11-01 08:38:17.630 932-990 I/Vold: Filesystem check completed OK
11-01 08:38:17.630 932-990 D/Vold: Volume sdcard state changing 3 (Checking) -> 4 (Mounted)
11-01 08:38:17.630 1275-1293 D/MountService: volume state changed for /storage/sdcard (checking -> mounted)
11-01 08:38:17.630 1275-1293 D/MountService: sendStorageIntent Intent { act=android.intent.action.MEDIA_MOUNTED dat=file:///storage/sdcard (has extras) } to UserHandle{-1}
11-01 08:38:17.650 1275-1316 E/VoldConnector: NDC Command {3 volume mount /storage/sdcard} took too long (1922ms)
11-01 08:38:18.030 1275-1275 D/dalvikvm: GC_FOR_ALLOC freed 415K, 9% free 5386K/5876K, paused 39ms, total 40ms
11-01 08:38:18.040 1275-1298 I/PackageManager: No secure containers on sdcard
11-01 08:38:18.040 1275-1298 W/PackageManager: Not granting permission android.permission.GLOBAL_SEARCH to package com.android.quicksearchbox (protectionLevel=18 flags=0x88be45)
11-01 08:38:18.040 1275-1298 W/PackageManager: Unknown permission com.android.smspush.WAPPUSH_MANAGER_BIND in package com.android.phone
11-01 08:38:18.040 1275-1298 W/PackageManager: Unknown permission com.google.android.googleapps.permission.GOOGLE_AUTH in package com.android.providers.calendar
11-01 08:38:18.040 1275-1298 W/PackageManager: Unknown permission com.google.android.googleapps.permission.GOOGLE_AUTH.cl in package com.android.providers.calendar
11-01 08:38:18.040 1275-1298 W/PackageManager: Unknown permission com.google.android.googleapps.permission.GOOGLE_AUTH.mail in package com.android.calendar
11-01 08:38:18.040 1275-1298 W/PackageManager: Not granting permission android.permission.ACCESS_DOWNLOAD_MANAGER to package com.android.browser (protectionLevel=18 flags=0x89be45)
11-01 08:38:18.040 1275-1298 W/PackageManager: Not granting permission android.permission.SEND_DOWNLOAD_COMPLETED_INTENTS to package com.android.browser (protectionLevel=2 flags=0x89be45)
11-01 08:38:18.040 1275-1298 W/PackageManager: Not granting permission android.permission.BIND_APPWIDGET to package com.android.widgetpreview (protectionLevel=18 flags=0x8be44)
11-01 08:38:18.040 1275-1298 W/PackageManager: Unknown permission android.permission.INSTALL_DRM in package com.android.mms
11-01 08:38:18.040 1275-1298 W/PackageManager: Unknown permission com.google.android.googleapps.permission.GOOGLE_AUTH in package com.android.settings
11-01 08:38:18.040 1275-1298 W/PackageManager: Unknown permission com.google.android.googleapps.permission.ACCESS_GOOGLE_PASSWORD in package com.android.development
11-01 08:38:18.040 1275-1298 W/PackageManager: Unknown permission com.google.android.googleapps.permission.GOOGLE_AUTH in package com.android.development
11-01 08:38:18.040 1275-1298 W/PackageManager: Unknown permission com.google.android.googleapps.permission.GOOGLE_AUTH.ALL_SERVICES in package com.android.development
11-01 08:38:18.040 1275-1298 W/PackageManager: Unknown permission com.google.android.googleapps.permission.GOOGLE_AUTH.YouTubeUser in package com.android.development
11-01 08:38:18.040 1275-1298 W/PackageManager: Not granting permission android.permission.DELETE_PACKAGES to package com.svox.pico (protectionLevel=18 flags=0x88be45)
11-01 08:38:18.040 1275-1298 W/PackageManager: Not granting permission android.permission.DEVICE_POWER to package com.android.deskclock (protectionLevel=2 flags=0xc8be45)
11-01 08:38:18.110 1388-1388 E/BluetoothAdapter: Bluetooth binder is null
11-01 08:38:18.180 1338-1338 D/SystemUIService: loading: class com.android.systemui.recent.Recents
11-01 08:38:18.180 1338-1338 D/SystemUIService: running: com.android.systemui.recent.Recents@a50ab398
11-01 08:38:18.180 1338-1338 D/SystemUIService: loading: class com.android.systemui.statusbar.SystemBars
11-01 08:38:18.180 1338-1338 D/SystemUIService: running: com.android.systemui.statusbar.SystemBars@a50ab938
11-01 08:38:18.320 1370-1370 I/LatinIME: Hardware accelerated drawing: true
11-01 08:38:18.360 1275-1298 W/PackageSettings: Skipping PackageSetting{a50d81a8 org.adblockplus.libadblockplus.tests/10056} due to missing metadata
11-01 08:38:18.390 1275-1275 I/MediaFocusControl: Remote Control registerMediaButtonIntent() for PendingIntent{a5286818: PendingIntentRecord{a51165d8 android broadcastIntent}}
11-01 08:38:18.390 1338-1338 D/SystemUIService: loading: class com.android.systemui.usb.StorageNotification
11-01 08:38:18.390 1338-1338 D/SystemUIService: running: com.android.systemui.usb.StorageNotification@a50ad580
11-01 08:38:18.430 1338-1338 D/SystemUIService: loading: class com.android.systemui.power.PowerUI
11-01 08:38:18.430 1338-1338 D/SystemUIService: running: com.android.systemui.power.PowerUI@a50b0c50
11-01 08:38:18.430 1338-1338 D/SystemUIService: loading: class com.android.systemui.media.RingtonePlayer
11-01 08:38:18.430 1338-1338 D/SystemUIService: running: com.android.systemui.media.RingtonePlayer@a50b19e0
11-01 08:38:18.430 1338-1338 D/SystemUIService: loading: class com.android.systemui.settings.SettingsUI
11-01 08:38:18.430 1338-1338 D/SystemUIService: running: com.android.systemui.settings.SettingsUI@a50b2e68
11-01 08:38:18.470 1338-1338 D/PhoneStatusBar: mSettingsPanelGravity = 55
11-01 08:38:18.470 1275-1443 I/StatusBarManagerService: registerStatusBar bar=com.android.internal.statusbar.IStatusBar$Stub$Proxy@a53590b0
11-01 08:38:18.510 1275-1287 D/dalvikvm: GC_FOR_ALLOC freed 592K, 11% free 5425K/6092K, paused 6ms, total 6ms
11-01 08:38:18.560 1370-1370 W/InputAttributes: No editor info for this field. Bug?
11-01 08:38:18.610 1370-1370 I/ResourceUtils: Found default value: resource=keypress_vibration_durations build=[HARDWARE=goldfish MODEL=Android SDK built for x86 BRAND=generic_x86 MANUFACTURER=unknown] default=-1
11-01 08:38:18.610 1370-1370 I/ResourceUtils: Found default value: resource=keypress_volumes build=[HARDWARE=goldfish MODEL=Android SDK built for x86 BRAND=generic_x86 MANUFACTURER=unknown] default=-1.0f
11-01 08:38:18.640 1275-1387 I/ActivityManager: Start proc android.process.acore for content provider com.android.providers.userdictionary/.UserDictionaryProvider: pid=1463 uid=10002 gids={50002, 3003, 1028, 1015}
11-01 08:38:18.700 1370-1462 I/LatinIME:LogUtils: Dictionary info: dictionary = userunigram.ru.dict ; version = ? ; date = ?
11-01 08:38:18.760 1275-1275 I/FusedLocation: engine stopped (com.android.location.fused)
11-01 08:38:18.760 1275-1275 I/FusedLocation: engine started (com.android.location.fused)
11-01 08:38:18.760 1275-1275 I/FusedLocation: engine started (com.android.location.fused)
11-01 08:38:18.760 1275-1275 I/ActivityManager: Start proc android.process.media for broadcast com.android.providers.downloads/.DownloadReceiver: pid=1476 uid=10005 gids={50005, 1028, 1015, 1023, 1024, 2001, 3003, 3007}
11-01 08:38:18.840 1338-1338 D/dalvikvm: GC_FOR_ALLOC freed 323K, 12% free 3063K/3452K, paused 54ms, total 55ms
11-01 08:38:18.940 1416-1416 D/dalvikvm: GC_FOR_ALLOC freed 216K, 9% free 3169K/3452K, paused 5ms, total 6ms
11-01 08:38:19.080 1370-1461 I/LatinIME:LogUtils: Dictionary info: dictionary = main:ru ; version = 37 ; date = 1376897704
11-01 08:38:19.100 1338-1338 D/dalvikvm: GC_FOR_ALLOC freed 31K, 7% free 3326K/3552K, paused 2ms, total 5ms
11-01 08:38:19.100 1338-1338 I/dalvikvm-heap: Grow heap (frag case) to 4.386MB for 1127532-byte allocation
11-01 08:38:19.180 1275-1286 I/PackageManager: Action: "android.intent.action.SENDTO"
11-01 08:38:19.180 1275-1286 I/PackageManager: Category: "android.intent.category.DEFAULT"
11-01 08:38:19.180 1275-1286 I/PackageManager: Scheme: "sms"
11-01 08:38:19.180 1275-1286 I/PackageManager: Adding preferred activity ComponentInfo{com.android.mms/com.android.mms.ui.ComposeMessageActivity} for user 0 :
11-01 08:38:19.220 1275-1286 D/dalvikvm: GC_FOR_ALLOC freed 603K, 12% free 5448K/6132K, paused 33ms, total 34ms
11-01 08:38:19.280 1275-1286 I/PackageManager: Action: "android.intent.action.SENDTO"
11-01 08:38:19.280 1275-1286 I/PackageManager: Category: "android.intent.category.DEFAULT"
11-01 08:38:19.280 1275-1286 I/PackageManager: Scheme: "smsto"
11-01 08:38:19.280 1275-1286 I/PackageManager: Adding preferred activity ComponentInfo{com.android.mms/com.android.mms.ui.ComposeMessageActivity} for user 0 :
11-01 08:38:19.290 1275-1287 I/PackageManager: Action: "android.intent.action.SENDTO"
11-01 08:38:19.290 1275-1287 I/PackageManager: Category: "android.intent.category.DEFAULT"
11-01 08:38:19.290 1275-1287 I/PackageManager: Scheme: "mms"
11-01 08:38:19.290 1275-1287 I/PackageManager: Adding preferred activity ComponentInfo{com.android.mms/com.android.mms.ui.ComposeMessageActivity} for user 0 :
11-01 08:38:19.300 1275-1443 I/PackageManager: Action: "android.intent.action.SENDTO"
11-01 08:38:19.300 1275-1443 I/PackageManager: Category: "android.intent.category.DEFAULT"
11-01 08:38:19.300 1275-1443 I/PackageManager: Scheme: "mmsto"
11-01 08:38:19.300 1275-1443 I/PackageManager: Adding preferred activity ComponentInfo{com.android.mms/com.android.mms.ui.ComposeMessageActivity} for user 0 :
11-01 08:38:19.310 1338-1338 D/dalvikvm: GC_FOR_ALLOC freed 3K, 5% free 4424K/4656K, paused 3ms, total 3ms
11-01 08:38:19.410 1404-1404 E/BluetoothAdapter: Bluetooth binder is null
11-01 08:38:19.560 1404-1404 E/BluetoothAdapter: Bluetooth binder is null
11-01 08:38:19.560 1404-1404 D/CallNotifier: CallNotifier: mSignalInfoToneGenerator created when toneplay
11-01 08:38:19.560 1404-1404 E/BluetoothAdapter: Bluetooth binder is null
11-01 08:38:19.590 1338-1338 D/dalvikvm: GC_FOR_ALLOC freed 18K, 3% free 4773K/4912K, paused 5ms, total 7ms
11-01 08:38:19.670 1404-1506 D/dalvikvm: GC_FOR_ALLOC freed 228K, 9% free 3153K/3448K, paused 56ms, total 57ms
11-01 08:38:19.760 1275-1275 D/MobileDataStateTracker: fota: Broadcast received: android.intent.action.ANY_DATA_STATE apnType=fota
11-01 08:38:19.760 1275-1275 D/MobileDataStateTracker: fota: Received state=DISCONNECTED, old=DISCONNECTED, reason=radioTurnedOff
11-01 08:38:19.760 1275-1275 D/MobileDataStateTracker: ia: Broadcast received: android.intent.action.ANY_DATA_STATE apnType=ia
11-01 08:38:19.760 1275-1275 D/MobileDataStateTracker: ia: Received state=DISCONNECTED, old=DISCONNECTED, reason=radioTurnedOff
11-01 08:38:19.760 1275-1275 D/MobileDataStateTracker: supl: Broadcast received: android.intent.action.ANY_DATA_STATE apnType=supl
11-01 08:38:19.770 1275-1275 D/MobileDataStateTracker: supl: Received state=DISCONNECTED, old=DISCONNECTED, reason=radioTurnedOff
11-01 08:38:19.770 1275-1275 D/MobileDataStateTracker: hipri: Broadcast received: android.intent.action.ANY_DATA_STATE apnType=hipri
11-01 08:38:19.770 1275-1275 D/MobileDataStateTracker: hipri: Received state=DISCONNECTED, old=DISCONNECTED, reason=radioTurnedOff
11-01 08:38:19.770 1275-1275 D/MobileDataStateTracker: ims: Broadcast received: android.intent.action.ANY_DATA_STATE apnType=ims
11-01 08:38:19.770 1275-1275 D/MobileDataStateTracker: ims: Received state=DISCONNECTED, old=DISCONNECTED, reason=radioTurnedOff
11-01 08:38:19.860 1416-1416 D/dalvikvm: GC_FOR_ALLOC freed 77K, 4% free 3537K/3680K, paused 4ms, total 6ms
11-01 08:38:19.870 1463-1510 D/dalvikvm: GC_FOR_ALLOC freed 258K, 10% free 3127K/3452K, paused 4ms, total 4ms
11-01 08:38:19.910 1275-1275 D/MobileDataStateTracker: default: Broadcast received: android.intent.action.ANY_DATA_STATE apnType=default
11-01 08:38:19.910 1275-1275 D/MobileDataStateTracker: default: Received state=DISCONNECTED, old=DISCONNECTED, reason=radioTurnedOff
11-01 08:38:19.910 1275-1275 D/MobileDataStateTracker: mms: Broadcast received: android.intent.action.ANY_DATA_STATE apnType=mms
11-01 08:38:19.920 1275-1275 D/MobileDataStateTracker: mms: Received state=DISCONNECTED, old=DISCONNECTED, reason=radioTurnedOff
11-01 08:38:19.920 1275-1275 D/MobileDataStateTracker: cbs: Broadcast received: android.intent.action.ANY_DATA_STATE apnType=cbs
11-01 08:38:19.920 1275-1275 D/MobileDataStateTracker: cbs: Received state=DISCONNECTED, old=DISCONNECTED, reason=radioTurnedOff
11-01 08:38:19.920 1275-1275 D/MobileDataStateTracker: fota: Broadcast received: android.intent.action.ANY_DATA_STATE apnType=fota
11-01 08:38:19.920 1275-1275 D/MobileDataStateTracker: fota: Received state=DISCONNECTED, old=DISCONNECTED, reason=radioTurnedOff
11-01 08:38:19.920 1275-1275 D/MobileDataStateTracker: ia: Broadcast received: android.intent.action.ANY_DATA_STATE apnType=ia
11-01 08:38:19.920 1275-1275 D/MobileDataStateTracker: ia: Received state=DISCONNECTED, old=DISCONNECTED, reason=radioTurnedOff
11-01 08:38:19.920 1275-1275 D/MobileDataStateTracker: supl: Broadcast received: android.intent.action.ANY_DATA_STATE apnType=supl
11-01 08:38:19.920 1275-1275 D/MobileDataStateTracker: supl: Received state=DISCONNECTED, old=DISCONNECTED, reason=radioTurnedOff
11-01 08:38:19.920 1275-1275 D/MobileDataStateTracker: hipri: Broadcast received: android.intent.action.ANY_DATA_STATE apnType=hipri
11-01 08:38:19.920 1275-1275 D/MobileDataStateTracker: hipri: Received state=DISCONNECTED, old=DISCONNECTED, reason=radioTurnedOff
11-01 08:38:19.930 1338-1338 D/dalvikvm: GC_FOR_ALLOC freed 37K, 2% free 5369K/5472K, paused 204ms, total 208ms
11-01 08:38:19.960 1275-1275 D/MobileDataStateTracker: ims: Broadcast received: android.intent.action.ANY_DATA_STATE apnType=ims
11-01 08:38:19.960 1275-1275 D/MobileDataStateTracker: ims: Received state=DISCONNECTED, old=DISCONNECTED, reason=radioTurnedOff
11-01 08:38:19.960 1275-1275 D/MobileDataStateTracker: default: Broadcast received: android.intent.action.ANY_DATA_STATE apnType=default
11-01 08:38:19.960 1275-1275 D/MobileDataStateTracker: default: Received state=DISCONNECTED, old=DISCONNECTED, reason=radioTurnedOff
11-01 08:38:19.960 1275-1275 D/MobileDataStateTracker: mms: Broadcast received: android.intent.action.ANY_DATA_STATE apnType=mms
11-01 08:38:19.960 1275-1275 D/MobileDataStateTracker: mms: Received state=DISCONNECTED, old=DISCONNECTED, reason=radioTurnedOff
11-01 08:38:19.960 1275-1275 D/MobileDataStateTracker: cbs: Broadcast received: android.intent.action.ANY_DATA_STATE apnType=cbs
11-01 08:38:19.960 1275-1275 D/MobileDataStateTracker: cbs: Received state=DISCONNECTED, old=DISCONNECTED, reason=radioTurnedOff
11-01 08:38:19.960 1275-1275 D/MobileDataStateTracker: fota: Broadcast received: android.intent.action.ANY_DATA_STATE apnType=fota
11-01 08:38:19.960 1275-1275 D/MobileDataStateTracker: fota: Received state=DISCONNECTED, old=DISCONNECTED, reason=dataDetached
11-01 08:38:19.960 1275-1275 D/MobileDataStateTracker: ia: Broadcast received: android.intent.action.ANY_DATA_STATE apnType=ia
11-01 08:38:19.960 1275-1275 D/MobileDataStateTracker: ia: Received state=DISCONNECTED, old=DISCONNECTED, reason=dataDetached
11-01 08:38:19.980 1275-1275 D/MobileDataStateTracker: supl: Broadcast received: android.intent.action.ANY_DATA_STATE apnType=supl
11-01 08:38:19.980 1275-1275 D/MobileDataStateTracker: supl: Received state=DISCONNECTED, old=DISCONNECTED, reason=dataDetached
11-01 08:38:19.980 1275-1275 D/MobileDataStateTracker: hipri: Broadcast received: android.intent.action.ANY_DATA_STATE apnType=hipri
11-01 08:38:19.980 1275-1275 D/MobileDataStateTracker: hipri: Received state=DISCONNECTED, old=DISCONNECTED, reason=dataDetached
11-01 08:38:20.000 1275-1275 D/MobileDataStateTracker: ims: Broadcast received: android.intent.action.ANY_DATA_STATE apnType=ims
11-01 08:38:20.000 1275-1275 D/MobileDataStateTracker: ims: Received state=DISCONNECTED, old=DISCONNECTED, reason=dataDetached
11-01 08:38:20.010 1275-1275 D/MobileDataStateTracker: default: Broadcast received: android.intent.action.ANY_DATA_STATE apnType=default
11-01 08:38:20.010 1275-1275 D/MobileDataStateTracker: default: Received state=DISCONNECTED, old=DISCONNECTED, reason=dataDetached
11-01 08:38:20.010 1275-1275 D/MobileDataStateTracker: mms: Broadcast received: android.intent.action.ANY_DATA_STATE apnType=mms
11-01 08:38:20.010 1275-1275 D/MobileDataStateTracker: mms: Received state=DISCONNECTED, old=DISCONNECTED, reason=dataDetached
11-01 08:38:20.030 1275-1275 D/MobileDataStateTracker: cbs: Broadcast received: android.intent.action.ANY_DATA_STATE apnType=cbs
11-01 08:38:20.030 1275-1275 D/MobileDataStateTracker: cbs: Received state=DISCONNECTED, old=DISCONNECTED, reason=dataDetached
11-01 08:38:20.030 1275-1275 D/MobileDataStateTracker: fota: Broadcast received: android.intent.action.ANY_DATA_STATE apnType=fota
11-01 08:38:20.040 1275-1275 D/MobileDataStateTracker: fota: Received state=DISCONNECTED, old=DISCONNECTED, reason=roamingOff
11-01 08:38:20.040 1275-1275 D/MobileDataStateTracker: ia: Broadcast received: android.intent.action.ANY_DATA_STATE apnType=ia
11-01 08:38:20.040 1275-1275 D/MobileDataStateTracker: ia: Received state=DISCONNECTED, old=DISCONNECTED, reason=roamingOff
11-01 08:38:20.070 1275-1275 D/MobileDataStateTracker: supl: Broadcast received: android.intent.action.ANY_DATA_STATE apnType=supl
11-01 08:38:20.070 1275-1275 D/MobileDataStateTracker: supl: Received state=DISCONNECTED, old=DISCONNECTED, reason=roamingOff
11-01 08:38:20.080 1275-1275 D/MobileDataStateTracker: hipri: Broadcast received: android.intent.action.ANY_DATA_STATE apnType=hipri
11-01 08:38:20.080 1275-1275 D/MobileDataStateTracker: hipri: Received state=DISCONNECTED, old=DISCONNECTED, reason=roamingOff
11-01 08:38:20.170 1275-1275 D/MobileDataStateTracker: ims: Broadcast received: android.intent.action.ANY_DATA_STATE apnType=ims
11-01 08:38:20.170 1275-1275 D/MobileDataStateTracker: ims: Received state=DISCONNECTED, old=DISCONNECTED, reason=roamingOff
11-01 08:38:20.210 1275-1275 D/MobileDataStateTracker: default: Broadcast received: android.intent.action.ANY_DATA_STATE apnType=default
11-01 08:38:20.210 1275-1275 D/MobileDataStateTracker: default: Received state=DISCONNECTED, old=DISCONNECTED, reason=roamingOff
11-01 08:38:20.240 1275-1275 D/MobileDataStateTracker: mms: Broadcast received: android.intent.action.ANY_DATA_STATE apnType=mms
11-01 08:38:20.240 1275-1275 D/MobileDataStateTracker: mms: Received state=DISCONNECTED, old=DISCONNECTED, reason=roamingOff
11-01 08:38:20.250 1370-1521 I/LatinIME:LogUtils: Dictionary info: dictionary = personalization.ru.dict ; version = ? ; date = 1476445578
11-01 08:38:20.250 1370-1523 I/LatinIME:LogUtils: Dictionary info: dictionary = PersonalizationPredictionDictio ; version = ? ; date = 1476445578
11-01 08:38:20.280 1275-1275 D/MobileDataStateTracker: cbs: Broadcast received: android.intent.action.ANY_DATA_STATE apnType=cbs
11-01 08:38:20.290 1338-1338 E/BluetoothAdapter: Bluetooth binder is null
11-01 08:38:20.290 1338-1338 E/BluetoothAdapter: Bluetooth binder is null
11-01 08:38:20.300 1338-1338 E/BluetoothAdapter: Bluetooth binder is null
11-01 08:38:20.340 1275-1507 D/dalvikvm: GC_FOR_ALLOC freed 444K, 10% free 5549K/6132K, paused 26ms, total 33ms
11-01 08:38:20.350 1404-1404 D/TelephonyDebugService: TelephonyDebugService()
11-01 08:38:20.460 1275-1275 D/MobileDataStateTracker: cbs: Received state=DISCONNECTED, old=DISCONNECTED, reason=roamingOff
11-01 08:38:20.470 938-938 D/dalvikvm: GC_EXPLICIT freed 36K, 4% free 2882K/2984K, paused 1ms+1ms, total 7ms
11-01 08:38:20.470 1275-1514 I/ActivityManager: Start proc com.android.externalstorage for broadcast com.android.externalstorage/.MountReceiver: pid=1528 uid=10006 gids={50006, 1028, 1015, 1023}
11-01 08:38:20.480 1416-1449 D/dalvikvm: GC_FOR_ALLOC freed 154K, 6% free 3870K/4104K, paused 3ms, total 160ms
11-01 08:38:20.500 938-938 D/dalvikvm: GC_EXPLICIT freed <1K, 4% free 2882K/2984K, paused 18ms+0ms, total 22ms
11-01 08:38:20.520 938-938 D/dalvikvm: GC_EXPLICIT freed <1K, 4% free 2882K/2984K, paused 15ms+0ms, total 19ms
11-01 08:38:20.530 1275-1275 D/MobileDataStateTracker: fota: Broadcast received: android.intent.action.ANY_DATA_STATE apnType=fota
11-01 08:38:20.530 1275-1275 D/MobileDataStateTracker: fota: Received state=DISCONNECTED, old=DISCONNECTED, reason=roamingOff
11-01 08:38:20.530 1275-1275 D/MobileDataStateTracker: ia: Broadcast received: android.intent.action.ANY_DATA_STATE apnType=ia
11-01 08:38:20.530 1275-1275 D/MobileDataStateTracker: ia: Received state=DISCONNECTED, old=DISCONNECTED, reason=roamingOff
11-01 08:38:20.540 1275-1275 D/MobileDataStateTracker: supl: Broadcast received: android.intent.action.ANY_DATA_STATE apnType=supl
11-01 08:38:20.540 1275-1275 D/MobileDataStateTracker: supl: Received state=DISCONNECTED, old=DISCONNECTED, reason=roamingOff
