11-10 09:34:02.222 7449-7449/? D/SamsungIME_UnifiedIME: AbstractCandidateLayout, getView position value is get view 2
11-10 09:34:02.222 7449-7449/? D/SamsungIME: < REMOVE TEST > isNextWordPredictionSymbol 1: true
11-10 09:34:02.382 3003-3003/? D/libEGL: eglInitialize EGLDisplay = 0x7fc20bb448
11-10 09:34:02.802 3403-3827/? D/InputReader: Input event(4): value=1 when=122883626350000
11-10 09:34:02.802 3403-3827/? D/InputReader: Input event(4): value=1 when=122883626350000
11-10 09:34:02.802 3403-3827/? I/InputReader: Touch event's action is 0x0 (deviceType=0) [pCnt=1, s=0.7200 ] when=122883626350000
11-10 09:34:02.802 3403-3827/? D/InputReader: lastThreadEndTime = 122882372630338, currentThreadStartTime = 122882372635492, diff = 0
11-10 09:34:02.802 3403-3826/? I/InputDispatcher: Delivering touch to (3945): action: 0x4, toolType: 1
11-10 09:34:02.802 3403-3826/? I/InputDispatcher: Delivering touch to (7449): action: 0x0, toolType: 1
11-10 09:34:02.802 7449-7449/? D/ViewRootImpl: ViewPostImeInputStage processPointer 0
11-10 09:34:02.802 7449-7449/? D/jisu: mMiniKeyboardOnScreen=false, pointerCount=1, action=0, eventTime122883626, index=0, id=0
11-10 09:34:02.812 7449-7733/? D/SamsungIME: vib call
11-10 09:34:02.812 7449-7733/? V/Vibrator: Called vibrate(int, int, AudioAttributes, MagnitudeTypes) API - PUID: 10138, repeat: -1, PackageName: com.sec.android.inputmethod, MagnitudeType: TouchMagnitude
11-10 09:34:02.812 7449-7733/? V/Vibrator: vibrate - PUID: 10138, PackageName: com.sec.android.inputmethod, type: 50025, repeat: -1, mag: 6000, AudioAttr : null
11-10 09:34:02.812 3403-3991/? V/VibratorService: vibratePatternMagnitude - package: com.sec.android.inputmethod, repeat: -1, token: android.os.BinderProxy@5610f1a, mag: 6000
11-10 09:34:02.812 3403-3991/? D/VibratorService: Turning vibrator off
11-10 09:34:02.812 3403-8974/? D/VibratorService: vibratorOn() : 7ms, magnitude :6000
11-10 09:34:02.822 7449-7449/? E/SamsungIME: - onDraw() called
11-10 09:34:02.842 7449-7449/? D/jisu: mMiniKeyboardOnScreen=false, pointerCount=1, action=2, eventTime122883651, index=0, id=0
11-10 09:34:02.852 7449-7449/? D/jisu: mMiniKeyboardOnScreen=false, pointerCount=1, action=2, eventTime122883662, index=0, id=0
11-10 09:34:02.852 3403-3827/? D/InputReader: Input event(4): value=0 when=122883674298000
11-10 09:34:02.852 3403-3827/? D/InputReader: Input event(4): value=0 when=122883674298000
11-10 09:34:02.852 3403-3827/? I/InputReader: Touch event's action is 0x1 (deviceType=0) [pCnt=1, s=] when=122883674298000
11-10 09:34:02.852 3403-3826/? I/InputDispatcher: Delivering touch to (7449): action: 0x1, toolType: 1
11-10 09:34:02.852 7449-7449/? D/ViewRootImpl: ViewPostImeInputStage processPointer 1
11-10 09:34:02.852 7449-7449/? D/jisu: mMiniKeyboardOnScreen=false, pointerCount=1, action=1, eventTime122883674, index=0, id=0
11-10 09:34:02.852 7449-7449/? I/SamsungIME: [AKV] detectAndSendKey - index : 17, mCurrentInputMethod : 0, mInputLanguage : 1701726018
11-10 09:34:02.852 7449-7449/? E/SamsungIME: SwiftkeyWrapper-inputKey
11-10 09:34:02.862 7449-7449/? E/SamsungIME: updateSuggestionDelay
11-10 09:34:02.862 7449-7449/? D/SamsungIME: [SIIC] getCursorCapsMode without ic done
11-10 09:34:02.862 7449-7449/? D/SamsungIME: disable handwriting input icon : handwriting is not enabled or improper edit field
11-10 09:34:02.872 7449-7449/? D/SamsungIME: disable handwriting input icon : handwriting is not enabled or improper edit field
11-10 09:34:02.882 7449-7449/? E/SamsungIME: - onDraw() called [
11-10 09:34:02.892 8805: 8895 I/ ] Increase max job count 60
11-10 09:34:02.892 7449-7449/? D/SamsungIME: [SIIC] getCursorCapsMode without ic done
11-10 09:34:03.052 3403-4120/? E/Watchdog: !@Sync 4095 [11-10 09:34:03.059]
11-10 09:34:03.142 8805-8836/acr.browser.barebones D/AdblockWebView: Header referrer for https://m.baidu.com/su?pre=1&p=3&ie=utf-8&json=1&from=wise_web&sugsid=102568,108269,100181,110137,106371,108372,100099,110231,107987,106323,110782,107799,110606,110684,110395,110717,110010,111171,109586,109915,110243,110251,109588,108013,107318,111289,110031,110401,110646,111217,110085&net=&os=2&sp=&callback=jsonp2&wd=i&_=1478766843150 is https://m.baidu.com/?from=844b&vit=fps
11-10 09:34:03.162 8805-8836/acr.browser.barebones D/AdblockWebView: Allowed loading https://m.baidu.com/su?pre=1&p=3&ie=utf-8&json=1&from=wise_web&sugsid=102568,108269,100181,110137,106371,108372,100099,110231,107987,106323,110782,107799,110606,110684,110395,110717,110010,111171,109586,109915,110243,110251,109588,108013,107318,111289,110031,110401,110646,111217,110085&net=&os=2&sp=&callback=jsonp2&wd=i&_=1478766843150
11-10 09:34:03.172 3403-3827/? D/InputReader: Input event(4): value=1 when=122883995233000
11-10 09:34:03.172 3403-3827/? D/InputReader: Input event(4): value=1 when=122883995233000
11-10 09:34:03.172 3403-3827/? I/InputReader: Touch event's action is 0x0 (deviceType=0) [pCnt=1, s=0.7201 ] when=122883995233000
11-10 09:34:03.172 3403-3827/? D/InputReader: lastThreadEndTime = 122883874706452, currentThreadStartTime = 122883874714760, diff = 0
11-10 09:34:03.172 3403-3826/? I/InputDispatcher: Delivering touch to (3945): action: 0x4, toolType: 1
11-10 09:34:03.172 3403-3826/? I/InputDispatcher: Delivering touch to (7449): action: 0x0, toolType: 1
11-10 09:34:03.172 7449-7449/? D/ViewRootImpl: ViewPostImeInputStage processPointer 0
11-10 09:34:03.172 7449-7449/? D/jisu: mMiniKeyboardOnScreen=false, pointerCount=1, action=0, eventTime122883995, index=0, id=0
11-10 09:34:03.182 7449-7733/? D/SamsungIME: vib call
11-10 09:34:03.182 7449-7733/? V/Vibrator: Called vibrate(int, int, AudioAttributes, MagnitudeTypes) API - PUID: 10138, repeat: -1, PackageName: com.sec.android.inputmethod, MagnitudeType: TouchMagnitude
11-10 09:34:03.182 7449-7733/? V/Vibrator: vibrate - PUID: 10138, PackageName: com.sec.android.inputmethod, type: 50025, repeat: -1, mag: 6000, AudioAttr : null
11-10 09:34:03.182 3403-3850/? V/VibratorService: vibratePatternMagnitude - package: com.sec.android.inputmethod, repeat: -1, token: android.os.BinderProxy@5610f1a, mag: 6000
11-10 09:34:03.182 3403-3850/? D/VibratorService: Turning vibrator off
11-10 09:34:03.182 3403-8975/? D/VibratorService: vibratorOn() : 7ms, magnitude :6000
11-10 09:34:03.192 7449-7449/? D/jisu: mMiniKeyboardOnScreen=false, pointerCount=1, action=2, eventTime122884004, index=0, id=0
11-10 09:34:03.192 7449-7449/? E/SamsungIME: - onDraw() called
11-10 09:34:03.212 7449-7449/? D/jisu: mMiniKeyboardOnScreen=false, pointerCount=1, action=2, eventTime122884021, index=0, id=0
11-10 09:34:03.222 7449-7449/? D/SamsungIME: Skip dismiss ExpandCandidate. it will be post-invalidated later
11-10 09:34:03.222 7449-7449/? D/jisu: mMiniKeyboardOnScreen=false, pointerCount=1, action=2, eventTime122884038, index=0, id=0
11-10 09:34:03.222 7449-7449/? D/SamsungIME_UnifiedIME: AbstractCandidateLayout, getView position value is get view 0
11-10 09:34:03.232 7449-7449/? D/SamsungIME: < REMOVE TEST > isNextWordPredictionSymbol 1: true
11-10 09:34:03.232 7449-7449/? D/SamsungIME_UnifiedIME: AbstractCandidateLayout, getView position value is get view 1
11-10 09:34:03.232 7449-7449/? D/SamsungIME_UnifiedIME: AbstractCandidateLayout, getView position value is get view 2
11-10 09:34:03.232 7449-7449/? D/SamsungIME: < REMOVE TEST > isNextWordPredictionSymbol 1: true
11-10 09:34:03.232 3403-3827/? D/InputReader: Input event(4): value=0 when=122884053187000
11-10 09:34:03.232 3403-3827/? D/InputReader: Input event(4): value=0 when=122884053187000
11-10 09:34:03.232 3403-3827/? I/InputReader: Touch event's action is 0x1 (deviceType=0) [pCnt=1, s=] when=122884053187000
11-10 09:34:03.232 3403-3826/? I/InputDispatcher: Delivering touch to (7449): action: 0x1, toolType: 1
11-10 09:34:03.232 7449-7449/? D/ViewRootImpl: ViewPostImeInputStage processPointer 1
11-10 09:34:03.232 7449-7449/? D/jisu: mMiniKeyboardOnScreen=false, pointerCount=1, action=1, eventTime122884053, index=0, id=0
11-10 09:34:03.232 7449-7449/? I/SamsungIME: [AKV] detectAndSendKey - index : 19, mCurrentInputMethod : 0, mInputLanguage : 1701726018
11-10 09:34:03.232 7449-7449/? E/SamsungIME: SwiftkeyWrapper-inputKey
11-10 09:34:03.232 7449-7449/? E/SamsungIME: updateSuggestionDelay
11-10 09:34:03.242 7449-7449/? E/SamsungIME: - onDraw() called
11-10 09:34:03.252 7449-7449/? D/SamsungIME: [SIIC] getCursorCapsMode without ic done
11-10 09:34:03.622 7449-7449/? D/SamsungIME: Skip dismiss ExpandCandidate. it will be post-invalidated later
11-10 09:34:03.642 7449-7449/? D/SamsungIME_UnifiedIME: AbstractCandidateLayout, getView position value is get view 0
11-10 09:34:03.642 7449-7449/? D/SamsungIME: < REMOVE TEST > isNextWordPredictionSymbol 1: true
11-10 09:34:03.642 7449-7449/? D/SamsungIME_UnifiedIME: AbstractCandidateLayout, getView position value is get view 1
11-10 09:34:03.642 7449-7449/? D/SamsungIME_UnifiedIME: AbstractCandidateLayout, getView position value is get view 2
11-10 09:34:03.642 7449-7449/? D/SamsungIME: < REMOVE TEST > isNextWordPredictionSymbol 1: true
11-10 09:34:03.832 3403-3827/? D/InputReader: Input event(4): value=1 when=122884654806000
11-10 09:34:03.832 3403-3827/? D/InputReader: Input event(4): value=1 when=122884654806000
11-10 09:34:03.832 3403-3827/? I/InputReader: Touch event's action is 0x0 (deviceType=0) [pCnt=1, s=0.7202 ] when=122884654806000
11-10 09:34:03.832 3403-3827/? D/InputReader: lastThreadEndTime = 122884053481721, currentThreadStartTime = 122884053486337, diff = 0
11-10 09:34:03.832 3403-3826/? I/InputDispatcher: Delivering touch to (3945): action: 0x4, toolType: 1
11-10 09:34:03.832 3403-3826/? I/InputDispatcher: Delivering touch to (7449): action: 0x0, toolType: 1
11-10 09:34:03.832 7449-7449/? D/ViewRootImpl: ViewPostImeInputStage processPointer 0
11-10 09:34:03.832 7449-7449/? D/jisu: mMiniKeyboardOnScreen=false, pointerCount=1, action=0, eventTime122884654, index=0, id=0
11-10 09:34:03.832 7449-7733/? D/SamsungIME: vib call
11-10 09:34:03.832 7449-7733/? V/Vibrator: Called vibrate(int, int, AudioAttributes, MagnitudeTypes) API - PUID: 10138, repeat: -1, PackageName: com.sec.android.inputmethod, MagnitudeType: TouchMagnitude
11-10 09:34:03.842 7449-7733/? V/Vibrator: vibrate - PUID: 10138, PackageName: com.sec.android.inputmethod, type: 50025, repeat: -1, mag: 6000, AudioAttr : null
11-10 09:34:03.842 3403-4050/? V/VibratorService: vibratePatternMagnitude - package: com.sec.android.inputmethod, repeat: -1, token: android.os.BinderProxy@5610f1a, mag: 6000
11-10 09:34:03.842 3403-4050/? D/VibratorService: Turning vibrator off
11-10 09:34:03.842 3403-8976/? D/VibratorService: vibratorOn() : 7ms, magnitude :6000
11-10 09:34:03.852 7449-7449/? E/SamsungIME: - onDraw() called
11-10 09:34:03.862 7449-7449/? D/jisu: mMiniKeyboardOnScreen=false, pointerCount=1, action=2, eventTime122884675, index=0, id=0
11-10 09:34:03.872 7449-7449/? D/jisu: mMiniKeyboardOnScreen=false, pointerCount=1, action=2, eventTime122884691, index=0, id=0
11-10 09:34:03.892 3403-3827/? D/InputReader: Input event(4): value=0 when=122884711936000
11-10 09:34:03.892 3403-3827/? D/InputReader: Input event(4): value=0 when=122884711936000
11-10 09:34:03.892 3403-3827/? I/InputReader: Touch event's action is 0x1 (deviceType=0) [pCnt=1, s=] when=122884711936000
11-10 09:34:03.892 3403-3826/? I/InputDispatcher: Delivering touch to (7449): action: 0x1, toolType: 1
11-10 09:34:03.892 7449-7449/? D/jisu: mMiniKeyboardOnScreen=false, pointerCount=1, action=2, eventTime122884696, index=0, id=0
11-10 09:34:03.892 7449-7449/? D/ViewRootImpl: ViewPostImeInputStage processPointer 1
11-10 09:34:03.892 7449-7449/? D/jisu: mMiniKeyboardOnScreen=false, pointerCount=1, action=1, eventTime122884711, index=0, id=0
11-10 09:34:03.892 7449-7449/? I/SamsungIME: [AKV] detectAndSendKey - index : 25, mCurrentInputMethod : 0, mInputLanguage : 1701726018
11-10 09:34:03.892 7449-7449/? E/SamsungIME: SwiftkeyWrapper-inputKey
11-10 09:34:03.892 7449-7449/? E/SamsungIME: updateSuggestionDelay
11-10 09:34:03.892 7449-7449/? E/SamsungIME: - onDraw() called
11-10 09:34:03.902 7449-7449/? D/SamsungIME: [SIIC] getCursorCapsMode without ic done
11-10 09:34:04.072 8805-8836/acr.browser.barebones D/AdblockWebView: Header referrer for https://m.baidu.com/su?pre=1&p=3&ie=utf-8&json=1&from=wise_web&sugsid=102568,108269,100181,110137,106371,108372,100099,110231,107987,106323,110782,107799,110606,110684,110395,110717,110010,111171,109586,109915,110243,110251,109588,108013,107318,111289,110031,110401,110646,111217,110085&net=&os=2&sp=&callback=jsonp3&wd=iph&pwd=i&_=1478766844076 is https://m.baidu.com/?from=844b&vit=fps
11-10 09:34:04.092 8805-8836/acr.browser.barebones D/AdblockWebView: Allowed loading https://m.baidu.com/su?pre=1&p=3&ie=utf-8&json=1&from=wise_web&sugsid=102568,108269,100181,110137,106371,108372,100099,110231,107987,106323,110782,107799,110606,110684,110395,110717,110010,111171,109586,109915,110243,110251,109588,108013,107318,111289,110031,110401,110646,111217,110085&net=&os=2&sp=&callback=jsonp3&wd=iph&pwd=i&_=1478766844076
11-10 09:34:04.102 3403-4305/? D/BatteryService: !@BatteryListener : batteryPropertiesChanged!
11-10 09:34:04.102 3403-4305/? D/BatteryService: level:51, scale:100, status:2, health:2, present:true, voltage: 3859, temperature: 281, technology: Li-ion, AC powered:false, USB powered:true, POGO powered:false, Wireless powered:false, icon:17303413, invalid charger:0, maxChargingCurrent:0
11-10 09:34:04.102 3403-4305/? D/BatteryService: online:4, current avg:94, charge type:1, power sharing:false, high voltage charger:false, capacity:280000, batterySWSelfDischarging:false, current_now:310
11-10 09:34:04.102 3403-3403/? D/BatteryService: Sending ACTION_BATTERY_CHANGED.
11-10 09:34:04.112 3403-3403/? I/MotionRecognitionService: Plugged
11-10 09:34:04.112 3403-3403/? D/MotionRecognitionService: cableConnection= 1
11-10 09:34:04.112 3403-3403/? D/MotionRecognitionService: setPowerConnected | current backoffstate = 1024 , state =1024
11-10 09:34:04.112 3403-3403/? D/MotionRecognitionService: skip setTransmitPower.
11-10 09:34:04.112 3403-3858/? D/WifiController: ApOrStaEnabledState msg.what= 155652
11-10 09:34:04.122 3945-3945/? D/KeyguardUpdateMonitor: received broadcast android.intent.action.BATTERY_CHANGED
11-10 09:34:04.122 3945-3945/? D/KeyguardUpdateMonitor: handleBatteryUpdate
11-10 09:34:04.122 3945-3945/? D/PowerUI: priorPlugType = 2 mPlugType = 2
11-10 09:34:04.122 3945-3945/? D/PowerUI.Notification: showChargingNotice oldChargingType : 1 currentChargingType : 1 oldChargingTime : 11242000 mChargingTime : 11217000
11-10 09:34:04.122 3945-3945/? D/PowerUI.Notification: showChargingNotification()
11-10 09:34:04.132 3403-4216/? D/ApplicationPolicy: isStatusBarNotificationAllowedAsUser: packageName = com.android.systemui,userId = -1
11-10 09:34:04.132 4444-4444/? D/CommonServiceConfiguration: getStringValueSetting
11-10 09:34:04.142 3945-3945/? D/BatteryMeterView: ACTION_BATTERY_CHANGED : level:51 status:2 health:2
11-10 09:34:04.142 3945-3945/? D/BatteryMeterView: ACTION_BATTERY_CHANGED : level:51 status:2 health:2
11-10 09:34:04.142 4444-4444/? D/BatteryMonitor: new battery level: 51
11-10 09:34:04.142 3403-3403/? D/MARsPolicyManager: NotificationListenerService OngoingNotificationPosted : com.android.systemui
11-10 09:34:04.162 3945-3945/? W/ResourcesManager: getTopLevelResources: /system/priv-app/SystemUI/SystemUI.apk / 1.0 running in com.android.systemui rsrc of package com.android.systemui
11-10 09:34:04.172 3945-3945/? D/PhoneStatusBar: setAreThereNotifications: N=3 any=true clearable=false
11-10 09:34:04.172 3945-3945/? D/NotificationStackScrollLayout: scroll range should be extended : 1600
11-10 09:34:04.282 7449-7449/? D/SamsungIME: Skip dismiss ExpandCandidate. it will be post-invalidated later
11-10 09:34:04.292 7449-7449/? D/SamsungIME_UnifiedIME: AbstractCandidateLayout, getView position value is get view 0
11-10 09:34:04.302 7449-7449/? D/SamsungIME: < REMOVE TEST > isNextWordPredictionSymbol 1: true
11-10 09:34:04.302 7449-7449/? D/SamsungIME_UnifiedIME: AbstractCandidateLayout, getView position value is get view 1
11-10 09:34:04.302 7449-7449/? D/SamsungIME_UnifiedIME: AbstractCandidateLayout, getView position value is get view 2
11-10 09:34:04.302 7449-7449/? D/SamsungIME: < REMOVE TEST > isNextWordPredictionSymbol 1: true
11-10 09:34:04.322 3403-3827/? D/InputReader: Input event(4): value=1 when=122885143387000
11-10 09:34:04.322 3403-3827/? D/InputReader: Input event(4): value=1 when=122885143387000
11-10 09:34:04.322 3403-3827/? I/InputReader: Touch event's action is 0x0 (deviceType=0) [pCnt=1, s=0.7203 ] when=122885143387000
11-10 09:34:04.322 3403-3827/? D/InputReader: lastThreadEndTime = 122884712360298, currentThreadStartTime = 122884712363490, diff = 0
11-10 09:34:04.322 3403-3826/? I/InputDispatcher: Delivering touch to (3945): action: 0x4, toolType: 1
11-10 09:34:04.322 3403-3826/? I/InputDispatcher: Delivering touch to (7449): action: 0x0, toolType: 1
11-10 09:34:04.322 7449-7449/? D/ViewRootImpl: ViewPostImeInputStage processPointer 0
11-10 09:34:04.322 7449-7449/? D/jisu: mMiniKeyboardOnScreen=false, pointerCount=1, action=0, eventTime122885143, index=0, id=0
11-10 09:34:04.322 7449-7733/? D/SamsungIME: vib call
11-10 09:34:04.322 7449-7733/? V/Vibrator: Called vibrate(int, int, AudioAttributes, MagnitudeTypes) API - PUID: 10138, repeat: -1, PackageName: com.sec.android.inputmethod, MagnitudeType: TouchMagnitude
11-10 09:34:04.322 7449-7733/? V/Vibrator: vibrate - PUID: 10138, PackageName: com.sec.android.inputmethod, type: 50025, repeat: -1, mag: 6000, AudioAttr : null
11-10 09:34:04.322 3403-4811/? V/VibratorService: vibratePatternMagnitude - package: com.sec.android.inputmethod, repeat: -1, token: android.os.BinderProxy@5610f1a, mag: 6000
11-10 09:34:04.322 3403-4811/? D/VibratorService: Turning vibrator off
11-10 09:34:04.332 7449-7449/? E/SamsungIME: - onDraw() called
11-10 09:34:04.332 3403-8978/? D/VibratorService: vibratorOn() : 7ms, magnitude :6000
11-10 09:34:04.342 7449-7449/? D/jisu: mMiniKeyboardOnScreen=false, pointerCount=1, action=2, eventTime122885156, index=0, id=0
11-10 09:34:04.362 7449-7449/? D/jisu: mMiniKeyboardOnScreen=false, pointerCount=1, action=2, eventTime122885176, index=0, id=0
11-10 09:34:04.372 3403-3827/? D/InputReader: Input event(4): value=0 when=122885193096000
11-10 09:34:04.372 3403-3827/? D/InputReader: Input event(4): value=0 when=122885193096000
11-10 09:34:04.372 3403-3827/? I/InputReader: Touch event's action is 0x1 (deviceType=0) [pCnt=1, s=] when=122885193096000
11-10 09:34:04.372 3403-3826/? I/InputDispatcher: Delivering touch to (7449): action: 0x1, toolType: 1
11-10 09:34:04.372 7449-7449/? D/jisu: mMiniKeyboardOnScreen=false, pointerCount=1, action=2, eventTime122885185, index=0, id=0
11-10 09:34:04.372 7449-7449/? D/ViewRootImpl: ViewPostImeInputStage processPointer 1
11-10 09:34:04.372 7449-7449/? D/jisu: mMiniKeyboardOnScreen=false, pointerCount=1, action=1, eventTime122885193, index=0, id=0
11-10 09:34:04.372 7449-7449/? I/SamsungIME: [AKV] detectAndSendKey - index : 18, mCurrentInputMethod : 0, mInputLanguage : 1701726018
11-10 09:34:04.372 7449-7449/? E/SamsungIME: SwiftkeyWrapper-inputKey
11-10 09:34:04.372 7449-7449/? E/SamsungIME: updateSuggestionDelay
11-10 09:34:04.382 7449-7449/? E/SamsungIME: - onDraw() called
11-10 09:34:04.392 7449-7449/? D/SamsungIME: [SIIC] getCursorCapsMode without ic done
11-10 09:34:04.682 8805-8836/acr.browser.barebones D/AdblockWebView: Header referrer for https://m.baidu.com/su?pre=1&p=3&ie=utf-8&json=1&from=wise_web&sugsid=102568,108269,100181,110137,106371,108372,100099,110231,107987,106323,110782,107799,110606,110684,110395,110717,110010,111171,109586,109915,110243,110251,109588,108013,107318,111289,110031,110401,110646,111217,110085&net=&os=2&sp=&callback=jsonp4&wd=ipho&pwd=iph&_=1478766844684 is https://m.baidu.com/?from=844b&vit=fps
11-10 09:34:04.692 8805-8836/acr.browser.barebones D/AdblockWebView: Allowed loading https://m.baidu.com/su?pre=1&p=3&ie=utf-8&json=1&from=wise_web&sugsid=102568,108269,100181,110137,106371,108372,100099,110231,107987,106323,110782,107799,110606,110684,110395,110717,110010,111171,109586,109915,110243,110251,109588,108013,107318,111289,110031,110401,110646,111217,110085&net=&os=2&sp=&callback=jsonp4&wd=ipho&pwd=iph&_=1478766844684
11-10 09:34:04.742 7449-7449/? D/SamsungIME: Skip dismiss ExpandCandidate. it will be post-invalidated later
11-10 09:34:04.752 7449-7449/? D/SamsungIME_UnifiedIME: AbstractCandidateLayout, getView position value is get view 0
11-10 09:34:04.752 7449-7449/? D/SamsungIME: < REMOVE TEST > isNextWordPredictionSymbol 1: true
11-10 09:34:04.752 7449-7449/? D/SamsungIME_UnifiedIME: AbstractCandidateLayout, getView position value is get view 1
11-10 09:34:04.752 7449-7449/? D/SamsungIME: < REMOVE TEST > isNextWordPredictionSymbol 1: true
11-10 09:34:04.752 7449-7449/? D/SamsungIME_UnifiedIME: AbstractCandidateLayout, getView position value is get view 2
11-10 09:34:04.752 7449-7449/? D/SamsungIME: < REMOVE TEST > isNextWordPredictionSymbol 1: true
11-10 09:34:04.842 3403-3827/? D/InputReader: Input event(4): value=1 when=122885664388000
11-10 09:34:04.842 3403-3827/? D/InputReader: Input event(4): value=1 when=122885664388000
11-10 09:34:04.842 3403-3827/? I/InputReader: Touch event's action is 0x0 (deviceType=0) [pCnt=1, s=0.7204 ] when=122885664388000
11-10 09:34:04.842 3403-3827/? D/InputReader: lastThreadEndTime = 122885193338759, currentThreadStartTime = 122885193340528, diff = 0
11-10 09:34:04.842 3403-3826/? I/InputDispatcher: Delivering touch to (3945): action: 0x4, toolType: 1
11-10 09:34:04.842 3403-3826/? I/InputDispatcher: Delivering touch to (7449): action: 0x0, toolType: 1
11-10 09:34:04.842 7449-7449/? D/ViewRootImpl: ViewPostImeInputStage processPointer 0
11-10 09:34:04.842 7449-7449/? D/jisu: mMiniKeyboardOnScreen=false, pointerCount=1, action=0, eventTime122885664, index=0, id=0
11-10 09:34:04.842 7449-7733/? D/SamsungIME: vib call
11-10 09:34:04.842 7449-7733/? V/Vibrator: Called vibrate(int, int, AudioAttributes, MagnitudeTypes) API - PUID: 10138, repeat: -1, PackageName: com.sec.android.inputmethod, MagnitudeType: TouchMagnitude
11-10 09:34:04.852 7449-7733/? V/Vibrator: vibrate - PUID: 10138, PackageName: com.sec.android.inputmethod, type: 50025, repeat: -1, mag: 6000, AudioAttr : null
11-10 09:34:04.852 3403-4317/? V/VibratorService: vibratePatternMagnitude - package: com.sec.android.inputmethod, repeat: -1, token: android.os.BinderProxy@5610f1a, mag: 6000
11-10 09:34:04.852 3403-4317/? D/VibratorService: Turning vibrator off
11-10 09:34:04.852 3403-3826/? D/PowerManagerService: [api] userActivityFromNative : 220 (event: 2 flags: 0) eventTime = 122885672
11-10 09:34:04.852 3403-8979/? D/VibratorService: vibratorOn() : 7ms, magnitude :6000
11-10 09:34:04.862 7449-7449/? E/SamsungIME: - onDraw() called
11-10 09:34:04.872 7449-7449/? D/jisu: mMiniKeyboardOnScreen=false, pointerCount=1, action=2, eventTime122885681, index=0, id=0
11-10 09:34:04.882 7449-7449/? D/jisu: mMiniKeyboardOnScreen=false, pointerCount=1, action=2, eventTime122885698, index=0, id=0
11-10 09:34:04.912 3403-3827/? D/InputReader: Input event(4): value=0 when=122885730613000
11-10 09:34:04.912 3403-3827/? D/InputReader: Input event(4): value=0 when=122885730613000
11-10 09:34:04.912 3403-3827/? I/InputReader: Touch event's action is 0x1 (deviceType=0) [pCnt=1, s=] when=122885730613000
11-10 09:34:04.912 3403-3826/? I/InputDispatcher: Delivering touch to (7449): action: 0x1, toolType: 1
11-10 09:34:04.912 7449-7449/? D/jisu: mMiniKeyboardOnScreen=false, pointerCount=1, action=2, eventTime122885715, index=0, id=0
11-10 09:34:04.912 7449-7449/? D/ViewRootImpl: ViewPostImeInputStage processPointer 1
11-10 09:34:04.912 7449-7449/? D/jisu: mMiniKeyboardOnScreen=false, pointerCount=1, action=1, eventTime122885730, index=0, id=0
11-10 09:34:04.912 7449-7449/? I/SamsungIME: [AKV] detectAndSendKey - index : 35, mCurrentInputMethod : 0, mInputLanguage : 1701726018
11-10 09:34:04.912 7449-7449/? E/SamsungIME: SwiftkeyWrapper-inputKey
11-10 09:34:04.912 7449-7449/? E/SamsungIME: updateSuggestionDelay
11-10 09:34:04.912 7449-7449/? E/SamsungIME: - onDraw() called
11-10 09:34:04.922 7449-7449/? D/SamsungIME: [SIIC] getCursorCapsMode without ic done
11-10 09:34:05.282 7449-7449/? D/SamsungIME: Skip dismiss ExpandCandidate. it will be post-invalidated later
11-10 09:34:05.302 7449-7449/? D/SamsungIME_UnifiedIME: AbstractCandidateLayout, getView position value is get view 0
11-10 09:34:05.302 7449-7449/? D/SamsungIME: < REMOVE TEST > isNextWordPredictionSymbol 1: true
11-10 09:34:05.302 7449-7449/? D/SamsungIME_UnifiedIME: AbstractCandidateLayout, getView position value is get view 1
11-10 09:34:05.302 7449-7449/? D/SamsungIME_UnifiedIME: AbstractCandidateLayout, getView position value is get view 2
11-10 09:34:05.302 7449-7449/? D/SamsungIME: < REMOVE TEST > isNextWordPredictionSymbol 1: true
11-10 09:34:05.412 3403-3827/? D/InputReader: Input event(4): value=1 when=122886232001000
11-10 09:34:05.412 3403-3827/? D/InputReader: Input event(4): value=1 when=122886232001000
11-10 09:34:05.412 3403-3827/? I/InputReader: Touch event's action is 0x0 (deviceType=0) [pCnt=1, s=0.7205 ] when=122886232001000
11-10 09:34:05.412 3403-3827/? D/InputReader: lastThreadEndTime = 122885731083412, currentThreadStartTime = 122885731087951, diff = 0
11-10 09:34:05.412 3403-3826/? I/InputDispatcher: Delivering touch to (3945): action: 0x4, toolType: 1
11-10 09:34:05.412 3403-3826/? I/InputDispatcher: Delivering touch to (7449): action: 0x0, toolType: 1
11-10 09:34:05.412 7449-7449/? D/ViewRootImpl: ViewPostImeInputStage processPointer 0
11-10 09:34:05.412 7449-7449/? D/jisu: mMiniKeyboardOnScreen=false, pointerCount=1, action=0, eventTime122886232, index=0, id=0
11-10 09:34:05.422 7449-7733/? D/SamsungIME: vib call
11-10 09:34:05.422 7449-7733/? V/Vibrator: Called vibrate(int, int, AudioAttributes, MagnitudeTypes) API - PUID: 10138, repeat: -1, PackageName: com.sec.android.inputmethod, MagnitudeType: TouchMagnitude
11-10 09:34:05.422 7449-7733/? V/Vibrator: vibrate - PUID: 10138, PackageName: com.sec.android.inputmethod, type: 50025, repeat: -1, mag: 6000, AudioAttr : null
11-10 09:34:05.422 3403-3850/? V/VibratorService: vibratePatternMagnitude - package: com.sec.android.inputmethod, repeat: -1, token: android.os.BinderProxy@5610f1a, mag: 6000
11-10 09:34:05.422 3403-3850/? D/VibratorService: Turning vibrator off
11-10 09:34:05.422 3403-8980/? D/VibratorService: vibratorOn() : 7ms, magnitude :6000
11-10 09:34:05.432 7449-7449/? D/jisu: mMiniKeyboardOnScreen=false, pointerCount=1, action=2, eventTime122886251, index=0, id=0
11-10 09:34:05.432 7449-7449/? E/SamsungIME: - onDraw() called
11-10 09:34:05.452 7449-7449/? D/jisu: mMiniKeyboardOnScreen=false, pointerCount=1, action=2, eventTime122886268, index=0, id=0
11-10 09:34:05.472 7449-7449/? D/jisu: mMiniKeyboardOnScreen=false, pointerCount=1, action=2, eventTime122886285, index=0, id=0
11-10 09:34:05.472 3403-3827/? D/InputReader: Input event(4): value=0 when=122886298163000
11-10 09:34:05.472 3403-3827/? D/InputReader: Input event(4): value=0 when=122886298163000
11-10 09:34:05.472 3403-3827/? I/InputReader: Touch event's action is 0x1 (deviceType=0) [pCnt=1, s=] when=122886298163000
11-10 09:34:05.472 3403-3826/? I/InputDispatcher: Delivering touch to (7449): action: 0x1, toolType: 1
11-10 09:34:05.472 7449-7449/? D/ViewRootImpl: ViewPostImeInputStage processPointer 1
11-10 09:34:05.472 7449-7449/? D/jisu: mMiniKeyboardOnScreen=false, pointerCount=1, action=1, eventTime122886298, index=0, id=0
11-10 09:34:05.482 7449-7449/? I/SamsungIME: [AKV] detectAndSendKey - index : 12, mCurrentInputMethod : 0, mInputLanguage : 1701726018
11-10 09:34:05.482 7449-7449/? E/SamsungIME: SwiftkeyWrapper-inputKey
11-10 09:34:05.482 7449-7449/? E/SamsungIME: updateSuggestionDelay
11-10 09:34:05.482 7449-7449/? E/SamsungIME: - onDraw() called
11-10 09:34:05.502 7449-7449/? D/SamsungIME: [SIIC] getCursorCapsMode without ic done
11-10 09:34:05.602 8805-8836/acr.browser.barebones D/AdblockWebView: Header referrer for https://m.baidu.com/su?pre=1&p=3&ie=utf-8&json=1&from=wise_web&sugsid=102568,108269,100181,110137,106371,108372,100099,110231,107987,106323,110782,107799,110606,110684,110395,110717,110010,111171,109586,109915,110243,110251,109588,108013,107318,111289,110031,110401,110646,111217,110085&net=&os=2&sp=&callback=jsonp5&wd=iphone&pwd=ipho&_=1478766845603 is https://m.baidu.com/?from=844b&vit=fps
11-10 09:34:05.612 8805-8836/acr.browser.barebones D/AdblockWebView: Allowed loading https://m.baidu.com/su?pre=1&p=3&ie=utf-8&json=1&from=wise_web&sugsid=102568,108269,100181,110137,106371,108372,100099,110231,107987,106323,110782,107799,110606,110684,110395,110717,110010,111171,109586,109915,110243,110251,109588,108013,107318,111289,110031,110401,110646,111217,110085&net=&os=2&sp=&callback=jsonp5&wd=iphone&pwd=ipho&_=1478766845603
11-10 09:34:05.812 3403-3827/? D/InputReader: Input event(4): value=1 when=122886638822000
11-10 09:34:05.812 3403-3827/? D/InputReader: Input event(4): value=1 when=122886638822000
11-10 09:34:05.812 3403-3827/? I/InputReader: Touch event's action is 0x0 (deviceType=0) [pCnt=1, s=0.7206 ] when=122886638822000
11-10 09:34:05.812 3403-3827/? D/InputReader: lastThreadEndTime = 122886298420143, currentThreadStartTime = 122886298422835, diff = 0
11-10 09:34:05.822 3403-3826/? I/InputDispatcher: Delivering touch to (3945): action: 0x4, toolType: 1
11-10 09:34:05.822 3403-3826/? I/InputDispatcher: Delivering touch to (7449): action: 0x0, toolType: 1
11-10 09:34:05.822 7449-7449/? D/ViewRootImpl: ViewPostImeInputStage processPointer 0
11-10 09:34:05.822 7449-7449/? D/jisu: mMiniKeyboardOnScreen=false, pointerCount=1, action=0, eventTime122886638, index=0, id=0
11-10 09:34:05.822 7449-7733/? D/SamsungIME: vib call
11-10 09:34:05.822 7449-7733/? V/Vibrator: Called vibrate(int, int, AudioAttributes, MagnitudeTypes) API - PUID: 10138, repeat: -1, PackageName: com.sec.android.inputmethod, MagnitudeType: TouchMagnitude
11-10 09:34:05.822 7449-7733/? V/Vibrator: vibrate - PUID: 10138, PackageName: com.sec.android.inputmethod, type: 50025, repeat: -1, mag: 6000, AudioAttr : null
11-10 09:34:05.822 3403-4216/? V/VibratorService: vibratePatternMagnitude - package: com.sec.android.inputmethod, repeat: -1, token: android.os.BinderProxy@5610f1a, mag: 6000
11-10 09:34:05.822 3403-4216/? D/VibratorService: Turning vibrator off
11-10 09:34:05.822 3403-8981/? D/VibratorService: vibratorOn() : 7ms, magnitude :6000
11-10 09:34:05.842 7449-7449/? E/SamsungIME: - onDraw() called
11-10 09:34:05.872 7449-7449/? D/SamsungIME: Skip dismiss ExpandCandidate. it will be post-invalidated later
11-10 09:34:05.872 7449-7449/? D/jisu: mMiniKeyboardOnScreen=false, pointerCount=1, action=2, eventTime122886687, index=0, id=0
11-10 09:34:05.872 7449-7449/? D/SamsungIME_UnifiedIME: AbstractCandidateLayout, getView position value is get view 0
11-10 09:34:05.872 7449-7449/? D/SamsungIME: < REMOVE TEST > isNextWordPredictionSymbol 1: true
11-10 09:34:05.872 7449-7449/? D/SamsungIME_UnifiedIME: AbstractCandidateLayout, getView position value is get view 1
11-10 09:34:05.872 7449-7449/? D/SamsungIME_UnifiedIME: AbstractCandidateLayout, getView position value is get view 2
11-10 09:34:05.872 7449-7449/? D/SamsungIME: < REMOVE TEST > isNextWordPredictionSymbol 1: true
11-10 09:34:05.882 3403-3827/? D/InputReader: Input event(4): value=0 when=122886703805000
11-10 09:34:05.882 3403-3827/? D/InputReader: Input event(4): value=0 when=122886703805000
11-10 09:34:05.882 3403-3827/? I/InputReader: Touch event's action is 0x1 (deviceType=0) [pCnt=1, s=] when=122886703805000
11-10 09:34:05.882 3403-3826/? I/InputDispatcher: Delivering touch to (7449): action: 0x1, toolType: 1
11-10 09:34:05.882 7449-7449/? D/jisu: mMiniKeyboardOnScreen=false, pointerCount=1, action=2, eventTime122886687, index=0, id=0
11-10 09:34:05.882 7449-7449/? D/ViewRootImpl: ViewPostImeInputStage processPointer 1
11-10 09:34:05.882 7449-7449/? D/jisu: mMiniKeyboardOnScreen=false, pointerCount=1, action=1, eventTime122886703, index=0, id=0
11-10 09:34:05.882 7449-7449/? I/SamsungIME: [AKV] detectAndSendKey - index : 40, mCurrentInputMethod : 0, mInputLanguage : 1701726018
11-10 09:34:05.892 7449-7449/? E/SamsungIME: - onDraw() called
11-10 09:34:05.912 7449-7449/? D/SamsungIME: SwiftkeyWrapper-checkCurrentSequence : use IC
11-10 09:34:05.932 7449-7449/? D/SamsungIME: Skip dismiss ExpandCandidate. it will be post-invalidated later
11-10 09:34:05.942 7449-7449/? D/SamsungIME_UnifiedIME: AbstractCandidateLayout, getView position value is get view 0
11-10 09:34:05.942 7449-7449/? D/SamsungIME: < REMOVE TEST > isNextWordPredictionSymbol 1: true
11-10 09:34:05.942 7449-7449/? D/SamsungIME_UnifiedIME: AbstractCandidateLayout, getView position value is get view 1
11-10 09:34:05.942 7449-7449/? D/SamsungIME: < REMOVE TEST > isNextWordPredictionSymbol 1: true
11-10 09:34:05.942 7449-7449/? D/SamsungIME_UnifiedIME: AbstractCandidateLayout, getView position value is get view 2
11-10 09:34:05.942 7449-7449/? D/SamsungIME: < REMOVE TEST > isNextWordPredictionSymbol 1: true
11-10 09:34:06.402 3403-6849/? D/SSRM:n: SIOP:: AP = 330, PST = 308 (W:6), CP = 261, CUR = 94, LCD = 57
11-10 09:34:06.412 3403-3827/? D/InputReader: Input event(4): value=1 when=122887234899000
11-10 09:34:06.412 3403-3827/? D/InputReader: Input event(4): value=1 when=122887234899000
11-10 09:34:06.412 3403-3827/? I/InputReader: Touch event's action is 0x0 (deviceType=0) [pCnt=1, s=0.7207 ] when=122887234899000
11-10 09:34:06.412 3403-3827/? D/InputReader: lastThreadEndTime = 122886704128604, currentThreadStartTime = 122886704133181, diff = 0
11-10 09:34:06.412 3403-3826/? I/InputDispatcher: Delivering touch to (3945): action: 0x4, toolType: 1
11-10 09:34:06.412 3403-3826/? I/InputDispatcher: Delivering touch to (7449): action: 0x0, toolType: 1
11-10 09:34:06.412 7449-7449/? D/ViewRootImpl: ViewPostImeInputStage processPointer 0
11-10 09:34:06.412 7449-7449/? D/jisu: mMiniKeyboardOnScreen=false, pointerCount=1, action=0, eventTime122887234, index=0, id=0
11-10 09:34:06.412 7449-7733/? D/SamsungIME: vib call
11-10 09:34:06.412 7449-7733/? V/Vibrator: Called vibrate(int, int, AudioAttributes, MagnitudeTypes) API - PUID: 10138, repeat: -1, PackageName: com.sec.android.inputmethod, MagnitudeType: TouchMagnitude
11-10 09:34:06.422 7449-7733/? V/Vibrator: vibrate - PUID: 10138, PackageName: com.sec.android.inputmethod, type: 50025, repeat: -1, mag: 6000, AudioAttr : null
11-10 09:34:06.422 3403-3436/? V/VibratorService: vibratePatternMagnitude - package: com.sec.android.inputmethod, repeat: -1, token: android.os.BinderProxy@5610f1a, mag: 6000
11-10 09:34:06.422 3403-3436/? D/VibratorService: Turning vibrator off
11-10 09:34:06.422 3403-8982/? D/VibratorService: vibratorOn() : 7ms, magnitude :6000
11-10 09:34:06.422 7449-7449/? E/SamsungIME: - onDraw() called
11-10 09:34:06.442 7449-7449/? D/jisu: mMiniKeyboardOnScreen=false, pointerCount=1, action=2, eventTime122887258, index=0, id=0
11-10 09:34:06.462 7449-7449/? D/jisu: mMiniKeyboardOnScreen=false, pointerCount=1, action=2, eventTime122887275, index=0, id=0
11-10 09:34:06.462 3403-3827/? D/InputReader: Input event(4): value=0 when=122887283282000
11-10 09:34:06.462 3403-3827/? D/InputReader: Input event(4): value=0 when=122887283282000
11-10 09:34:06.462 3403-3827/? I/InputReader: Touch event's action is 0x1 (deviceType=0) [pCnt=1, s=] when=122887283282000
11-10 09:34:06.462 3403-3826/? I/InputDispatcher: Delivering touch to (7449): action: 0x1, toolType: 1
11-10 09:34:06.462 7449-7449/? D/jisu: mMiniKeyboardOnScreen=false, pointerCount=1, action=2, eventTime122887275, index=0, id=0
11-10 09:34:06.462 7449-7449/? D/ViewRootImpl: ViewPostImeInputStage processPointer 1
11-10 09:34:06.462 7449-7449/? D/jisu: mMiniKeyboardOnScreen=false, pointerCount=1, action=1, eventTime122887283, index=0, id=0
11-10 09:34:06.462 7449-7449/? I/SamsungIME: [AKV] detectAndSendKey - index : 5, mCurrentInputMethod : 0, mInputLanguage : 1701726018
11-10 09:34:06.462 7449-7449/? E/SamsungIME: SwiftkeyWrapper-inputKey
11-10 09:34:06.462 7449-7449/? E/SamsungIME: updateSuggestionDelay
11-10 09:34:06.472 7449-7449/? E/SamsungIME: - onDraw() called
11-10 09:34:06.512 8805-8836/acr.browser.barebones D/AdblockWebView: Header referrer for https://m.baidu.com/su?pre=1&p=3&ie=utf-8&json=1&from=wise_web&sugsid=102568,108269,100181,110137,106371,108372,100099,110231,107987,106323,110782,107799,110606,110684,110395,110717,110010,111171,109586,109915,110243,110251,109588,108013,107318,111289,110031,110401,110646,111217,110085&net=&os=2&sp=&callback=jsonp6&wd=iphone%206&pwd=iphone&_=1478766846518 is https://m.baidu.com/?from=844b&vit=fps
11-10 09:34:06.522 8805-8836/acr.browser.barebones D/AdblockWebView: Allowed loading https://m.baidu.com/su?pre=1&p=3&ie=utf-8&json=1&from=wise_web&sugsid=102568,108269,100181,110137,106371,108372,100099,110231,107987,106323,110782,107799,110606,110684,110395,110717,110010,111171,109586,109915,110243,110251,109588,108013,107318,111289,110031,110401,110646,111217,110085&net=&os=2&sp=&callback=jsonp6&wd=iphone%206&pwd=iphone&_=1478766846518
11-10 09:34:06.852 7449-7449/? D/SamsungIME: Skip dismiss ExpandCandidate. it will be post-invalidated later
11-10 09:34:06.852 3403-3827/? D/InputReader: Input event(4): value=1 when=122887673285000
11-10 09:34:06.852 3403-3827/? D/InputReader: Input event(4): value=1 when=122887673285000
11-10 09:34:06.852 3403-3827/? I/InputReader: Touch event's action is 0x0 (deviceType=0) [pCnt=1, s=0.7208 ] when=122887673285000
11-10 09:34:06.852 3403-3827/? D/InputReader: lastThreadEndTime = 122887283529527, currentThreadStartTime = 122887283533219, diff = 0
11-10 09:34:06.852 3403-3826/? I/InputDispatcher: Delivering touch to (3945): action: 0x4, toolType: 1
11-10 09:34:06.852 3403-3826/? I/InputDispatcher: Delivering touch to (7449): action: 0x0, toolType: 1
11-10 09:34:06.852 7449-7449/? D/ViewRootImpl: ViewPostImeInputStage processPointer 0
11-10 09:34:06.852 7449-7449/? D/jisu: mMiniKeyboardOnScreen=false, pointerCount=1, action=0, eventTime122887673, index=0, id=0
11-10 09:34:06.852 7449-7733/? D/SamsungIME: vib call
11-10 09:34:06.852 7449-7733/? V/Vibrator: Called vibrate(int, int, AudioAttributes, MagnitudeTypes) API - PUID: 10138, repeat: -1, PackageName: com.sec.android.inputmethod, MagnitudeType: TouchMagnitude
11-10 09:34:06.852 7449-7733/? V/Vibrator: vibrate - PUID: 10138, PackageName: com.sec.android.inputmethod, type: 50025, repeat: -1, mag: 6000, AudioAttr : null
11-10 09:34:06.862 3403-4811/? V/VibratorService: vibratePatternMagnitude - package: com.sec.android.inputmethod, repeat: -1, token: android.os.BinderProxy@5610f1a, mag: 6000
11-10 09:34:06.862 3403-4811/? D/VibratorService: Turning vibrator off
11-10 09:34:06.862 3403-8983/? D/VibratorService: vibratorOn() : 7ms, magnitude :6000
11-10 09:34:06.862 7449-7449/? D/SamsungIME_UnifiedIME: AbstractCandidateLayout, getView position value is get view 0
11-10 09:34:06.862 7449-7449/? D/SamsungIME: < REMOVE TEST > isNextWordPredictionSymbol 1: true
11-10 09:34:06.862 7449-7449/? D/SamsungIME_UnifiedIME: AbstractCandidateLayout, getView position value is get view 1
11-10 09:34:06.862 7449-7449/? D/SamsungIME_UnifiedIME: AbstractCandidateLayout, getView position value is get view 2
11-10 09:34:06.862 7449-7449/? D/SamsungIME: < REMOVE TEST > isNextWordPredictionSymbol 1: true
11-10 09:34:06.862 7449-7449/? E/SamsungIME: - onDraw() called
11-10 09:34:06.892 7449-7449/? D/jisu: mMiniKeyboardOnScreen=false, pointerCount=1, action=2, eventTime122887712, index=0, id=0
11-10 09:34:06.912 7449-7449/? D/jisu: mMiniKeyboardOnScreen=false, pointerCount=1, action=2, eventTime122887729, index=0, id=0
11-10 09:34:06.932 7449-7449/? D/jisu: mMiniKeyboardOnScreen=false, pointerCount=1, action=2, eventTime122887745, index=0, id=0
11-10 09:34:06.942 7449-7449/? D/jisu: mMiniKeyboardOnScreen=false, pointerCount=1, action=2, eventTime122887760, index=0, id=0
11-10 09:34:06.952 3403-3827/? D/InputReader: Input event(4): value=0 when=122887772542000
11-10 09:34:06.952 3403-3827/? D/InputReader: Input event(4): value=0 when=122887772542000
11-10 09:34:06.952 3403-3827/? I/InputReader: Touch event's action is 0x1 (deviceType=0) [pCnt=1, s=] when=122887772542000
11-10 09:34:06.952 3403-3826/? I/InputDispatcher: Delivering touch to (7449): action: 0x1, toolType: 1
11-10 09:34:06.952 7449-7449/? D/ViewRootImpl: ViewPostImeInputStage processPointer 1
11-10 09:34:06.952 7449-7449/? D/jisu: mMiniKeyboardOnScreen=false, pointerCount=1, action=1, eventTime122887772, index=0, id=0
11-10 09:34:06.952 7449-7449/? I/SamsungIME: [AKV] detectAndSendKey - index : 42, mCurrentInputMethod : 0, mInputLanguage : 1701726018
11-10 09:34:06.952 7449-7449/? D/SamsungIME: disable handwriting input icon : handwriting is not enabled or improper edit field
11-10 09:34:06.962 7449-7449/? D/SamsungIME: disable handwriting input icon : handwriting is not enabled or improper edit field
11-10 09:34:06.962 7449-7449/? E/SamsungIME: - onDraw() called
11-10 09:34:06.982 7449-7449/? D/SamsungIME: SwiftkeyWrapper-checkCurrentSequence : use IC
11-10 09:34:06.992 3403-4216/? E/BoostFramework: Exception java.lang.NullPointerException: Attempt to invoke virtual method 'java.lang.Object java.lang.reflect.Method.invoke(java.lang.Object, java.lang.Object[])' on a null object reference
11-10 09:34:07.012 3403-4050/? D/PackageManager: findPreferredActivity: No PreferredActivities set
11-10 09:34:07.012 3403-4050/? I/PackageManager: No preferred activity: intent should not be shown
11-10 09:34:07.042 8805-8805/acr.browser.barebones D/AdblockWebView: Loading progress=10%
11-10 09:34:07.042 8805-8836/acr.browser.barebones D/AdblockWebView: Header referrer for https://m.baidu.com/from=844b/s?word=Iphone+6&ts=6846981&t_kt=0&ie=utf-8&fm_kl=021394be2f&rsv_iqid=2727578256663129732&rsv_t=87654akFT2RX%252BfU5iCkxSWSVNMkfi9TU97JXhMCGt6Xua72GtMFtLDNwOw&sa=ib&pvt=100181%401478766836&ms=1&rsv_pq=2727578256663129732&rsv_sug4=5406&ss=101&inputT=3836 is https://m.baidu.com/?from=844b&vit=fps
11-10 09:34:07.042 8805-8836/acr.browser.barebones W/AdblockWebView: https://m.baidu.com/from=844b/s?word=Iphone+6&ts=6846981&t_kt=0&ie=utf-8&fm_kl=021394be2f&rsv_iqid=2727578256663129732&rsv_t=87654akFT2RX%252BfU5iCkxSWSVNMkfi9TU97JXhMCGt6Xua72GtMFtLDNwOw&sa=ib&pvt=100181%401478766836&ms=1&rsv_pq=2727578256663129732&rsv_sug4=5406&ss=101&inputT=3836 is main frame, allow loading
11-10 09:34:07.052 8805-8805/acr.browser.barebones W/DisplayListCanvas: DisplayListCanvas is started on unbinded RenderNode (without mOwningView)
11-10 09:34:07.072 8805-8805/acr.browser.barebones D/AdblockWebView: Start loading https://m.baidu.com/from=844b/s?word=Iphone+6&ts=6846981&t_kt=0&ie=utf-8&fm_kl=021394be2f&rsv_iqid=2727578256663129732&rsv_t=87654akFT2RX%252BfU5iCkxSWSVNMkfi9TU97JXhMCGt6Xua72GtMFtLDNwOw&sa=ib&pvt=100181%401478766836&ms=1&rsv_pq=2727578256663129732&rsv_sug4=5406&ss=101&inputT=3836
11-10 09:34:07.072 8805-8805/acr.browser.barebones D/AdblockWebView: Extracted domain m.baidu.com from https://m.baidu.com/from=844b/s?word=Iphone+6&ts=6846981&t_kt=0&ie=utf-8&fm_kl=021394be2f&rsv_iqid=2727578256663129732&rsv_t=87654akFT2RX%252BfU5iCkxSWSVNMkfi9TU97JXhMCGt6Xua72GtMFtLDNwOw&sa=ib&pvt=100181%401478766836&ms=1&rsv_pq=2727578256663129732&rsv_sug4=5406&ss=101&inputT=3836
11-10 09:34:07.072 8805-8987/acr.browser.barebones D/AdblockWebView: Listed subscriptions: 3
11-10 09:34:07.072 8805-8987/acr.browser.barebones D/AdblockWebView: Subscribed to [Subscription] url=https://easylist-downloads.adblockplus.org/easylist.txt title=EasyList fixedTitle=true homepage=https://easylist.adblockplus.org/ lastDownload=1478765793 downloadStatus=synchronize_ok lastSuccess=1478765793 lastCheck=1478766152 expires=1479456993 softExpiration=1479164624 version=201611100810 requiredVersion=2.0 downloadCount=1
11-10 09:34:07.072 8805-8987/acr.browser.barebones D/AdblockWebView: Subscribed to [Subscription] url=https://easylist-downloads.adblockplus.org/easylistchina+easylist.txt title=EasyList China+EasyList fixedTitle=true homepage=http://abpchina.org/forum/ lastDownload=1478766398 downloadStatus=synchronize_ok lastSuccess=1478766398 expires=1479457598 softExpiration=1479112233 version=201611100820 requiredVersion=2.0 downloadCount=1
11-10 09:34:07.072 8805-8987/acr.browser.barebones D/AdblockWebView: Subscribed to [Subscription] url=https://easylist-downloads.adblockplus.org/exceptionrules.txt title=Allow non-intrusive advertising fixedTitle=true homepage=https://acceptableads.org/ lastDownload=1478765868 downloadStatus=synchronize_ok lastSuccess=1478765868 lastCheck=1478766152 expires=1478938668 softExpiration=1478843397 version=201611100811 requiredVersion=2.0 downloadCount=1
11-10 09:34:07.072 8805-8987/acr.browser.barebones D/AdblockWebView: Requesting elemhide selectors from AdblockEngine for https://m.baidu.com/from=844b/s?word=Iphone+6&ts=6846981&t_kt=0&ie=utf-8&fm_kl=021394be2f&rsv_iqid=2727578256663129732&rsv_t=87654akFT2RX%252BfU5iCkxSWSVNMkfi9TU97JXhMCGt6Xua72GtMFtLDNwOw&sa=ib&pvt=100181%401478766836&ms=1&rsv_pq=2727578256663129732&rsv_sug4=5406&ss=101&inputT=3836 in Thread[Thread-1589,5,main]
11-10 09:34:07.082 8805-8805/acr.browser.barebones D/BrowserActivity: Notify Tab Changed: 0
11-10 09:34:07.082 8805-8889/acr.browser.barebones W/IInputConnectionWrapper: getTextAfterCursor on inactive InputConnection
11-10 09:34:07.082 8805-8919/acr.browser.barebones I/System.out: (HTTPLog)-Static: isSBSettingEnabled false
11-10 09:34:07.082 8805-8919/acr.browser.barebones I/System.out: (HTTPLog)-Static: isSBSettingEnabled false
11-10 09:34:07.082 8805-8805/acr.browser.barebones W/DisplayListCanvas: DisplayListCanvas is started on unbinded RenderNode (without mOwningView)
11-10 09:34:07.092 8805-8889/acr.browser.barebones W/IInputConnectionWrapper: getExtractedText on inactive InputConnection
11-10 09:34:07.092 3149-3635/? D/EnterpriseController: netId is 0
11-10 09:34:07.092 3149-3635/? D/Netd: getNetworkForDns: using netid 503 for uid 10253
11-10 09:34:07.092 8805-8889/acr.browser.barebones W/IInputConnectionWrapper: beginBatchEdit on inactive InputConnection
11-10 09:34:07.092 8805-8889/acr.browser.barebones W/IInputConnectionWrapper: endBatchEdit on inactive InputConnection
11-10 09:34:07.092 7449-7449/? D/SamsungIME: Skip dismiss ExpandCandidate. it will be post-invalidated later
11-10 09:34:07.092 7449-7449/? E/KeyboardInfoUtils: getInstance start
11-10 09:34:07.092 7449-7449/? E/KeyboardInfoUtils: sendSIPInformation state:6 isAbstractKeyboardView : true
11-10 09:34:07.092 3403-3403/? D/LightsService: [api] [SvcLED] turnOff:: id = 6 (uid: 1000 pid: 3403)
11-10 09:34:07.092 7449-7449/? E/KeyboardInfoUtils: sending null keyboardInfo as SIP is closed
11-10 09:34:07.092 3403-3403/? D/LightsService: [SvcLED] setSvcLedStateLocked:: SvcLEDState : 0x0 -> 0x0 | SvcLED(id=6) set Off
11-10 09:34:07.102 3403-3403/? D/EdgeLight: Turning off
11-10 09:34:07.102 3403-3555/? D/LightsService: [SvcLED] handleForcedSvcLEDTask()
11-10 09:34:07.102 3403-3555/? D/LightsService: [SvcLED] setSvcLedLightLocked :: Current SvcLED(id=5) maintains its priority right
11-10 09:34:07.102 3403-3403/? D/MARsPolicyManager: NotificationListenerService OngoingNotificationRemoved : android
11-10 09:34:07.102 7449-7449/? D/SamsungIME: onWindowHidden
11-10 09:34:07.102 3945-3945/? D/NotificationStackScrollLayout: scroll range should be extended : 1600
11-10 09:34:07.102 3945-3945/? D/PhoneStatusBar: removeNotification key=-1|android|17040375|InputMethodManagerService_Noti|1000 old=StatusBarNotification(pkg=android user=UserHandle{-1} id=17040375 tag=InputMethodManagerService_Noti score=-20 key=-1|android|17040375|InputMethodManagerService_Noti|1000: Notification(pri=-2 contentView=android/0x10900a3 vibrate=null sound=null defaults=0x0 flags=0x1002 color=0x00000000 category=sys vis=PRIVATE secFlags=0x0 secPriority=0))
11-10 09:34:07.102 3945-3945/? D/PhoneStatusBar: setAreThereNotifications: N=2 any=true clearable=false
11-10 09:34:07.102 7449-7449/? D/SamsungIME: notifyWindowStateChanged Window Hidden. AutoText consider to shutdown
11-10 09:34:07.112 3403-3403/? D/InputMethodManagerService: [HARDWARE_KEYBOARD] (refreshImeWindowVis) mImeWindowVis= 0 inputVisible = falsehaveHardKeyboard = false hardKeyShown = false
11-10 09:34:07.112 3945-3945/? D/NotificationStackScrollLayout: scroll range should be extended : 1600
11-10 09:34:07.122 3403-3403/? D/InputMethodManagerService: [HARDWARE_KEYBOARD] (refreshImeWindowVis) mImeWindowVis= 0 inputVisible = falsehaveHardKeyboard = false hardKeyShown = false
11-10 09:34:07.122 8805-8889/acr.browser.barebones W/IInputConnectionWrapper: getExtractedText on inactive InputConnection
11-10 09:34:07.122 3403-3403/? D/InputMethodManagerService: [HARDWARE_KEYBOARD] (refreshImeWindowVis) mImeWindowVis= 0 inputVisible = falsehaveHardKeyboard = false hardKeyShown = false
11-10 09:34:07.132 3003-3012/? D/libEGL: eglTerminate EGLDisplay = 0x7f89a80e78
11-10 09:34:07.132 3003-3012/? D/libEGL: eglTerminate EGLDisplay = 0x7f89a80e78
11-10 09:34:07.142 7449-7449/? D/SamsungIME_UnifiedIME: AbstractCandidateLayout, getView position value is get view 0
11-10 09:34:07.152 7449-7449/? D/SamsungIME: < REMOVE TEST > isNextWordPredictionSymbol 1: true
11-10 09:34:07.152 7449-7449/? D/SamsungIME_UnifiedIME: AbstractCandidateLayout, getView position value is get view 1
11-10 09:34:07.152 7449-7449/? D/SamsungIME_UnifiedIME: AbstractCandidateLayout, getView position value is get view 2
11-10 09:34:07.152 7449-7449/? D/SamsungIME: < REMOVE TEST > isNextWordPredictionSymbol 1: true
11-10 09:34:07.152 7449-7449/? E/SamsungIME: resetNeedToLoadHwrLibrary : 0
