11-10 09:33:43.992 3403-4280/? D/BatteryService: !@BatteryListener : batteryPropertiesChanged!
11-10 09:33:43.992 3403-4280/? D/BatteryService: level:51, scale:100, status:2, health:2, present:true, voltage: 3870, temperature: 281, technology: Li-ion, AC powered:false, USB powered:true, POGO powered:false, Wireless powered:false, icon:17303413, invalid charger:0, maxChargingCurrent:0
11-10 09:33:43.992 3403-4280/? D/BatteryService: online:4, current avg:341, charge type:1, power sharing:false, high voltage charger:false, capacity:280000, batterySWSelfDischarging:false, current_now:351
11-10 09:33:43.992 3403-3403/? D/BatteryService: Sending ACTION_BATTERY_CHANGED.
11-10 09:33:44.002 3403-3403/? I/MotionRecognitionService: Plugged
11-10 09:33:44.002 3403-3403/? D/MotionRecognitionService: cableConnection= 1
11-10 09:33:44.002 3403-3403/? D/MotionRecognitionService: setPowerConnected | current backoffstate = 1024 , state =1024
11-10 09:33:44.002 3403-3403/? D/MotionRecognitionService: skip setTransmitPower.
11-10 09:33:44.012 3403-3858/? D/WifiController: ApOrStaEnabledState msg.what= 155652
11-10 09:33:44.012 3945-3945/? D/KeyguardUpdateMonitor: received broadcast android.intent.action.BATTERY_CHANGED
11-10 09:33:44.012 3945-3945/? D/KeyguardUpdateMonitor: handleBatteryUpdate
11-10 09:33:44.012 3945-3945/? D/PowerUI: priorPlugType = 2 mPlugType = 2
11-10 09:33:44.022 3945-3945/? D/PowerUI.Notification: showChargingNotice oldChargingType : 1 currentChargingType : 1 oldChargingTime : 11242000 mChargingTime : 11242000
11-10 09:33:44.022 3945-3945/? D/PowerUI.Notification: There is no change about charging status, so return!
11-10 09:33:44.022 3945-3945/? D/BatteryMeterView: ACTION_BATTERY_CHANGED : level:51 status:2 health:2
11-10 09:33:44.032 4444-4444/? D/CommonServiceConfiguration: getStringValueSetting
11-10 09:33:44.042 4444-4444/? D/BatteryMonitor: new battery level: 51
11-10 09:33:44.062 3945-3945/? D/BatteryMeterView: ACTION_BATTERY_CHANGED : level:51 status:2 health:2
11-10 09:33:44.312 3403-3827/? D/InputReader: Input event(4): value=1 when=122865129896000
11-10 09:33:44.312 3403-3827/? D/InputReader: Input event(4): value=1 when=122865129896000
11-10 09:33:44.312 3403-3827/? I/InputReader: Touch event's action is 0x0 (deviceType=0) [pCnt=1, s=0.7186 ] when=122865129896000
11-10 09:33:44.312 3403-3827/? D/InputReader: lastThreadEndTime = 122858766518355, currentThreadStartTime = 122858766523316, diff = 0
11-10 09:33:44.312 3403-3826/? I/InputDispatcher: Delivering touch to (3945): action: 0x4, toolType: 1
11-10 09:33:44.312 3403-3826/? I/InputDispatcher: Delivering touch to (4306): action: 0x0, toolType: 1
11-10 09:33:44.312 3403-3826/? I/InputDispatcher: Delivering touch to (3945): action: 0x0, toolType: 1
11-10 09:33:44.312 4306-4306/? D/ViewRootImpl: ViewPostImeInputStage processPointer 0
11-10 09:33:44.312 3403-4280/? D/CustomFrequencyManagerService: acquireDVFSLockLocked : type : DVFS_MIN_LIMIT frequency : 1248000 uid : 1000 pid : 3403 pkgName : com.sec.android.app.launcher@1
11-10 09:33:44.322 4306-4306/? I/Launcher.PagedView: determineScrollingStart : mTouchState=0, mIsPageMoving=false
11-10 09:33:44.342 4306-4306/? I/Launcher.PagedView: determineScrollingStart : mTouchState=0, mIsPageMoving=false
11-10 09:33:44.342 3003-3003/? D/libEGL: eglInitialize EGLDisplay = 0x7fc20bb448
11-10 09:33:44.362 4306-4306/? I/Launcher.PagedView: determineScrollingStart : mTouchState=0, mIsPageMoving=false
11-10 09:33:44.362 3403-3827/? D/InputReader: Input event(4): value=0 when=122865188007000
11-10 09:33:44.362 3403-3827/? D/InputReader: Input event(4): value=0 when=122865188007000
11-10 09:33:44.362 3403-3827/? I/InputReader: Touch event's action is 0x1 (deviceType=0) [pCnt=1, s=] when=122865188007000
11-10 09:33:44.362 3403-3826/? I/InputDispatcher: Delivering touch to (4306): action: 0x1, toolType: 1
11-10 09:33:44.362 3403-3826/? I/InputDispatcher: Delivering touch to (3945): action: 0x1, toolType: 1
11-10 09:33:44.362 4306-4306/? D/ViewRootImpl: ViewPostImeInputStage processPointer 1
11-10 09:33:44.362 3403-4319/? D/CustomFrequencyManagerService: releaseDVFSLockLocked : Getting Lock type frm List : DVFS_MIN_LIMIT frequency : 1248000 uid : 1000 pid : 3403 tag : com.sec.android.app.launcher@1
11-10 09:33:44.382 3403-3969/? D/CustomFrequencyManagerService: acquireDVFSLockLocked : type : DVFS_MIN_LIMIT frequency : 2600000 uid : 1000 pid : 3403 pkgName : LAUNCHER_APP_BOOSTER_CPU@7
11-10 09:33:44.382 4306-4306/? I/Timeline: Timeline: Activity_launch_request id:acr.browser.barebones time:122865209
11-10 09:33:44.392 3403-4811/? D/VirtualScreenPolicy: applyVirtualScreenAttrs attrs=VirtualScreenAttrs{mDisplayId=0, mBaseDisplayId=0, mBaseActivity=false}
11-10 09:33:44.392 3403-4811/? D/GameManagerService: identifyGamePackage. acr.browser.barebones
11-10 09:33:44.392 3403-4811/? D/MultiWindowPolicy: Gamemode - return 0, when calling identifyForegroundApp(acr.browser.barebones)
11-10 09:33:44.392 3403-4811/? D/CustomFrequencyManagerService: acquireDVFSLockLocked : type : DVFS_MIN_LIMIT frequency : 1872000 uid : 1000 pid : 3403 pkgName : ACTIVITY_RESUME_BOOSTER@3
11-10 09:33:44.392 3403-4811/? D/ActivityManager: mDVFSHelper.acquire()
11-10 09:33:44.392 3403-4811/? D/FocusedStackFrame: Set to : 0
11-10 09:33:44.392 3403-4811/? V/WindowManager: addAppToken: AppWindowToken{d0165ac0a token=Token{dbbb475 ActivityRecord{4ba3fac u0 acr.browser.barebones/acr.browser.lightning.activity.MainActivity t173}}} to stack=2 task=173 at 0
11-10 09:33:44.392 3403-4811/? D/InputDispatcher: Focused application set to: xxxx
11-10 09:33:44.392 3403-4811/? D/InputDispatcher: Focus left window: 4306
11-10 09:33:44.392 4306-4306/? D/Launcher: onPause, Launcher: 89701628
11-10 09:33:44.392 4306-4306/? D/Launcher.HomeView: onPause
11-10 09:33:44.392 4306-4306/? D/Launcher.Workspace: exitWidgetResizeMode. isClearResizeFrame is false
11-10 09:33:44.392 3403-3502/? V/BroadcastQueue: [background] Process cur broadcast BroadcastRecord{b916557 u0 com.samsung.android.providers.context.log.action.USE_APP_FEATURE_SURVEY qIdx=4}, state= (APP_RECEIVE) DELIVERED for app ProcessRecord{30e1ef8 5257:com.samsung.android.providers.context/u0a7}
11-10 09:33:44.392 3403-3541/? D/SecWifiDisplayUtil: Metadata value : SecSettings2
11-10 09:33:44.402 3403-3541/? D/ViewRootImpl: #1 mView = com.android.internal.policy.PhoneWindow$DecorView{882fd2d V.E...... R.....ID 0,0-0,0}
11-10 09:33:44.402 3403-3541/? D/ISSUE_DEBUG: InputChannelName : c8734b0 Starting acr.browser.barebones
11-10 09:33:44.402 3403-3541/? D/PointerIcon: setMouseIconStyle1 pointerType: 1001 iconType:101 flag:0 pid:3403 uid:1000
11-10 09:33:44.402 3403-3541/? D/PointerIcon: setMouseCustomIcon IconType is same.101
11-10 09:33:44.402 8805-8805/? E/Zygote: v2
11-10 09:33:44.402 8805-8805/? I/libpersona: KNOX_SDCARD checking this for 10253
11-10 09:33:44.402 8805-8805/? I/libpersona: KNOX_SDCARD not a persona
11-10 09:33:44.402 8805-8805/? I/SELinux: Function: selinux_compare_spd_ram, index[1], SPD-policy is existed. and_ver=SEPF_SECMOBILE_6.0.1 ver=11
11-10 09:33:44.402 8805-8805/? W/SELinux: Function: selinux_compare_spd_ram, index[1], priority [2], priority version is VE=SEPF_SECMOBILE_6.0.1_0029
11-10 09:33:44.402 8805-8805/? E/Zygote: accessInfo : 0
11-10 09:33:44.402 8805-8805/? W/SELinux: SELinux: seapp_context_lookup: seinfo=default, level=s0:c512,c768, pkgname=acr.browser.barebones
11-10 09:33:44.402 8805-8805/? I/art: Late-enabling -Xcheck:jni
11-10 09:33:44.402 3403-4419/? I/ActivityManager: Start proc 8805:acr.browser.barebones/u0a253 for activity acr.browser.barebones/acr.browser.lightning.activity.MainActivity
11-10 09:33:44.402 3403-3853/? D/NetworkPolicy: isUidForegroundLocked: 10253, mScreenOn: true, uidstate: -1, mProxSensorScreenOff: false
11-10 09:33:44.412 3003-3003/? I/SurfaceFlinger: id=2269 createSurf (1440x2560),1 flag=404, carebones
11-10 09:33:44.412 3403-3853/? D/NetworkPolicy: isUidForegroundLocked: 10253, mScreenOn: true, uidstate: 16, mProxSensorScreenOff: false
11-10 09:33:44.412 3403-3541/? D/ViewRootImpl: MSG_RESIZED_REPORT: ci=Rect(0, 96 - 0, 0) vi=Rect(0, 96 - 0, 0) or=1
11-10 09:33:44.422 8805-8805/acr.browser.barebones D/TimaKeyStoreProvider: TimaSignature is unavailable
11-10 09:33:44.422 8805-8805/acr.browser.barebones D/ActivityThread: Added TimaKeyStore provider
11-10 09:33:44.422 3403-4305/? V/WindowOrientationListener: setCurrentAppOrientation :-1
11-10 09:33:44.422 3403-4305/? V/WindowOrientationListener: OrientationSensorJudge.getProposedRotation, Rotation: -1
11-10 09:33:44.422 3403-4305/? V/WindowManager: rotationForOrientationLw(orient=-1, last=0); user=0 sensorRotation=-1 mLidState=-1 mDockMode=0 mHdmiPlugged=false mMobileKeyboardEnabled=false displayId=0
11-10 09:33:44.422 3403-4305/? V/WindowOrientationListener: OrientationSensorJudge.getProposedRotation, Rotation: -1
11-10 09:33:44.422 3403-4305/? D/ActivityManager: Launching acr.browser.barebones, updated priority
11-10 09:33:44.432 3403-3403/? D/GameManagerService: NotifyRunnable. pkg: acr.browser.barebones, type: 4, isMinimized: false, isTunableApp: false
11-10 09:33:44.432 3403-3541/? V/WindowStateAnimator: Finishing drawing window Window{c8734b0 u0 d0 Starting acr.browser.barebones}: mDrawState=DRAW_PENDING
11-10 09:33:44.432 3403-3502/? V/MARsPolicyManager: updatePackagesScore PackageInfo name -- acr.browser.barebones
11-10 09:33:44.432 8805-8805/acr.browser.barebones W/ResourcesManager: getTopLevelResources: /data/app/acr.browser.barebones-1/base.apk / 1.0 running in acr.browser.barebones rsrc of package acr.browser.barebones
11-10 09:33:44.432 3403-3504/? D/StatusBarManagerService: manageDisableList userId=0 what=0x0 pkg=Window{c8734b0 u0 d0 Starting acr.browser.barebones}
11-10 09:33:44.432 3403-3853/? D/NetworkPolicy: isUidForegroundLocked: 10253, mScreenOn: true, uidstate: 2, mProxSensorScreenOff: false
11-10 09:33:44.442 3403-4811/? I/InjectionManagerService -AppFeature: getCoreFeaturePkgList :[]
11-10 09:33:44.442 8805-8805/acr.browser.barebones I/InjectionManager: Inside getClassLibPath + mLibMap{0=, 1=}
11-10 09:33:44.442 3003-4417/? I/SurfaceFlinger: Modify Choreographer's phase offset to 0
11-10 09:33:44.442 3003-3012/? I/SurfaceFlinger: Modify SurfaceFlinger's phase offset to 0
11-10 09:33:44.442 3403-6849/? D/GameManagerService: identifyGamePackage. acr.browser.barebones
11-10 09:33:44.442 3403-6849/? D/GameManagerService: identifyGamePackage. acr.browser.barebones
11-10 09:33:44.442 8805-8805/acr.browser.barebones D/ResourcesManager: For user 0 new overlays fetched Null
11-10 09:33:44.442 8805-8805/acr.browser.barebones W/ActivityThread: Application acr.browser.barebones can be debugged on port 8100...
11-10 09:33:44.442 8805-8805/acr.browser.barebones I/InjectionManager: Inside getClassLibPath caller
11-10 09:33:44.442 3403-6849/? D/ConnectivityService: returning getNetworkInfo for network type 1 : [type: WIFI[] - WIFI, state: CONNECTED/CONNECTED, reason: (unspecified), extra: "Badger", roaming: false, failover: false, isAvailable: true]
11-10 09:33:44.452 3403-6849/? D/GameManagerService: identifyGamePackage. acr.browser.barebones
11-10 09:33:44.452 8805-8805/acr.browser.barebones I/InstantRun: Instant Run Runtime started. Android package is acr.browser.barebones, real application class is acr.browser.lightning.app.BrowserApp.
11-10 09:33:44.452 3403-6849/? D/ConnectivityService: returning getNetworkInfo for network type 1 : [type: WIFI[] - WIFI, state: CONNECTED/CONNECTED, reason: (unspecified), extra: "Badger", roaming: false, failover: false, isAvailable: true]
11-10 09:33:44.452 3003-3003/? D/libEGL: eglInitialize EGLDisplay = 0x7fc20bb448
11-10 09:33:44.452 3403-6849/? D/GameManagerService: identifyGamePackage. acr.browser.barebones
11-10 09:33:44.452 3403-6849/? D/GameManagerService: identifyGamePackage. acr.browser.barebones
11-10 09:33:44.462 3003-3064/? D/libEGL: eglTerminate EGLDisplay = 0x7f833fee78
11-10 09:33:44.462 3003-3064/? D/libEGL: eglTerminate EGLDisplay = 0x7f833fee78
11-10 09:33:44.602 8805-8805/acr.browser.barebones I/WebViewFactory: Loading com.google.android.webview version 54.0.2840.68 (code 284006850)
11-10 09:33:44.622 8805-8805/acr.browser.barebones W/ResourcesManager: getTopLevelResources: /data/app/com.google.android.webview-2/base.apk / 1.0 running in acr.browser.barebones rsrc of package com.google.android.webview
11-10 09:33:44.622 8805-8805/acr.browser.barebones D/ResourcesManager: For user 0 new overlays fetched Null
11-10 09:33:44.622 8805-8805/acr.browser.barebones I/InjectionManager: Inside getClassLibPath caller
11-10 09:33:44.632 8805-8805/acr.browser.barebones I/art: Rejecting re-init on previously-failed class java.lang.Class
11-10 09:33:44.632 8805-8805/acr.browser.barebones I/art: Rejecting re-init on previously-failed class java.lang.Class
11-10 09:33:44.632 8805-8805/acr.browser.barebones I/art: Rejecting re-init on previously-failed class java.lang.Class
11-10 09:33:44.632 8805-8805/acr.browser.barebones I/art: Rejecting re-init on previously-failed class java.lang.Class
11-10 09:33:44.632 8805-8805/acr.browser.barebones I/cr_LibraryLoader: Time to load native libraries: 1 ms (timestamps 5455-5456)
11-10 09:33:44.632 8805-8805/acr.browser.barebones I/cr_LibraryLoader: Expected native library version number "54.0.2840.68", actual native library version number "54.0.2840.68"
11-10 09:33:44.642 8805-8805/acr.browser.barebones I/cr_LibraryLoader: Expected native library version number "54.0.2840.68", actual native library version number "54.0.2840.68"
11-10 09:33:44.642 8805-8805/acr.browser.barebones I/chromium: [INFO:library_loader_hooks.cc(151)] Chromium logging enabled: level = 0, default verbosity = 0
11-10 09:33:44.652 8805-8805/acr.browser.barebones I/cr_BrowserStartup: Initializing chromium process, singleProcess=true
11-10 09:33:44.652 8805-8805/acr.browser.barebones D/ContextRelationManager: ContextRelationManager() : FEATURE_ENABLED=true
11-10 09:33:44.652 8805-8805/acr.browser.barebones W/ResourcesManager: getTopLevelResources: /data/app/acr.browser.barebones-1/base.apk / 1.0 running in acr.browser.barebones rsrc of package acr.browser.barebones
11-10 09:33:44.662 8805-8805/acr.browser.barebones D/libEGL: eglInitialize EGLDisplay = 0xffcb24dc
11-10 09:33:44.682 3403-4420/? D/ActivityManager: The following uid has registered to recieve broadcast for proxy related updates 10253
11-10 09:33:44.682 3403-4420/? W/ContextImpl: Calling a method in the system process without a qualified user: android.app.ContextImpl.sendBroadcast:845 com.android.server.am.ActivityManagerService.requestKnoxVpnToSendProxyBroadcast:29734 com.android.server.am.ActivityManagerService.registerReceiver:22599 android.app.ActivityManagerNative.onTransact:431 com.android.server.am.ActivityManagerService.onTransact:3990
11-10 09:33:44.692 3403-3876/? D/MdnieScenarioControlService: packageName : acr.browser.barebones className : acr.browser.lightning.activity.MainActivity
11-10 09:33:44.692 8805-8805/acr.browser.barebones D/InjectionManager: InjectionManager
11-10 09:33:44.692 8805-8805/acr.browser.barebones D/InjectionManager: fillFeatureStoreMap acr.browser.barebones
11-10 09:33:44.692 8805-8805/acr.browser.barebones I/InjectionManager: Constructor acr.browser.barebones, Feature store :{}
11-10 09:33:44.692 8805-8805/acr.browser.barebones I/InjectionManager: featureStore :{}
11-10 09:33:44.692 8805-8805/acr.browser.barebones D/StrictMode: StrictMode policy violation; ~duration=86 ms: android.os.StrictMode$StrictModeDiskReadViolation: policy=65567 violation=2
at android.os.StrictMode$AndroidBlockGuardPolicy.onReadFromDisk(StrictMode.java:1263)
at android.app.SharedPreferencesImpl.awaitLoadedLocked(SharedPreferencesImpl.java:203)
at android.app.SharedPreferencesImpl.getBoolean(SharedPreferencesImpl.java:262)
at acr.browser.lightning.preference.PreferenceManager.getUseLeakCanary(PreferenceManager.java:454)
at acr.browser.lightning.app.BrowserApp.onCreate(BrowserApp.java:79)
at com.android.tools.fd.runtime.BootstrapApplication.onCreate(BootstrapApplication.java:370)
at android.app.Instrumentation.callApplicationOnCreate(Instrumentation.java:1036)
at android.app.ActivityThread.handleBindApplication(ActivityThread.java:6321)
at android.app.ActivityThread.access$1800(ActivityThread.java:222)
at android.app.ActivityThread$H.handleMessage(ActivityThread.java:1861)
at android.os.Handler.dispatchMessage(Handler.java:102)
at android.os.Looper.loop(Looper.java:158)
at android.app.ActivityThread.main(ActivityThread.java:7229)
at java.lang.reflect.Method.invoke(Native Method)
at com.android.internal.os.ZygoteInit$MethodAndArgsCaller.run(ZygoteInit.java:1230)
at com.android.internal.os.ZygoteInit.main(ZygoteInit.java:1120)
11-10 09:33:44.692 8805-8805/acr.browser.barebones D/StrictMode: StrictMode policy violation; ~duration=83 ms: android.os.StrictMode$StrictModeDiskReadViolation: policy=65567 violation=2
at android.os.StrictMode$AndroidBlockGuardPolicy.onReadFromDisk(StrictMode.java:1263)
at libcore.io.BlockGuardOs.access(BlockGuardOs.java:67)
at java.io.File.doAccess(File.java:281)
at java.io.File.exists(File.java:362)
at android.webkit.WebViewFactory.getWebViewNativeLibraryPaths(WebViewFactory.java:406)
at android.webkit.WebViewFactory.loadNativeLibrary(WebViewFactory.java:511)
at android.webkit.WebViewFactory.getProviderClass(WebViewFactory.java:188)
at android.webkit.WebViewFactory.getProvider(WebViewFactory.java:158)
at android.webkit.WebView.getFactory(WebView.java:2290)
at android.webkit.WebView.setWebContentsDebuggingEnabled(WebView.java:1913)
at acr.browser.lightning.app.BrowserApp.onCreate(BrowserApp.java:83)
at com.android.tools.fd.runtime.BootstrapApplication.onCreate(BootstrapApplication.java:370)
at android.app.Instrumentation.callApplicationOnCreate(Instrumentation.java:1036)
at android.app.ActivityThread.handleBindApplication(ActivityThread.java:6321)
at android.app.ActivityThread.access$1800(ActivityThread.java:222)
at android.app.ActivityThread$H.handleMessage(ActivityThread.java:1861)
at android.os.Handler.dispatchMessage(Handler.java:102)
at android.os.Looper.loop(Looper.java:158)
at android.app.ActivityThread.main(ActivityThread.java:7229)
at java.lang.reflect.Method.invoke(Native Method)
at com.android.internal.os.ZygoteInit$MethodAndArgsCaller.run(ZygoteInit.java:1230)
at com.android.internal.os.ZygoteInit.main(ZygoteInit.java:1120)
11-10 09:33:44.692 8805-8805/acr.browser.barebones D/StrictMode: StrictMode policy violation; ~duration=83 ms: android.os.StrictMode$StrictModeDiskReadViolation: policy=65567 violation=2
at android.os.StrictMode$AndroidBlockGuardPolicy.onReadFromDisk(StrictMode.java:1263)
at libcore.io.BlockGuardOs.access(BlockGuardOs.java:67)
at java.io.File.doAccess(File.java:281)
at java.io.File.exists(File.java:362)
at android.webkit.WebViewFactory.getWebViewNativeLibraryPaths(WebViewFactory.java:415)
at android.webkit.WebViewFactory.loadNativeLibrary(WebViewFactory.java:511)
at android.webkit.WebViewFactory.getProviderClass(WebViewFactory.java:188)
at android.webkit.WebViewFactory.getProvider(WebViewFactory.java:158)
at android.webkit.WebView.getFactory(WebView.java:2290)
at android.webkit.WebView.setWebContentsDebuggingEnabled(WebView.java:1913)
at acr.browser.lightning.app.BrowserApp.onCreate(BrowserApp.java:83)
at com.android.tools.fd.runtime.BootstrapApplication.onCreate(BootstrapApplication.java:370)
at android.app.Instrumentation.callApplicationOnCreate(Instrumentation.java:1036)
at android.app.ActivityThread.handleBindApplication(ActivityThread.java:6321)
at android.app.ActivityThread.access$1800(ActivityThread.java:222)
at android.app.ActivityThread$H.handleMessage(ActivityThread.java:1861)
at android.os.Handler.dispatchMessage(Handler.java:102)
at android.os.Looper.loop(Looper.java:158)
at android.app.ActivityThread.main(ActivityThread.java:7229)
at java.lang.reflect.Method.invoke(Native Method)
at com.android.internal.os.ZygoteInit$MethodAndArgsCaller.run(ZygoteInit.java:1230)
at com.android.internal.os.ZygoteInit.main(ZygoteInit.java:1120)
11-10 09:33:44.692 8805-8805/acr.browser.barebones D/StrictMode: StrictMode policy violation; ~duration=7 ms: android.os.StrictMode$StrictModeDiskReadViolation: policy=65567 violation=2
at android.os.StrictMode$AndroidBlockGuardPolicy.onReadFromDisk(StrictMode.java:1263)
at android.app.SharedPreferencesImpl.awaitLoadedLocked(SharedPreferencesImpl.java:203)
at android.app.SharedPreferencesImpl.getString(SharedPreferencesImpl.java:224)
at org.chromium.policy.AbstractAppRestrictionsProvider.getCachedPolicies(AbstractAppRestrictionsProvider.java:142)
at org.chromium.policy.AbstractAppRestrictionsProvider.refresh(AbstractAppRestrictionsProvider.java:94)
at org.chromium.policy.CombinedPolicyProvider.linkNative(CombinedPolicyProvider.java:1045)
at org.chromium.content.app.ContentMain.nativeStart(Native Method)
at org.chromium.content.app.ContentMain.start(ContentMain.java:25)
at org.chromium.android_webview.AwBrowserProcess$1.run(AwBrowserProcess.java:5233)
at org.chromium.base.ThreadUtils.runOnUiThreadBlocking(ThreadUtils.java:67)
at com.android.webview.chromium.WebViewChromiumFactoryProvider.startChromiumLocked(WebViewChromiumFactoryProvider.java:16078)
at com.android.webview.chromium.WebViewChromiumFactoryProvider.ensureChromiumStartedLocked(WebViewChromiumFactoryProvider.java:333)
at com.android.webview.chromium.WebViewChromiumFactoryProvider.getStatics(WebViewChromiumFactoryProvider.java:473)
at android.webkit.WebView.setWebContentsDebuggingEnabled(WebView.java:1913)
at acr.browser.lightning.app.BrowserApp.onCreate(BrowserApp.java:83)
at com.android.tools.fd.runtime.BootstrapApplication.onCreate(BootstrapApplication.java:370)
at android.app.Instrumentation.callApplicationOnCreate(Instrumentation.java:1036)
at android.app.ActivityThread.handleBindApplication(ActivityThread.java:6321)
at android.app.ActivityThread.access$1800(ActivityThread.java:222)
at android.app.ActivityThread$H.handleMessage(ActivityThread.java:1861)
at android.os.Handler.dispatchMessage(Handler.java:102)
at android.os.Looper.loop(Looper.java:158)
at android.app.ActivityThread.main(ActivityThread.java:7229)
at java.lang.reflect.Method.invoke(Native Method)
at com.android.internal.os.ZygoteInit$MethodAndArgsCaller.run(ZygoteInit.java:1230)
at com.android.internal.os.ZygoteInit.main(ZygoteInit.java:1120)
11-10 09:33:44.702 8805-8813/acr.browser.barebones E/StrictMode: A resource was acquired at attached stack trace but never released. See java.io.Closeable for information on avoiding resource leaks. java.lang.Throwable: Explicit termination method 'close' not called
at dalvik.system.CloseGuard.open(CloseGuard.java:180)
at java.io.RandomAccessFile.(RandomAccessFile.java:127)
at com.android.webview.chromium.WebViewChromiumFactoryProvider.startChromiumLocked(WebViewChromiumFactoryProvider.java:16107)
at com.android.webview.chromium.WebViewChromiumFactoryProvider.ensureChromiumStartedLocked(WebViewChromiumFactoryProvider.java:333)
at com.android.webview.chromium.WebViewChromiumFactoryProvider.getStatics(WebViewChromiumFactoryProvider.java:473)
at android.webkit.WebView.setWebContentsDebuggingEnabled(WebView.java:1913)
at acr.browser.lightning.app.BrowserApp.onCreate(BrowserApp.java:83)
at com.android.tools.fd.runtime.BootstrapApplication.onCreate(BootstrapApplication.java:370)
at android.app.Instrumentation.callApplicationOnCreate(Instrumentation.java:1036)
at android.app.ActivityThread.handleBindApplication(ActivityThread.java:6321)
at android.app.ActivityThread.access$1800(ActivityThread.java:222)
at android.app.ActivityThread$H.handleMessage(ActivityThread.java:1861)
at android.os.Handler.dispatchMessage(Handler.java:102)
at android.os.Looper.loop(Looper.java:158)
at android.app.ActivityThread.main(ActivityThread.java:7229)
at java.lang.reflect.Method.invoke(Native Method)
at com.android.internal.os.ZygoteInit$MethodAndArgsCaller.run(ZygoteInit.java:1230)
at com.android.internal.os.ZygoteInit.main(ZygoteInit.java:1120)
11-10 09:33:44.762 8805-8805/acr.browser.barebones W/ResourcesManager: getTopLevelResources: /data/app/acr.browser.barebones-1/base.apk / 1.0 running in acr.browser.barebones rsrc of package acr.browser.barebones
11-10 09:33:44.762 8805-8805/acr.browser.barebones D/RelationGraph: garbageCollect()
11-10 09:33:44.792 3403-3876/? I/MdnieScenarioControlService: mGameModeLauncher : false
11-10 09:33:44.792 8805-8805/acr.browser.barebones W/art: Before Android 4.1, method android.graphics.PorterDuffColorFilter android.support.graphics.drawable.VectorDrawableCompat.updateTintFilter(android.graphics.PorterDuffColorFilter, android.content.res.ColorStateList, android.graphics.PorterDuff$Mode) would have incorrectly overridden the package-private method in android.graphics.drawable.Drawable
11-10 09:33:44.802 3403-3876/? I/MdnieScenarioControlService: setUIMode
11-10 09:33:44.822 3003-4417/? I/SurfaceFlinger: id=2268 Removed MauncherAct (2/10)
11-10 09:33:44.822 3003-4520/? I/SurfaceFlinger: id=2268 Removed MauncherAct (-2/10)
11-10 09:33:44.822 3945-3945/? D/ImageWallpaper: onVisibilityChanged:false
11-10 09:33:44.822 3945-3945/? D/ImageWallpaper: drawFrame:false rotation:0 mLastRotation:0
11-10 09:33:44.822 3945-3945/? D/ImageWallpaper: drawFrame:[frame.width()]2240[frame.height()]2560
11-10 09:33:44.822 3945-3945/? D/ImageWallpaper: Suppressed drawFrame since redraw is not needed and offsets have not changed.
11-10 09:33:44.842 3003-3003/? D/libEGL: eglTerminate EGLDisplay = 0x7fc20bb568
11-10 09:33:44.922 8805-8805/acr.browser.barebones D/Adblock: Creating adblock engine ...
11-10 09:33:44.932 8805-8805/acr.browser.barebones W/AdblockEngine: Create
11-10 09:33:44.932 8805-8805/acr.browser.barebones I/art: Thread[1,tid=8805,Native,Thread*=0xf4de4500,peer=0x74fe2278,"main"] recursive attempt to load library "/data/app/acr.browser.barebones-1/lib/arm/libadblockplus-jni.so"
11-10 09:33:45.382 3403-4813/? D/CustomFrequencyManagerService: releaseDVFSLockLocked : Getting Lock type frm List : DVFS_MIN_LIMIT frequency : 2600000 uid : 1000 pid : 3403 tag : LAUNCHER_APP_BOOSTER_CPU@7
11-10 09:33:45.412 4018-4018/? D/Recents: onTaskStackChanged
11-10 09:33:46.362 3403-6849/? D/SSRM:n: SIOP:: AP = 320, PST = 298 (W:6), CP = 250, CUR = 341, LCD = 57
11-10 09:33:46.862 8805-8805/acr.browser.barebones D/Adblock: Adblock engine created
11-10 09:33:46.872 8805-8805/acr.browser.barebones D/Adblock: Applying saved adblock settings to adblock engine
11-10 09:33:46.952 8805-8805/acr.browser.barebones D/Activity: performCreate Call Injection manager
11-10 09:33:47.012 8805-8805/acr.browser.barebones D/AbsListView: Get MotionRecognitionManager
11-10 09:33:47.012 8805-8805/acr.browser.barebones E/MotionRecognitionManager: mSContextService = android.hardware.scontext.ISContextService$Stub$Proxy@5683f8f
11-10 09:33:47.012 8805-8805/acr.browser.barebones E/MotionRecognitionManager: motionService = com.samsung.android.motion.IMotionRecognitionService$Stub$Proxy@85ad21c
11-10 09:33:47.012 8805-8805/acr.browser.barebones E/MotionRecognitionManager: motionService = com.samsung.android.motion.IMotionRecognitionService$Stub$Proxy@85ad21c
11-10 09:33:47.012 3403-4319/? D/MotionRecognitionService: ssp status : true
11-10 09:33:47.022 8805-8805/acr.browser.barebones I/InjectionManager: dispatchOnViewCreated > Target : acr.browser.lightning.activity.MainActivity isFragment :false
11-10 09:33:47.022 8805-8805/acr.browser.barebones D/BrowserActivity: onResume
11-10 09:33:47.032 8805-8805/acr.browser.barebones E/ProxyChangeListener: Using no proxy configuration due to exception:java.lang.NullPointerException: Attempt to invoke virtual method 'java.lang.Object android.os.Bundle.get(java.lang.String)' on a null object reference
11-10 09:33:47.032 8805-8805/acr.browser.barebones D/SecWifiDisplayUtil: Metadata value : SecSettings2
11-10 09:33:47.042 8805-8805/acr.browser.barebones D/ViewRootImpl: #1 mView = com.android.internal.policy.PhoneWindow$DecorView{ff86a81 I.E...... R.....ID 0,0-0,0}
11-10 09:33:47.042 8805-8870/acr.browser.barebones D/OpenGLRenderer: Use EGL_SWAP_BEHAVIOR_PRESERVED: true
11-10 09:33:47.042 3403-4050/? D/ISSUE_DEBUG: InputChannelName : 494499 acr.browser.barebones/acr.browser.lightning.activity.MainActivity
11-10 09:33:47.042 3403-4811/? D/ActivityManager: post active user change for 0 fullscreen true isFloatingActivity() false isHomeActivity() false
11-10 09:33:47.042 3403-4811/? D/KnoxTimeoutHandler: postActiveUserChange [MsgParam] userId: 0 fullscreen is true showWhenlocked is false
11-10 09:33:47.042 3403-3403/? D/KnoxTimeoutHandler: handleActiveUserChange [MsgParam] userId: 0 fullscreen is true showWhenlocked is false
11-10 09:33:47.042 3403-3403/? I/KnoxTimeoutHandler: Shared devices show user statefalse
11-10 09:33:47.052 8805-8805/acr.browser.barebones D/ConnectivityManager: requestNetwork; getAppId(CallingUid) : 10253, CallingPid : 8805
11-10 09:33:47.052 3403-4050/? D/ConnectivityService: listenForNetwork for Listen from uid/pid:10253/8805 for NetworkRequest [ id=134, legacyType=-1, [ Capabilities: INTERNET&NOT_RESTRICTED&TRUSTED] ]
11-10 09:33:47.052 3403-3864/? D/ConnectivityService: rematching NetworkAgentInfo [WIFI () - 503]
11-10 09:33:47.052 3403-3864/? D/ConnectivityService: network has: NetworkAgentInfo{ ni{[type: WIFI[] - WIFI, state: CONNECTED/CONNECTED, reason: (unspecified), extra: "Badger", roaming: false, failover: false, isAvailable: true]} network{503} lp{{InterfaceName: wlan0 LinkAddresses: [fe80::ae5f:3eff:fe5a:4d38/64,192.168.178.21/24,] Routes: [fe80::/64 -> :: wlan0,192.168.178.0/24 -> 0.0.0.0 wlan0,0.0.0.0/0 -> 192.168.178.1 wlan0,] DnsAddresses: [192.168.178.1,] Domains: fritz.box MTU: 0 TcpBufferSizes: 524288,1048576,2097120,524288,1048576,4194240}} nc{[ Transports: WIFI Capabilities: INTERNET&NOT_RESTRICTED&TRUSTED&NOT_VPN&VALIDATED LinkUpBandwidth>=1048576Kbps LinkDnBandwidth>=1048576Kbps SignalStrength: -63]} Score{60} everValidated{true} lastValidated{true} created{true} lingering{false} explicitlySelected{false} acceptUnvalidated{false} everCaptivePortalDetected{false} lastCaptivePortalDetected{false} }
11-10 09:33:47.052 8805-8805/acr.browser.barebones D/TabsManager: URL from intent: null
11-10 09:33:47.052 3403-3864/? D/ConnectivityService: Network NetworkAgentInfo [WIFI () - 503] was already satisfying request 1. No change.
11-10 09:33:47.052 8805-8865/acr.browser.barebones E/Lightning: Unable to read bundle from storage
11-10 09:33:47.052 8805-8865/acr.browser.barebones W/System.err: remove failed: ENOENT (No such file or directory) : /data/user/0/acr.browser.barebones/files/SAVED_TABS.parcel
11-10 09:33:47.052 8805-8805/acr.browser.barebones D/BrowserActivity: Network Connected: true
11-10 09:33:47.052 3403-3864/? D/ConnectivityService: checking if request is: NetworkRequest [ id=131, legacyType=-1, [ Capabilities: INTERNET&NOT_RESTRICTED&TRUSTED&NOT_VPN] ] satisfies: true nri.isRequest: false
11-10 09:33:47.052 3403-3864/? D/ConnectivityService: checking if request is: NetworkRequest [ id=10, legacyType=-1, [ Capabilities: INTERNET&NOT_RESTRICTED&TRUSTED] ] satisfies: true nri.isRequest: false
11-10 09:33:47.062 3403-3864/? D/ConnectivityService: checking if request is: NetworkRequest [ id=5, legacyType=-1, [] ] satisfies: true nri.isRequest: false
11-10 09:33:47.062 3403-3864/? D/ConnectivityService: checking if request is: NetworkRequest [ id=24, legacyType=-1, [ Capabilities: INTERNET&NOT_RESTRICTED&TRUSTED&NOT_VPN] ] satisfies: true nri.isRequest: false
11-10 09:33:47.062 3003-3003/? I/SurfaceFlinger: id=2270 createSurf (1x1),1 flag=404, NainActivit
11-10 09:33:47.062 3403-3864/? D/ConnectivityService: checking if request is: NetworkRequest [ id=4, legacyType=-1, [ Transports: WIFI Capabilities: INTERNET&NOT_RESTRICTED&TRUSTED&NOT_VPN] ] satisfies: true nri.isRequest: false
11-10 09:33:47.062 3403-3504/? D/StatusBarManagerService: manageDisableList userId=0 what=0x0 pkg=Window{494499 u0 d0 acr.browser.barebones/acr.browser.lightning.activity.MainActivity}
11-10 09:33:47.062 3945-3945/? D/PhoneStatusBar: setSystemUiVisibility vis=8700 mask=ffffffff oldVal=8600 newVal=8700 diff=100
11-10 09:33:47.062 3403-3864/? D/ConnectivityService: checking if request is: NetworkRequest [ id=3, legacyType=-1, [ Transports: CELLULAR Capabilities: INTERNET&NOT_RESTRICTED&TRUSTED&NOT_VPN] ] satisfies: false nri.isRequest: false
11-10 09:33:47.062 3403-3864/? D/ConnectivityService: checking if request is: NetworkRequest [ id=133, legacyType=-1, [ Capabilities: INTERNET&NOT_RESTRICTED&TRUSTED] ] satisfies: true nri.isRequest: false
11-10 09:33:47.072 3403-3864/? D/ConnectivityService: checking if request is: NetworkRequest [ id=6, legacyType=-1, [ Capabilities: INTERNET&NOT_RESTRICTED&TRUSTED] ] satisfies: true nri.isRequest: false
11-10 09:33:47.072 3403-3437/? D/InputDispatcher: Focus entered window: 8805
11-10 09:33:47.072 3403-3541/? D/PointerIcon: setMouseIconStyle1 pointerType: 1001 iconType:101 flag:0 pid:3403 uid:1000
11-10 09:33:47.072 3403-3541/? D/PointerIcon: setMouseCustomIcon IconType is same.101
11-10 09:33:47.072 8805-8870/acr.browser.barebones D/libEGL: eglInitialize EGLDisplay = 0xd7bff7c4
11-10 09:33:47.072 8805-8870/acr.browser.barebones I/OpenGLRenderer: Initialized EGL, version 1.4
11-10 09:33:47.072 3403-3864/? D/ConnectivityService: checking if request is: NetworkRequest [ id=134, legacyType=-1, [ Capabilities: INTERNET&NOT_RESTRICTED&TRUSTED] ] satisfies: true nri.isRequest: false
11-10 09:33:47.072 3403-3864/? D/ConnectivityService: sending notification AVAILABLE for NetworkRequest [ id=134, legacyType=-1, [ Capabilities: INTERNET&NOT_RESTRICTED&TRUSTED] ]
11-10 09:33:47.072 8805-8870/acr.browser.barebones D/mali_winsys: EGLint new_window_surface(egl_winsys_display*, void*, EGLSurface, EGLConfig, egl_winsys_surface**, egl_color_buffer_format*, EGLBoolean) returns 0x3000, [1440x2560]-format:1
11-10 09:33:47.092 8805-8805/acr.browser.barebones D/TabsManager: New tab
11-10 09:33:47.132 8805-8805/acr.browser.barebones D/ConnectivityManager: requestNetwork; getAppId(CallingUid) : 10253, CallingPid : 8805
11-10 09:33:47.132 3403-4319/? D/ConnectivityService: listenForNetwork for Listen from uid/pid:10253/8805 for NetworkRequest [ id=135, legacyType=-1, [ Capabilities: INTERNET&NOT_RESTRICTED&TRUSTED] ]
11-10 09:33:47.132 3403-3864/? D/ConnectivityService: rematching NetworkAgentInfo [WIFI () - 503]
11-10 09:33:47.132 3403-3864/? D/ConnectivityService: network has: NetworkAgentInfo{ ni{[type: WIFI[] - WIFI, state: CONNECTED/CONNECTED, reason: (unspecified), extra: "Badger", roaming: false, failover: false, isAvailable: true]} network{503} lp{{InterfaceName: wlan0 LinkAddresses: [fe80::ae5f:3eff:fe5a:4d38/64,192.168.178.21/24,] Routes: [fe80::/64 -> :: wlan0,192.168.178.0/24 -> 0.0.0.0 wlan0,0.0.0.0/0 -> 192.168.178.1 wlan0,] DnsAddresses: [192.168.178.1,] Domains: fritz.box MTU: 0 TcpBufferSizes: 524288,1048576,2097120,524288,1048576,4194240}} nc{[ Transports: WIFI Capabilities: INTERNET&NOT_RESTRICTED&TRUSTED&NOT_VPN&VALIDATED LinkUpBandwidth>=1048576Kbps LinkDnBandwidth>=1048576Kbps SignalStrength: -63]} Score{60} everValidated{true} lastValidated{true} created{true} lingering{false} explicitlySelected{false} acceptUnvalidated{false} everCaptivePortalDetected{false} lastCaptivePortalDetected{false} }
11-10 09:33:47.142 3403-3864/? D/ConnectivityService: Network NetworkAgentInfo [WIFI () - 503] was already satisfying request 1. No change.
11-10 09:33:47.142 3403-3864/? D/ConnectivityService: checking if request is: NetworkRequest [ id=131, legacyType=-1, [ Capabilities: INTERNET&NOT_RESTRICTED&TRUSTED&NOT_VPN] ] satisfies: true nri.isRequest: false
11-10 09:33:47.142 3403-3864/? D/ConnectivityService: checking if request is: NetworkRequest [ id=10, legacyType=-1, [ Capabilities: INTERNET&NOT_RESTRICTED&TRUSTED] ] satisfies: true nri.isRequest: false
11-10 09:33:47.142 3403-3864/? D/ConnectivityService: checking if request is: NetworkRequest [ id=5, legacyType=-1, [] ] satisfies: true nri.isRequest: false
11-10 09:33:47.142 3403-3864/? D/ConnectivityService: checking if request is: NetworkRequest [ id=24, legacyType=-1, [ Capabilities: INTERNET&NOT_RESTRICTED&TRUSTED&NOT_VPN] ] satisfies: true nri.isRequest: false
11-10 09:33:47.142 3403-3864/? D/ConnectivityService: checking if request is: NetworkRequest [ id=135, legacyType=-1, [ Capabilities: INTERNET&NOT_RESTRICTED&TRUSTED] ] satisfies: true nri.isRequest: false
11-10 09:33:47.152 3403-3864/? D/ConnectivityService: checking if request is: NetworkRequest [ id=4, legacyType=-1, [ Transports: WIFI Capabilities: INTERNET&NOT_RESTRICTED&TRUSTED&NOT_VPN] ] satisfies: true nri.isRequest: false
11-10 09:33:47.152 3403-3864/? D/ConnectivityService: checking if request is: NetworkRequest [ id=3, legacyType=-1, [ Transports: CELLULAR Capabilities: INTERNET&NOT_RESTRICTED&TRUSTED&NOT_VPN] ] satisfies: false nri.isRequest: false
11-10 09:33:47.152 3403-3864/? D/ConnectivityService: checking if request is: NetworkRequest [ id=133, legacyType=-1, [ Capabilities: INTERNET&NOT_RESTRICTED&TRUSTED] ] satisfies: true nri.isRequest: false
11-10 09:33:47.152 8805-8805/acr.browser.barebones D/ConnectivityManager: unregisterNetworkCallback; CallingUid : 10253, CallingPid : 8805
11-10 09:33:47.152 3403-3864/? D/ConnectivityService: checking if request is: NetworkRequest [ id=6, legacyType=-1, [ Capabilities: INTERNET&NOT_RESTRICTED&TRUSTED] ] satisfies: true nri.isRequest: false
11-10 09:33:47.152 3403-3864/? D/ConnectivityService: checking if request is: NetworkRequest [ id=134, legacyType=-1, [ Capabilities: INTERNET&NOT_RESTRICTED&TRUSTED] ] satisfies: true nri.isRequest: false
11-10 09:33:47.152 3403-3864/? D/ConnectivityService: sending notification AVAILABLE for NetworkRequest [ id=135, legacyType=-1, [ Capabilities: INTERNET&NOT_RESTRICTED&TRUSTED] ]
11-10 09:33:47.152 3403-3864/? D/ConnectivityService: releasing NetworkRequest NetworkRequest [ id=135, legacyType=-1, [ Capabilities: INTERNET&NOT_RESTRICTED&TRUSTED] ]
11-10 09:33:47.152 3403-3864/? D/ConnectivityService: sending notification RELEASED for NetworkRequest [ id=135, legacyType=-1, [ Capabilities: INTERNET&NOT_RESTRICTED&TRUSTED] ]
11-10 09:33:47.182 8805-8805/acr.browser.barebones I/InjectionManager: dispatchCreateOptionsMenu :acr.browser.lightning.activity.MainActivity
11-10 09:33:47.182 8805-8805/acr.browser.barebones I/InjectionManager: dispatchPrepareOptionsMenu :acr.browser.lightning.activity.MainActivity
11-10 09:33:47.192 8805-8805/acr.browser.barebones W/DisplayListCanvas: DisplayListCanvas is started on unbinded RenderNode (without mOwningView)
11-10 09:33:47.192 8805-8870/acr.browser.barebones D/libGLESv1: DTS_GLAPI : DTS is not allowed for Package : acr.browser.barebones
11-10 09:33:47.212 3403-4050/? V/WindowStateAnimator: Finishing drawing window Window{494499 u0 d0 acr.browser.barebones/acr.browser.lightning.activity.MainActivity}: mDrawState=DRAW_PENDING
11-10 09:33:47.212 8805-8805/acr.browser.barebones D/ViewRootImpl: MSG_RESIZED_REPORT: ci=Rect(0, 96 - 0, 0) vi=Rect(0, 96 - 0, 0) or=1
11-10 09:33:47.212 8805-8805/acr.browser.barebones D/BrowserActivity: onWindowFocusChanged
11-10 09:33:47.212 3403-4305/? D/InputMethodManagerService: windowGainedFocus mCurrentFocusedUserId - 0 and mSecureKeypadEnabled-false
11-10 09:33:47.222 3403-3541/? D/KnoxTimeoutHandler: notifyActivityDrawn [MsgParam] userId: 0 fullscreen is true showWhenlocked is false
11-10 09:33:47.222 3403-3541/? I/ActivityManager: Displayed acr.browser.barebones/acr.browser.lightning.activity.MainActivity: +2s822ms
11-10 09:33:47.222 3403-3403/? D/KnoxTimeoutHandler: activityDrawn [MsgParam] userId: 0 fullscreen is true showWhenlocked is false
11-10 09:33:47.222 3403-3541/? D/CustomFrequencyManagerService: releaseDVFSLockLocked : Getting Lock type frm List : DVFS_MIN_LIMIT frequency : 1872000 uid : 1000 pid : 3403 tag : ACTIVITY_RESUME_BOOSTER@3
11-10 09:33:47.222 3403-3541/? I/Timeline: Timeline: Activity_windows_visible id: ActivityRecord{4ba3fac u0 acr.browser.barebones/acr.browser.lightning.activity.MainActivity t173} time:122868041
11-10 09:33:47.222 3403-3541/? D/ActivityManager: mDVFSHelper.release()
11-10 09:33:47.222 3403-3541/? D/ViewRootImpl: #3 mView = null
11-10 09:33:47.222 3003-3003/? D/libEGL: eglInitialize EGLDisplay = 0x7fc20bb448
11-10 09:33:47.222 3403-3502/? D/CustomFrequencyManagerService: acquireDVFSLockLocked : type : DVFS_MIN_LIMIT frequency : 1872000 uid : 1000 pid : 3403 pkgName : ACTIVITY_RESUME_BOOSTER@9
11-10 09:33:47.222 8805-8805/acr.browser.barebones D/BrowserActivity: Notify Tabs Initialized
11-10 09:33:47.222 3403-3403/? I/KnoxTimeoutHandler: SD activityfalse
11-10 09:33:47.222 8805-8805/acr.browser.barebones D/BrowserPresenter: tabChanged: 0
11-10 09:33:47.222 8805-8805/acr.browser.barebones D/TabsManager: switch to tab: 0
11-10 09:33:47.222 8805-8805/acr.browser.barebones D/BrowserPresenter: On tab changed
11-10 09:33:47.222 8805-8805/acr.browser.barebones D/LightningView: Resuming JS timers
11-10 09:33:47.222 8805-8805/acr.browser.barebones D/LightningView: WebView onResume: 1
11-10 09:33:47.222 8805-8805/acr.browser.barebones D/BrowserActivity: Notify Tab Changed: 0
11-10 09:33:47.222 7449-7449/? D/SamsungIME: IMPL finishInput
11-10 09:33:47.222 7449-7449/? D/SamsungIME: SwiftKeyWrapper writeDBdataToFileOnFinishInput
11-10 09:33:47.222 7449-7449/? D/SamsungIME: saveAndClear +
11-10 09:33:47.222 7449-7449/? D/SamsungIME: saveAndClear -
11-10 09:33:47.222 7449-7449/? D/SamsungIME: onStartInput: No inputType, No imeOption, isInputViewShown = false, isExtractViewShown = false, isShowInputRequested = false, isConfigChanged = false
11-10 09:33:47.222 8805-8805/acr.browser.barebones D/BrowserActivity: Setting the tab view
11-10 09:33:47.232 8805-8805/acr.browser.barebones D/SecWifiDisplayUtil: Metadata value : SecSettings2
11-10 09:33:47.232 8805-8805/acr.browser.barebones D/BrowserActivity: Notify Tab Changed: 0
11-10 09:33:47.242 8805-8805/acr.browser.barebones I/cr_Ime: ImeThread is enabled.
11-10 09:33:47.242 8805-8842/acr.browser.barebones W/cr_media: Requires BLUETOOTH permission
11-10 09:33:47.272 3403-4305/? V/WindowStateAnimator: Finishing drawing window Window{494499 u0 d0 acr.browser.barebones/acr.browser.lightning.activity.MainActivity}: mDrawState=HAS_DRAWN
11-10 09:33:47.272 3003-3003/? D/libEGL: eglInitialize EGLDisplay = 0x7fc20bb448
11-10 09:33:47.272 8805-8805/acr.browser.barebones W/InputMethodManager: Ignoring onBind: cur seq=2330, given seq=2329
11-10 09:33:47.272 8805-8805/acr.browser.barebones D/AdblockWebView: Loading progress=10%
11-10 09:33:47.272 8805-8805/acr.browser.barebones D/AdblockWebView: Injecting script
11-10 09:33:47.272 8805-8805/acr.browser.barebones D/AdblockWebView: runScript started
11-10 09:33:47.272 8805-8805/acr.browser.barebones D/AdblockWebView: runScript finished
11-10 09:33:47.282 7449-7449/? D/SamsungIME: IMPL finishInput
11-10 09:33:47.282 7449-7449/? D/SamsungIME: SwiftKeyWrapper writeDBdataToFileOnFinishInput
11-10 09:33:47.282 7449-7449/? D/SamsungIME: saveAndClear +
11-10 09:33:47.282 7449-7449/? D/SamsungIME: saveAndClear -
11-10 09:33:47.282 8805-8836/acr.browser.barebones W/AdblockWebView: No referrer header for file:///data/user/0/acr.browser.barebones/files/homepage.html
11-10 09:33:47.282 8805-8836/acr.browser.barebones W/AdblockWebView: file:///data/user/0/acr.browser.barebones/files/homepage.html is main frame, allow loading
11-10 09:33:47.282 8805-8895/acr.browser.barebones E/libEGL: validate_display:255 error 3008 (EGL_BAD_DISPLAY)
11-10 09:33:47.282 8805-8895/acr.browser.barebones D/libEGL: eglInitialize EGLDisplay = 0xcff67474
11-10 09:33:47.282 3003-3003/? D/libEGL: eglInitialize EGLDisplay = 0x7fc20bb448
11-10 09:33:47.292 8805-8805/acr.browser.barebones D/AdblockWebView: Start loading file:///data/user/0/acr.browser.barebones/files/homepage.html
11-10 09:33:47.292 8805-8895/acr.browser.barebones W/AudioCapabilities: Unsupported mime audio/mpeg-L1
11-10 09:33:47.292 8805-8895/acr.browser.barebones W/AudioCapabilities: Unsupported mime audio/mpeg-L2
11-10 09:33:47.292 8805-8895/acr.browser.barebones W/AudioCapabilities: Unsupported mime audio/x-ms-wma
11-10 09:33:47.302 8805-8895/acr.browser.barebones W/AudioCapabilities: Unsupported mime audio/x-ima
11-10 09:33:47.302 8805-8895/acr.browser.barebones W/VideoCapabilities: Unrecognized profile/level 32768/2 for video/mp4v-es
11-10 09:33:47.302 8805-8895/acr.browser.barebones W/VideoCapabilities: Unrecognized profile 2130706433 for video/avc
11-10 09:33:47.302 8805-8895/acr.browser.barebones W/VideoCapabilities: Unrecognized profile 2130706433 for video/avc
11-10 09:33:47.302 8805-8895/acr.browser.barebones W/VideoCapabilities: Unrecognized profile 2130706433 for video/avc
11-10 09:33:47.302 8805-8895/acr.browser.barebones W/VideoCapabilities: Unrecognized profile 2130706433 for video/avc
11-10 09:33:47.302 8805-8895/acr.browser.barebones W/VideoCapabilities: Unrecognized profile 2130706433 for video/avc
11-10 09:33:47.302 8805-8895/acr.browser.barebones W/VideoCapabilities: Unrecognized profile 2130706433 for video/avc
11-10 09:33:47.302 8805-8895/acr.browser.barebones W/VideoCapabilities: Unrecognized profile 2130706433 for video/avc
11-10 09:33:47.302 8805-8895/acr.browser.barebones W/VideoCapabilities: Unrecognized profile 2130706433 for video/avc
11-10 09:33:47.302 8805-8895/acr.browser.barebones W/VideoCapabilities: Unrecognized profile 2130706433 for video/avc
11-10 09:33:47.302 8805-8895/acr.browser.barebones W/VideoCapabilities: Unrecognized profile 2130706433 for video/avc
11-10 09:33:47.302 8805-8895/acr.browser.barebones W/VideoCapabilities: Unrecognized profile 2130706433 for video/avc
11-10 09:33:47.302 8805-8895/acr.browser.barebones W/VideoCapabilities: Unrecognized profile 2130706433 for video/avc
11-10 09:33:47.302 8805-8895/acr.browser.barebones W/VideoCapabilities: Unrecognized profile 2130706433 for video/avc
11-10 09:33:47.302 8805-8895/acr.browser.barebones W/VideoCapabilities: Unrecognized profile 2130706433 for video/avc
11-10 09:33:47.302 8805-8895/acr.browser.barebones W/VideoCapabilities: Unrecognized profile 2130706433 for video/avc
11-10 09:33:47.302 8805-8895/acr.browser.barebones W/VideoCapabilities: Unrecognized profile 2130706433 for video/avc
11-10 09:33:47.302 8805-8895/acr.browser.barebones W/VideoCapabilities: Unrecognized profile 2130706433 for video/avc
11-10 09:33:47.302 8805-8895/acr.browser.barebones W/VideoCapabilities: Unrecognized profile 2130706434 for video/avc
11-10 09:33:47.302 8805-8895/acr.browser.barebones W/VideoCapabilities: Unrecognized profile 2130706434 for video/avc
11-10 09:33:47.302 8805-8895/acr.browser.barebones W/VideoCapabilities: Unrecognized profile 2130706434 for video/avc
11-10 09:33:47.302 8805-8895/acr.browser.barebones W/VideoCapabilities: Unrecognized profile 2130706434 for video/avc
11-10 09:33:47.302 8805-8895/acr.browser.barebones W/VideoCapabilities: Unrecognized profile 2130706434 for video/avc
11-10 09:33:47.302 8805-8895/acr.browser.barebones W/VideoCapabilities: Unrecognized profile 2130706434 for video/avc
11-10 09:33:47.302 8805-8895/acr.browser.barebones W/VideoCapabilities: Unrecognized profile 2130706434 for video/avc
11-10 09:33:47.302 8805-8895/acr.browser.barebones W/VideoCapabilities: Unrecognized profile 2130706434 for video/avc
11-10 09:33:47.302 8805-8895/acr.browser.barebones W/VideoCapabilities: Unrecognized profile 2130706434 for video/avc
11-10 09:33:47.302 8805-8895/acr.browser.barebones W/VideoCapabilities: Unrecognized profile 2130706434 for video/avc
11-10 09:33:47.302 8805-8895/acr.browser.barebones W/VideoCapabilities: Unrecognized profile 2130706434 for video/avc
11-10 09:33:47.302 8805-8895/acr.browser.barebones W/VideoCapabilities: Unrecognized profile 2130706434 for video/avc
11-10 09:33:47.302 8805-8895/acr.browser.barebones W/VideoCapabilities: Unrecognized profile 2130706434 for video/avc
11-10 09:33:47.302 8805-8895/acr.browser.barebones W/VideoCapabilities: Unrecognized profile 2130706434 for video/avc
11-10 09:33:47.302 8805-8895/acr.browser.barebones W/VideoCapabilities: Unrecognized profile 2130706434 for video/avc
11-10 09:33:47.302 8805-8895/acr.browser.barebones W/VideoCapabilities: Unrecognized profile 2130706434 for video/avc
11-10 09:33:47.302 8805-8895/acr.browser.barebones W/VideoCapabilities: Unrecognized profile 2130706434 for video/avc
11-10 09:33:47.302 8805-8895/acr.browser.barebones W/VideoCapabilities: Unrecognized profile 2130706433 for video/avc
11-10 09:33:47.302 8805-8895/acr.browser.barebones W/VideoCapabilities: Unrecognized profile 2130706433 for video/avc
11-10 09:33:47.302 8805-8895/acr.browser.barebones W/VideoCapabilities: Unrecognized profile 2130706433 for video/avc
11-10 09:33:47.302 8805-8895/acr.browser.barebones W/VideoCapabilities: Unrecognized profile 2130706433 for video/avc
11-10 09:33:47.302 8805-8895/acr.browser.barebones W/VideoCapabilities: Unrecognized profile 2130706433 for video/avc
11-10 09:33:47.302 8805-8895/acr.browser.barebones W/VideoCapabilities: Unrecognized profile 2130706433 for video/avc
11-10 09:33:47.302 8805-8895/acr.browser.barebones W/VideoCapabilities: Unrecognized profile 2130706433 for video/avc
11-10 09:33:47.302 8805-8895/acr.browser.barebones W/VideoCapabilities: Unrecognized profile 2130706433 for video/avc
11-10 09:33:47.302 8805-8895/acr.browser.barebones W/VideoCapabilities: Unrecognized profile 2130706433 for video/avc
11-10 09:33:47.302 8805-8895/acr.browser.barebones W/VideoCapabilities: Unrecognized profile 2130706433 for video/avc
11-10 09:33:47.302 8805-8895/acr.browser.barebones W/VideoCapabilities: Unrecognized profile 2130706433 for video/avc
11-10 09:33:47.302 8805-8895/acr.browser.barebones W/VideoCapabilities: Unrecognized profile 2130706433 for video/avc
