11-10 09:33:47.302 8805-8895/acr.browser.barebones W/VideoCapabilities: Unrecognized profile 2130706433 for video/avc
11-10 09:33:47.302 8805-8895/acr.browser.barebones W/VideoCapabilities: Unrecognized profile 2130706433 for video/avc
11-10 09:33:47.302 8805-8895/acr.browser.barebones W/VideoCapabilities: Unrecognized profile 2130706433 for video/avc
11-10 09:33:47.302 8805-8895/acr.browser.barebones W/VideoCapabilities: Unrecognized profile 2130706433 for video/avc
11-10 09:33:47.302 8805-8895/acr.browser.barebones W/VideoCapabilities: Unrecognized profile 2130706433 for video/avc
11-10 09:33:47.302 8805-8895/acr.browser.barebones W/VideoCapabilities: Unrecognized profile 2130706434 for video/avc
11-10 09:33:47.302 8805-8895/acr.browser.barebones W/VideoCapabilities: Unrecognized profile 2130706434 for video/avc
11-10 09:33:47.302 8805-8895/acr.browser.barebones W/VideoCapabilities: Unrecognized profile 2130706434 for video/avc
11-10 09:33:47.302 8805-8895/acr.browser.barebones W/VideoCapabilities: Unrecognized profile 2130706434 for video/avc
11-10 09:33:47.302 8805-8895/acr.browser.barebones W/VideoCapabilities: Unrecognized profile 2130706434 for video/avc
11-10 09:33:47.302 8805-8895/acr.browser.barebones W/VideoCapabilities: Unrecognized profile 2130706434 for video/avc
11-10 09:33:47.302 8805-8895/acr.browser.barebones W/VideoCapabilities: Unrecognized profile 2130706434 for video/avc
11-10 09:33:47.302 8805-8895/acr.browser.barebones W/VideoCapabilities: Unrecognized profile 2130706434 for video/avc
11-10 09:33:47.302 8805-8895/acr.browser.barebones W/VideoCapabilities: Unrecognized profile 2130706434 for video/avc
11-10 09:33:47.302 8805-8895/acr.browser.barebones W/VideoCapabilities: Unrecognized profile 2130706434 for video/avc
11-10 09:33:47.302 8805-8895/acr.browser.barebones W/VideoCapabilities: Unrecognized profile 2130706434 for video/avc
11-10 09:33:47.302 8805-8895/acr.browser.barebones W/VideoCapabilities: Unrecognized profile 2130706434 for video/avc
11-10 09:33:47.302 8805-8895/acr.browser.barebones W/VideoCapabilities: Unrecognized profile 2130706434 for video/avc
11-10 09:33:47.302 8805-8895/acr.browser.barebones W/VideoCapabilities: Unrecognized profile 2130706434 for video/avc
11-10 09:33:47.302 8805-8895/acr.browser.barebones W/VideoCapabilities: Unrecognized profile 2130706434 for video/avc
11-10 09:33:47.302 8805-8895/acr.browser.barebones W/VideoCapabilities: Unrecognized profile 2130706434 for video/avc
11-10 09:33:47.302 8805-8895/acr.browser.barebones W/VideoCapabilities: Unrecognized profile 2130706434 for video/avc
11-10 09:33:47.312 8805-8895/acr.browser.barebones W/VideoCapabilities: Unsupported mime video/wvc1
11-10 09:33:47.312 8805-8895/acr.browser.barebones W/VideoCapabilities: Unsupported mime video/x-ms-wmv
11-10 09:33:47.312 8805-8895/acr.browser.barebones W/VideoCapabilities: Unrecognized profile/level 32768/2 for video/mp4v-es
11-10 09:33:47.322 8805-8895/acr.browser.barebones W/VideoCapabilities: Unsupported mime video/wvc1
11-10 09:33:47.322 8805-8895/acr.browser.barebones W/VideoCapabilities: Unsupported mime video/x-ms-wmv
11-10 09:33:47.322 8805-8895/acr.browser.barebones W/VideoCapabilities: Unsupported mime video/x-ms-wmv7
11-10 09:33:47.322 8805-8895/acr.browser.barebones W/VideoCapabilities: Unsupported mime video/x-ms-wmv8
11-10 09:33:47.322 8805-8895/acr.browser.barebones W/VideoCapabilities: Unsupported mime video/mp43
11-10 09:33:47.322 8805-8895/acr.browser.barebones W/VideoCapabilities: Unrecognized profile 2130706433 for video/avc
11-10 09:33:47.322 8805-8895/acr.browser.barebones W/VideoCapabilities: Unrecognized profile 2130706433 for video/avc
11-10 09:33:47.322 8805-8895/acr.browser.barebones W/VideoCapabilities: Unrecognized profile 2130706433 for video/avc
11-10 09:33:47.322 8805-8895/acr.browser.barebones W/VideoCapabilities: Unrecognized profile 2130706433 for video/avc
11-10 09:33:47.322 8805-8895/acr.browser.barebones W/VideoCapabilities: Unrecognized profile 2130706433 for video/avc
11-10 09:33:47.322 8805-8895/acr.browser.barebones W/VideoCapabilities: Unrecognized profile 2130706433 for video/avc
11-10 09:33:47.322 8805-8895/acr.browser.barebones W/VideoCapabilities: Unrecognized profile 2130706433 for video/avc
11-10 09:33:47.322 8805-8895/acr.browser.barebones W/VideoCapabilities: Unrecognized profile 2130706433 for video/avc
11-10 09:33:47.322 8805-8895/acr.browser.barebones W/VideoCapabilities: Unrecognized profile 2130706433 for video/avc
11-10 09:33:47.322 8805-8895/acr.browser.barebones W/VideoCapabilities: Unrecognized profile 2130706433 for video/avc
11-10 09:33:47.322 8805-8895/acr.browser.barebones W/VideoCapabilities: Unrecognized profile 2130706433 for video/avc
11-10 09:33:47.322 8805-8895/acr.browser.barebones W/VideoCapabilities: Unrecognized profile 2130706433 for video/avc
11-10 09:33:47.322 8805-8895/acr.browser.barebones W/VideoCapabilities: Unrecognized profile 2130706433 for video/avc
11-10 09:33:47.322 8805-8895/acr.browser.barebones W/VideoCapabilities: Unrecognized profile 2130706433 for video/avc
11-10 09:33:47.322 8805-8895/acr.browser.barebones W/VideoCapabilities: Unrecognized profile 2130706433 for video/avc
11-10 09:33:47.322 8805-8895/acr.browser.barebones W/VideoCapabilities: Unrecognized profile 2130706433 for video/avc
11-10 09:33:47.322 8805-8895/acr.browser.barebones W/VideoCapabilities: Unrecognized profile 2130706433 for video/avc
11-10 09:33:47.322 8805-8895/acr.browser.barebones W/VideoCapabilities: Unrecognized profile 2130706434 for video/avc
11-10 09:33:47.322 8805-8895/acr.browser.barebones W/VideoCapabilities: Unrecognized profile 2130706434 for video/avc
11-10 09:33:47.322 8805-8895/acr.browser.barebones W/VideoCapabilities: Unrecognized profile 2130706434 for video/avc
11-10 09:33:47.322 8805-8895/acr.browser.barebones W/VideoCapabilities: Unrecognized profile 2130706434 for video/avc
11-10 09:33:47.322 8805-8895/acr.browser.barebones W/VideoCapabilities: Unrecognized profile 2130706434 for video/avc
11-10 09:33:47.322 8805-8895/acr.browser.barebones W/VideoCapabilities: Unrecognized profile 2130706434 for video/avc
11-10 09:33:47.322 8805-8895/acr.browser.barebones W/VideoCapabilities: Unrecognized profile 2130706434 for video/avc
11-10 09:33:47.322 8805-8895/acr.browser.barebones W/VideoCapabilities: Unrecognized profile 2130706434 for video/avc
11-10 09:33:47.322 8805-8895/acr.browser.barebones W/VideoCapabilities: Unrecognized profile 2130706434 for video/avc
11-10 09:33:47.322 8805-8895/acr.browser.barebones W/VideoCapabilities: Unrecognized profile 2130706434 for video/avc
11-10 09:33:47.322 8805-8895/acr.browser.barebones W/VideoCapabilities: Unrecognized profile 2130706434 for video/avc
11-10 09:33:47.322 8805-8895/acr.browser.barebones W/VideoCapabilities: Unrecognized profile 2130706434 for video/avc
11-10 09:33:47.322 8805-8895/acr.browser.barebones W/VideoCapabilities: Unrecognized profile 2130706434 for video/avc
11-10 09:33:47.322 8805-8895/acr.browser.barebones W/VideoCapabilities: Unrecognized profile 2130706434 for video/avc
11-10 09:33:47.322 8805-8895/acr.browser.barebones W/VideoCapabilities: Unrecognized profile 2130706434 for video/avc
11-10 09:33:47.322 8805-8895/acr.browser.barebones W/VideoCapabilities: Unrecognized profile 2130706434 for video/avc
11-10 09:33:47.322 8805-8895/acr.browser.barebones W/VideoCapabilities: Unrecognized profile 2130706434 for video/avc
11-10 09:33:47.332 8805-8895/acr.browser.barebones W/VideoCapabilities: Unrecognized profile/level 32768/2 for video/mp4v-es
11-10 09:33:47.342 8805-8895/acr.browser.barebones I/VideoCapabilities: Unsupported profile 4 for video/mp4v-es
11-10 09:33:47.352 8805-8895/acr.browser.barebones W/VideoCapabilities: Unsupported mime video/sorenson
11-10 09:33:47.362 8805-8895/acr.browser.barebones D/libGLESv2: DTS_GLAPI : DTS is not allowed for Package : acr.browser.barebones
11-10 09:33:47.402 3403-3902/? W/System.err: remove failed: ENOENT (No such file or directory) : /data/system/recent_tasks/173_task.xml.bak
11-10 09:33:47.402 3003-3012/? I/SurfaceFlinger: id=2269 Removed carebones (4/10)
11-10 09:33:47.402 3003-3064/? I/SurfaceFlinger: id=2269 Removed carebones (-2/10)
11-10 09:33:47.422 3003-3003/? D/libEGL: eglTerminate EGLDisplay = 0x7fc20bb568
11-10 09:33:47.442 3403-6849/? D/GameManagerService: identifyGamePackage. acr.browser.barebones
11-10 09:33:47.502 8805-8805/acr.browser.barebones D/AdblockWebView: Extracted domain from file:///data/user/0/acr.browser.barebones/files/homepage.html
11-10 09:33:47.502 8805-8904/acr.browser.barebones D/AdblockWebView: Listed subscriptions: 3
11-10 09:33:47.502 8805-8805/acr.browser.barebones D/BrowserActivity: Notify Tab Changed: 0
11-10 09:33:47.502 8805-8904/acr.browser.barebones D/AdblockWebView: Subscribed to [Subscription] url=https://easylist-downloads.adblockplus.org/easylist.txt title=EasyList fixedTitle=true homepage=https://easylist.adblockplus.org/ lastDownload=1478765793 downloadStatus=synchronize_ok lastSuccess=1478765793 lastCheck=1478766152 expires=1479456993 softExpiration=1479164624 version=201611100810 requiredVersion=2.0 downloadCount=1
11-10 09:33:47.502 8805-8904/acr.browser.barebones D/AdblockWebView: Subscribed to [Subscription] url=https://easylist-downloads.adblockplus.org/easylistchina+easylist.txt title=EasyList China+EasyList fixedTitle=true homepage=http://abpchina.org/forum/ lastDownload=1478766398 downloadStatus=synchronize_ok lastSuccess=1478766398 expires=1479457598 softExpiration=1479112233 version=201611100820 requiredVersion=2.0 downloadCount=1
11-10 09:33:47.502 8805-8904/acr.browser.barebones D/AdblockWebView: Subscribed to [Subscription] url=https://easylist-downloads.adblockplus.org/exceptionrules.txt title=Allow non-intrusive advertising fixedTitle=true homepage=https://acceptableads.org/ lastDownload=1478765868 downloadStatus=synchronize_ok lastSuccess=1478765868 lastCheck=1478766152 expires=1478938668 softExpiration=1478843397 version=201611100811 requiredVersion=2.0 downloadCount=1
11-10 09:33:47.502 8805-8904/acr.browser.barebones D/AdblockWebView: Requesting elemhide selectors from AdblockEngine for file:///data/user/0/acr.browser.barebones/files/homepage.html in Thread[Thread-1573,5,main]
11-10 09:33:47.512 8805-8805/acr.browser.barebones W/cr_BindingManager: Cannot call determinedVisibility() - never saw a connection for the pid: 8805
11-10 09:33:47.512 8805-8805/acr.browser.barebones E/chromium: [ERROR:interface_registry.cc(99)] Failed to locate a binder for interface: autofill::mojom::AutofillDriver
11-10 09:33:47.522 3403-3403/? D/CustomFrequencyManagerService: releaseDVFSLockLocked : Getting Lock type frm List : DVFS_MIN_LIMIT frequency : 1872000 uid : 1000 pid : 3403 tag : ACTIVITY_RESUME_BOOSTER@9
11-10 09:33:47.532 8805-8805/acr.browser.barebones D/AdblockWebView: Loading progress=10%
11-10 09:33:47.532 8805-8805/acr.browser.barebones D/AdblockWebView: Injecting script
11-10 09:33:47.532 8805-8805/acr.browser.barebones D/AdblockWebView: runScript started
11-10 09:33:47.532 8805-8805/acr.browser.barebones D/AdblockWebView: runScript finished
11-10 09:33:47.532 8805-8805/acr.browser.barebones W/AdblockWebView: Start prevent drawing
11-10 09:33:47.532 8805-8805/acr.browser.barebones D/BrowserActivity: Notify Tab Changed: 0
11-10 09:33:47.532 8805-8805/acr.browser.barebones D/AdblockWebView: Loading progress=100%
11-10 09:33:47.532 8805-8805/acr.browser.barebones D/AdblockWebView: Injecting script
11-10 09:33:47.532 8805-8805/acr.browser.barebones D/AdblockWebView: runScript started
11-10 09:33:47.532 8805-8805/acr.browser.barebones D/AdblockWebView: runScript finished
11-10 09:33:47.542 8805-8805/acr.browser.barebones D/AdblockWebView: Loading progress=100%
11-10 09:33:47.542 8805-8805/acr.browser.barebones D/AdblockWebView: Injecting script
11-10 09:33:47.542 8805-8805/acr.browser.barebones D/AdblockWebView: runScript started
11-10 09:33:47.542 8805-8805/acr.browser.barebones D/AdblockWebView: runScript finished
11-10 09:33:47.542 8805-8805/acr.browser.barebones D/BrowserActivity: Notify Tab Changed: 0
11-10 09:33:47.562 8805-8805/acr.browser.barebones W/AdblockWebView: Prevent drawing
11-10 09:33:47.572 8805-8805/acr.browser.barebones W/AdblockWebView: Prevent drawing
11-10 09:33:47.582 8805-8805/acr.browser.barebones W/AdblockWebView: Prevent drawing
11-10 09:33:47.592 8805-8805/acr.browser.barebones W/AdblockWebView: Prevent drawing
11-10 09:33:47.612 8805-8805/acr.browser.barebones W/AdblockWebView: Prevent drawing
11-10 09:33:47.622 8805-8805/acr.browser.barebones W/AdblockWebView: Prevent drawing
11-10 09:33:47.642 8805-8805/acr.browser.barebones W/AdblockWebView: Prevent drawing
11-10 09:33:47.662 8805-8805/acr.browser.barebones W/AdblockWebView: Prevent drawing
11-10 09:33:47.672 8805-8805/acr.browser.barebones W/AdblockWebView: Prevent drawing
11-10 09:33:47.692 8805-8805/acr.browser.barebones W/AdblockWebView: Prevent drawing
11-10 09:33:47.702 8805-8805/acr.browser.barebones W/AdblockWebView: Prevent drawing
11-10 09:33:47.722 8805-8805/acr.browser.barebones W/AdblockWebView: Prevent drawing
11-10 09:33:47.742 8805-8805/acr.browser.barebones W/AdblockWebView: Prevent drawing
11-10 09:33:47.762 8805-8805/acr.browser.barebones W/AdblockWebView: Prevent drawing
11-10 09:33:47.772 8805-8805/acr.browser.barebones W/AdblockWebView: Prevent drawing
11-10 09:33:47.792 8805-8805/acr.browser.barebones W/AdblockWebView: Prevent drawing
11-10 09:33:47.812 8805-8805/acr.browser.barebones W/AdblockWebView: Prevent drawing
11-10 09:33:47.822 8805-8805/acr.browser.barebones W/AdblockWebView: Prevent drawing
11-10 09:33:47.842 8805-8805/acr.browser.barebones W/AdblockWebView: Prevent drawing
11-10 09:33:47.862 8805-8805/acr.browser.barebones W/AdblockWebView: Prevent drawing
11-10 09:33:47.872 8805-8805/acr.browser.barebones W/AdblockWebView: Prevent drawing
11-10 09:33:47.892 8805-8805/acr.browser.barebones W/AdblockWebView: Prevent drawing
11-10 09:33:47.912 8805-8805/acr.browser.barebones W/AdblockWebView: Prevent drawing
11-10 09:33:47.922 8805-8805/acr.browser.barebones W/AdblockWebView: Prevent drawing
11-10 09:33:47.942 8805-8805/acr.browser.barebones W/AdblockWebView: Prevent drawing
11-10 09:33:47.962 8805-8805/acr.browser.barebones W/AdblockWebView: Prevent drawing
11-10 09:33:47.972 8805-8805/acr.browser.barebones W/AdblockWebView: Prevent drawing
11-10 09:33:47.992 8805-8805/acr.browser.barebones W/AdblockWebView: Prevent drawing
11-10 09:33:48.012 8805-8805/acr.browser.barebones W/AdblockWebView: Prevent drawing
11-10 09:33:48.022 8805-8805/acr.browser.barebones W/AdblockWebView: Prevent drawing
11-10 09:33:48.042 8805-8805/acr.browser.barebones W/AdblockWebView: Prevent drawing
11-10 09:33:48.062 8805-8805/acr.browser.barebones W/AdblockWebView: Prevent drawing
11-10 09:33:48.072 8805-8805/acr.browser.barebones W/AdblockWebView: Prevent drawing
11-10 09:33:48.092 8805-8805/acr.browser.barebones W/AdblockWebView: Prevent drawing
11-10 09:33:48.112 8805-8805/acr.browser.barebones W/AdblockWebView: Prevent drawing
11-10 09:33:48.122 8805-8805/acr.browser.barebones W/AdblockWebView: Prevent drawing
11-10 09:33:48.142 8805-8805/acr.browser.barebones W/AdblockWebView: Prevent drawing
11-10 09:33:48.162 8805-8805/acr.browser.barebones W/AdblockWebView: Prevent drawing
11-10 09:33:48.172 8805-8805/acr.browser.barebones W/AdblockWebView: Prevent drawing
11-10 09:33:48.192 8805-8805/acr.browser.barebones W/AdblockWebView: Prevent drawing
11-10 09:33:48.212 8805-8805/acr.browser.barebones W/AdblockWebView: Prevent drawing
11-10 09:33:48.212 8805-8904/acr.browser.barebones D/AdblockWebView: Finished requesting elemhide selectors, got 17741 in Thread[Thread-1573,5,main]
11-10 09:33:48.222 8805-8805/acr.browser.barebones W/AdblockWebView: Prevent drawing
11-10 09:33:48.232 8805-8904/acr.browser.barebones D/AdblockWebView: Setting elemhide string 319953 bytes
11-10 09:33:48.232 8805-8904/acr.browser.barebones W/AdblockWebView: elemHideThread set to null
11-10 09:33:48.242 8805-8805/acr.browser.barebones W/AdblockWebView: Prevent drawing
11-10 09:33:48.262 8805-8805/acr.browser.barebones W/AdblockWebView: Prevent drawing
11-10 09:33:48.272 8805-8805/acr.browser.barebones W/AdblockWebView: Prevent drawing
11-10 09:33:48.292 8805-8805/acr.browser.barebones W/AdblockWebView: Prevent drawing
11-10 09:33:48.312 8805-8805/acr.browser.barebones W/AdblockWebView: Prevent drawing
11-10 09:33:48.322 8805-8805/acr.browser.barebones W/AdblockWebView: Prevent drawing
11-10 09:33:48.342 8805-8805/acr.browser.barebones W/AdblockWebView: Prevent drawing
11-10 09:33:48.362 8805-8805/acr.browser.barebones W/AdblockWebView: Prevent drawing
11-10 09:33:48.382 8805-8805/acr.browser.barebones W/AdblockWebView: Prevent drawing
11-10 09:33:48.392 8805-8805/acr.browser.barebones W/AdblockWebView: Prevent drawing
11-10 09:33:48.412 8805-8805/acr.browser.barebones W/AdblockWebView: Prevent drawing
11-10 09:33:48.432 8805-8805/acr.browser.barebones W/AdblockWebView: Prevent drawing
11-10 09:33:48.442 8805-8805/acr.browser.barebones W/AdblockWebView: Prevent drawing
11-10 09:33:48.462 8805-8805/acr.browser.barebones W/AdblockWebView: Prevent drawing
11-10 09:33:48.482 8805-8805/acr.browser.barebones W/AdblockWebView: Prevent drawing
11-10 09:33:48.492 8805-8805/acr.browser.barebones W/AdblockWebView: Prevent drawing
11-10 09:33:48.512 8805-8805/acr.browser.barebones W/AdblockWebView: Prevent drawing
11-10 09:33:48.532 8805-8805/acr.browser.barebones W/AdblockWebView: Prevent drawing
11-10 09:33:48.542 8805-8805/acr.browser.barebones W/AdblockWebView: Prevent drawing
11-10 09:33:48.562 8805-8805/acr.browser.barebones W/AdblockWebView: Prevent drawing
11-10 09:33:48.582 8805-8805/acr.browser.barebones W/AdblockWebView: Prevent drawing
11-10 09:33:48.592 8805-8805/acr.browser.barebones W/AdblockWebView: Prevent drawing
11-10 09:33:48.612 8805-8805/acr.browser.barebones W/AdblockWebView: Prevent drawing
11-10 09:33:48.632 8805-8805/acr.browser.barebones W/AdblockWebView: Prevent drawing
11-10 09:33:48.642 8805-8805/acr.browser.barebones W/AdblockWebView: Prevent drawing
11-10 09:33:48.662 8805-8805/acr.browser.barebones W/AdblockWebView: Prevent drawing
11-10 09:33:48.682 8805-8805/acr.browser.barebones W/AdblockWebView: Prevent drawing
11-10 09:33:48.692 8805-8805/acr.browser.barebones W/AdblockWebView: Prevent drawing
11-10 09:33:48.712 8805-8805/acr.browser.barebones W/AdblockWebView: Prevent drawing
11-10 09:33:48.732 8805-8805/acr.browser.barebones W/AdblockWebView: Prevent drawing
11-10 09:33:48.742 8805-8805/acr.browser.barebones W/AdblockWebView: Prevent drawing
11-10 09:33:48.762 8805-8805/acr.browser.barebones W/AdblockWebView: Prevent drawing
11-10 09:33:48.782 8805-8805/acr.browser.barebones W/AdblockWebView: Prevent drawing
11-10 09:33:48.792 8805-8805/acr.browser.barebones W/AdblockWebView: Prevent drawing
11-10 09:33:48.812 8805-8805/acr.browser.barebones W/AdblockWebView: Prevent drawing
11-10 09:33:48.832 8805-8805/acr.browser.barebones W/AdblockWebView: Prevent drawing
11-10 09:33:48.852 8805-8805/acr.browser.barebones W/AdblockWebView: Prevent drawing
11-10 09:33:48.862 8805-8805/acr.browser.barebones W/AdblockWebView: Prevent drawing
11-10 09:33:48.882 8805-8805/acr.browser.barebones W/AdblockWebView: Prevent drawing
11-10 09:33:48.902 8805-8805/acr.browser.barebones W/AdblockWebView: Prevent drawing
11-10 09:33:48.912 8805-8805/acr.browser.barebones W/AdblockWebView: Prevent drawing
11-10 09:33:48.932 8805-8805/acr.browser.barebones W/AdblockWebView: Prevent drawing
11-10 09:33:48.952 8805-8805/acr.browser.barebones W/AdblockWebView: Prevent drawing
11-10 09:33:48.962 8805-8805/acr.browser.barebones W/AdblockWebView: Prevent drawing
11-10 09:33:48.982 8805-8805/acr.browser.barebones W/AdblockWebView: Prevent drawing
11-10 09:33:49.002 8805-8805/acr.browser.barebones W/AdblockWebView: Prevent drawing
11-10 09:33:49.012 8805-8805/acr.browser.barebones W/AdblockWebView: Prevent drawing
11-10 09:33:49.032 8805-8805/acr.browser.barebones W/AdblockWebView: Prevent drawing
11-10 09:33:49.052 8805-8805/acr.browser.barebones W/AdblockWebView: Prevent drawing
11-10 09:33:49.062 8805-8805/acr.browser.barebones W/AdblockWebView: Prevent drawing
11-10 09:33:49.082 8805-8805/acr.browser.barebones W/AdblockWebView: Prevent drawing
11-10 09:33:49.102 8805-8805/acr.browser.barebones W/AdblockWebView: Prevent drawing
11-10 09:33:49.112 8805-8805/acr.browser.barebones W/AdblockWebView: Prevent drawing
11-10 09:33:49.132 8805-8805/acr.browser.barebones W/AdblockWebView: Prevent drawing
11-10 09:33:49.132 8805-8805/acr.browser.barebones I/Timeline: Timeline: Activity_idle id: android.os.BinderProxy@30f9715 time:122869958
11-10 09:33:49.142 4306-4306/? D/Launcher.HomeView: onStop
11-10 09:33:49.142 4306-4306/? D/capture: ----destroy
11-10 09:33:49.152 4306-4306/? V/ActivityThread: updateVisibility : ActivityRecord{44d62a7 token=android.os.BinderProxy@96d60b {com.sec.android.app.launcher/com.sec.android.app.launcher.activities.LauncherActivity}} show : false
11-10 09:33:49.162 4306-4306/? D/Launcher: onTrimMemory. Level: 20
11-10 09:33:49.162 3403-3853/? D/NetworkPolicy: isUidForegroundLocked: 10068, mScreenOn: true, uidstate: 3, mProxSensorScreenOff: false
11-10 09:33:49.432 3403-3876/? D/MdnieScenarioControlService: packageName : acr.browser.barebones className : acr.browser.lightning.activity.MainActivity
11-10 09:33:49.532 3403-3876/? I/MdnieScenarioControlService: mGameModeLauncher : false
11-10 09:33:49.532 3403-3876/? I/MdnieScenarioControlService: setUIMode
11-10 09:33:49.852 3403-3827/? D/InputReader: Input event(4): value=1 when=122870671460000
11-10 09:33:49.852 3403-3827/? D/InputReader: Input event(4): value=1 when=122870671460000
11-10 09:33:49.852 3403-3827/? I/InputReader: Touch event's action is 0x0 (deviceType=0) [pCnt=1, s=0.7187 ] when=122870671460000
11-10 09:33:49.852 3403-3827/? D/InputReader: lastThreadEndTime = 122865188217312, currentThreadStartTime = 122865188218966, diff = 0
11-10 09:33:49.852 3403-3826/? I/InputDispatcher: Delivering touch to (3945): action: 0x4, toolType: 1
11-10 09:33:49.852 3403-3826/? I/InputDispatcher: Delivering touch to (8805): action: 0x0, toolType: 1
11-10 09:33:49.852 8805-8805/acr.browser.barebones D/ViewRootImpl: ViewPostImeInputStage processPointer 0
11-10 09:33:49.912 3403-3827/? D/InputReader: Input event(4): value=0 when=122870736238000
11-10 09:33:49.912 3403-3827/? D/InputReader: Input event(4): value=0 when=122870736238000
11-10 09:33:49.912 3403-3827/? I/InputReader: Touch event's action is 0x1 (deviceType=0) [pCnt=1, s=] when=122870736238000
11-10 09:33:49.912 3403-3826/? I/InputDispatcher: Delivering touch to (8805): action: 0x1, toolType: 1
11-10 09:33:49.912 8805-8805/acr.browser.barebones D/ViewRootImpl: ViewPostImeInputStage processPointer 1
11-10 09:33:49.922 7449-7449/? D/SamsungIME: IMPL finishInput
11-10 09:33:49.922 7449-7449/? D/SamsungIME: SwiftKeyWrapper writeDBdataToFileOnFinishInput
11-10 09:33:49.922 7449-7449/? D/SamsungIME: saveAndClear +
11-10 09:33:49.922 7449-7449/? D/SamsungIME: saveAndClear -
11-10 09:33:49.922 7449-7449/? D/SamsungIME: onViewClicked
11-10 09:33:49.922 7449-7449/? E/SamsungIME: resetNeedToLoadHwrLibrary : 0
11-10 09:33:49.932 3403-4421/? D/CustomFrequencyManagerService: acquireDVFSLockLocked : type : DVFS_MIN_LIMIT frequency : 1976000 uid : 1000 pid : 3403 pkgName : com.sec.android.inputmethod@1
11-10 09:33:49.932 8805-8805/acr.browser.barebones W/AdblockWebView: Prevent drawing
11-10 09:33:49.942 7449-7449/? D/SamsungIME: onStartInputView requsted restarting value = false
11-10 09:33:49.942 7449-7449/? D/SamsungIME: onStartInputView After call super - restarting value = false
11-10 09:33:49.942 7449-7449/? D/SamsungIME: disable handwriting input icon : handwriting is not enabled or improper edit field
11-10 09:33:49.942 7449-7449/? D/SamsungIME: [startInputView] info.inputType = 65553 info.imeOptions = 134217730
11-10 09:33:49.942 7449-7449/? I/SamsungIME: Update SetupWizard State usc : 1 pss : false
11-10 09:33:49.942 3403-4420/? D/SettingsProvider: isChangeAllowed() : name = onehand_direction
11-10 09:33:49.942 3403-4420/? D/SecContentProvider: query(), uri = 17 selection = isSettingsChangesAllowed
11-10 09:33:49.942 3403-4420/? D/SettingsProvider: edmUri: content://com.sec.knox.provider/RestrictionPolicy3
11-10 09:33:49.942 3403-4420/? D/SettingsProvider: projectionArgs: isSettingsChangesAllowed
11-10 09:33:49.942 3403-4420/? D/SettingsProvider: selectionArgs: false
11-10 09:33:49.942 3403-4420/? D/SettingsProvider: selectionArgs: 10138
11-10 09:33:49.942 3403-4420/? D/SettingsProvider: ret = -1
11-10 09:33:49.942 7449-7449/? D/SamsungIME: checkDynamicTouchRecognizedPrefValue mIsStaticTouchAreaPrefValue = false
11-10 09:33:49.942 7449-7449/? I/SamsungIME: Update SetupWizard State usc : 1 pss : false
11-10 09:33:49.942 7449-7449/? E/SamsungIME: lang.getLanguageCode():en, lang.getCountryCode():GB
11-10 09:33:49.942 7449-7449/? W/SamsungIME: makeSelectedLanguageList:en_GB;
11-10 09:33:49.952 7449-7449/? I/SamsungIME: [IMI] isChangedMainValues - bRetVal : true
11-10 09:33:49.952 7449-8908/? E/SamsungIME: sendInputLanguage() : en_GB, en_GB;
11-10 09:33:49.952 7449-7449/? D/SamsungIME: [AbstractKeyboardView] onDetachedFromWindow.
11-10 09:33:49.952 3403-4216/? D/SettingsProvider: isChangeAllowed() : name = sip_input_language
11-10 09:33:49.952 3403-4216/? D/SecContentProvider: query(), uri = 17 selection = isSettingsChangesAllowed
11-10 09:33:49.952 3403-4216/? D/SettingsProvider: edmUri: content://com.sec.knox.provider/RestrictionPolicy3
11-10 09:33:49.952 7449-7449/? D/SamsungIME: Magnification Enabled = false
11-10 09:33:49.952 3403-4216/? D/SettingsProvider: projectionArgs: isSettingsChangesAllowed
11-10 09:33:49.952 7449-7449/? D/SamsungIME: Dismiss ExpandCandiate
11-10 09:33:49.952 3403-4216/? D/SettingsProvider: selectionArgs: false
11-10 09:33:49.952 3403-4216/? D/SettingsProvider: selectionArgs: 10138
11-10 09:33:49.952 7449-7449/? E/SamsungIME: lang.getLanguageCode():en, lang.getCountryCode():GB
11-10 09:33:49.952 7449-7449/? W/SamsungIME: makeSelectedLanguageList:en_GB;
11-10 09:33:49.952 3403-4216/? D/SettingsProvider: ret = -1
11-10 09:33:49.952 3403-3437/? D/SettingsProvider: isChangeAllowed() : name = handwriting_language_list
11-10 09:33:49.952 3403-3437/? D/SecContentProvider: query(), uri = 17 selection = isSettingsChangesAllowed
11-10 09:33:49.952 3403-3437/? D/SettingsProvider: edmUri: content://com.sec.knox.provider/RestrictionPolicy3
11-10 09:33:49.952 3403-3437/? D/SettingsProvider: projectionArgs: isSettingsChangesAllowed
11-10 09:33:49.952 3403-3437/? D/SettingsProvider: selectionArgs: false
11-10 09:33:49.952 7449-7449/? D/SamsungIME: Dismiss ExpandCandiate
11-10 09:33:49.952 3403-3437/? D/SettingsProvider: selectionArgs: 10138
11-10 09:33:49.952 7449-7449/? D/SamsungIME: loadLanguageModels force = false
11-10 09:33:49.952 3403-3437/? D/SettingsProvider: ret = -1
11-10 09:33:49.952 7449-7449/? W/System.err: mkdir failed: EEXIST (File exists) : /data/user/0/com.sec.android.inputmethod/app_SwiftKey/user
11-10 09:33:49.952 7449-8909/? E/SamsungIME: sendInputLanguage() : en_GB, en_GB;
11-10 09:33:49.952 3403-3436/? D/SettingsProvider: isChangeAllowed() : name = sip_input_language
11-10 09:33:49.952 3403-3436/? D/SettingsProvider: edmUri: content://com.sec.knox.provider/RestrictionPolicy3
11-10 09:33:49.952 3403-3436/? D/SecContentProvider: query(), uri = 17 selection = isSettingsChangesAllowed
11-10 09:33:49.952 3403-3436/? D/SettingsProvider: projectionArgs: isSettingsChangesAllowed
11-10 09:33:49.952 3403-3436/? D/SettingsProvider: selectionArgs: false
11-10 09:33:49.952 3403-3436/? D/SettingsProvider: selectionArgs: 10138
11-10 09:33:49.952 3403-3436/? D/SettingsProvider: ret = -1
11-10 09:33:49.962 3403-4419/? D/SecContentProvider: query(), uri = 17 selection = isSettingsChangesAllowed
11-10 09:33:49.962 3403-4419/? D/SettingsProvider: isChangeAllowed() : name = handwriting_language_list
11-10 09:33:49.962 3403-4419/? D/SettingsProvider: edmUri: content://com.sec.knox.provider/RestrictionPolicy3
11-10 09:33:49.962 7449-7449/? D/SamsungIME: [loadLanguageModels] isChangePersonalizedData = false
11-10 09:33:49.962 3403-4419/? D/SettingsProvider: projectionArgs: isSettingsChangesAllowed
11-10 09:33:49.962 7449-7449/? D/SamsungIME: [loadLanguageModels] loadLanguageforcely = false
11-10 09:33:49.962 3403-4419/? D/SettingsProvider: selectionArgs: false
11-10 09:33:49.962 3403-4419/? D/SettingsProvider: selectionArgs: 10138
11-10 09:33:49.962 3403-4419/? D/SettingsProvider: ret = -1
11-10 09:33:49.962 7449-7449/? D/SamsungIME: Dismiss ExpandCandiate
11-10 09:33:49.962 7449-7449/? D/SamsungIME: loadLanguageModels force = false
11-10 09:33:49.962 7449-7449/? W/System.err: mkdir failed: EEXIST (File exists) : /data/user/0/com.sec.android.inputmethod/app_SwiftKey/user
11-10 09:33:49.962 7449-7449/? D/SamsungIME: [loadLanguageModels] isChangePersonalizedData = false
11-10 09:33:49.962 7449-7449/? D/SamsungIME: [loadLanguageModels] loadLanguageforcely = false
11-10 09:33:49.962 7449-7449/? I/SamsungIME: getCurrentKeyboard
11-10 09:33:49.962 7449-7449/? I/SamsungIME: getTextKeyboard
11-10 09:33:49.962 7449-7449/? I/SamsungIME: CarMode is off
11-10 09:33:49.962 7449-7449/? D/SamsungIME: mDisplayWidth is 1440
11-10 09:33:49.962 7449-7449/? D/SamsungIME: mDisplayHeight is 2560
11-10 09:33:49.962 7449-7449/? D/SamsungIME: isOrientationLandscape false
11-10 09:33:49.962 7449-7449/? D/SamsungIME: mDisplayWidth is 1440
11-10 09:33:49.962 7449-7449/? D/SamsungIME: mDisplayHeight is 2560
11-10 09:33:49.962 7449-7449/? D/SamsungIME: isOrientationLandscape false
11-10 09:33:49.972 7449-7449/? D/SamsungIME: mIsUseStaticTouchRecognizedArea = false
11-10 09:33:49.972 7449-7449/? D/SamsungIME: [SwiftkeyWrapper] currentLangauge : 1701726018
11-10 09:33:49.972 7449-7449/? D/SamsungIME: Skip dismiss ExpandCandidate. it will be post-invalidated later
11-10 09:33:49.972 7449-7449/? D/SamsungIME: startInputViewContinue : true true
11-10 09:33:49.972 7449-7449/? D/SamsungIME: [showDiscoverability] this is auto replacement discoverity popup
11-10 09:33:49.972 7449-7449/? D/SamsungIME: conditions for show dialog : true true true false
11-10 09:33:49.972 7449-7449/? D/SamsungIME: showDlgMsgBox : true true true
11-10 09:33:49.972 7449-7449/? D/SamsungIME: showDlgMsgBox inner condition : true true
11-10 09:33:49.972 7449-7449/? I/SamsungIME: [IMI] startInputView - caller pid : 8805, caller uid : 10253
11-10 09:33:49.972 7449-8912/? D/InputMethodFrameWorkUtils: InputMethodSubtype is found as local:en_GB
11-10 09:33:49.972 3403-4420/? D/ApplicationPolicy: isStatusBarNotificationAllowedAsUser: packageName = android,userId = -1
11-10 09:33:49.972 7449-8912/? D/InputMethodFrameWorkUtils: InputMethodSubtype is set as local:en_GB
11-10 09:33:49.972 7449-7449/? D/SamsungIME: onWindowShown
11-10 09:33:49.972 3403-3403/? D/SettingsProvider: isChangeAllowed() : name = input_methods_subtype_history
11-10 09:33:49.982 3403-3403/? D/SettingsProvider: isChangeAllowed() : name = selected_input_method_subtype
11-10 09:33:49.982 3403-3403/? D/ApplicationPolicy: isStatusBarNotificationAllowedAsUser: packageName = android,userId = -1
11-10 09:33:49.982 3403-3403/? W/ResourcesManager: getTopLevelResources: /system/framework/framework-res.apk / 1.0 running in null rsrc of package android
11-10 09:33:49.982 3403-3403/? D/MARsPolicyManager: NotificationListenerService OngoingNotificationPosted : android
11-10 09:33:49.982 3403-3403/? D/InputMethodManagerService: [HARDWARE_KEYBOARD] (refreshImeWindowVis) mImeWindowVis= 3 inputVisible = truehaveHardKeyboard = false hardKeyShown = false
11-10 09:33:49.982 3403-3403/? D/MARsPolicyManager: NotificationListenerService OngoingNotificationPosted : android
11-10 09:33:49.982 3403-4216/? D/ApplicationPolicy: isStatusBarNotificationAllowedAsUser: packageName = android,userId = -1
11-10 09:33:49.982 3403-3403/? D/MARsPolicyManager: NotificationListenerService OngoingNotificationPosted : android
11-10 09:33:49.982 3003-3003/? I/SurfaceFlinger: id=2271 createSurf (1440x1384),1 flag=4, JnputMethod
11-10 09:33:49.992 7449-13620/? D/mali_winsys: EGLint new_window_surface(egl_winsys_display*, void*, EGLSurface, EGLConfig, egl_winsys_surface**, egl_color_buffer_format*, EGLBoolean) returns 0x3000, [1440x1384]-format:1
11-10 09:33:49.992 3945-3945/? D/KnoxNotification: ----- inflateViews : modified publicViewLocal -----
11-10 09:33:50.002 3945-3945/? D/KnoxNotification: ----- inflateViews : modified KnoxViewLocal -----
11-10 09:33:50.002 3945-3945/? D/NotificationStackScrollLayout: scroll range should be extended : 1600
11-10 09:33:50.002 3945-3945/? D/NotificationStackScrollLayout: scroll range should be extended : 1600
11-10 09:33:50.002 3945-3945/? D/PhoneStatusBar: setAreThereNotifications: N=3 any=true clearable=false
11-10 09:33:50.002 3945-3945/? D/PhoneStatusBar: setAreThereNotifications: N=3 any=true clearable=false
11-10 09:33:50.002 3945-3945/? D/PhoneStatusBar: setAreThereNotifications: N=3 any=true clearable=false
11-10 09:33:50.002 3945-3945/? D/NotificationStackScrollLayout: scroll range should be extended : 1600
11-10 09:33:50.002 3945-3945/? D/NotificationStackScrollLayout: scroll range should be extended : 1600
11-10 09:33:50.002 3945-3945/? D/NotificationStackScrollLayout: scroll range should be extended : 1600
11-10 09:33:50.012 7449-7449/? D/SamsungIME: Skip dismiss ExpandCandidate. it will be post-invalidated later
11-10 09:33:50.012 7449-7449/? D/SamsungIME_UnifiedIME: AbstractCandidateLayout, getView position value is get view 0
11-10 09:33:50.012 7449-7449/? D/SamsungIME: < REMOVE TEST > isNextWordPredictionSymbol 1: true
11-10 09:33:50.012 7449-7449/? D/SamsungIME_UnifiedIME: AbstractCandidateLayout, getView position value is get view 1
11-10 09:33:50.012 7449-7449/? D/SamsungIME: < REMOVE TEST > isNextWordPredictionSymbol 1: true
11-10 09:33:50.012 7449-7449/? D/SamsungIME_UnifiedIME: AbstractCandidateLayout, getView position value is get view 2
11-10 09:33:50.012 7449-7449/? D/SamsungIME: < REMOVE TEST > isNextWordPredictionSymbol 1: true
11-10 09:33:50.012 7449-7449/? E/SamsungIME: - onDraw() called
11-10 09:33:50.012 7449-7449/? I/SamsungIME: drawAllKey
11-10 09:33:50.032 7449-7449/? D/SamsungIME: disable handwriting input icon : handwriting is not enabled or improper edit field
11-10 09:33:50.032 7449-7449/? D/SamsungIME: disable handwriting input icon : handwriting is not enabled or improper edit field
11-10 09:33:50.032 7449-7449/? D/SamsungIME: disable handwriting input icon : handwriting is not enabled or improper edit field
11-10 09:33:50.042 7449-7449/? D/SamsungIME: disable handwriting input icon : handwriting is not enabled or improper edit field
11-10 09:33:50.052 3003-3003/? D/libEGL: eglInitialize EGLDisplay = 0x7fc20bb448
11-10 09:33:50.052 3403-4319/? V/WindowStateAnimator: Finishing drawing window Window{3c032c9 u0 d0 InputMethod}: mDrawState=DRAW_PENDING
11-10 09:33:50.052 7449-7449/? E/SamsungIME: - onDraw() called
11-10 09:33:50.052 8805-8805/acr.browser.barebones D/ViewRootImpl: MSG_RESIZED: ci=Rect(0, 96 - 0, 1128) vi=Rect(0, 96 - 0, 1128) or=1
11-10 09:33:50.072 3003-3003/? D/libEGL: eglInitialize EGLDisplay = 0x7fc20bb448
11-10 09:33:50.072 8805-8805/acr.browser.barebones W/AdblockWebView: Prevent drawing
11-10 09:33:50.102 8805-8805/acr.browser.barebones W/AdblockWebView: Prevent drawing
11-10 09:33:50.122 8805-8805/acr.browser.barebones W/AdblockWebView: Prevent drawing
11-10 09:33:50.142 8805-8805/acr.browser.barebones W/AdblockWebView: Prevent drawing
11-10 09:33:50.152 8805-8805/acr.browser.barebones W/AdblockWebView: Prevent drawing
11-10 09:33:50.172 8805-8805/acr.browser.barebones W/AdblockWebView: Prevent drawing
11-10 09:33:50.192 8805-8805/acr.browser.barebones W/AdblockWebView: Prevent drawing
11-10 09:33:50.202 7449-7449/? D/SamsungIME: SwiftkeyWrapper-checkCurrentSequence : use IC
11-10 09:33:50.202 7449-7449/? D/SamsungIME: Skip dismiss ExpandCandidate. it will be post-invalidated later
11-10 09:33:50.202 7449-7449/? D/SamsungIME_UnifiedIME: AbstractCandidateLayout, getView position value is get view 0
11-10 09:33:50.202 7449-7449/? D/SamsungIME: < REMOVE TEST > isNextWordPredictionSymbol 1: true
11-10 09:33:50.202 8805-8805/acr.browser.barebones W/AdblockWebView: Prevent drawing
11-10 09:33:50.202 7449-7449/? D/SamsungIME_UnifiedIME: AbstractCandidateLayout, getView position value is get view 1
11-10 09:33:50.202 7449-7449/? D/SamsungIME: < REMOVE TEST > isNextWordPredictionSymbol 1: true
11-10 09:33:50.202 7449-7449/? D/SamsungIME_UnifiedIME: AbstractCandidateLayout, getView position value is get view 2
11-10 09:33:50.202 7449-7449/? D/SamsungIME: < REMOVE TEST > isNextWordPredictionSymbol 1: true
11-10 09:33:50.332 3403-4421/? D/CustomFrequencyManagerService: releaseDVFSLockLocked : Getting Lock type frm List : DVFS_MIN_LIMIT frequency : 1976000 uid : 1000 pid : 3403 tag : com.sec.android.inputmethod@1
11-10 09:33:50.422 3003-3003/? D/libEGL: eglInitialize EGLDisplay = 0x7fc20bb448
11-10 09:33:50.482 3403-6849/? D/ConnectivityService: returning getNetworkInfo for network type 1 : [type: WIFI[] - WIFI, state: CONNECTED/CONNECTED, reason: (unspecified), extra: "Badger", roaming: false, failover: false, isAvailable: true]
11-10 09:33:50.912 3403-3827/? D/InputReader: Input event(4): value=1 when=122871737828000
11-10 09:33:50.912 3403-3827/? D/InputReader: Input event(4): value=1 when=122871737828000
11-10 09:33:50.912 3403-3827/? I/InputReader: Touch event's action is 0x0 (deviceType=0) [pCnt=1, s=0.7188 ] when=122871737828000
11-10 09:33:50.912 3403-3827/? D/InputReader: lastThreadEndTime = 122870736638077, currentThreadStartTime = 122870736640539, diff = 0
11-10 09:33:50.912 3403-3826/? I/InputDispatcher: Delivering touch to (3945): action: 0x4, toolType: 1
11-10 09:33:50.912 3403-3826/? I/InputDispatcher: Delivering touch to (7449): action: 0x0, toolType: 1
11-10 09:33:50.922 7449-7449/? D/ViewRootImpl: ViewPostImeInputStage processPointer 0
11-10 09:33:50.922 7449-7449/? D/jisu: mMiniKeyboardOnScreen=false, pointerCount=1, action=0, eventTime122871737, index=0, id=0
11-10 09:33:50.922 7449-7733/? D/SamsungIME: vib call
11-10 09:33:50.922 7449-7733/? V/Vibrator: Called vibrate(int, int, AudioAttributes, MagnitudeTypes) API - PUID: 10138, repeat: -1, PackageName: com.sec.android.inputmethod, MagnitudeType: TouchMagnitude
11-10 09:33:50.922 7449-7733/? V/Vibrator: vibrate - PUID: 10138, PackageName: com.sec.android.inputmethod, type: 50025, repeat: -1, mag: 6000, AudioAttr : null
11-10 09:33:50.922 3403-4813/? V/VibratorService: vibratePatternMagnitude - package: com.sec.android.inputmethod, repeat: -1, token: android.os.BinderProxy@5610f1a, mag: 6000
11-10 09:33:50.922 3403-4813/? D/VibratorService: Turning vibrator off
11-10 09:33:50.932 3403-8914/? D/VibratorService: vibratorOn() : 7ms, magnitude :6000
11-10 09:33:50.942 7449-7449/? E/SamsungIME: - onDraw() called
11-10 09:33:50.962 7449-7449/? D/jisu: mMiniKeyboardOnScreen=false, pointerCount=1, action=2, eventTime122871776, index=0, id=0
11-10 09:33:50.972 7449-7449/? D/jisu: mMiniKeyboardOnScreen=false, pointerCount=1, action=2, eventTime122871793, index=0, id=0
11-10 09:33:50.992 7449-7449/? D/jisu: mMiniKeyboardOnScreen=false, pointerCount=1, action=2, eventTime122871808, index=0, id=0
11-10 09:33:51.002 3403-3827/? D/InputReader: Input event(4): value=0 when=122871820935000
11-10 09:33:51.002 3403-3827/? D/InputReader: Input event(4): value=0 when=122871820935000
11-10 09:33:51.002 3403-3827/? I/InputReader: Touch event's action is 0x1 (deviceType=0) [pCnt=1, s=] when=122871820935000
11-10 09:33:51.002 3403-3826/? I/InputDispatcher: Delivering touch to (7449): action: 0x1, toolType: 1
11-10 09:33:51.002 7449-7449/? D/ViewRootImpl: ViewPostImeInputStage processPointer 1
11-10 09:33:51.002 7449-7449/? D/jisu: mMiniKeyboardOnScreen=false, pointerCount=1, action=1, eventTime122871820, index=0, id=0
11-10 09:33:51.002 7449-7449/? I/SamsungIME: [AKV] detectAndSendKey - index : 11, mCurrentInputMethod : 0, mInputLanguage : 1701726018
11-10 09:33:51.002 7449-7449/? E/SamsungIME: SwiftkeyWrapper-inputKey
11-10 09:33:51.022 7449-7449/? E/SamsungIME: updateSuggestionDelay
11-10 09:33:51.022 7449-7449/? E/SamsungIME: - onDraw() called
11-10 09:33:51.032 8805-8805/acr.browser.barebones W/DisplayListCanvas: DisplayListCanvas is started on unbinded RenderNode (without mOwningView)
11-10 09:33:51.032 7449-7449/? D/SamsungIME: [SIIC] getCursorCapsMode without ic done
11-10 09:33:51.032 8805-8805/acr.browser.barebones D/AbsListView: Get MotionRecognitionManager
11-10 09:33:51.052 8805-8805/acr.browser.barebones D/ViewRootImpl: #1 mView = android.widget.PopupWindow$PopupDecorView{b5992b3 V.E...... ......I. 0,0-0,0}
11-10 09:33:51.062 3403-4419/? D/ISSUE_DEBUG: InputChannelName : e34ec28 PopupWindow:dd3d822
11-10 09:33:51.112 7449-7449/? E/SamsungIME: - onDraw() called
11-10 09:33:51.122 3003-3003/? I/SurfaceFlinger: id=2272 createSurf (257x257),1 flag=4, QopupWindow
11-10 09:33:51.152 8805-8870/acr.browser.barebones D/mali_winsys: EGLint new_window_surface(egl_winsys_display*, void*, EGLSurface, EGLConfig, egl_winsys_surface**, egl_color_buffer_format*, EGLBoolean) returns 0x3000, [1696x1241]-format:1
11-10 09:33:51.212 3403-3827/? D/InputReader: Input event(4): value=1 when=122872030202000
11-10 09:33:51.212 3403-3827/? D/InputReader: Input event(4): value=1 when=122872030202000
11-10 09:33:51.212 3403-3827/? I/InputReader: Touch event's action is 0x0 (deviceType=0) [pCnt=1, s=0.7189 ] when=122872030202000
11-10 09:33:51.212 3403-3827/? D/InputReader: lastThreadEndTime = 122871821324922, currentThreadStartTime = 122871821326345, diff = 0
11-10 09:33:51.212 3403-3826/? I/InputDispatcher: Delivering touch to (3945): action: 0x4, toolType: 1
11-10 09:33:51.212 3403-3826/? I/InputDispatcher: Delivering touch to (7449): action: 0x0, toolType: 1
11-10 09:33:51.212 7449-7449/? D/ViewRootImpl: ViewPostImeInputStage processPointer 0
11-10 09:33:51.212 3403-6849/? D/GameManagerService: identifyGamePackage. acr.browser.barebones
11-10 09:33:51.212 7449-7449/? D/jisu: mMiniKeyboardOnScreen=false, pointerCount=1, action=0, eventTime122872030, index=0, id=0
11-10 09:33:51.212 3403-6849/? D/GameManagerService: identifyForegroundApp. acr.browser.barebones
11-10 09:33:51.212 7449-7733/? D/SamsungIME: vib call
11-10 09:33:51.212 7449-7733/? V/Vibrator: Called vibrate(int, int, AudioAttributes, MagnitudeTypes) API - PUID: 10138, repeat: -1, PackageName: com.sec.android.inputmethod, MagnitudeType: TouchMagnitude
11-10 09:33:51.212 7449-7733/? V/Vibrator: vibrate - PUID: 10138, PackageName: com.sec.android.inputmethod, type: 50025, repeat: -1, mag: 6000, AudioAttr : null
11-10 09:33:51.212 3403-3850/? V/VibratorService: vibratePatternMagnitude - package: com.sec.android.inputmethod, repeat: -1, token: android.os.BinderProxy@5610f1a, mag: 6000
11-10 09:33:51.212 3403-3850/? D/VibratorService: Turning vibrator off
11-10 09:33:51.222 3403-8916/? D/VibratorService: vibratorOn() : 7ms, magnitude :6000
11-10 09:33:51.232 7449-7449/? E/SamsungIME: - onDraw() called
11-10 09:33:51.242 7449-7449/? D/jisu: mMiniKeyboardOnScreen=false, pointerCount=1, action=2, eventTime122872061, index=0, id=0
11-10 09:33:51.252 8805-8805/acr.browser.barebones W/DisplayListCanvas: DisplayListCanvas is started on unbinded RenderNode (without mOwningView)
11-10 09:33:51.262 7449-7449/? D/jisu: mMiniKeyboardOnScreen=false, pointerCount=1, action=2, eventTime122872077, index=0, id=0
11-10 09:33:51.272 3403-4420/? V/WindowStateAnimator: Finishing drawing window Window{e34ec28 u0 d0 PopupWindow:dd3d822}: mDrawState=DRAW_PENDING
11-10 09:33:51.272 8805-8805/acr.browser.barebones D/ViewRootImpl: MSG_RESIZED_REPORT: ci=Rect(0, 0 - 0, 0) vi=Rect(0, 0 - 0, 0) or=1
11-10 09:33:51.272 3403-3827/? D/InputReader: Input event(4): value=0 when=122872097476000
11-10 09:33:51.272 3403-3827/? D/InputReader: Input event(4): value=0 when=122872097476000
11-10 09:33:51.272 3403-3827/? I/InputReader: Touch event's action is 0x1 (deviceType=0) [pCnt=1, s=] when=122872097476000
11-10 09:33:51.272 3403-3826/? I/InputDispatcher: Delivering touch to (7449): action: 0x1, toolType: 1
11-10 09:33:51.272 7449-7449/? D/jisu: mMiniKeyboardOnScreen=false, pointerCount=1, action=2, eventTime122872088, index=0, id=0
11-10 09:33:51.272 7449-7449/? D/ViewRootImpl: ViewPostImeInputStage processPointer 1
11-10 09:33:51.272 7449-7449/? D/jisu: mMiniKeyboardOnScreen=false, pointerCount=1, action=1, eventTime122872097, index=0, id=0
11-10 09:33:51.282 7449-7449/? I/SamsungIME: [AKV] detectAndSendKey - index : 11, mCurrentInputMethod : 0, mInputLanguage : 1701726018
11-10 09:33:51.282 7449-7449/? E/SamsungIME: SwiftkeyWrapper-inputKey
11-10 09:33:51.282 3003-3003/? D/libEGL: eglInitialize EGLDisplay = 0x7fc20bb448
11-10 09:33:51.282 7449-7449/? E/SamsungIME: updateSuggestionDelay
11-10 09:33:51.282 7449-7449/? E/SamsungIME: - onDraw() called
11-10 09:33:51.282 3403-3541/? D/KnoxTimeoutHandler: notifyActivityDrawn [MsgParam] userId: 0 fullscreen is true showWhenlocked is false
11-10 09:33:51.282 3403-3403/? D/KnoxTimeoutHandler: activityDrawn [MsgParam] userId: 0 fullscreen is true showWhenlocked is false
11-10 09:33:51.292 3403-3403/? I/KnoxTimeoutHandler: SD activityfalse
11-10 09:33:51.312 3403-4050/? V/WindowStateAnimator: Finishing drawing window Window{e34ec28 u0 d0 PopupWindow:dd3d822}: mDrawState=HAS_DRAWN
11-10 09:33:51.312 3003-3003/? D/libEGL: eglInitialize EGLDisplay = 0x7fc20bb448
11-10 09:33:51.312 7449-7449/? D/SamsungIME: [SIIC] getCursorCapsMode without ic done
11-10 09:33:51.332 8805-8805/acr.browser.barebones W/DisplayListCanvas: DisplayListCanvas is started on unbinded RenderNode (without mOwningView)
11-10 09:33:51.442 3403-3827/? D/InputReader: Input event(4): value=1 when=122872265613000
11-10 09:33:51.442 3403-3827/? D/InputReader: Input event(4): value=1 when=122872265613000
11-10 09:33:51.442 3403-3827/? I/InputReader: Touch event's action is 0x0 (deviceType=0) [pCnt=1, s=0.7190 ] when=122872265613000
11-10 09:33:51.442 3403-3827/? D/InputReader: lastThreadEndTime = 122872098068999, currentThreadStartTime = 122872098077038, diff = 0
11-10 09:33:51.442 3403-3826/? I/InputDispatcher: Delivering touch to (3945): action: 0x4, toolType: 1
11-10 09:33:51.442 3403-3826/? I/InputDispatcher: Delivering touch to (7449): action: 0x0, toolType: 1
11-10 09:33:51.442 7449-7449/? D/ViewRootImpl: ViewPostImeInputStage processPointer 0
11-10 09:33:51.442 7449-7449/? D/jisu: mMiniKeyboardOnScreen=false, pointerCount=1, action=0, eventTime122872265, index=0, id=0
11-10 09:33:51.442 7449-7733/? D/SamsungIME: vib call
11-10 09:33:51.452 7449-7733/? V/Vibrator: Called vibrate(int, int, AudioAttributes, MagnitudeTypes) API - PUID: 10138, repeat: -1, PackageName: com.sec.android.inputmethod, MagnitudeType: TouchMagnitude
11-10 09:33:51.452 7449-7733/? V/Vibrator: vibrate - PUID: 10138, PackageName: com.sec.android.inputmethod, type: 50025, repeat: -1, mag: 6000, AudioAttr : null
11-10 09:33:51.452 3403-3991/? V/VibratorService: vibratePatternMagnitude - package: com.sec.android.inputmethod, repeat: -1, token: android.os.BinderProxy@5610f1a, mag: 6000
11-10 09:33:51.452 3403-3991/? D/VibratorService: Turning vibrator off
11-10 09:33:51.452 3403-8918/? D/VibratorService: vibratorOn() : 7ms, magnitude :6000
11-10 09:33:51.462 7449-7449/? D/jisu: mMiniKeyboardOnScreen=false, pointerCount=1, action=2, eventTime122872279, index=0, id=0
11-10 09:33:51.462 7449-7449/? E/SamsungIME: - onDraw() called
11-10 09:33:51.482 7449-7449/? D/jisu: mMiniKeyboardOnScreen=false, pointerCount=1, action=2, eventTime122872296, index=0, id=0
11-10 09:33:51.492 7449-7449/? D/jisu: mMiniKeyboardOnScreen=false, pointerCount=1, action=2, eventTime122872311, index=0, id=0
11-10 09:33:51.502 3403-3827/? D/InputReader: Input event(4): value=0 when=122872322804000
11-10 09:33:51.502 3403-3827/? D/InputReader: Input event(4): value=0 when=122872322804000
11-10 09:33:51.502 3403-3827/? I/InputReader: Touch event's action is 0x1 (deviceType=0) [pCnt=1, s=] when=122872322804000
11-10 09:33:51.502 3403-3826/? I/InputDispatcher: Delivering touch to (7449): action: 0x1, toolType: 1
11-10 09:33:51.502 7449-7449/? D/ViewRootImpl: ViewPostImeInputStage processPointer 1
11-10 09:33:51.502 7449-7449/? D/jisu: mMiniKeyboardOnScreen=false, pointerCount=1, action=1, eventTime122872322, index=0, id=0
11-10 09:33:51.502 7449-7449/? I/SamsungIME: [AKV] detectAndSendKey - index : 11, mCurrentInputMethod : 0, mInputLanguage : 1701726018
11-10 09:33:51.502 7449-7449/? E/SamsungIME: SwiftkeyWrapper-inputKey
11-10 09:33:51.502 7449-7449/? E/SamsungIME: updateSuggestionDelay
11-10 09:33:51.512 7449-7449/? E/SamsungIME: - onDraw() called
11-10 09:33:51.512 8805-8805/acr.browser.barebones W/DisplayListCanvas: DisplayListCanvas is started on unbinded RenderNode (without mOwningView)
11-10 09:33:51.522 7449-7449/? D/SamsungIME: [SIIC] getCursorCapsMode without ic done
11-10 09:33:51.592 3003-3003/? D/libEGL: eglInitialize EGLDisplay = 0x7fc20bb448
11-10 09:33:51.882 7449-7449/? D/SamsungIME: Skip dismiss ExpandCandidate. it will be post-invalidated later
11-10 09:33:51.882 7449-7449/? D/SamsungIME_UnifiedIME: AbstractCandidateLayout, getView position value is get view 0
11-10 09:33:51.882 7449-7449/? D/SamsungIME: < REMOVE TEST > isNextWordPredictionSymbol 1: true
11-10 09:33:51.882 7449-7449/? D/SamsungIME_UnifiedIME: AbstractCandidateLayout, getView position value is get view 1
11-10 09:33:51.882 7449-7449/? D/SamsungIME_UnifiedIME: AbstractCandidateLayout, getView position value is get view 2
11-10 09:33:51.892 7449-7449/? D/SamsungIME: < REMOVE TEST > isNextWordPredictionSymbol 1: true
