11-10 09:33:52.282 3403-3827/? D/InputReader: Input event(4): value=1 when=122873105115000
11-10 09:33:52.282 3403-3827/? D/InputReader: Input event(4): value=1 when=122873105115000
11-10 09:33:52.282 3403-3827/? I/InputReader: Touch event's action is 0x0 (deviceType=0) [pCnt=1, s=0.7191 ] when=122873105115000
11-10 09:33:52.282 3403-3827/? D/InputReader: lastThreadEndTime = 122872323068307, currentThreadStartTime = 122872323071614, diff = 0
11-10 09:33:52.282 3403-3826/? I/InputDispatcher: Delivering touch to (3945): action: 0x4, toolType: 1
11-10 09:33:52.282 3403-3826/? I/InputDispatcher: Delivering touch to (7449): action: 0x0, toolType: 1
11-10 09:33:52.282 7449-7449/? D/ViewRootImpl: ViewPostImeInputStage processPointer 0
11-10 09:33:52.282 7449-7449/? D/jisu: mMiniKeyboardOnScreen=false, pointerCount=1, action=0, eventTime122873105, index=0, id=0
11-10 09:33:52.292 7449-7733/? D/SamsungIME: vib call
11-10 09:33:52.292 7449-7733/? V/Vibrator: Called vibrate(int, int, AudioAttributes, MagnitudeTypes) API - PUID: 10138, repeat: -1, PackageName: com.sec.android.inputmethod, MagnitudeType: TouchMagnitude
11-10 09:33:52.292 7449-7733/? V/Vibrator: vibrate - PUID: 10138, PackageName: com.sec.android.inputmethod, type: 50025, repeat: -1, mag: 6000, AudioAttr : null
11-10 09:33:52.292 3403-4813/? V/VibratorService: vibratePatternMagnitude - package: com.sec.android.inputmethod, repeat: -1, token: android.os.BinderProxy@5610f1a, mag: 6000
11-10 09:33:52.292 3403-4813/? D/VibratorService: Turning vibrator off
11-10 09:33:52.292 3403-8920/? D/VibratorService: vibratorOn() : 7ms, magnitude :6000
11-10 09:33:52.302 7449-7449/? D/jisu: mMiniKeyboardOnScreen=false, pointerCount=1, action=2, eventTime122873118, index=0, id=0
11-10 09:33:52.302 7449-7449/? E/SamsungIME: - onDraw() called
11-10 09:33:52.322 3403-3827/? D/InputReader: Input event(4): value=0 when=122873145033000
11-10 09:33:52.322 3403-3827/? D/InputReader: Input event(4): value=0 when=122873145033000
11-10 09:33:52.322 3403-3827/? I/InputReader: Touch event's action is 0x1 (deviceType=0) [pCnt=1, s=] when=122873145033000
11-10 09:33:52.322 3403-3826/? I/InputDispatcher: Delivering touch to (7449): action: 0x1, toolType: 1
11-10 09:33:52.322 7449-7449/? D/jisu: mMiniKeyboardOnScreen=false, pointerCount=1, action=2, eventTime122873129, index=0, id=0
11-10 09:33:52.322 7449-7449/? D/ViewRootImpl: ViewPostImeInputStage processPointer 1
11-10 09:33:52.322 7449-7449/? D/jisu: mMiniKeyboardOnScreen=false, pointerCount=1, action=1, eventTime122873145, index=0, id=0
11-10 09:33:52.322 7449-7449/? I/SamsungIME: [AKV] detectAndSendKey - index : 42, mCurrentInputMethod : 0, mInputLanguage : 1701726018
11-10 09:33:52.332 7449-7449/? E/SamsungIME: - onDraw() called
11-10 09:33:52.332 8805-8805/acr.browser.barebones W/DisplayListCanvas: DisplayListCanvas is started on unbinded RenderNode (without mOwningView)
11-10 09:33:52.352 8805-8805/acr.browser.barebones W/DisplayListCanvas: DisplayListCanvas is started on unbinded RenderNode (without mOwningView)
11-10 09:33:52.362 7449-7449/? D/SamsungIME: SwiftkeyWrapper-checkCurrentSequence : use IC
11-10 09:33:52.412 7449-7449/? D/SamsungIME: Skip dismiss ExpandCandidate. it will be post-invalidated later
11-10 09:33:52.422 7449-7449/? D/SamsungIME_UnifiedIME: AbstractCandidateLayout, getView position value is get view 0
11-10 09:33:52.422 7449-7449/? D/SamsungIME: < REMOVE TEST > isNextWordPredictionSymbol 1: false
11-10 09:33:52.422 7449-7449/? D/SamsungIME_UnifiedIME: AbstractCandidateLayout, getView position value is get view 1
11-10 09:33:52.422 7449-7449/? D/SamsungIME_UnifiedIME: AbstractCandidateLayout, getView position value is get view 2
11-10 09:33:52.422 7449-7449/? D/SamsungIME: < REMOVE TEST > isNextWordPredictionSymbol 1: false
11-10 09:33:52.902 3403-3827/? D/InputReader: Input event(4): value=1 when=122873727549000
11-10 09:33:52.902 3403-3827/? D/InputReader: Input event(4): value=1 when=122873727549000
11-10 09:33:52.902 3403-3827/? I/InputReader: Touch event's action is 0x0 (deviceType=0) [pCnt=1, s=0.7192 ] when=122873727549000
11-10 09:33:52.902 3403-3827/? D/InputReader: lastThreadEndTime = 122873145547152, currentThreadStartTime = 122873145551729, diff = 0
11-10 09:33:52.902 3403-3826/? I/InputDispatcher: Delivering touch to (3945): action: 0x4, toolType: 1
11-10 09:33:52.902 3403-3826/? I/InputDispatcher: Delivering touch to (7449): action: 0x0, toolType: 1
11-10 09:33:52.912 7449-7449/? D/ViewRootImpl: ViewPostImeInputStage processPointer 0
11-10 09:33:52.912 7449-7449/? D/jisu: mMiniKeyboardOnScreen=false, pointerCount=1, action=0, eventTime122873727, index=0, id=0
11-10 09:33:52.912 7449-7733/? D/SamsungIME: vib call
11-10 09:33:52.912 7449-7733/? V/Vibrator: Called vibrate(int, int, AudioAttributes, MagnitudeTypes) API - PUID: 10138, repeat: -1, PackageName: com.sec.android.inputmethod, MagnitudeType: TouchMagnitude
11-10 09:33:52.912 7449-7733/? V/Vibrator: vibrate - PUID: 10138, PackageName: com.sec.android.inputmethod, type: 50025, repeat: -1, mag: 6000, AudioAttr : null
11-10 09:33:52.912 3403-3437/? V/VibratorService: vibratePatternMagnitude - package: com.sec.android.inputmethod, repeat: -1, token: android.os.BinderProxy@5610f1a, mag: 6000
11-10 09:33:52.912 3403-3437/? D/VibratorService: Turning vibrator off
11-10 09:33:52.922 3403-8921/? D/VibratorService: vibratorOn() : 7ms, magnitude :6000
11-10 09:33:52.932 7449-7449/? D/jisu: mMiniKeyboardOnScreen=false, pointerCount=1, action=2, eventTime122873738, index=0, id=0
11-10 09:33:52.932 7449-7449/? E/SamsungIME: - onDraw() called
11-10 09:33:52.932 3403-3827/? D/InputReader: Input event(4): value=0 when=122873759565000
11-10 09:33:52.932 3403-3827/? D/InputReader: Input event(4): value=0 when=122873759565000
11-10 09:33:52.932 3403-3827/? I/InputReader: Touch event's action is 0x1 (deviceType=0) [pCnt=1, s=] when=122873759565000
11-10 09:33:52.942 3403-3826/? I/InputDispatcher: Delivering touch to (7449): action: 0x1, toolType: 1
11-10 09:33:52.942 7449-7449/? D/jisu: mMiniKeyboardOnScreen=false, pointerCount=1, action=2, eventTime122873744, index=0, id=0
11-10 09:33:52.942 7449-7449/? D/ViewRootImpl: ViewPostImeInputStage processPointer 1
11-10 09:33:52.942 7449-7449/? D/jisu: mMiniKeyboardOnScreen=false, pointerCount=1, action=1, eventTime122873759, index=0, id=0
11-10 09:33:52.952 7449-7449/? I/SamsungIME: [AKV] detectAndSendKey - index : 34, mCurrentInputMethod : 0, mInputLanguage : 1701726018
11-10 09:33:52.952 7449-7449/? E/SamsungIME: SwiftkeyWrapper-inputKey
11-10 09:33:52.982 7449-7449/? E/SamsungIME: updateSuggestionDelay
11-10 09:33:52.982 7449-7449/? E/SamsungIME: - onDraw() called
11-10 09:33:52.992 7449-7449/? D/SamsungIME: [SIIC] getCursorCapsMode without ic done
11-10 09:33:53.002 8805-8805/acr.browser.barebones W/DisplayListCanvas: DisplayListCanvas is started on unbinded RenderNode (without mOwningView)
11-10 09:33:53.402 7449-7449/? D/SamsungIME: Skip dismiss ExpandCandidate. it will be post-invalidated later
11-10 09:33:53.412 7449-7449/? D/SamsungIME_UnifiedIME: AbstractCandidateLayout, getView position value is get view 0
11-10 09:33:53.412 7449-7449/? D/SamsungIME: < REMOVE TEST > isNextWordPredictionSymbol 1: true
11-10 09:33:53.412 7449-7449/? D/SamsungIME_UnifiedIME: AbstractCandidateLayout, getView position value is get view 1
11-10 09:33:53.412 7449-7449/? D/SamsungIME_UnifiedIME: AbstractCandidateLayout, getView position value is get view 2
11-10 09:33:53.412 7449-7449/? D/SamsungIME: < REMOVE TEST > isNextWordPredictionSymbol 1: true
11-10 09:33:53.522 3403-3827/? D/InputReader: Input event(4): value=1 when=122874343453000
11-10 09:33:53.522 3403-3827/? D/InputReader: Input event(4): value=1 when=122874343453000
11-10 09:33:53.522 3403-3827/? I/InputReader: Touch event's action is 0x0 (deviceType=0) [pCnt=1, s=0.7193 ] when=122874343453000
11-10 09:33:53.522 3403-3827/? D/InputReader: lastThreadEndTime = 122873759869229, currentThreadStartTime = 122873759873190, diff = 0
11-10 09:33:53.522 3403-3826/? I/InputDispatcher: Delivering touch to (3945): action: 0x4, toolType: 1
11-10 09:33:53.522 3403-3826/? I/InputDispatcher: Delivering touch to (7449): action: 0x0, toolType: 1
11-10 09:33:53.522 3403-3826/? D/PowerManagerService: [api] userActivityFromNative : 210 (event: 2 flags: 0) eventTime = 122874343
11-10 09:33:53.522 7449-7449/? D/ViewRootImpl: ViewPostImeInputStage processPointer 0
11-10 09:33:53.522 7449-7449/? D/jisu: mMiniKeyboardOnScreen=false, pointerCount=1, action=0, eventTime122874343, index=0, id=0
11-10 09:33:53.532 7449-7733/? D/SamsungIME: vib call
11-10 09:33:53.532 7449-7733/? V/Vibrator: Called vibrate(int, int, AudioAttributes, MagnitudeTypes) API - PUID: 10138, repeat: -1, PackageName: com.sec.android.inputmethod, MagnitudeType: TouchMagnitude
11-10 09:33:53.532 7449-7733/? V/Vibrator: vibrate - PUID: 10138, PackageName: com.sec.android.inputmethod, type: 50025, repeat: -1, mag: 6000, AudioAttr : null
11-10 09:33:53.532 3403-3436/? V/VibratorService: vibratePatternMagnitude - package: com.sec.android.inputmethod, repeat: -1, token: android.os.BinderProxy@5610f1a, mag: 6000
11-10 09:33:53.532 3403-3436/? D/VibratorService: Turning vibrator off
11-10 09:33:53.532 3403-8922/? D/VibratorService: vibratorOn() : 7ms, magnitude :6000
11-10 09:33:53.542 7449-7449/? E/SamsungIME: - onDraw() called
11-10 09:33:53.562 7449-7449/? D/jisu: mMiniKeyboardOnScreen=false, pointerCount=1, action=2, eventTime122874360, index=0, id=0
11-10 09:33:53.562 3403-3827/? D/InputReader: Input event(4): value=0 when=122874382906000
11-10 09:33:53.562 3403-3827/? D/InputReader: Input event(4): value=0 when=122874382906000
11-10 09:33:53.562 3403-3827/? I/InputReader: Touch event's action is 0x1 (deviceType=0) [pCnt=1, s=] when=122874382906000
11-10 09:33:53.562 3403-3826/? I/InputDispatcher: Delivering touch to (7449): action: 0x1, toolType: 1
11-10 09:33:53.562 7449-7449/? D/jisu: mMiniKeyboardOnScreen=false, pointerCount=1, action=2, eventTime122874375, index=0, id=0
11-10 09:33:53.562 7449-7449/? D/ViewRootImpl: ViewPostImeInputStage processPointer 1
11-10 09:33:53.562 7449-7449/? D/jisu: mMiniKeyboardOnScreen=false, pointerCount=1, action=1, eventTime122874382, index=0, id=0
11-10 09:33:53.562 7449-7449/? I/SamsungIME: [AKV] detectAndSendKey - index : 20, mCurrentInputMethod : 0, mInputLanguage : 1701726018
11-10 09:33:53.562 7449-7449/? E/SamsungIME: SwiftkeyWrapper-inputKey
11-10 09:33:53.562 7449-7449/? E/SamsungIME: updateSuggestionDelay
11-10 09:33:53.562 7449-7449/? E/SamsungIME: - onDraw() called
11-10 09:33:53.572 7449-7449/? D/SamsungIME: [SIIC] getCursorCapsMode without ic done
11-10 09:33:53.582 8805-8805/acr.browser.barebones W/DisplayListCanvas: DisplayListCanvas is started on unbinded RenderNode (without mOwningView)
11-10 09:33:53.952 7449-7449/? D/SamsungIME: Skip dismiss ExpandCandidate. it will be post-invalidated later
11-10 09:33:53.962 7449-7449/? D/SamsungIME_UnifiedIME: AbstractCandidateLayout, getView position value is get view 0
11-10 09:33:53.962 7449-7449/? D/SamsungIME: < REMOVE TEST > isNextWordPredictionSymbol 1: true
11-10 09:33:53.962 7449-7449/? D/SamsungIME_UnifiedIME: AbstractCandidateLayout, getView position value is get view 1
11-10 09:33:53.962 7449-7449/? D/SamsungIME: < REMOVE TEST > isNextWordPredictionSymbol 1: true
11-10 09:33:53.962 7449-7449/? D/SamsungIME_UnifiedIME: AbstractCandidateLayout, getView position value is get view 2
11-10 09:33:53.972 7449-7449/? D/SamsungIME: < REMOVE TEST > isNextWordPredictionSymbol 1: true
11-10 09:33:54.042 3403-4421/? D/BatteryService: !@BatteryListener : batteryPropertiesChanged!
11-10 09:33:54.042 3403-4421/? D/BatteryService: level:51, scale:100, status:2, health:2, present:true, voltage: 3867, temperature: 281, technology: Li-ion, AC powered:false, USB powered:true, POGO powered:false, Wireless powered:false, icon:17303413, invalid charger:0, maxChargingCurrent:0
11-10 09:33:54.042 3403-4421/? D/BatteryService: online:4, current avg:152, charge type:1, power sharing:false, high voltage charger:false, capacity:280000, batterySWSelfDischarging:false, current_now:277
11-10 09:33:54.042 3403-3403/? D/BatteryService: Sending ACTION_BATTERY_CHANGED.
11-10 09:33:54.042 3403-3403/? I/MotionRecognitionService: Plugged
11-10 09:33:54.042 3403-3403/? D/MotionRecognitionService: cableConnection= 1
11-10 09:33:54.042 3403-3403/? D/MotionRecognitionService: setPowerConnected | current backoffstate = 1024 , state =1024
11-10 09:33:54.042 3403-3403/? D/MotionRecognitionService: skip setTransmitPower.
11-10 09:33:54.052 3403-3858/? D/WifiController: ApOrStaEnabledState msg.what= 155652
11-10 09:33:54.052 3945-3945/? D/KeyguardUpdateMonitor: received broadcast android.intent.action.BATTERY_CHANGED
11-10 09:33:54.052 3945-3945/? D/KeyguardUpdateMonitor: handleBatteryUpdate
11-10 09:33:54.052 3945-3945/? D/PowerUI: priorPlugType = 2 mPlugType = 2
11-10 09:33:54.052 3945-3945/? D/PowerUI.Notification: showChargingNotice oldChargingType : 1 currentChargingType : 1 oldChargingTime : 11242000 mChargingTime : 11242000
11-10 09:33:54.052 3945-3945/? D/PowerUI.Notification: There is no change about charging status, so return!
11-10 09:33:54.062 3945-3945/? D/BatteryMeterView: ACTION_BATTERY_CHANGED : level:51 status:2 health:2
11-10 09:33:54.062 4444-4444/? D/CommonServiceConfiguration: getStringValueSetting
11-10 09:33:54.072 3403-3827/? D/InputReader: Input event(4): value=1 when=122874894771000
11-10 09:33:54.072 3403-3827/? D/InputReader: Input event(4): value=1 when=122874894771000
11-10 09:33:54.072 3403-3827/? I/InputReader: Touch event's action is 0x0 (deviceType=0) [pCnt=1, s=0.7194 ] when=122874894771000
11-10 09:33:54.072 3403-3827/? D/InputReader: lastThreadEndTime = 122874383223959, currentThreadStartTime = 122874383228690, diff = 0
11-10 09:33:54.072 3403-3826/? I/InputDispatcher: Delivering touch to (3945): action: 0x4, toolType: 1
11-10 09:33:54.072 3403-3826/? I/InputDispatcher: Delivering touch to (7449): action: 0x0, toolType: 1
11-10 09:33:54.072 7449-7449/? D/ViewRootImpl: ViewPostImeInputStage processPointer 0
11-10 09:33:54.072 7449-7449/? D/jisu: mMiniKeyboardOnScreen=false, pointerCount=1, action=0, eventTime122874894, index=0, id=0
11-10 09:33:54.072 7449-7733/? D/SamsungIME: vib call
11-10 09:33:54.072 7449-7733/? V/Vibrator: Called vibrate(int, int, AudioAttributes, MagnitudeTypes) API - PUID: 10138, repeat: -1, PackageName: com.sec.android.inputmethod, MagnitudeType: TouchMagnitude
11-10 09:33:54.082 7449-7733/? V/Vibrator: vibrate - PUID: 10138, PackageName: com.sec.android.inputmethod, type: 50025, repeat: -1, mag: 6000, AudioAttr : null
11-10 09:33:54.082 4444-4444/? D/BatteryMonitor: new battery level: 51
11-10 09:33:54.082 3403-4421/? V/VibratorService: vibratePatternMagnitude - package: com.sec.android.inputmethod, repeat: -1, token: android.os.BinderProxy@5610f1a, mag: 6000
11-10 09:33:54.082 3945-3945/? D/BatteryMeterView: ACTION_BATTERY_CHANGED : level:51 status:2 health:2
11-10 09:33:54.082 3403-4421/? D/VibratorService: Turning vibrator off
11-10 09:33:54.082 3403-8924/? D/VibratorService: vibratorOn() : 7ms, magnitude :6000
11-10 09:33:54.092 7449-7449/? E/SamsungIME: - onDraw() called
11-10 09:33:54.112 7449-7449/? D/jisu: mMiniKeyboardOnScreen=false, pointerCount=1, action=2, eventTime122874912, index=0, id=0
11-10 09:33:54.112 7449-7449/? D/jisu: mMiniKeyboardOnScreen=false, pointerCount=1, action=2, eventTime122874929, index=0, id=0
11-10 09:33:54.122 3403-3827/? D/InputReader: Input event(4): value=0 when=122874944913000
11-10 09:33:54.122 3403-3827/? D/InputReader: Input event(4): value=0 when=122874944913000
11-10 09:33:54.122 3403-3827/? I/InputReader: Touch event's action is 0x1 (deviceType=0) [pCnt=1, s=] when=122874944913000
11-10 09:33:54.122 3403-3826/? I/InputDispatcher: Delivering touch to (7449): action: 0x1, toolType: 1
11-10 09:33:54.122 7449-7449/? D/ViewRootImpl: ViewPostImeInputStage processPointer 1
11-10 09:33:54.122 7449-7449/? D/jisu: mMiniKeyboardOnScreen=false, pointerCount=1, action=1, eventTime122874944, index=0, id=0
11-10 09:33:54.122 7449-7449/? I/SamsungIME: [AKV] detectAndSendKey - index : 17, mCurrentInputMethod : 0, mInputLanguage : 1701726018
11-10 09:33:54.122 7449-7449/? E/SamsungIME: SwiftkeyWrapper-inputKey
11-10 09:33:54.122 7449-7449/? E/SamsungIME: updateSuggestionDelay
11-10 09:33:54.132 7449-7449/? E/SamsungIME: - onDraw() called
11-10 09:33:54.132 8805-8805/acr.browser.barebones W/DisplayListCanvas: DisplayListCanvas is started on unbinded RenderNode (without mOwningView)
11-10 09:33:54.142 7449-7449/? D/SamsungIME: [SIIC] getCursorCapsMode without ic done
11-10 09:33:54.502 7449-7449/? D/SamsungIME: Skip dismiss ExpandCandidate. it will be post-invalidated later
11-10 09:33:54.522 7449-7449/? D/SamsungIME_UnifiedIME: AbstractCandidateLayout, getView position value is get view 0
11-10 09:33:54.522 7449-7449/? D/SamsungIME: < REMOVE TEST > isNextWordPredictionSymbol 1: true
11-10 09:33:54.522 7449-7449/? D/SamsungIME_UnifiedIME: AbstractCandidateLayout, getView position value is get view 1
11-10 09:33:54.522 7449-7449/? D/SamsungIME: < REMOVE TEST > isNextWordPredictionSymbol 1: true
11-10 09:33:54.522 7449-7449/? D/SamsungIME_UnifiedIME: AbstractCandidateLayout, getView position value is get view 2
11-10 09:33:54.522 7449-7449/? D/SamsungIME: < REMOVE TEST > isNextWordPredictionSymbol 1: true
11-10 09:33:54.692 3403-3827/? D/InputReader: Input event(4): value=1 when=122875516741000
11-10 09:33:54.692 3403-3827/? D/InputReader: Input event(4): value=1 when=122875516741000
11-10 09:33:54.692 3403-3827/? I/InputReader: Touch event's action is 0x0 (deviceType=0) [pCnt=1, s=0.7195 ] when=122875516741000
11-10 09:33:54.692 3403-3827/? D/InputReader: lastThreadEndTime = 122874945197536, currentThreadStartTime = 122874945201459, diff = 0
11-10 09:33:54.692 3403-3826/? I/InputDispatcher: Delivering touch to (3945): action: 0x4, toolType: 1
11-10 09:33:54.692 3403-3826/? I/InputDispatcher: Delivering touch to (7449): action: 0x0, toolType: 1
11-10 09:33:54.692 7449-7449/? D/ViewRootImpl: ViewPostImeInputStage processPointer 0
11-10 09:33:54.692 7449-7449/? D/jisu: mMiniKeyboardOnScreen=false, pointerCount=1, action=0, eventTime122875516, index=0, id=0
11-10 09:33:54.702 7449-7733/? D/SamsungIME: vib call
11-10 09:33:54.702 7449-7733/? V/Vibrator: Called vibrate(int, int, AudioAttributes, MagnitudeTypes) API - PUID: 10138, repeat: -1, PackageName: com.sec.android.inputmethod, MagnitudeType: TouchMagnitude
11-10 09:33:54.702 7449-7733/? V/Vibrator: vibrate - PUID: 10138, PackageName: com.sec.android.inputmethod, type: 50025, repeat: -1, mag: 6000, AudioAttr : null
11-10 09:33:54.702 3403-3436/? V/VibratorService: vibratePatternMagnitude - package: com.sec.android.inputmethod, repeat: -1, token: android.os.BinderProxy@5610f1a, mag: 6000
11-10 09:33:54.702 3403-3436/? D/VibratorService: Turning vibrator off
11-10 09:33:54.702 3403-8925/? D/VibratorService: vibratorOn() : 7ms, magnitude :6000
11-10 09:33:54.712 7449-7449/? E/SamsungIME: - onDraw() called
11-10 09:33:54.722 3403-3827/? D/InputReader: Input event(4): value=0 when=122875541458000
11-10 09:33:54.722 3403-3827/? D/InputReader: Input event(4): value=0 when=122875541458000
11-10 09:33:54.722 3403-3827/? I/InputReader: Touch event's action is 0x1 (deviceType=0) [pCnt=1, s=] when=122875541458000
11-10 09:33:54.722 3403-3826/? I/InputDispatcher: Delivering touch to (7449): action: 0x1, toolType: 1
11-10 09:33:54.722 7449-7449/? D/jisu: mMiniKeyboardOnScreen=false, pointerCount=1, action=2, eventTime122875525, index=0, id=0
11-10 09:33:54.722 7449-7449/? D/ViewRootImpl: ViewPostImeInputStage processPointer 1
11-10 09:33:54.722 7449-7449/? D/jisu: mMiniKeyboardOnScreen=false, pointerCount=1, action=1, eventTime122875541, index=0, id=0
11-10 09:33:54.722 7449-7449/? I/SamsungIME: [AKV] detectAndSendKey - index : 22, mCurrentInputMethod : 0, mInputLanguage : 1701726018
11-10 09:33:54.722 7449-7449/? E/SamsungIME: SwiftkeyWrapper-inputKey
11-10 09:33:54.722 7449-7449/? E/SamsungIME: updateSuggestionDelay
11-10 09:33:54.722 7449-7449/? E/SamsungIME: - onDraw() called
11-10 09:33:54.732 8805-8805/acr.browser.barebones W/DisplayListCanvas: DisplayListCanvas is started on unbinded RenderNode (without mOwningView)
11-10 09:33:54.742 7449-7449/? D/SamsungIME: [SIIC] getCursorCapsMode without ic done
11-10 09:33:55.102 7449-7449/? D/SamsungIME: Skip dismiss ExpandCandidate. it will be post-invalidated later
11-10 09:33:55.122 7449-7449/? D/SamsungIME_UnifiedIME: AbstractCandidateLayout, getView position value is get view 0
11-10 09:33:55.122 7449-7449/? D/SamsungIME: < REMOVE TEST > isNextWordPredictionSymbol 1: true
11-10 09:33:55.122 7449-7449/? D/SamsungIME_UnifiedIME: AbstractCandidateLayout, getView position value is get view 1
11-10 09:33:55.132 7449-7449/? D/SamsungIME: < REMOVE TEST > isNextWordPredictionSymbol 1: true
11-10 09:33:55.132 7449-7449/? D/SamsungIME_UnifiedIME: AbstractCandidateLayout, getView position value is get view 2
11-10 09:33:55.132 7449-7449/? D/SamsungIME: < REMOVE TEST > isNextWordPredictionSymbol 1: true
11-10 09:33:55.282 3403-3827/? D/InputReader: Input event(4): value=1 when=122876103203000
11-10 09:33:55.282 3403-3827/? D/InputReader: Input event(4): value=1 when=122876103203000
11-10 09:33:55.282 3403-3827/? I/InputReader: Touch event's action is 0x0 (deviceType=0) [pCnt=1, s=0.7196 ] when=122876103203000
11-10 09:33:55.282 3403-3827/? D/InputReader: lastThreadEndTime = 122875541787574, currentThreadStartTime = 122875541792574, diff = 0
11-10 09:33:55.282 3403-3826/? I/InputDispatcher: Delivering touch to (3945): action: 0x4, toolType: 1
11-10 09:33:55.282 3403-3826/? I/InputDispatcher: Delivering touch to (7449): action: 0x0, toolType: 1
11-10 09:33:55.282 7449-7449/? D/ViewRootImpl: ViewPostImeInputStage processPointer 0
11-10 09:33:55.282 7449-7449/? D/jisu: mMiniKeyboardOnScreen=false, pointerCount=1, action=0, eventTime122876103, index=0, id=0
11-10 09:33:55.282 7449-7733/? D/SamsungIME: vib call
11-10 09:33:55.282 7449-7733/? V/Vibrator: Called vibrate(int, int, AudioAttributes, MagnitudeTypes) API - PUID: 10138, repeat: -1, PackageName: com.sec.android.inputmethod, MagnitudeType: TouchMagnitude
11-10 09:33:55.282 7449-7733/? V/Vibrator: vibrate - PUID: 10138, PackageName: com.sec.android.inputmethod, type: 50025, repeat: -1, mag: 6000, AudioAttr : null
11-10 09:33:55.282 3403-4813/? V/VibratorService: vibratePatternMagnitude - package: com.sec.android.inputmethod, repeat: -1, token: android.os.BinderProxy@5610f1a, mag: 6000
11-10 09:33:55.282 3403-4813/? D/VibratorService: Turning vibrator off
11-10 09:33:55.292 3403-8926/? D/VibratorService: vibratorOn() : 7ms, magnitude :6000
11-10 09:33:55.292 7449-7449/? E/SamsungIME: - onDraw() called
11-10 09:33:55.312 7449-7449/? D/jisu: mMiniKeyboardOnScreen=false, pointerCount=1, action=2, eventTime122876120, index=0, id=0
11-10 09:33:55.322 7449-7449/? D/jisu: mMiniKeyboardOnScreen=false, pointerCount=1, action=2, eventTime122876137, index=0, id=0
11-10 09:33:55.332 3403-3827/? D/InputReader: Input event(4): value=0 when=122876151774000
11-10 09:33:55.332 3403-3827/? D/InputReader: Input event(4): value=0 when=122876151774000
11-10 09:33:55.332 3403-3827/? I/InputReader: Touch event's action is 0x1 (deviceType=0) [pCnt=1, s=] when=122876151774000
11-10 09:33:55.332 3403-3826/? I/InputDispatcher: Delivering touch to (7449): action: 0x1, toolType: 1
11-10 09:33:55.332 7449-7449/? D/ViewRootImpl: ViewPostImeInputStage processPointer 1
11-10 09:33:55.332 7449-7449/? D/jisu: mMiniKeyboardOnScreen=false, pointerCount=1, action=1, eventTime122876151, index=0, id=0
11-10 09:33:55.332 7449-7449/? I/SamsungIME: [AKV] detectAndSendKey - index : 16, mCurrentInputMethod : 0, mInputLanguage : 1701726018
11-10 09:33:55.332 7449-7449/? E/SamsungIME: SwiftkeyWrapper-inputKey
11-10 09:33:55.332 7449-7449/? E/SamsungIME: updateSuggestionDelay
11-10 09:33:55.342 7449-7449/? E/SamsungIME: - onDraw() called
11-10 09:33:55.342 8805-8805/acr.browser.barebones W/DisplayListCanvas: DisplayListCanvas is started on unbinded RenderNode (without mOwningView)
11-10 09:33:55.342 7449-7449/? D/SamsungIME: [SIIC] getCursorCapsMode without ic done
11-10 09:33:55.702 7449-7449/? D/SamsungIME: Skip dismiss ExpandCandidate. it will be post-invalidated later
11-10 09:33:55.712 7449-7449/? D/SamsungIME_UnifiedIME: AbstractCandidateLayout, getView position value is get view 0
11-10 09:33:55.712 7449-7449/? D/SamsungIME: < REMOVE TEST > isNextWordPredictionSymbol 1: true
11-10 09:33:55.712 7449-7449/? D/SamsungIME_UnifiedIME: AbstractCandidateLayout, getView position value is get view 1
11-10 09:33:55.712 7449-7449/? D/SamsungIME_UnifiedIME: AbstractCandidateLayout, getView position value is get view 2
11-10 09:33:55.712 7449-7449/? D/SamsungIME: < REMOVE TEST > isNextWordPredictionSymbol 1: true
11-10 09:33:55.752 3403-3827/? D/InputReader: Input event(4): value=1 when=122876574298000
11-10 09:33:55.752 3403-3827/? D/InputReader: Input event(4): value=1 when=122876574298000
11-10 09:33:55.752 3403-3827/? I/InputReader: Touch event's action is 0x0 (deviceType=0) [pCnt=1, s=0.7197 ] when=122876574298000
11-10 09:33:55.752 3403-3827/? D/InputReader: lastThreadEndTime = 122876152404150, currentThreadStartTime = 122876152409458, diff = 0
11-10 09:33:55.752 3403-3826/? I/InputDispatcher: Delivering touch to (3945): action: 0x4, toolType: 1
11-10 09:33:55.752 3403-3826/? I/InputDispatcher: Delivering touch to (7449): action: 0x0, toolType: 1
11-10 09:33:55.752 7449-7449/? D/ViewRootImpl: ViewPostImeInputStage processPointer 0
11-10 09:33:55.752 7449-7449/? D/jisu: mMiniKeyboardOnScreen=false, pointerCount=1, action=0, eventTime122876574, index=0, id=0
11-10 09:33:55.752 7449-7733/? D/SamsungIME: vib call
11-10 09:33:55.752 7449-7733/? V/Vibrator: Called vibrate(int, int, AudioAttributes, MagnitudeTypes) API - PUID: 10138, repeat: -1, PackageName: com.sec.android.inputmethod, MagnitudeType: TouchMagnitude
11-10 09:33:55.762 7449-7733/? V/Vibrator: vibrate - PUID: 10138, PackageName: com.sec.android.inputmethod, type: 50025, repeat: -1, mag: 6000, AudioAttr : null
11-10 09:33:55.762 3403-4420/? V/VibratorService: vibratePatternMagnitude - package: com.sec.android.inputmethod, repeat: -1, token: android.os.BinderProxy@5610f1a, mag: 6000
11-10 09:33:55.762 3403-4420/? D/VibratorService: Turning vibrator off
11-10 09:33:55.762 3403-8927/? D/VibratorService: vibratorOn() : 7ms, magnitude :6000
11-10 09:33:55.762 7449-7449/? E/SamsungIME: - onDraw() called
11-10 09:33:55.772 7449-7449/? D/jisu: mMiniKeyboardOnScreen=false, pointerCount=1, action=2, eventTime122876591, index=0, id=0
11-10 09:33:55.792 7449-7449/? D/jisu: mMiniKeyboardOnScreen=false, pointerCount=1, action=2, eventTime122876608, index=0, id=0
11-10 09:33:55.812 7449-7449/? D/jisu: mMiniKeyboardOnScreen=false, pointerCount=1, action=2, eventTime122876624, index=0, id=0
11-10 09:33:55.822 7449-7449/? D/jisu: mMiniKeyboardOnScreen=false, pointerCount=1, action=2, eventTime122876636, index=0, id=0
11-10 09:33:55.822 3403-3827/? D/InputReader: Input event(4): value=0 when=122876647898000
11-10 09:33:55.822 3403-3827/? D/InputReader: Input event(4): value=0 when=122876647898000
11-10 09:33:55.822 3403-3827/? I/InputReader: Touch event's action is 0x1 (deviceType=0) [pCnt=1, s=] when=122876647898000
11-10 09:33:55.822 3403-3826/? I/InputDispatcher: Delivering touch to (7449): action: 0x1, toolType: 1
11-10 09:33:55.822 7449-7449/? D/ViewRootImpl: ViewPostImeInputStage processPointer 1
11-10 09:33:55.822 7449-7449/? D/jisu: mMiniKeyboardOnScreen=false, pointerCount=1, action=1, eventTime122876647, index=0, id=0
11-10 09:33:55.832 7449-7449/? I/SamsungIME: [AKV] detectAndSendKey - index : 43, mCurrentInputMethod : 0, mInputLanguage : 1701726018
11-10 09:33:55.842 7449-7449/? E/SamsungIME: - onDraw() called
11-10 09:33:55.842 8805-8805/acr.browser.barebones W/DisplayListCanvas: DisplayListCanvas is started on unbinded RenderNode (without mOwningView)
11-10 09:33:55.872 7449-7449/? D/SamsungIME: SwiftkeyWrapper-checkCurrentSequence : use IC
11-10 09:33:56.022 7449-7449/? D/SamsungIME: Skip dismiss ExpandCandidate. it will be post-invalidated later
11-10 09:33:56.022 7449-7449/? D/SamsungIME_UnifiedIME: AbstractCandidateLayout, getView position value is get view 0
11-10 09:33:56.332 3403-3827/? D/InputReader: Input event(4): value=1 when=122877154950000
11-10 09:33:56.332 3403-3827/? D/InputReader: Input event(4): value=1 when=122877154950000
11-10 09:33:56.332 3403-3827/? I/InputReader: Touch event's action is 0x0 (deviceType=0) [pCnt=1, s=0.7198 ] when=122877154950000
11-10 09:33:56.332 3403-3827/? D/InputReader: lastThreadEndTime = 122876648127534, currentThreadStartTime = 122876648129727, diff = 0
11-10 09:33:56.332 3403-3826/? I/InputDispatcher: Delivering touch to (3945): action: 0x4, toolType: 1
11-10 09:33:56.332 3403-3826/? I/InputDispatcher: Delivering touch to (7449): action: 0x0, toolType: 1
11-10 09:33:56.332 7449-7449/? D/ViewRootImpl: ViewPostImeInputStage processPointer 0
11-10 09:33:56.332 7449-7449/? D/jisu: mMiniKeyboardOnScreen=false, pointerCount=1, action=0, eventTime122877154, index=0, id=0
11-10 09:33:56.332 7449-7733/? D/SamsungIME: vib call
11-10 09:33:56.332 7449-7733/? V/Vibrator: Called vibrate(int, int, AudioAttributes, MagnitudeTypes) API - PUID: 10138, repeat: -1, PackageName: com.sec.android.inputmethod, MagnitudeType: TouchMagnitude
11-10 09:33:56.342 7449-7733/? V/Vibrator: vibrate - PUID: 10138, PackageName: com.sec.android.inputmethod, type: 50025, repeat: -1, mag: 6000, AudioAttr : null
11-10 09:33:56.342 3403-3850/? V/VibratorService: vibratePatternMagnitude - package: com.sec.android.inputmethod, repeat: -1, token: android.os.BinderProxy@5610f1a, mag: 6000
11-10 09:33:56.342 3403-3850/? D/VibratorService: Turning vibrator off
11-10 09:33:56.342 3403-8928/? D/VibratorService: vibratorOn() : 7ms, magnitude :6000
11-10 09:33:56.342 7449-7449/? E/SamsungIME: - onDraw() called
11-10 09:33:56.372 3403-6849/? D/SSRM:n: SIOP:: AP = 320, PST = 301 (W:6), CP = 258, CUR = 152, LCD = 57
11-10 09:33:56.392 3403-3827/? D/InputReader: Input event(4): value=0 when=122877211572000
11-10 09:33:56.392 3403-3827/? D/InputReader: Input event(4): value=0 when=122877211572000
11-10 09:33:56.392 3403-3827/? I/InputReader: Touch event's action is 0x1 (deviceType=0) [pCnt=1, s=] when=122877211572000
11-10 09:33:56.392 3403-3826/? I/InputDispatcher: Delivering touch to (7449): action: 0x1, toolType: 1
11-10 09:33:56.392 7449-7449/? D/jisu: mMiniKeyboardOnScreen=false, pointerCount=1, action=2, eventTime122877196, index=0, id=0
11-10 09:33:56.392 7449-7449/? D/ViewRootImpl: ViewPostImeInputStage processPointer 1
11-10 09:33:56.392 7449-7449/? D/jisu: mMiniKeyboardOnScreen=false, pointerCount=1, action=1, eventTime122877211, index=0, id=0
11-10 09:33:56.392 7449-7449/? I/SamsungIME: [AKV] detectAndSendKey - index : 44, mCurrentInputMethod : 0, mInputLanguage : 1701726018
11-10 09:33:56.392 7449-7449/? D/SamsungIME: disable handwriting input icon : handwriting is not enabled or improper edit field
11-10 09:33:56.392 3403-4419/? E/BoostFramework: Exception java.lang.NullPointerException: Attempt to invoke virtual method 'java.lang.Object java.lang.reflect.Method.invoke(java.lang.Object, java.lang.Object[])' on a null object reference
11-10 09:33:56.392 7449-7449/? D/SamsungIME: disable handwriting input icon : handwriting is not enabled or improper edit field
11-10 09:33:56.402 8805-8805/acr.browser.barebones D/AdblockWebView: Stop abp loading
11-10 09:33:56.402 3403-3403/? D/LightsService: [api] [SvcLED] turnOff:: id = 6 (uid: 1000 pid: 3403)
11-10 09:33:56.402 8805-8805/acr.browser.barebones D/AdblockWebView: Stop prevent drawing, invalidating
11-10 09:33:56.402 3403-3403/? D/LightsService: [SvcLED] setSvcLedStateLocked:: SvcLEDState : 0x0 -> 0x0 | SvcLED(id=6) set Off
11-10 09:33:56.402 8805-8805/acr.browser.barebones D/AdblockWebView: Clearing referrers
11-10 09:33:56.402 3403-3555/? D/LightsService: [SvcLED] handleForcedSvcLEDTask()
11-10 09:33:56.402 3403-3403/? D/EdgeLight: Turning off
11-10 09:33:56.402 3403-3403/? D/MARsPolicyManager: NotificationListenerService OngoingNotificationRemoved : android
11-10 09:33:56.402 7449-7449/? E/KeyboardInfoUtils: getInstance start
11-10 09:33:56.402 3403-3555/? D/LightsService: [SvcLED] setSvcLedLightLocked :: Current SvcLED(id=5) maintains its priority right
11-10 09:33:56.402 7449-7449/? E/KeyboardInfoUtils: sendSIPInformation state:6 isAbstractKeyboardView : true
11-10 09:33:56.402 7449-7449/? E/KeyboardInfoUtils: sending null keyboardInfo as SIP is closed
11-10 09:33:56.402 7449-7449/? D/SamsungIME: onWindowHidden
11-10 09:33:56.402 7449-7449/? D/SamsungIME: notifyWindowStateChanged Window Hidden. AutoText consider to shutdown
11-10 09:33:56.402 3403-3403/? D/InputMethodManagerService: [HARDWARE_KEYBOARD] (refreshImeWindowVis) mImeWindowVis= 0 inputVisible = falsehaveHardKeyboard = false hardKeyShown = false
11-10 09:33:56.402 3945-3945/? D/NotificationStackScrollLayout: scroll range should be extended : 1600
11-10 09:33:56.412 3945-3945/? D/PhoneStatusBar: removeNotification key=-1|android|17040375|InputMethodManagerService_Noti|1000 old=StatusBarNotification(pkg=android user=UserHandle{-1} id=17040375 tag=InputMethodManagerService_Noti score=-20 key=-1|android|17040375|InputMethodManagerService_Noti|1000: Notification(pri=-2 contentView=android/0x10900a3 vibrate=null sound=null defaults=0x0 flags=0x1002 color=0x00000000 category=sys vis=PRIVATE secFlags=0x0 secPriority=0))
11-10 09:33:56.412 3945-3945/? D/PhoneStatusBar: setAreThereNotifications: N=2 any=true clearable=false
11-10 09:33:56.412 3945-3945/? D/NotificationStackScrollLayout: scroll range should be extended : 1600
11-10 09:33:56.422 3003-4417/? D/libEGL: eglTerminate EGLDisplay = 0x7f823fee78
11-10 09:33:56.422 3003-4417/? D/libEGL: eglTerminate EGLDisplay = 0x7f823fee78
11-10 09:33:56.442 3003-3014/? D/libEGL: eglTerminate EGLDisplay = 0x7f897fee78
11-10 09:33:56.442 3003-3014/? D/libEGL: eglTerminate EGLDisplay = 0x7f897fee78
11-10 09:33:56.442 8805-8805/acr.browser.barebones D/ViewRootImpl: #3 mView = null
11-10 09:33:56.452 8805-8805/acr.browser.barebones W/DisplayListCanvas: DisplayListCanvas is started on unbinded RenderNode (without mOwningView)
11-10 09:33:56.452 8805-8805/acr.browser.barebones D/AdblockWebView: Loading progress=10%
11-10 09:33:56.452 8805-8805/acr.browser.barebones D/AdblockWebView: Injecting script
11-10 09:33:56.452 8805-8805/acr.browser.barebones D/AdblockWebView: runScript started
11-10 09:33:56.452 8805-8805/acr.browser.barebones D/AdblockWebView: runScript finished
11-10 09:33:56.462 8805-8805/acr.browser.barebones D/ViewRootImpl: MSG_RESIZED: ci=Rect(0, 96 - 0, 0) vi=Rect(0, 96 - 0, 0) or=1
11-10 09:33:56.462 8805-8805/acr.browser.barebones W/IInputConnectionWrapper: getTextBeforeCursor on inactive InputConnection
11-10 09:33:56.462 7449-7449/? D/SamsungIME: SwiftkeyWrapper-checkCurrentSequence : use IC
11-10 09:33:56.462 8805-8836/acr.browser.barebones W/AdblockWebView: No referrer header for http://www.baidu.com/
11-10 09:33:56.462 8805-8836/acr.browser.barebones W/AdblockWebView: http://www.baidu.com/ is main frame, allow loading
11-10 09:33:56.472 3149-3635/? D/EnterpriseController: netId is 0
11-10 09:33:56.472 3149-3635/? D/Netd: getNetworkForDns: using netid 503 for uid 10253
11-10 09:33:56.562 8805-8805/acr.browser.barebones W/DisplayListCanvas: DisplayListCanvas is started on unbinded RenderNode (without mOwningView)
11-10 09:33:56.572 8805-8805/acr.browser.barebones D/AdblockWebView: Start loading http://www.baidu.com/
11-10 09:33:56.572 8805-8805/acr.browser.barebones D/AdblockWebView: Extracted domain www.baidu.com from http://www.baidu.com/
11-10 09:33:56.572 8805-8935/acr.browser.barebones D/AdblockWebView: Listed subscriptions: 3
11-10 09:33:56.572 8805-8935/acr.browser.barebones D/AdblockWebView: Subscribed to [Subscription] url=https://easylist-downloads.adblockplus.org/easylist.txt title=EasyList fixedTitle=true homepage=https://easylist.adblockplus.org/ lastDownload=1478765793 downloadStatus=synchronize_ok lastSuccess=1478765793 lastCheck=1478766152 expires=1479456993 softExpiration=1479164624 version=201611100810 requiredVersion=2.0 downloadCount=1
11-10 09:33:56.582 8805-8935/acr.browser.barebones D/AdblockWebView: Subscribed to [Subscription] url=https://easylist-downloads.adblockplus.org/easylistchina+easylist.txt title=EasyList China+EasyList fixedTitle=true homepage=http://abpchina.org/forum/ lastDownload=1478766398 downloadStatus=synchronize_ok lastSuccess=1478766398 expires=1479457598 softExpiration=1479112233 version=201611100820 requiredVersion=2.0 downloadCount=1
11-10 09:33:56.582 8805-8935/acr.browser.barebones D/AdblockWebView: Subscribed to [Subscription] url=https://easylist-downloads.adblockplus.org/exceptionrules.txt title=Allow non-intrusive advertising fixedTitle=true homepage=https://acceptableads.org/ lastDownload=1478765868 downloadStatus=synchronize_ok lastSuccess=1478765868 lastCheck=1478766152 expires=1478938668 softExpiration=1478843397 version=201611100811 requiredVersion=2.0 downloadCount=1
11-10 09:33:56.582 8805-8935/acr.browser.barebones D/AdblockWebView: Requesting elemhide selectors from AdblockEngine for http://www.baidu.com/ in Thread[Thread-1579,5,main]
11-10 09:33:56.582 8805-8805/acr.browser.barebones D/BrowserActivity: Notify Tab Changed: 0
11-10 09:33:56.582 8805-8805/acr.browser.barebones W/IInputConnectionWrapper: getSelectedText on inactive InputConnection
11-10 09:33:56.592 8805-8805/acr.browser.barebones W/DisplayListCanvas: DisplayListCanvas is started on unbinded RenderNode (without mOwningView)
11-10 09:33:56.602 8805-8805/acr.browser.barebones D/AdblockWebView: Loading progress=10%
11-10 09:33:56.602 8805-8805/acr.browser.barebones D/AdblockWebView: Injecting script
11-10 09:33:56.602 8805-8805/acr.browser.barebones D/AdblockWebView: runScript started
11-10 09:33:56.602 8805-8805/acr.browser.barebones D/AdblockWebView: runScript finished
11-10 09:33:56.602 8805-8805/acr.browser.barebones W/AdblockWebView: Start prevent drawing
11-10 09:33:56.602 8805-8805/acr.browser.barebones W/IInputConnectionWrapper: getTextAfterCursor on inactive InputConnection
11-10 09:33:56.612 8805-8805/acr.browser.barebones W/DisplayListCanvas: DisplayListCanvas is started on unbinded RenderNode (without mOwningView)
11-10 09:33:56.622 8805-8805/acr.browser.barebones W/AdblockWebView: Prevent drawing
11-10 09:33:56.632 8805-8805/acr.browser.barebones W/IInputConnectionWrapper: getExtractedText on inactive InputConnection
11-10 09:33:56.642 8805-8805/acr.browser.barebones W/AdblockWebView: Prevent drawing
11-10 09:33:56.652 8805-8805/acr.browser.barebones W/IInputConnectionWrapper: beginBatchEdit on inactive InputConnection
11-10 09:33:56.652 8805-8805/acr.browser.barebones W/IInputConnectionWrapper: endBatchEdit on inactive InputConnection
11-10 09:33:56.652 8805-8805/acr.browser.barebones W/IInputConnectionWrapper: getExtractedText on inactive InputConnection
11-10 09:33:56.652 7449-7449/? E/SamsungIME: resetNeedToLoadHwrLibrary : 0
11-10 09:33:56.652 7449-7449/? D/SamsungIME: IMPL finishInput
11-10 09:33:56.652 8805-8805/acr.browser.barebones W/AdblockWebView: Prevent drawing
11-10 09:33:56.662 7449-7449/? D/SamsungIME: SwiftKeyWrapper writeDBdataToFileOnFinishInput
11-10 09:33:56.662 7449-7449/? D/SamsungIME: saveAndClear +
11-10 09:33:56.662 7449-7449/? D/SamsungIME: saveAndClear -
11-10 09:33:56.672 8805-8805/acr.browser.barebones W/AdblockWebView: Prevent drawing
11-10 09:33:56.682 7449-7449/? E/SamsungIME: resetNeedToLoadHwrLibrary : 0
11-10 09:33:56.682 8805-8805/acr.browser.barebones W/AdblockWebView: Prevent drawing
11-10 09:33:56.702 3003-3014/? I/SurfaceFlinger: id=2272 Removed QopupWindow (4/11)
11-10 09:33:56.702 3003-4417/? I/SurfaceFlinger: id=2272 Removed QopupWindow (-2/11)
11-10 09:33:56.702 8805-8805/acr.browser.barebones W/AdblockWebView: Prevent drawing
11-10 09:33:56.712 3003-3003/? D/libEGL: eglTerminate EGLDisplay = 0x7fc20bb568
11-10 09:33:56.712 7449-7449/? D/SamsungIME: SwiftkeyWrapper-checkCurrentSequence : use IC
11-10 09:33:56.722 8805-8805/acr.browser.barebones W/AdblockWebView: Prevent drawing
11-10 09:33:56.722 7449-8938/? D/SamsungIME: mDirtyDynamicModel - mSwiftKeyUtilSession.writeDynamicModel()
11-10 09:33:56.732 8805-8805/acr.browser.barebones W/AdblockWebView: Prevent drawing
11-10 09:33:56.752 3003-3064/? I/SurfaceFlinger: id=2271 Removed JnputMethod (4/10)
11-10 09:33:56.752 3003-3014/? I/SurfaceFlinger: id=2271 Removed JnputMethod (-2/10)
11-10 09:33:56.762 3003-3003/? D/libEGL: eglTerminate EGLDisplay = 0x7fc20bb568
11-10 09:33:56.912 8805-8935/acr.browser.barebones D/AdblockWebView: Finished requesting elemhide selectors, got 17853 in Thread[Thread-1579,5,main]
11-10 09:33:56.922 8805-8935/acr.browser.barebones D/AdblockWebView: Setting elemhide string 323259 bytes
11-10 09:33:56.922 8805-8935/acr.browser.barebones W/AdblockWebView: elemHideThread set to null
11-10 09:33:57.482 8805-8805/acr.browser.barebones D/AdblockWebView: Stop abp loading
11-10 09:33:57.482 8805-8805/acr.browser.barebones D/AdblockWebView: Stop prevent drawing, invalidating
11-10 09:33:57.482 8805-8805/acr.browser.barebones D/AdblockWebView: Clearing referrers
11-10 09:33:57.482 8805-8805/acr.browser.barebones D/AdblockWebView: Start loading https://m.baidu.com/?from=844b&vit=fps
11-10 09:33:57.482 8805-8805/acr.browser.barebones D/AdblockWebView: Extracted domain m.baidu.com from https://m.baidu.com/?from=844b&vit=fps
11-10 09:33:57.492 8805-8940/acr.browser.barebones D/AdblockWebView: Listed subscriptions: 3
11-10 09:33:57.492 8805-8940/acr.browser.barebones D/AdblockWebView: Subscribed to [Subscription] url=https://easylist-downloads.adblockplus.org/easylist.txt title=EasyList fixedTitle=true homepage=https://easylist.adblockplus.org/ lastDownload=1478765793 downloadStatus=synchronize_ok lastSuccess=1478765793 lastCheck=1478766152 expires=1479456993 softExpiration=1479164624 version=201611100810 requiredVersion=2.0 downloadCount=1
11-10 09:33:57.492 8805-8940/acr.browser.barebones D/AdblockWebView: Subscribed to [Subscription] url=https://easylist-downloads.adblockplus.org/easylistchina+easylist.txt title=EasyList China+EasyList fixedTitle=true homepage=http://abpchina.org/forum/ lastDownload=1478766398 downloadStatus=synchronize_ok lastSuccess=1478766398 expires=1479457598 softExpiration=1479112233 version=201611100820 requiredVersion=2.0 downloadCount=1
11-10 09:33:57.492 8805-8940/acr.browser.barebones D/AdblockWebView: Subscribed to [Subscription] url=https://easylist-downloads.adblockplus.org/exceptionrules.txt title=Allow non-intrusive advertising fixedTitle=true homepage=https://acceptableads.org/ lastDownload=1478765868 downloadStatus=synchronize_ok lastSuccess=1478765868 lastCheck=1478766152 expires=1478938668 softExpiration=1478843397 version=201611100811 requiredVersion=2.0 downloadCount=1
11-10 09:33:57.492 8805-8940/acr.browser.barebones D/AdblockWebView: Requesting elemhide selectors from AdblockEngine for https://m.baidu.com/?from=844b&vit=fps in Thread[Thread-1582,5,main]
11-10 09:33:57.492 8805-8805/acr.browser.barebones D/BrowserActivity: Notify Tab Changed: 0
11-10 09:33:57.512 8805-8805/acr.browser.barebones W/DisplayListCanvas: DisplayListCanvas is started on unbinded RenderNode (without mOwningView)
11-10 09:33:57.532 3403-4319/? D/PackageManager: findPreferredActivity: No PreferredActivities set
11-10 09:33:57.532 3403-4319/? I/PackageManager: No preferred activity: intent should not be shown
11-10 09:33:57.552 3149-3635/? D/EnterpriseController: netId is 0
11-10 09:33:57.552 3149-3635/? D/Netd: getNetworkForDns: using netid 503 for uid 10253
11-10 09:33:57.802 8805-8940/acr.browser.barebones D/AdblockWebView: Finished requesting elemhide selectors, got 17805 in Thread[Thread-1582,5,main]
11-10 09:33:57.822 8805-8940/acr.browser.barebones D/AdblockWebView: Setting elemhide string 321302 bytes
11-10 09:33:57.822 8805-8940/acr.browser.barebones W/AdblockWebView: elemHideThread set to null
11-10 09:33:58.692 8805-8805/acr.browser.barebones D/AdblockWebView: Loading progress=20%
11-10 09:33:58.692 8805-8805/acr.browser.barebones D/AdblockWebView: Injecting script
11-10 09:33:58.692 8805-8805/acr.browser.barebones D/AdblockWebView: runScript started
11-10 09:33:58.692 8805-8805/acr.browser.barebones D/AdblockWebView: runScript finished
11-10 09:33:58.692 8805-8805/acr.browser.barebones W/AdblockWebView: Start prevent drawing
11-10 09:33:58.722 8805-8805/acr.browser.barebones W/DisplayListCanvas: DisplayListCanvas is started on unbinded RenderNode (without mOwningView)
11-10 09:33:58.742 8805-8805/acr.browser.barebones W/cr_BindingManager: Cannot call determinedVisibility() - never saw a connection for the pid: 8805
11-10 09:33:58.742 8805-8901/acr.browser.barebones D/AdblockWebView: addDomListener=false
11-10 09:33:58.752 8805-8836/acr.browser.barebones D/AdblockWebView: Header referrer for https://m.baidu.com/static/index/plus/plus_logo.png is https://m.baidu.com/?from=844b&vit=fps
11-10 09:33:58.762 8805-8805/acr.browser.barebones D/BrowserActivity: Notify Tab Changed: 0
11-10 09:33:58.862 8805-8836/acr.browser.barebones D/AdblockWebView: Allowed loading https://m.baidu.com/static/index/plus/plus_logo.png
11-10 09:33:58.882 8805-8836/acr.browser.barebones D/AdblockWebView: Header referrer for https://ss0.baidu.com/6ONWsjip0QIZ8tyhnq/it/u=3354879213,1534811681&fm=170&s=B27A7184122FAB554E7F019703&w=218&h=146&img.JPEG is https://m.baidu.com/?from=844b&vit=fps
11-10 09:33:58.892 8805-8836/acr.browser.barebones D/AdblockWebView: Allowed loading https://ss0.baidu.com/6ONWsjip0QIZ8tyhnq/it/u=3354879213,1534811681&fm=170&s=B27A7184122FAB554E7F019703&w=218&h=146&img.JPEG
11-10 09:33:58.892 8805-8805/acr.browser.barebones D/AdblockWebView: Loading progress=20%
11-10 09:33:58.892 8805-8836/acr.browser.barebones D/AdblockWebView: Header referrer for https://ss2.baidu.com/6ONYsjip0QIZ8tyhnq/it/u=529267346,3578533140&fm=170&s=C69319C3558F2B452249FD0301&w=218&h=146&img.JPEG is https://m.baidu.com/?from=844b&vit=fps
11-10 09:33:58.892 8805-8836/acr.browser.barebones D/AdblockWebView: Allowed loading https://ss2.baidu.com/6ONYsjip0QIZ8tyhnq/it/u=529267346,3578533140&fm=170&s=C69319C3558F2B452249FD0301&w=218&h=146&img.JPEG
11-10 09:33:58.892 8805-8836/acr.browser.barebones D/AdblockWebView: Header referrer for https://ss1.baidu.com/6ONXsjip0QIZ8tyhnq/it/u=802978486,4176543701&fm=170&s=0BB02189D99B97E92E&w=218&h=146&img.JPEG is https://m.baidu.com/?from=844b&vit=fps
11-10 09:33:58.892 3149-3635/? D/EnterpriseController: netId is 0
11-10 09:33:58.892 3149-3635/? D/Netd: getNetworkForDns: using netid 503 for uid 10253
11-10 09:33:58.902 8805-8836/acr.browser.barebones D/AdblockWebView: Allowed loading https://ss1.baidu.com/6ONXsjip0QIZ8tyhnq/it/u=802978486,4176543701&fm=170&s=0BB02189D99B97E92E&w=218&h=146&img.JPEG
11-10 09:33:58.902 8805-8836/acr.browser.barebones D/AdblockWebView: Header referrer for https://ss0.baidu.com/6ONWsjip0QIZ8tyhnq/it/u=1618696455,2351392187&fm=170&s=D91A3FD706DA33C607258C8403&w=218&h=146&img.JPEG is https://m.baidu.com/?from=844b&vit=fps
11-10 09:33:58.902 8805-8836/acr.browser.barebones D/AdblockWebView: Allowed loading https://ss0.baidu.com/6ONWsjip0QIZ8tyhnq/it/u=1618696455,2351392187&fm=170&s=D91A3FD706DA33C607258C8403&w=218&h=146&img.JPEG
11-10 09:33:58.902 8805-8836/acr.browser.barebones D/AdblockWebView: Header referrer for https://ss1.baidu.com/6ONXsjip0QIZ8tyhnq/it/u=1589496700,2263884536&fm=170&s=7D90C3150902644BD0BC98EF03&w=218&h=146&img.PNG is https://m.baidu.com/?from=844b&vit=fps
11-10 09:33:58.902 3149-3635/? D/EnterpriseController: netId is 0
11-10 09:33:58.902 3149-3635/? D/Netd: getNetworkForDns: using netid 503 for uid 10253
11-10 09:33:58.902 3149-3635/? D/EnterpriseController: netId is 0
11-10 09:33:58.902 3149-3635/? D/Netd: getNetworkForDns: using netid 503 for uid 10253
11-10 09:33:58.902 8805-8805/acr.browser.barebones W/DisplayListCanvas: DisplayListCanvas is started on unbinded RenderNode (without mOwningView)
11-10 09:33:58.902 8805-8836/acr.browser.barebones D/AdblockWebView: Allowed loading https://ss1.baidu.com/6ONXsjip0QIZ8tyhnq/it/u=1589496700,2263884536&fm=170&s=7D90C3150902644BD0BC98EF03&w=218&h=146&img.PNG
11-10 09:33:58.902 8805-8836/acr.browser.barebones D/AdblockWebView: Header referrer for https://ss1.baidu.com/6ONXsjip0QIZ8tyhnq/it/u=1594279669,2275957929&fm=170&s=F48ABF578AD33ECC2CF8D10603&w=218&h=146&img.PNG is https://m.baidu.com/?from=844b&vit=fps
11-10 09:33:58.902 8805-8836/acr.browser.barebones D/AdblockWebView: Allowed loading https://ss1.baidu.com/6ONXsjip0QIZ8tyhnq/it/u=1594279669,2275957929&fm=170&s=F48ABF578AD33ECC2CF8D10603&w=218&h=146&img.PNG
11-10 09:33:58.902 8805-8836/acr.browser.barebones D/AdblockWebView: Header referrer for https://ss1.baidu.com/6ONXsjip0QIZ8tyhnq/it/u=3708910258,3546603100&fm=170&s=A93B6BD8CC5682CC5658711A03&w=218&h=146&img.JPEG is https://m.baidu.com/?from=844b&vit=fps
11-10 09:33:58.912 8805-8836/acr.browser.barebones D/AdblockWebView: Allowed loading https://ss1.baidu.com/6ONXsjip0QIZ8tyhnq/it/u=3708910258,3546603100&fm=170&s=A93B6BD8CC5682CC5658711A03&w=218&h=146&img.JPEG
11-10 09:33:58.912 8805-8836/acr.browser.barebones D/AdblockWebView: Header referrer for https://ss0.baidu.com/6ONWsjip0QIZ8tyhnq/it/u=3731637237,3563247826&fm=170&s=081827D01C938ACE1C94700C01&w=218&h=146&img.JPEG is https://m.baidu.com/?from=844b&vit=fps
11-10 09:33:58.912 8805-8836/acr.browser.barebones D/AdblockWebView: Allowed loading https://ss0.baidu.com/6ONWsjip0QIZ8tyhnq/it/u=3731637237,3563247826&fm=170&s=081827D01C938ACE1C94700C01&w=218&h=146&img.JPEG
