11-10 09:34:07.152 8805-8805/acr.browser.barebones D/ViewRootImpl: MSG_RESIZED: ci=Rect(0, 96 - 0, 0) vi=Rect(0, 96 - 0, 0) or=1
11-10 09:34:07.192 8805-8805/acr.browser.barebones W/DisplayListCanvas: DisplayListCanvas is started on unbinded RenderNode (without mOwningView)
11-10 09:34:07.222 7449-7449/? D/SamsungIME: SwiftkeyWrapper-checkCurrentSequence : use IC
11-10 09:34:07.292 8805-8919/acr.browser.barebones E/BaseSuggestionsTask: Search API Responded with code: 400
11-10 09:34:07.402 8805-8987/acr.browser.barebones D/AdblockWebView: Finished requesting elemhide selectors, got 17805 in Thread[Thread-1589,5,main]
11-10 09:34:07.422 8805-8987/acr.browser.barebones D/AdblockWebView: Setting elemhide string 321302 bytes
11-10 09:34:07.422 8805-8987/acr.browser.barebones W/AdblockWebView: elemHideThread set to null
11-10 09:34:07.432 8805-8805/acr.browser.barebones W/cr_BindingManager: Cannot call determinedVisibility() - never saw a connection for the pid: 8805
11-10 09:34:07.432 8805-8805/acr.browser.barebones D/AdblockWebView: Loading progress=20%
11-10 09:34:07.432 8805-8805/acr.browser.barebones D/AdblockWebView: Injecting script
11-10 09:34:07.432 8805-8805/acr.browser.barebones D/AdblockWebView: runScript started
11-10 09:34:07.432 8805-8805/acr.browser.barebones D/AdblockWebView: runScript finished
11-10 09:34:07.432 8805-8805/acr.browser.barebones W/AdblockWebView: Start prevent drawing
11-10 09:34:07.442 8805-8805/acr.browser.barebones W/DisplayListCanvas: DisplayListCanvas is started on unbinded RenderNode (without mOwningView)
11-10 09:34:07.442 8805-8901/acr.browser.barebones D/AdblockWebView: addDomListener=false
11-10 09:34:07.452 8805-8805/acr.browser.barebones D/BrowserActivity: Notify Tab Changed: 0
11-10 09:34:07.462 8805-8836/acr.browser.barebones D/AdblockWebView: Header referrer for https://m.baidu.com/se/static/img/iphone/pagelogo.png is https://m.baidu.com/from=844b/s?word=Iphone+6&ts=6846981&t_kt=0&ie=utf-8&fm_kl=021394be2f&rsv_iqid=2727578256663129732&rsv_t=87654akFT2RX%252BfU5iCkxSWSVNMkfi9TU97JXhMCGt6Xua72GtMFtLDNwOw&sa=ib&pvt=100181%401478766836&ms=1&rsv_pq=2727578256663129732&rsv_sug4=5406&ss=101&inputT=3836
11-10 09:34:07.472 3003-3064/? I/SurfaceFlinger: id=2273 Removed JnputMethod (4/10)
11-10 09:34:07.472 8805-8836/acr.browser.barebones D/AdblockWebView: Allowed loading https://m.baidu.com/se/static/img/iphone/pagelogo.png
11-10 09:34:07.472 8805-8836/acr.browser.barebones D/AdblockWebView: Header referrer for https://m.baidu.com/static/search/iconfont/search_iconfont_128e950d.woff is https://m.baidu.com/from=844b/s?word=Iphone+6&ts=6846981&t_kt=0&ie=utf-8&fm_kl=021394be2f&rsv_iqid=2727578256663129732&rsv_t=87654akFT2RX%252BfU5iCkxSWSVNMkfi9TU97JXhMCGt6Xua72GtMFtLDNwOw&sa=ib&pvt=100181%401478766836&ms=1&rsv_pq=2727578256663129732&rsv_sug4=5406&ss=101&inputT=3836
11-10 09:34:07.472 3003-3014/? I/SurfaceFlinger: id=2273 Removed JnputMethod (-2/10)
11-10 09:34:07.482 8805-8836/acr.browser.barebones D/AdblockWebView: Allowed loading https://m.baidu.com/static/search/iconfont/search_iconfont_128e950d.woff
11-10 09:34:07.482 8805-8836/acr.browser.barebones D/AdblockWebView: Header referrer for https://m.baidu.com/se/static/font/cicon_a230d76.woff is https://m.baidu.com/from=844b/s?word=Iphone+6&ts=6846981&t_kt=0&ie=utf-8&fm_kl=021394be2f&rsv_iqid=2727578256663129732&rsv_t=87654akFT2RX%252BfU5iCkxSWSVNMkfi9TU97JXhMCGt6Xua72GtMFtLDNwOw&sa=ib&pvt=100181%401478766836&ms=1&rsv_pq=2727578256663129732&rsv_sug4=5406&ss=101&inputT=3836
11-10 09:34:07.482 3003-3003/? D/libEGL: eglTerminate EGLDisplay = 0x7fc20bb568
11-10 09:34:07.482 8805-8836/acr.browser.barebones D/AdblockWebView: Allowed loading https://m.baidu.com/se/static/font/cicon_a230d76.woff
11-10 09:34:07.492 8805-8805/acr.browser.barebones W/AdblockWebView: Prevent drawing
11-10 09:34:07.502 8805-8805/acr.browser.barebones W/AdblockWebView: Prevent drawing
11-10 09:34:07.522 8805-8805/acr.browser.barebones W/AdblockWebView: Prevent drawing
11-10 09:34:07.542 8805-8805/acr.browser.barebones W/AdblockWebView: Prevent drawing
11-10 09:34:07.552 8805-8805/acr.browser.barebones W/AdblockWebView: Prevent drawing
11-10 09:34:07.572 8805-8805/acr.browser.barebones W/AdblockWebView: Prevent drawing
11-10 09:34:07.582 8805-8805/acr.browser.barebones W/AdblockWebView: Prevent drawing
11-10 09:34:07.602 8805-8805/acr.browser.barebones W/AdblockWebView: Prevent drawing
11-10 09:34:07.622 8805-8805/acr.browser.barebones W/AdblockWebView: Prevent drawing
11-10 09:34:07.642 8805-8805/acr.browser.barebones W/AdblockWebView: Prevent drawing
11-10 09:34:07.662 8805-8805/acr.browser.barebones W/AdblockWebView: Prevent drawing
11-10 09:34:07.672 8805-8805/acr.browser.barebones W/AdblockWebView: Prevent drawing
11-10 09:34:07.692 8805-8805/acr.browser.barebones W/AdblockWebView: Prevent drawing
11-10 09:34:07.712 8805-8805/acr.browser.barebones W/AdblockWebView: Prevent drawing
11-10 09:34:07.722 8805-8805/acr.browser.barebones W/AdblockWebView: Prevent drawing
11-10 09:34:07.742 8805-8805/acr.browser.barebones W/AdblockWebView: Prevent drawing
11-10 09:34:07.762 8805-8805/acr.browser.barebones W/AdblockWebView: Prevent drawing
11-10 09:34:07.772 8805-8805/acr.browser.barebones W/AdblockWebView: Prevent drawing
11-10 09:34:07.792 8805-8805/acr.browser.barebones W/AdblockWebView: Prevent drawing
11-10 09:34:07.812 8805-8805/acr.browser.barebones W/AdblockWebView: Prevent drawing
11-10 09:34:07.822 8805-8805/acr.browser.barebones W/AdblockWebView: Prevent drawing
11-10 09:34:07.842 8805-8805/acr.browser.barebones W/AdblockWebView: Prevent drawing
11-10 09:34:07.862 8805-8805/acr.browser.barebones W/AdblockWebView: Prevent drawing
11-10 09:34:07.872 8805-8805/acr.browser.barebones W/AdblockWebView: Prevent drawing
11-10 09:34:07.892 8805-8805/acr.browser.barebones W/AdblockWebView: Prevent drawing
11-10 09:34:07.912 8805-8805/acr.browser.barebones W/AdblockWebView: Prevent drawing
11-10 09:34:07.922 8805-8805/acr.browser.barebones W/AdblockWebView: Prevent drawing
11-10 09:34:07.942 8805-8805/acr.browser.barebones W/AdblockWebView: Prevent drawing
11-10 09:34:07.962 8805-8805/acr.browser.barebones W/AdblockWebView: Prevent drawing
11-10 09:34:07.992 8805-8805/acr.browser.barebones W/AdblockWebView: Prevent drawing
11-10 09:34:08.002 8805-8805/acr.browser.barebones W/AdblockWebView: Prevent drawing
11-10 09:34:08.012 8805-8805/acr.browser.barebones W/AdblockWebView: Prevent drawing
11-10 09:34:08.032 8805-8805/acr.browser.barebones W/AdblockWebView: Prevent drawing
11-10 09:34:08.032 8805-8836/acr.browser.barebones D/AdblockWebView: Header referrer for https://ss0.bdstatic.com/9bA1vGfa2gU2pMbfm9GUKT-w/timg?wisealaddin&size=8&quality=60&sec=1478766845&di=247effac0517fb5fe8d866ab45f71cfb&src=http%3A%2F%2Ft12.baidu.com%2Fit%2Fu%3D3843738446%2C3247858361%26fm%3D58 is https://m.baidu.com/from=844b/s?word=Iphone+6&ts=6846981&t_kt=0&ie=utf-8&fm_kl=021394be2f&rsv_iqid=2727578256663129732&rsv_t=87654akFT2RX%252BfU5iCkxSWSVNMkfi9TU97JXhMCGt6Xua72GtMFtLDNwOw&sa=ib&pvt=100181%401478766836&ms=1&rsv_pq=2727578256663129732&rsv_sug4=5406&ss=101&inputT=3836
11-10 09:34:08.042 8805-8805/acr.browser.barebones D/AdblockWebView: Loading progress=20%
11-10 09:34:08.052 8805-8836/acr.browser.barebones D/AdblockWebView: Allowed loading https://ss0.bdstatic.com/9bA1vGfa2gU2pMbfm9GUKT-w/timg?wisealaddin&size=8&quality=60&sec=1478766845&di=247effac0517fb5fe8d866ab45f71cfb&src=http%3A%2F%2Ft12.baidu.com%2Fit%2Fu%3D3843738446%2C3247858361%26fm%3D58
11-10 09:34:08.052 8805-8805/acr.browser.barebones W/DisplayListCanvas: DisplayListCanvas is started on unbinded RenderNode (without mOwningView)
11-10 09:34:08.052 8805-8805/acr.browser.barebones W/AdblockWebView: Prevent drawing
11-10 09:34:08.062 3149-3635/? D/EnterpriseController: netId is 0
11-10 09:34:08.062 3149-3635/? D/Netd: getNetworkForDns: using netid 503 for uid 10253
11-10 09:34:08.062 8805-8836/acr.browser.barebones D/AdblockWebView: Header referrer for https://m.baidu.com/static/search/sprite.png is https://m.baidu.com/from=844b/s?word=Iphone+6&ts=6846981&t_kt=0&ie=utf-8&fm_kl=021394be2f&rsv_iqid=2727578256663129732&rsv_t=87654akFT2RX%252BfU5iCkxSWSVNMkfi9TU97JXhMCGt6Xua72GtMFtLDNwOw&sa=ib&pvt=100181%401478766836&ms=1&rsv_pq=2727578256663129732&rsv_sug4=5406&ss=101&inputT=3836
11-10 09:34:08.062 8805-8805/acr.browser.barebones W/AdblockWebView: Prevent drawing
11-10 09:34:08.072 8805-8836/acr.browser.barebones D/AdblockWebView: Allowed loading https://m.baidu.com/static/search/sprite.png
11-10 09:34:08.072 8805-8836/acr.browser.barebones D/AdblockWebView: Header referrer for https://m.baidu.com/static/search/image_default.png is https://m.baidu.com/from=844b/s?word=Iphone+6&ts=6846981&t_kt=0&ie=utf-8&fm_kl=021394be2f&rsv_iqid=2727578256663129732&rsv_t=87654akFT2RX%252BfU5iCkxSWSVNMkfi9TU97JXhMCGt6Xua72GtMFtLDNwOw&sa=ib&pvt=100181%401478766836&ms=1&rsv_pq=2727578256663129732&rsv_sug4=5406&ss=101&inputT=3836
11-10 09:34:08.072 8805-8805/acr.browser.barebones W/AdblockWebView: Prevent drawing
11-10 09:34:08.082 8805-8836/acr.browser.barebones D/AdblockWebView: Allowed loading https://m.baidu.com/static/search/image_default.png
11-10 09:34:08.092 8805-8805/acr.browser.barebones W/AdblockWebView: Prevent drawing
11-10 09:34:08.102 8805-8805/acr.browser.barebones W/AdblockWebView: Prevent drawing
11-10 09:34:08.122 8805-8805/acr.browser.barebones W/AdblockWebView: Prevent drawing
11-10 09:34:08.142 8805-8805/acr.browser.barebones W/AdblockWebView: Prevent drawing
11-10 09:34:08.162 8805-8805/acr.browser.barebones W/AdblockWebView: Prevent drawing
11-10 09:34:08.182 8805-8805/acr.browser.barebones W/AdblockWebView: Prevent drawing
11-10 09:34:08.192 8805-8805/acr.browser.barebones D/AdblockWebView: Loading progress=20%
11-10 09:34:08.202 8805-8805/acr.browser.barebones W/DisplayListCanvas: DisplayListCanvas is started on unbinded RenderNode (without mOwningView)
11-10 09:34:08.202 8805-8805/acr.browser.barebones W/AdblockWebView: Prevent drawing
11-10 09:34:08.212 8805-8805/acr.browser.barebones W/AdblockWebView: Prevent drawing
11-10 09:34:08.232 8805-8805/acr.browser.barebones W/AdblockWebView: Prevent drawing
11-10 09:34:08.252 8805-8805/acr.browser.barebones W/AdblockWebView: Prevent drawing
11-10 09:34:08.262 8805-8805/acr.browser.barebones W/AdblockWebView: Prevent drawing
11-10 09:34:08.272 8805-8805/acr.browser.barebones W/AdblockWebView: Prevent drawing
11-10 09:34:08.292 8805-8805/acr.browser.barebones W/AdblockWebView: Prevent drawing
11-10 09:34:08.302 8805-8805/acr.browser.barebones D/AdblockWebView: Loading progress=21%
11-10 09:34:08.312 8805-8805/acr.browser.barebones W/DisplayListCanvas: DisplayListCanvas is started on unbinded RenderNode (without mOwningView)
11-10 09:34:08.312 8805-8805/acr.browser.barebones W/AdblockWebView: Prevent drawing
11-10 09:34:08.322 8805-8805/acr.browser.barebones W/AdblockWebView: Prevent drawing
11-10 09:34:08.342 8805-8805/acr.browser.barebones W/AdblockWebView: Prevent drawing
11-10 09:34:08.362 8805-8805/acr.browser.barebones W/AdblockWebView: Prevent drawing
11-10 09:34:08.372 8805-8805/acr.browser.barebones W/AdblockWebView: Prevent drawing
11-10 09:34:08.392 8805-8805/acr.browser.barebones W/AdblockWebView: Prevent drawing
11-10 09:34:08.412 8805-8805/acr.browser.barebones W/AdblockWebView: Prevent drawing
11-10 09:34:08.422 8805-8805/acr.browser.barebones W/AdblockWebView: Prevent drawing
11-10 09:34:08.442 8805-8805/acr.browser.barebones W/AdblockWebView: Prevent drawing
11-10 09:34:08.462 8805-8805/acr.browser.barebones W/AdblockWebView: Prevent drawing
11-10 09:34:08.482 8805-8805/acr.browser.barebones W/AdblockWebView: Prevent drawing
11-10 09:34:08.502 8805-8805/acr.browser.barebones W/AdblockWebView: Prevent drawing
11-10 09:34:08.512 8805-8805/acr.browser.barebones W/AdblockWebView: Prevent drawing
11-10 09:34:08.522 8805-8805/acr.browser.barebones W/AdblockWebView: Prevent drawing
11-10 09:34:08.542 8805-8805/acr.browser.barebones W/AdblockWebView: Prevent drawing
11-10 09:34:08.562 8805-8805/acr.browser.barebones W/AdblockWebView: Prevent drawing
11-10 09:34:08.572 8805-8805/acr.browser.barebones W/AdblockWebView: Prevent drawing
11-10 09:34:08.582 8805-8836/acr.browser.barebones D/AdblockWebView: Header referrer for https://m.baidu.com/static/search/resultLogo2.png is https://m.baidu.com/from=844b/s?word=Iphone+6&ts=6846981&t_kt=0&ie=utf-8&fm_kl=021394be2f&rsv_iqid=2727578256663129732&rsv_t=87654akFT2RX%252BfU5iCkxSWSVNMkfi9TU97JXhMCGt6Xua72GtMFtLDNwOw&sa=ib&pvt=100181%401478766836&ms=1&rsv_pq=2727578256663129732&rsv_sug4=5406&ss=101&inputT=3836
11-10 09:34:08.592 8805-8836/acr.browser.barebones D/AdblockWebView: Allowed loading https://m.baidu.com/static/search/resultLogo2.png
11-10 09:34:08.592 8805-8836/acr.browser.barebones D/AdblockWebView: Header referrer for https://m.baidu.com/tc?tcreq4log=1&ct=22&cst=2 is https://m.baidu.com/from=844b/s?word=Iphone+6&ts=6846981&t_kt=0&ie=utf-8&fm_kl=021394be2f&rsv_iqid=2727578256663129732&rsv_t=87654akFT2RX%252BfU5iCkxSWSVNMkfi9TU97JXhMCGt6Xua72GtMFtLDNwOw&sa=ib&pvt=100181%401478766836&ms=1&rsv_pq=2727578256663129732&rsv_sug4=5406&ss=101&inputT=3836
11-10 09:34:08.602 8805-8836/acr.browser.barebones D/AdblockWebView: Allowed loading https://m.baidu.com/tc?tcreq4log=1&ct=22&cst=2
11-10 09:34:08.602 8805-8805/acr.browser.barebones W/AdblockWebView: Prevent drawing
11-10 09:34:08.612 8805-8805/acr.browser.barebones W/AdblockWebView: Prevent drawing
11-10 09:34:08.622 8805-8805/acr.browser.barebones W/AdblockWebView: Prevent drawing
11-10 09:34:08.702 8805-8836/acr.browser.barebones D/AdblockWebView: Header referrer for https://m.baidu.com/static/searchbox/openjs/share.js?v=1.2 is https://m.baidu.com/from=844b/s?word=Iphone+6&ts=6846981&t_kt=0&ie=utf-8&fm_kl=021394be2f&rsv_iqid=2727578256663129732&rsv_t=87654akFT2RX%252BfU5iCkxSWSVNMkfi9TU97JXhMCGt6Xua72GtMFtLDNwOw&sa=ib&pvt=100181%401478766836&ms=1&rsv_pq=2727578256663129732&rsv_sug4=5406&ss=101&inputT=3836
11-10 09:34:08.712 8805-8836/acr.browser.barebones D/AdblockWebView: Allowed loading https://m.baidu.com/static/searchbox/openjs/share.js?v=1.2
11-10 09:34:08.742 8805-8836/acr.browser.barebones D/AdblockWebView: Header referrer for https://sp1.baidu.com/5b1ZeDe5KgQFm2e88IuM_a/mwb.gif?type=3&fm=disp&data=%5B%7B%22base%22%3A%7B%22size%22%3A%7B%22doc%22%3A%7B%22w%22%3A360%2C%22h%22%3A2884%7D%2C%22wind%22%3A%7B%22w%22%3A360%2C%22h%22%3A558%7D%2C%22scr%22%3A%7B%22w%22%3A360%2C%22h%22%3A640%7D%7D%2C%22vsb%22%3A%22visible%22%2C%22num%22%3A11%7D%2C%22t%22%3A1478766848745%7D%5D&qid=3272749815901965230&did=daeaf2d6f55bb19f2f3bcfa1576e223b&q=Iphone%2B6&t=1478766848746 is https://m.baidu.com/from=844b/s?word=Iphone+6&ts=6846981&t_kt=0&ie=utf-8&fm_kl=021394be2f&rsv_iqid=2727578256663129732&rsv_t=87654akFT2RX%252BfU5iCkxSWSVNMkfi9TU97JXhMCGt6Xua72GtMFtLDNwOw&sa=ib&pvt=100181%401478766836&ms=1&rsv_pq=2727578256663129732&rsv_sug4=5406&ss=101&inputT=3836
11-10 09:34:08.752 8805-8836/acr.browser.barebones W/AdblockWebView: Blocked loading https://sp1.baidu.com/5b1ZeDe5KgQFm2e88IuM_a/mwb.gif?type=3&fm=disp&data=%5B%7B%22base%22%3A%7B%22size%22%3A%7B%22doc%22%3A%7B%22w%22%3A360%2C%22h%22%3A2884%7D%2C%22wind%22%3A%7B%22w%22%3A360%2C%22h%22%3A558%7D%2C%22scr%22%3A%7B%22w%22%3A360%2C%22h%22%3A640%7D%7D%2C%22vsb%22%3A%22visible%22%2C%22num%22%3A11%7D%2C%22t%22%3A1478766848745%7D%5D&qid=3272749815901965230&did=daeaf2d6f55bb19f2f3bcfa1576e223b&q=Iphone%2B6&t=1478766848746
11-10 09:34:08.752 8805-8836/acr.browser.barebones D/AdblockWebView: Header referrer for https://sp1.baidu.com/5b1ZeDe5KgQFm2e88IuM_a/mwb.gif?type=3&fm=disp&data=%5B%7B%22results%22%3A%5B%7B%22order%22%3A%221%22%2C%22top%22%3A114%2C%22height%22%3A331%2C%22tpl%22%3A%22wise_model_card%22%2C%22srcid%22%3A%22wise_model_card%22%2C%22show%22%3A1%7D%2C%7B%22order%22%3A%222%22%2C%22top%22%3A453.9375%2C%22height%22%3A192%2C%22tpl%22%3A%22bk_polysemy%22%2C%22srcid%22%3A%2291%22%2C%22show%22%3A1%7D%2C%7B%22order%22%3A%223%22%2C%22top%22%3A654.90625%2C%22height%22%3A218%2C%22tpl%22%3A%22wise_sp_xh_price%22%2C%22srcid%22%3A%22wise_sp_xh_price%22%2C%22show%22%3A1%7D%2C%7B%22order%22%3A%224%22%2C%22top%22%3A882.203125%2C%22height%22%3A252%2C%22tpl%22%3A%22wise_sp_xh_reputation%22%2C%22srcid%22%3A%22wise_sp_xh_reputation%22%2C%22show%22%3A1%7D%2C%7B%22order%22%3A%225%22%2C%22top%22%3A1143.515625%2C%22height%22%3A177%2C%22tpl%22%3A%22sigma_celebrity_rela%22%2C%22srcid%22%3A%2211028%22%2C%22show%22%3A1%7D%2C%7B%22order%22%3A%226%22%2C%22top%22%3A1329.890625%2C%22height%22%3A141%2C%22tpl%22%3A%22www_normal%22%2C%22srcid%22%3A%22www_normal%22%2C%22show%22%3A1%7D%2C%7B%22order%22%3A%227%22%2C%22top%22%3A1479.859375%2C%22height%22%3A168%2C%22tpl%22%3A%22we_image%22%2C%22srcid%22%3A%22we_image%22%2C%22show%22%3A1%7D%2C%7B%22order%22%3A%228%22%2C%22top%22%3A1657.234375%2C%22height%22%3A131%2C%22tpl%22%3A%22www_video_normal%22%2C%22srcid%22%3A%22www_video_normal%22%2C%22show%22%3A1%7D%2C%7B%22order%22%3A%229%22%2C%22top%22%3A1797.578125%2C%22height%22%3A172%2C%22tpl%22%3A%22tiebaxml%22%2C%22srcid%22%3A%2210%22%2C%22show%22%3A1%7D%2C%7B%22order%22%3A%2210%22%2C%22top%22%3A1978.890625%2C%22height%22%3A246%2C%22tpl%22%3A%22we_realtime%22%2C%22srcid%22%3A%22we_realtime%22%2C%22show%22%3A1%7D%5D%2C%22t%22%3A1478766848746%7D%5D&qid=3272749815901965230&did=daeaf2d6f55bb19f2f3bcfa1576e223b&q=Iphone%2B6&t=1478766848746 is https://m.baidu.com/from=844b/s?word=Iphone+6&ts=6846981&t_kt=0&ie=utf-8&fm_kl=021394be2f&rsv_iqid=2727578256663129732&rsv_t=87654akFT2RX%252BfU5iCkxSWSVNMkfi9TU97JXhMCGt6Xua72GtMFtLDNwOw&sa=ib&pvt=100181%401478766836&ms=1&rsv_pq=2727578256663129732&rsv_sug4=5406&ss=101&inputT=3836
11-10 09:34:08.762 8805-8836/acr.browser.barebones W/AdblockWebView: Blocked loading https://sp1.baidu.com/5b1ZeDe5KgQFm2e88IuM_a/mwb.gif?type=3&fm=disp&data=%5B%7B%22results%22%3A%5B%7B%22order%22%3A%221%22%2C%22top%22%3A114%2C%22height%22%3A331%2C%22tpl%22%3A%22wise_model_card%22%2C%22srcid%22%3A%22wise_model_card%22%2C%22show%22%3A1%7D%2C%7B%22order%22%3A%222%22%2C%22top%22%3A453.9375%2C%22height%22%3A192%2C%22tpl%22%3A%22bk_polysemy%22%2C%22srcid%22%3A%2291%22%2C%22show%22%3A1%7D%2C%7B%22order%22%3A%223%22%2C%22top%22%3A654.90625%2C%22height%22%3A218%2C%22tpl%22%3A%22wise_sp_xh_price%22%2C%22srcid%22%3A%22wise_sp_xh_price%22%2C%22show%22%3A1%7D%2C%7B%22order%22%3A%224%22%2C%22top%22%3A882.203125%2C%22height%22%3A252%2C%22tpl%22%3A%22wise_sp_xh_reputation%22%2C%22srcid%22%3A%22wise_sp_xh_reputation%22%2C%22show%22%3A1%7D%2C%7B%22order%22%3A%225%22%2C%22top%22%3A1143.515625%2C%22height%22%3A177%2C%22tpl%22%3A%22sigma_celebrity_rela%22%2C%22srcid%22%3A%2211028%22%2C%22show%22%3A1%7D%2C%7B%22order%22%3A%226%22%2C%22top%22%3A1329.890625%2C%22height%22%3A141%2C%22tpl%22%3A%22www_normal%22%2C%22srcid%22%3A%22www_normal%22%2C%22show%22%3A1%7D%2C%7B%22order%22%3A%227%22%2C%22top%22%3A1479.859375%2C%22height%22%3A168%2C%22tpl%22%3A%22we_image%22%2C%22srcid%22%3A%22we_image%22%2C%22show%22%3A1%7D%2C%7B%22order%22%3A%228%22%2C%22top%22%3A1657.234375%2C%22height%22%3A131%2C%22tpl%22%3A%22www_video_normal%22%2C%22srcid%22%3A%22www_video_normal%22%2C%22show%22%3A1%7D%2C%7B%22order%22%3A%229%22%2C%22top%22%3A1797.578125%2C%22height%22%3A172%2C%22tpl%22%3A%22tiebaxml%22%2C%22srcid%22%3A%2210%22%2C%22show%22%3A1%7D%2C%7B%22order%22%3A%2210%22%2C%22top%22%3A1978.890625%2C%22height%22%3A246%2C%22tpl%22%3A%22we_realtime%22%2C%22srcid%22%3A%22we_realtime%22%2C%22show%22%3A1%7D%5D%2C%22t%22%3A1478766848746%7D%5D&qid=3272749815901965230&did=daeaf2d6f55bb19f2f3bcfa1576e223b&q=Iphone%2B6&t=1478766848746
11-10 09:34:08.762 8805-8836/acr.browser.barebones D/AdblockWebView: Header referrer for https://m.baidu.com/se/static/pmd/pmd/deps/detect_c8b750a.js is https://m.baidu.com/from=844b/s?word=Iphone+6&ts=6846981&t_kt=0&ie=utf-8&fm_kl=021394be2f&rsv_iqid=2727578256663129732&rsv_t=87654akFT2RX%252BfU5iCkxSWSVNMkfi9TU97JXhMCGt6Xua72GtMFtLDNwOw&sa=ib&pvt=100181%401478766836&ms=1&rsv_pq=2727578256663129732&rsv_sug4=5406&ss=101&inputT=3836
11-10 09:34:08.772 8805-8836/acr.browser.barebones D/AdblockWebView: Allowed loading https://m.baidu.com/se/static/pmd/pmd/deps/detect_c8b750a.js
11-10 09:34:08.782 8805-8805/acr.browser.barebones D/BrowserActivity: Notify Tab Changed: 0
11-10 09:34:08.792 8805-8805/acr.browser.barebones W/DisplayListCanvas: DisplayListCanvas is started on unbinded RenderNode (without mOwningView)
11-10 09:34:08.792 8805-8836/acr.browser.barebones D/AdblockWebView: Header referrer for https://m.baidu.com/se/static/pmd/pmd/tabs/tabs_0f86eab.js is https://m.baidu.com/from=844b/s?word=Iphone+6&ts=6846981&t_kt=0&ie=utf-8&fm_kl=021394be2f&rsv_iqid=2727578256663129732&rsv_t=87654akFT2RX%252BfU5iCkxSWSVNMkfi9TU97JXhMCGt6Xua72GtMFtLDNwOw&sa=ib&pvt=100181%401478766836&ms=1&rsv_pq=2727578256663129732&rsv_sug4=5406&ss=101&inputT=3836
11-10 09:34:08.802 8805-8805/acr.browser.barebones D/BrowserActivity: Notify Tab Changed: 0
11-10 09:34:08.802 8805-8836/acr.browser.barebones D/AdblockWebView: Allowed loading https://m.baidu.com/se/static/pmd/pmd/tabs/tabs_0f86eab.js
11-10 09:34:08.802 8805-8836/acr.browser.barebones D/AdblockWebView: Header referrer for https://m.baidu.com/se/static/js/uiamd/tabs/tabs_fd83a0d.js is https://m.baidu.com/from=844b/s?word=Iphone+6&ts=6846981&t_kt=0&ie=utf-8&fm_kl=021394be2f&rsv_iqid=2727578256663129732&rsv_t=87654akFT2RX%252BfU5iCkxSWSVNMkfi9TU97JXhMCGt6Xua72GtMFtLDNwOw&sa=ib&pvt=100181%401478766836&ms=1&rsv_pq=2727578256663129732&rsv_sug4=5406&ss=101&inputT=3836
11-10 09:34:08.812 8805-8836/acr.browser.barebones D/AdblockWebView: Allowed loading https://m.baidu.com/se/static/js/uiamd/tabs/tabs_fd83a0d.js
11-10 09:34:08.812 8805-8836/acr.browser.barebones D/AdblockWebView: Header referrer for https://m.baidu.com/se/static/pmd/pmd/scroll/bdscroll_24bf5e1.js is https://m.baidu.com/from=844b/s?word=Iphone+6&ts=6846981&t_kt=0&ie=utf-8&fm_kl=021394be2f&rsv_iqid=2727578256663129732&rsv_t=87654akFT2RX%252BfU5iCkxSWSVNMkfi9TU97JXhMCGt6Xua72GtMFtLDNwOw&sa=ib&pvt=100181%401478766836&ms=1&rsv_pq=2727578256663129732&rsv_sug4=5406&ss=101&inputT=3836
11-10 09:34:08.812 8805-8805/acr.browser.barebones W/DisplayListCanvas: DisplayListCanvas is started on unbinded RenderNode (without mOwningView)
11-10 09:34:08.812 8805-8805/acr.browser.barebones W/AdblockWebView: Prevent drawing
11-10 09:34:08.822 8805-8836/acr.browser.barebones D/AdblockWebView: Allowed loading https://m.baidu.com/se/static/pmd/pmd/scroll/bdscroll_24bf5e1.js
11-10 09:34:08.822 8805-8805/acr.browser.barebones W/AdblockWebView: Prevent drawing
11-10 09:34:08.832 8805-8901/acr.browser.barebones D/AdblockWebView: Waiting for elemhide selectors to be ready
11-10 09:34:08.832 8805-8901/acr.browser.barebones D/AdblockWebView: Elemhide selectors ready, 321302 bytes
11-10 09:34:08.832 8805-8901/acr.browser.barebones D/AdblockWebView: Clearing referrers
11-10 09:34:08.842 8805-8805/acr.browser.barebones D/AdblockWebView: JS: level=LOG, message="onreadystatechange() event fired (interactive)", sourceId="", line=44
11-10 09:34:08.842 8805-8805/acr.browser.barebones I/chromium: [INFO:CONSOLE(44)] "onreadystatechange() event fired (interactive)", source: (44)
11-10 09:34:08.842 8805-8805/acr.browser.barebones D/AdblockWebView: JS: level=LOG, message="starting injecting css rules", sourceId="", line=13
11-10 09:34:08.842 8805-8805/acr.browser.barebones I/chromium: [INFO:CONSOLE(13)] "starting injecting css rules", source: (13)
11-10 09:34:08.862 8805-8805/acr.browser.barebones D/AdblockWebView: JS: level=LOG, message="parsed selectors: 17805", sourceId="", line=15
11-10 09:34:08.862 8805-8805/acr.browser.barebones I/chromium: [INFO:CONSOLE(15)] "parsed selectors: 17805", source: (15)
11-10 09:34:09.212 8805-8805/acr.browser.barebones D/AdblockWebView: JS: level=LOG, message="finished injecting css rules", sourceId="", line=31
11-10 09:34:09.212 8805-8805/acr.browser.barebones I/chromium: [INFO:CONSOLE(31)] "finished injecting css rules", source: (31)
11-10 09:34:09.212 8805-8901/acr.browser.barebones D/AdblockWebView: Scheduled 'allow drawing' invocation in 200 ms
11-10 09:34:09.212 8805-8805/acr.browser.barebones D/AdblockWebView: JS: level=LOG, message="DOMContentLoaded() event fired", sourceId="", line=61
11-10 09:34:09.212 8805-8805/acr.browser.barebones I/chromium: [INFO:CONSOLE(61)] "DOMContentLoaded() event fired", source: (61)
11-10 09:34:09.212 8805-8805/acr.browser.barebones D/AdblockWebView: JS: level=LOG, message="already hidden, exiting", sourceId="", line=7
11-10 09:34:09.212 8805-8805/acr.browser.barebones I/chromium: [INFO:CONSOLE(7)] "already hidden, exiting", source: (7)
11-10 09:34:09.222 8805-8836/acr.browser.barebones D/AdblockWebView: Header referrer for https://ss1.baidu.com/6ONXsjip0QIZ8tyhnq/it/u=2777042212,2643500438&fm=58 is https://m.baidu.com/from=844b/s?word=Iphone+6&ts=6846981&t_kt=0&ie=utf-8&fm_kl=021394be2f&rsv_iqid=2727578256663129732&rsv_t=87654akFT2RX%252BfU5iCkxSWSVNMkfi9TU97JXhMCGt6Xua72GtMFtLDNwOw&sa=ib&pvt=100181%401478766836&ms=1&rsv_pq=2727578256663129732&rsv_sug4=5406&ss=101&inputT=3836
11-10 09:34:09.232 8805-8836/acr.browser.barebones D/AdblockWebView: Allowed loading https://ss1.baidu.com/6ONXsjip0QIZ8tyhnq/it/u=2777042212,2643500438&fm=58
11-10 09:34:09.232 8805-8836/acr.browser.barebones D/AdblockWebView: Header referrer for https://ss0.bdstatic.com/9bA1vGfa2gU2pMbfm9GUKT-w/timg?wisealaddin&size=8&quality=100&sec=1478766845&di=97c2a0c4c7c31ce392fd9ed4f508f084&src=http%3A%2F%2Ft12.baidu.com%2Fit%2Fu%3D4253584040%2C2615371250%26fm%3D58 is https://m.baidu.com/from=844b/s?word=Iphone+6&ts=6846981&t_kt=0&ie=utf-8&fm_kl=021394be2f&rsv_iqid=2727578256663129732&rsv_t=87654akFT2RX%252BfU5iCkxSWSVNMkfi9TU97JXhMCGt6Xua72GtMFtLDNwOw&sa=ib&pvt=100181%401478766836&ms=1&rsv_pq=2727578256663129732&rsv_sug4=5406&ss=101&inputT=3836
11-10 09:34:09.242 8805-8836/acr.browser.barebones D/AdblockWebView: Allowed loading https://ss0.bdstatic.com/9bA1vGfa2gU2pMbfm9GUKT-w/timg?wisealaddin&size=8&quality=100&sec=1478766845&di=97c2a0c4c7c31ce392fd9ed4f508f084&src=http%3A%2F%2Ft12.baidu.com%2Fit%2Fu%3D4253584040%2C2615371250%26fm%3D58
11-10 09:34:09.242 8805-8836/acr.browser.barebones D/AdblockWebView: Header referrer for https://ss0.bdstatic.com/9bA1vGfa2gU2pMbfm9GUKT-w/timg?wisealaddin&size=8&quality=100&sec=1478766845&di=47853ef28af31c8f886a9d3c7f6d60b5&src=http%3A%2F%2Ft10.baidu.com%2Fit%2Fu%3D4147261110%2C2553192160%26fm%3D58 is https://m.baidu.com/from=844b/s?word=Iphone+6&ts=6846981&t_kt=0&ie=utf-8&fm_kl=021394be2f&rsv_iqid=2727578256663129732&rsv_t=87654akFT2RX%252BfU5iCkxSWSVNMkfi9TU97JXhMCGt6Xua72GtMFtLDNwOw&sa=ib&pvt=100181%401478766836&ms=1&rsv_pq=2727578256663129732&rsv_sug4=5406&ss=101&inputT=3836
11-10 09:34:09.252 8805-8836/acr.browser.barebones D/AdblockWebView: Allowed loading https://ss0.bdstatic.com/9bA1vGfa2gU2pMbfm9GUKT-w/timg?wisealaddin&size=8&quality=100&sec=1478766845&di=47853ef28af31c8f886a9d3c7f6d60b5&src=http%3A%2F%2Ft10.baidu.com%2Fit%2Fu%3D4147261110%2C2553192160%26fm%3D58
11-10 09:34:09.252 8805-8836/acr.browser.barebones D/AdblockWebView: Header referrer for https://ss0.bdstatic.com/9bA1vGfa2gU2pMbfm9GUKT-w/timg?wisealaddin&size=8&quality=100&sec=1478766845&di=1ba0c240978ba8826b41d4747ae0cfc3&src=http%3A%2F%2Ft10.baidu.com%2Fit%2Fu%3D4262686080%2C2953676987%26fm%3D58 is https://m.baidu.com/from=844b/s?word=Iphone+6&ts=6846981&t_kt=0&ie=utf-8&fm_kl=021394be2f&rsv_iqid=2727578256663129732&rsv_t=87654akFT2RX%252BfU5iCkxSWSVNMkfi9TU97JXhMCGt6Xua72GtMFtLDNwOw&sa=ib&pvt=100181%401478766836&ms=1&rsv_pq=2727578256663129732&rsv_sug4=5406&ss=101&inputT=3836
11-10 09:34:09.262 8805-8836/acr.browser.barebones D/AdblockWebView: Allowed loading https://ss0.bdstatic.com/9bA1vGfa2gU2pMbfm9GUKT-w/timg?wisealaddin&size=8&quality=100&sec=1478766845&di=1ba0c240978ba8826b41d4747ae0cfc3&src=http%3A%2F%2Ft10.baidu.com%2Fit%2Fu%3D4262686080%2C2953676987%26fm%3D58
11-10 09:34:09.262 8805-8836/acr.browser.barebones D/AdblockWebView: Header referrer for https://ss0.bdstatic.com/9bA1vGfa2gU2pMbfm9GUKT-w/timg?wisealaddin&size=8&quality=100&sec=1478766845&di=cf5ced81478f47ade84952b5b93e6f8b&src=http%3A%2F%2Ft12.baidu.com%2Fit%2Fu%3D4230336287%2C2652015542%26fm%3D58 is https://m.baidu.com/from=844b/s?word=Iphone+6&ts=6846981&t_kt=0&ie=utf-8&fm_kl=021394be2f&rsv_iqid=2727578256663129732&rsv_t=87654akFT2RX%252BfU5iCkxSWSVNMkfi9TU97JXhMCGt6Xua72GtMFtLDNwOw&sa=ib&pvt=100181%401478766836&ms=1&rsv_pq=2727578256663129732&rsv_sug4=5406&ss=101&inputT=3836
11-10 09:34:09.262 8805-8836/acr.browser.barebones D/AdblockWebView: Allowed loading https://ss0.bdstatic.com/9bA1vGfa2gU2pMbfm9GUKT-w/timg?wisealaddin&size=8&quality=100&sec=1478766845&di=cf5ced81478f47ade84952b5b93e6f8b&src=http%3A%2F%2Ft12.baidu.com%2Fit%2Fu%3D4230336287%2C2652015542%26fm%3D58
11-10 09:34:09.262 8805-8836/acr.browser.barebones D/AdblockWebView: Header referrer for https://ss0.bdstatic.com/9bA1vGfa2gU2pMbfm9GUKT-w/timg?wisealaddin&size=8&quality=100&sec=1478766845&di=033d8011bbc54f31d6571ca4d522c16f&src=http%3A%2F%2Ft12.baidu.com%2Fit%2Fu%3D2101796585%2C1279829853%26fm%3D58 is https://m.baidu.com/from=844b/s?word=Iphone+6&ts=6846981&t_kt=0&ie=utf-8&fm_kl=021394be2f&rsv_iqid=2727578256663129732&rsv_t=87654akFT2RX%252BfU5iCkxSWSVNMkfi9TU97JXhMCGt6Xua72GtMFtLDNwOw&sa=ib&pvt=100181%401478766836&ms=1&rsv_pq=2727578256663129732&rsv_sug4=5406&ss=101&inputT=3836
11-10 09:34:09.272 8805-8836/acr.browser.barebones D/AdblockWebView: Allowed loading https://ss0.bdstatic.com/9bA1vGfa2gU2pMbfm9GUKT-w/timg?wisealaddin&size=8&quality=100&sec=1478766845&di=033d8011bbc54f31d6571ca4d522c16f&src=http%3A%2F%2Ft12.baidu.com%2Fit%2Fu%3D2101796585%2C1279829853%26fm%3D58
11-10 09:34:09.282 8805-8805/acr.browser.barebones D/AdblockWebView: Loading progress=40%
11-10 09:34:09.292 8805-8805/acr.browser.barebones W/DisplayListCanvas: DisplayListCanvas is started on unbinded RenderNode (without mOwningView)
11-10 09:34:09.362 8805-8836/acr.browser.barebones D/AdblockWebView: Header referrer for https://m.baidu.com/se/static/pmd/pmd/deps/aio_50c70c0.js is https://m.baidu.com/from=844b/s?word=Iphone+6&ts=6846981&t_kt=0&ie=utf-8&fm_kl=021394be2f&rsv_iqid=2727578256663129732&rsv_t=87654akFT2RX%252BfU5iCkxSWSVNMkfi9TU97JXhMCGt6Xua72GtMFtLDNwOw&sa=ib&pvt=100181%401478766836&ms=1&rsv_pq=2727578256663129732&rsv_sug4=5406&ss=101&inputT=3836
11-10 09:34:09.372 8805-8805/acr.browser.barebones W/AdblockWebView: Prevent drawing
11-10 09:34:09.382 8805-8836/acr.browser.barebones D/AdblockWebView: Allowed loading https://m.baidu.com/se/static/pmd/pmd/deps/aio_50c70c0.js
11-10 09:34:09.382 8805-8836/acr.browser.barebones D/AdblockWebView: Header referrer for https://m.baidu.com/se/static/pmd/pmd/deps/naboo_310e59a.js is https://m.baidu.com/from=844b/s?word=Iphone+6&ts=6846981&t_kt=0&ie=utf-8&fm_kl=021394be2f&rsv_iqid=2727578256663129732&rsv_t=87654akFT2RX%252BfU5iCkxSWSVNMkfi9TU97JXhMCGt6Xua72GtMFtLDNwOw&sa=ib&pvt=100181%401478766836&ms=1&rsv_pq=2727578256663129732&rsv_sug4=5406&ss=101&inputT=3836
11-10 09:34:09.382 8805-8805/acr.browser.barebones W/AdblockWebView: Prevent drawing
11-10 09:34:09.382 8805-8836/acr.browser.barebones D/AdblockWebView: Allowed loading https://m.baidu.com/se/static/pmd/pmd/deps/naboo_310e59a.js
11-10 09:34:09.382 8805-8836/acr.browser.barebones D/AdblockWebView: Header referrer for https://m.baidu.com/se/static/pmd/pmd/deps/spark_82b7cd9.js is https://m.baidu.com/from=844b/s?word=Iphone+6&ts=6846981&t_kt=0&ie=utf-8&fm_kl=021394be2f&rsv_iqid=2727578256663129732&rsv_t=87654akFT2RX%252BfU5iCkxSWSVNMkfi9TU97JXhMCGt6Xua72GtMFtLDNwOw&sa=ib&pvt=100181%401478766836&ms=1&rsv_pq=2727578256663129732&rsv_sug4=5406&ss=101&inputT=3836
11-10 09:34:09.392 8805-8836/acr.browser.barebones D/AdblockWebView: Allowed loading https://m.baidu.com/se/static/pmd/pmd/deps/spark_82b7cd9.js
11-10 09:34:09.392 8805-8836/acr.browser.barebones D/AdblockWebView: Header referrer for https://m.baidu.com/se/static/pmd/pmd/scroll/iscroll_43777fc.js is https://m.baidu.com/from=844b/s?word=Iphone+6&ts=6846981&t_kt=0&ie=utf-8&fm_kl=021394be2f&rsv_iqid=2727578256663129732&rsv_t=87654akFT2RX%252BfU5iCkxSWSVNMkfi9TU97JXhMCGt6Xua72GtMFtLDNwOw&sa=ib&pvt=100181%401478766836&ms=1&rsv_pq=2727578256663129732&rsv_sug4=5406&ss=101&inputT=3836
11-10 09:34:09.402 8805-8805/acr.browser.barebones W/AdblockWebView: Prevent drawing
11-10 09:34:09.402 8805-8805/acr.browser.barebones D/AdblockWebView: Loading progress=40%
11-10 09:34:09.402 8805-8836/acr.browser.barebones D/AdblockWebView: Allowed loading https://m.baidu.com/se/static/pmd/pmd/scroll/iscroll_43777fc.js
11-10 09:34:09.422 8805-8805/acr.browser.barebones W/DisplayListCanvas: DisplayListCanvas is started on unbinded RenderNode (without mOwningView)
11-10 09:34:09.422 8805-8805/acr.browser.barebones W/AdblockWebView: Prevent drawing
11-10 09:34:09.422 8805-8805/acr.browser.barebones D/AdblockWebView: Stop prevent drawing, invalidating
11-10 09:34:10.782 8805-8805/acr.browser.barebones D/AdblockWebView: Loading progress=40%
11-10 09:34:10.792 8805-8836/acr.browser.barebones D/AdblockWebView: Header referrer for https://ss0.bdstatic.com/9bA1vGfa2gU2pMbfm9GUKT-w/timg?wisealaddin&size=8&quality=60&sec=1478766845&di=382c657c764c18a39e5e70084429eac2&src=http%3A%2F%2Fi7.baidu.com%2Fit%2Fu%3D3169165608%2C4062924142%26fm%3D96 is https://m.baidu.com/from=844b/s?word=Iphone+6&ts=6846981&t_kt=0&ie=utf-8&fm_kl=021394be2f&rsv_iqid=2727578256663129732&rsv_t=87654akFT2RX%252BfU5iCkxSWSVNMkfi9TU97JXhMCGt6Xua72GtMFtLDNwOw&sa=ib&pvt=100181%401478766836&ms=1&rsv_pq=2727578256663129732&rsv_sug4=5406&ss=101&inputT=3836
11-10 09:34:10.802 8805-8805/acr.browser.barebones W/DisplayListCanvas: DisplayListCanvas is started on unbinded RenderNode (without mOwningView)
11-10 09:34:10.802 8805-8836/acr.browser.barebones D/AdblockWebView: Allowed loading https://ss0.bdstatic.com/9bA1vGfa2gU2pMbfm9GUKT-w/timg?wisealaddin&size=8&quality=60&sec=1478766845&di=382c657c764c18a39e5e70084429eac2&src=http%3A%2F%2Fi7.baidu.com%2Fit%2Fu%3D3169165608%2C4062924142%26fm%3D96
11-10 09:34:11.312 8805-8805/acr.browser.barebones D/AdblockWebView: Loading progress=40%
11-10 09:34:11.332 8805-8805/acr.browser.barebones W/DisplayListCanvas: DisplayListCanvas is started on unbinded RenderNode (without mOwningView)
11-10 09:34:11.742 8805-8836/acr.browser.barebones D/AdblockWebView: Header referrer for https://sp1.baidu.com/5b1ZeDe5KgQFm2e88IuM_a/mwb.gif?type=3&fm=view&data=%5B%7B%22type%22%3A%22heart%22%2C%22stay_time%22%3A3000%2C%22t%22%3A1478766851742%2C%22o%22%3A0%2C%22g%22%3A87847%7D%5D&qid=3272749815901965230&did=daeaf2d6f55bb19f2f3bcfa1576e223b&q=Iphone%2B6&t=1478766851747 is https://m.baidu.com/from=844b/s?word=Iphone+6&ts=6846981&t_kt=0&ie=utf-8&fm_kl=021394be2f&rsv_iqid=2727578256663129732&rsv_t=87654akFT2RX%252BfU5iCkxSWSVNMkfi9TU97JXhMCGt6Xua72GtMFtLDNwOw&sa=ib&pvt=100181%401478766836&ms=1&rsv_pq=2727578256663129732&rsv_sug4=5406&ss=101&inputT=3836
11-10 09:34:11.762 8805-8836/acr.browser.barebones W/AdblockWebView: Blocked loading https://sp1.baidu.com/5b1ZeDe5KgQFm2e88IuM_a/mwb.gif?type=3&fm=view&data=%5B%7B%22type%22%3A%22heart%22%2C%22stay_time%22%3A3000%2C%22t%22%3A1478766851742%2C%22o%22%3A0%2C%22g%22%3A87847%7D%5D&qid=3272749815901965230&did=daeaf2d6f55bb19f2f3bcfa1576e223b&q=Iphone%2B6&t=1478766851747
11-10 09:34:11.762 8805-8805/acr.browser.barebones D/BrowserActivity: Notify Tab Changed: 0
11-10 09:34:11.782 8805-8805/acr.browser.barebones W/DisplayListCanvas: DisplayListCanvas is started on unbinded RenderNode (without mOwningView)
11-10 09:34:11.782 8805-8805/acr.browser.barebones D/AdblockWebView: Loading progress=40%
11-10 09:34:11.802 8805-8805/acr.browser.barebones W/DisplayListCanvas: DisplayListCanvas is started on unbinded RenderNode (without mOwningView)
11-10 09:34:12.362 8805-8805/acr.browser.barebones D/AdblockWebView: Loading progress=41%
11-10 09:34:12.362 8805-8836/acr.browser.barebones D/AdblockWebView: Header referrer for https://ss0.bdstatic.com/9bA1vGfa2gU2pMbfm9GUKT-w/timg?wisealaddin&size=8&quality=100&sec=1478766845&di=6686257abdec7173dde838f00c854b87&src=http%3A%2F%2Ft10.baidu.com%2Fit%2Fu%3D3253342011%2C683818256%26fm%3D58 is https://m.baidu.com/from=844b/s?word=Iphone+6&ts=6846981&t_kt=0&ie=utf-8&fm_kl=021394be2f&rsv_iqid=2727578256663129732&rsv_t=87654akFT2RX%252BfU5iCkxSWSVNMkfi9TU97JXhMCGt6Xua72GtMFtLDNwOw&sa=ib&pvt=100181%401478766836&ms=1&rsv_pq=2727578256663129732&rsv_sug4=5406&ss=101&inputT=3836
11-10 09:34:12.372 8805-8836/acr.browser.barebones D/AdblockWebView: Allowed loading https://ss0.bdstatic.com/9bA1vGfa2gU2pMbfm9GUKT-w/timg?wisealaddin&size=8&quality=100&sec=1478766845&di=6686257abdec7173dde838f00c854b87&src=http%3A%2F%2Ft10.baidu.com%2Fit%2Fu%3D3253342011%2C683818256%26fm%3D58
11-10 09:34:12.372 8805-8805/acr.browser.barebones W/DisplayListCanvas: DisplayListCanvas is started on unbinded RenderNode (without mOwningView)
11-10 09:34:12.562 8805-8805/acr.browser.barebones D/AdblockWebView: Loading progress=41%
11-10 09:34:12.572 8805-8805/acr.browser.barebones W/DisplayListCanvas: DisplayListCanvas is started on unbinded RenderNode (without mOwningView)
11-10 09:34:12.772 3403-3827/? D/InputReader: Input event(4): value=1 when=122893599750000
11-10 09:34:12.782 3403-3827/? D/InputReader: Input event(4): value=1 when=122893599750000
11-10 09:34:12.782 3403-3827/? I/InputReader: Touch event's action is 0x0 (deviceType=0) [pCnt=1, s=0.7209 ] when=122893599750000
11-10 09:34:12.782 3403-3827/? D/InputReader: lastThreadEndTime = 122887772841911, currentThreadStartTime = 122887772845949, diff = 0
11-10 09:34:12.782 3403-3826/? I/InputDispatcher: Delivering touch to (3945): action: 0x4, toolType: 1
11-10 09:34:12.782 3403-3826/? I/InputDispatcher: Delivering touch to (8805): action: 0x0, toolType: 1
11-10 09:34:12.782 8805-8805/acr.browser.barebones D/ViewRootImpl: ViewPostImeInputStage processPointer 0
11-10 09:34:12.782 8805-8805/acr.browser.barebones D/AdblockWebView: Loading progress=41%
11-10 09:34:12.812 8805-8805/acr.browser.barebones W/DisplayListCanvas: DisplayListCanvas is started on unbinded RenderNode (without mOwningView)
11-10 09:34:12.942 3403-3827/? D/InputReader: Input event(4): value=0 when=122893768139000
11-10 09:34:12.942 3403-3827/? D/InputReader: Input event(4): value=0 when=122893768139000
11-10 09:34:12.942 3403-3827/? I/InputReader: Touch event's action is 0x1 (deviceType=0) [pCnt=1, s=] when=122893768139000
11-10 09:34:12.942 3403-3826/? I/InputDispatcher: Delivering touch to (8805): action: 0x1, toolType: 1
11-10 09:34:12.952 3403-6849/? D/CustomFrequencyManagerService: acquireDVFSLockLocked : type : DVFS_MIN_LIMIT frequency : 728000 uid : 1000 pid : 3403 pkgName : GESTURE_DETECTED@CPU_MIN@32
11-10 09:34:12.952 3403-6849/? D/CustomFrequencyManagerService: releaseDVFSLockLocked : Getting Lock type frm List : DVFS_MIN_LIMIT frequency : 728000 uid : 1000 pid : 3403 tag : GESTURE_DETECTED@CPU_MIN@32
11-10 09:34:12.952 3403-6849/? D/CustomFrequencyManagerService: acquireDVFSLockLocked : type : DVFS_MIN_LIMIT frequency : 728000 uid : 1000 pid : 3403 pkgName : GESTURE_DETECTED@CPU_MIN@32
11-10 09:34:12.962 8805-8805/acr.browser.barebones D/ViewRootImpl: ViewPostImeInputStage processPointer 1
11-10 09:34:12.962 8805-8836/acr.browser.barebones D/AdblockWebView: Header referrer for https://ss0.bdstatic.com/9bA1vGfa2gU2pMbfm9GUKT-w/timg?wisealaddin&size=8&quality=100&sec=1478766845&di=94d64968d8262527b6dfe27e1824f194&src=http%3A%2F%2Ft11.baidu.com%2Fit%2Fu%3D2059030162%2C347235905%26fm%3D58 is https://m.baidu.com/from=844b/s?word=Iphone+6&ts=6846981&t_kt=0&ie=utf-8&fm_kl=021394be2f&rsv_iqid=2727578256663129732&rsv_t=87654akFT2RX%252BfU5iCkxSWSVNMkfi9TU97JXhMCGt6Xua72GtMFtLDNwOw&sa=ib&pvt=100181%401478766836&ms=1&rsv_pq=2727578256663129732&rsv_sug4=5406&ss=101&inputT=3836
11-10 09:34:12.972 8805-8836/acr.browser.barebones D/AdblockWebView: Allowed loading https://ss0.bdstatic.com/9bA1vGfa2gU2pMbfm9GUKT-w/timg?wisealaddin&size=8&quality=100&sec=1478766845&di=94d64968d8262527b6dfe27e1824f194&src=http%3A%2F%2Ft11.baidu.com%2Fit%2Fu%3D2059030162%2C347235905%26fm%3D58
11-10 09:34:13.022 8805-8805/acr.browser.barebones D/AdblockWebView: Loading progress=41%
11-10 09:34:13.042 8805-8805/acr.browser.barebones W/DisplayListCanvas: DisplayListCanvas is started on unbinded RenderNode (without mOwningView)
11-10 09:34:13.242 8805-8836/acr.browser.barebones D/AdblockWebView: Header referrer for https://ss0.bdstatic.com/9bA1vGfa2gU2pMbfm9GUKT-w/timg?wisealaddin&size=8&quality=100&sec=1478766845&di=8ac649c393c1a89b0db63d3576fc33fe&src=http%3A%2F%2Ft12.baidu.com%2Fit%2Fu%3D1637859557%2C494740522%26fm%3D58 is https://m.baidu.com/from=844b/s?word=Iphone+6&ts=6846981&t_kt=0&ie=utf-8&fm_kl=021394be2f&rsv_iqid=2727578256663129732&rsv_t=87654akFT2RX%252BfU5iCkxSWSVNMkfi9TU97JXhMCGt6Xua72GtMFtLDNwOw&sa=ib&pvt=100181%401478766836&ms=1&rsv_pq=2727578256663129732&rsv_sug4=5406&ss=101&inputT=3836
11-10 09:34:13.242 8805-8836/acr.browser.barebones D/AdblockWebView: Allowed loading https://ss0.bdstatic.com/9bA1vGfa2gU2pMbfm9GUKT-w/timg?wisealaddin&size=8&quality=100&sec=1478766845&di=8ac649c393c1a89b0db63d3576fc33fe&src=http%3A%2F%2Ft12.baidu.com%2Fit%2Fu%3D1637859557%2C494740522%26fm%3D58
11-10 09:34:13.252 8805-8805/acr.browser.barebones D/AdblockWebView: Loading progress=41%
11-10 09:34:13.262 8805-8836/acr.browser.barebones D/AdblockWebView: Header referrer for https://ss0.bdstatic.com/9bA1vGfa2gU2pMbfm9GUKT-w/timg?wisealaddin&size=8&quality=100&sec=1478766845&di=f409d5c376a72f616cd166ef1f533786&src=http%3A%2F%2Ft10.baidu.com%2Fit%2Fu%3D3939093585%2C1064215615%26fm%3D58 is https://m.baidu.com/from=844b/s?word=Iphone+6&ts=6846981&t_kt=0&ie=utf-8&fm_kl=021394be2f&rsv_iqid=2727578256663129732&rsv_t=87654akFT2RX%252BfU5iCkxSWSVNMkfi9TU97JXhMCGt6Xua72GtMFtLDNwOw&sa=ib&pvt=100181%401478766836&ms=1&rsv_pq=2727578256663129732&rsv_sug4=5406&ss=101&inputT=3836
11-10 09:34:13.262 8805-8805/acr.browser.barebones W/DisplayListCanvas: DisplayListCanvas is started on unbinded RenderNode (without mOwningView)
11-10 09:34:13.272 8805-8836/acr.browser.barebones D/AdblockWebView: Allowed loading https://ss0.bdstatic.com/9bA1vGfa2gU2pMbfm9GUKT-w/timg?wisealaddin&size=8&quality=100&sec=1478766845&di=f409d5c376a72f616cd166ef1f533786&src=http%3A%2F%2Ft10.baidu.com%2Fit%2Fu%3D3939093585%2C1064215615%26fm%3D58
11-10 09:34:13.342 8805-8805/acr.browser.barebones D/AdblockWebView: Loading progress=41%
11-10 09:34:13.362 8805-8805/acr.browser.barebones W/DisplayListCanvas: DisplayListCanvas is started on unbinded RenderNode (without mOwningView)
11-10 09:34:13.692 3403-3827/? D/InputReader: Input event(4): value=1 when=122894517756000
11-10 09:34:13.692 3403-3827/? D/InputReader: Input event(4): value=1 when=122894517756000
11-10 09:34:13.692 3403-3827/? I/InputReader: Touch event's action is 0x0 (deviceType=0) [pCnt=1, s=0.7210 ] when=122894517756000
11-10 09:34:13.692 3403-3827/? D/InputReader: lastThreadEndTime = 122893768903368, currentThreadStartTime = 122893768913330, diff = 0
11-10 09:34:13.692 3403-3826/? I/InputDispatcher: Delivering touch to (3945): action: 0x4, toolType: 1
11-10 09:34:13.692 3403-3826/? I/InputDispatcher: Delivering touch to (8805): action: 0x0, toolType: 1
11-10 09:34:13.712 8805-8805/acr.browser.barebones D/ViewRootImpl: ViewPostImeInputStage processPointer 0
11-10 09:34:13.742 8805-8836/acr.browser.barebones D/AdblockWebView: Header referrer for https://ss0.bdstatic.com/9bA1vGfa2gU2pMbfm9GUKT-w/timg?wisealaddin&size=8&quality=100&sec=1478766845&di=3d0d88c4e6c233a967c3c35a8585790c&src=http%3A%2F%2Ft10.baidu.com%2Fit%2Fu%3D1210428618%2C1250046946%26fm%3D58 is https://m.baidu.com/from=844b/s?word=Iphone+6&ts=6846981&t_kt=0&ie=utf-8&fm_kl=021394be2f&rsv_iqid=2727578256663129732&rsv_t=87654akFT2RX%252BfU5iCkxSWSVNMkfi9TU97JXhMCGt6Xua72GtMFtLDNwOw&sa=ib&pvt=100181%401478766836&ms=1&rsv_pq=2727578256663129732&rsv_sug4=5406&ss=101&inputT=3836
11-10 09:34:13.752 8805-8836/acr.browser.barebones D/AdblockWebView: Allowed loading https://ss0.bdstatic.com/9bA1vGfa2gU2pMbfm9GUKT-w/timg?wisealaddin&size=8&quality=100&sec=1478766845&di=3d0d88c4e6c233a967c3c35a8585790c&src=http%3A%2F%2Ft10.baidu.com%2Fit%2Fu%3D1210428618%2C1250046946%26fm%3D58
11-10 09:34:13.812 3403-3827/? D/InputReader: Input event(4): value=0 when=122894635387000
11-10 09:34:13.812 3403-3827/? D/InputReader: Input event(4): value=0 when=122894635387000
11-10 09:34:13.812 3403-3827/? I/InputReader: Touch event's action is 0x1 (deviceType=0) [pCnt=1, s=] when=122894635387000
11-10 09:34:13.812 3403-3826/? I/InputDispatcher: Delivering touch to (8805): action: 0x1, toolType: 1
11-10 09:34:13.812 3403-6849/? D/CustomFrequencyManagerService: releaseDVFSLockLocked : Getting Lock type frm List : DVFS_MIN_LIMIT frequency : 728000 uid : 1000 pid : 3403 tag : GESTURE_DETECTED@CPU_MIN@32
11-10 09:34:13.812 3403-6849/? D/CustomFrequencyManagerService: acquireDVFSLockLocked : type : DVFS_MIN_LIMIT frequency : 728000 uid : 1000 pid : 3403 pkgName : GESTURE_DETECTED@CPU_MIN@32
11-10 09:34:13.812 3403-6849/? D/CustomFrequencyManagerService: releaseDVFSLockLocked : Getting Lock type frm List : DVFS_MIN_LIMIT frequency : 728000 uid : 1000 pid : 3403 tag : GESTURE_DETECTED@CPU_MIN@32
11-10 09:34:13.812 3403-6849/? D/CustomFrequencyManagerService: acquireDVFSLockLocked : type : DVFS_MIN_LIMIT frequency : 728000 uid : 1000 pid : 3403 pkgName : GESTURE_DETECTED@CPU_MIN@32
11-10 09:34:13.822 8805-8805/acr.browser.barebones D/ViewRootImpl: ViewPostImeInputStage processPointer 1
11-10 09:34:13.822 8805-8805/acr.browser.barebones D/AdblockWebView: Loading progress=41%
11-10 09:34:13.832 8805-8805/acr.browser.barebones W/DisplayListCanvas: DisplayListCanvas is started on unbinded RenderNode (without mOwningView)
11-10 09:34:14.162 3403-4317/? D/BatteryService: !@BatteryListener : batteryPropertiesChanged!
11-10 09:34:14.162 3403-4317/? D/BatteryService: level:51, scale:100, status:2, health:2, present:true, voltage: 3827, temperature: 281, technology: Li-ion, AC powered:false, USB powered:true, POGO powered:false, Wireless powered:false, icon:17303413, invalid charger:0, maxChargingCurrent:0
11-10 09:34:14.162 3403-4317/? D/BatteryService: online:4, current avg:85, charge type:1, power sharing:false, high voltage charger:false, capacity:280000, batterySWSelfDischarging:false, current_now:-76
11-10 09:34:14.162 3403-3403/? D/BatteryService: Sending ACTION_BATTERY_CHANGED.
11-10 09:34:14.172 3403-3403/? I/MotionRecognitionService: Plugged
11-10 09:34:14.172 3403-3403/? D/MotionRecognitionService: cableConnection= 1
11-10 09:34:14.172 3403-3403/? D/MotionRecognitionService: setPowerConnected | current backoffstate = 1024 , state =1024
11-10 09:34:14.172 3403-3403/? D/MotionRecognitionService: skip setTransmitPower.
11-10 09:34:14.172 3403-3858/? D/WifiController: ApOrStaEnabledState msg.what= 155652
11-10 09:34:14.172 3945-3945/? D/KeyguardUpdateMonitor: received broadcast android.intent.action.BATTERY_CHANGED
11-10 09:34:14.172 3945-3945/? D/KeyguardUpdateMonitor: handleBatteryUpdate
11-10 09:34:14.172 3945-3945/? D/PowerUI: priorPlugType = 2 mPlugType = 2
11-10 09:34:14.182 3945-3945/? D/PowerUI.Notification: showChargingNotice oldChargingType : 1 currentChargingType : 1 oldChargingTime : 11217000 mChargingTime : 11217000
11-10 09:34:14.182 3945-3945/? D/PowerUI.Notification: There is no change about charging status, so return!
11-10 09:34:14.182 8805-8805/acr.browser.barebones D/AdblockWebView: Loading progress=41%
11-10 09:34:14.192 8805-8805/acr.browser.barebones W/DisplayListCanvas: DisplayListCanvas is started on unbinded RenderNode (without mOwningView)
11-10 09:34:14.192 4444-4444/? D/CommonServiceConfiguration: getStringValueSetting
11-10 09:34:14.202 4444-4444/? D/BatteryMonitor: new battery level: 51
11-10 09:34:14.202 3945-3945/? D/BatteryMeterView: ACTION_BATTERY_CHANGED : level:51 status:2 health:2
11-10 09:34:14.202 3945-3945/? D/BatteryMeterView: ACTION_BATTERY_CHANGED : level:51 status:2 health:2
11-10 09:34:14.322 8805-8805/acr.browser.barebones D/AdblockWebView: Loading progress=41%
11-10 09:34:14.332 8805-8805/acr.browser.barebones W/DisplayListCanvas: DisplayListCanvas is started on unbinded RenderNode (without mOwningView)
11-10 09:34:14.742 8805-8836/acr.browser.barebones D/AdblockWebView: Header referrer for https://sp1.baidu.com/5b1ZeDe5KgQFm2e88IuM_a/mwb.gif?type=3&fm=view&data=%5B%7B%22type%22%3A%22heart%22%2C%22stay_time%22%3A6000%2C%22t%22%3A1478766854749%2C%22hist%22%3A%7B%22heart%22%3A2%2C%22w_scroll%22%3A1%7D%2C%22o%22%3A2%2C%22g%22%3A87847%7D%5D&qid=3272749815901965230&did=daeaf2d6f55bb19f2f3bcfa1576e223b&q=Iphone%2B6&t=1478766854750 is https://m.baidu.com/from=844b/s?word=Iphone+6&ts=6846981&t_kt=0&ie=utf-8&fm_kl=021394be2f&rsv_iqid=2727578256663129732&rsv_t=87654akFT2RX%252BfU5iCkxSWSVNMkfi9TU97JXhMCGt6Xua72GtMFtLDNwOw&sa=ib&pvt=100181%401478766836&ms=1&rsv_pq=2727578256663129732&rsv_sug4=5406&ss=101&inputT=3836
11-10 09:34:14.752 8805-8836/acr.browser.barebones W/AdblockWebView: Blocked loading https://sp1.baidu.com/5b1ZeDe5KgQFm2e88IuM_a/mwb.gif?type=3&fm=view&data=%5B%7B%22type%22%3A%22heart%22%2C%22stay_time%22%3A6000%2C%22t%22%3A1478766854749%2C%22hist%22%3A%7B%22heart%22%3A2%2C%22w_scroll%22%3A1%7D%2C%22o%22%3A2%2C%22g%22%3A87847%7D%5D&qid=3272749815901965230&did=daeaf2d6f55bb19f2f3bcfa1576e223b&q=Iphone%2B6&t=1478766854750
11-10 09:34:14.792 8805-8805/acr.browser.barebones D/BrowserActivity: Notify Tab Changed: 0
11-10 09:34:14.802 8805-8805/acr.browser.barebones W/DisplayListCanvas: DisplayListCanvas is started on unbinded RenderNode (without mOwningView)
11-10 09:34:14.842 3403-3827/? D/InputReader: Input event(4): value=1 when=122895666569000
11-10 09:34:14.842 3403-3827/? D/InputReader: Input event(4): value=1 when=122895666569000
11-10 09:34:14.842 3403-3827/? I/InputReader: Touch event's action is 0x0 (deviceType=0) [pCnt=1, s=0.7211 ] when=122895666569000
