11-10 09:33:58.912 8805-8836/acr.browser.barebones D/AdblockWebView: Header referrer for https://ss2.baidu.com/6ONYsjip0QIZ8tyhnq/it/u=3745244522,3579770956&fm=170&s=5D0E22D05E5122DE191C3C&w=218&h=146&img.JPEG is https://m.baidu.com/?from=844b&vit=fps
11-10 09:33:58.912 8805-8836/acr.browser.barebones D/AdblockWebView: Allowed loading https://ss2.baidu.com/6ONYsjip0QIZ8tyhnq/it/u=3745244522,3579770956&fm=170&s=5D0E22D05E5122DE191C3C&w=218&h=146&img.JPEG
11-10 09:33:58.912 8805-8836/acr.browser.barebones D/AdblockWebView: Header referrer for https://ss1.baidu.com/6ONXsjip0QIZ8tyhnq/it/u=3243503383,830492580&fm=170&s=06D07D8004A32EAC68A8C89603&w=218&h=146&img.JPEG is https://m.baidu.com/?from=844b&vit=fps
11-10 09:33:58.912 8805-8836/acr.browser.barebones D/AdblockWebView: Allowed loading https://ss1.baidu.com/6ONXsjip0QIZ8tyhnq/it/u=3243503383,830492580&fm=170&s=06D07D8004A32EAC68A8C89603&w=218&h=146&img.JPEG
11-10 09:33:58.912 8805-8836/acr.browser.barebones D/AdblockWebView: Header referrer for https://gss0.bdstatic.com/5bd1bjqh_Q23odCf/static/wiseindex/iconfont/iconfont_cc49e2cb.woff is https://m.baidu.com/?from=844b&vit=fps
11-10 09:33:58.922 8805-8836/acr.browser.barebones D/AdblockWebView: Allowed loading https://gss0.bdstatic.com/5bd1bjqh_Q23odCf/static/wiseindex/iconfont/iconfont_cc49e2cb.woff
11-10 09:33:58.992 8805-8836/acr.browser.barebones D/AdblockWebView: Header referrer for https://gss0.bdstatic.com/5bd1bjqh_Q23odCf/static/wiseindex/img/ns_diff_color_v2_5abf864a.png is https://m.baidu.com/?from=844b&vit=fps
11-10 09:33:58.992 8805-8836/acr.browser.barebones D/AdblockWebView: Allowed loading https://gss0.bdstatic.com/5bd1bjqh_Q23odCf/static/wiseindex/img/ns_diff_color_v2_5abf864a.png
11-10 09:33:58.992 8805-8836/acr.browser.barebones D/AdblockWebView: Header referrer for https://ss2.baidu.com/6ONYsjip0QIZ8tyhnq/it/u=3122349125,807602552&fm=170&s=AC5229C20D1A2ED6F4FC091603&w=218&h=146&img.JPEG is https://m.baidu.com/?from=844b&vit=fps
11-10 09:33:59.002 8805-8836/acr.browser.barebones D/AdblockWebView: Allowed loading https://ss2.baidu.com/6ONYsjip0QIZ8tyhnq/it/u=3122349125,807602552&fm=170&s=AC5229C20D1A2ED6F4FC091603&w=218&h=146&img.JPEG
11-10 09:33:59.002 8805-8836/acr.browser.barebones D/AdblockWebView: Header referrer for https://ss2.baidu.com/6ONYsjip0QIZ8tyhnq/it/u=3136698032,811523845&fm=170&s=6FF129C45E022AD61A916D9603&w=218&h=146&img.JPEG is https://m.baidu.com/?from=844b&vit=fps
11-10 09:33:59.012 8805-8836/acr.browser.barebones D/AdblockWebView: Allowed loading https://ss2.baidu.com/6ONYsjip0QIZ8tyhnq/it/u=3136698032,811523845&fm=170&s=6FF129C45E022AD61A916D9603&w=218&h=146&img.JPEG
11-10 09:33:59.012 8805-8836/acr.browser.barebones D/AdblockWebView: Header referrer for https://ss1.baidu.com/6ONXsjip0QIZ8tyhnq/it/u=3508367809,1042666911&fm=170&s=984DFA045853B8C63E98858B03&w=218&h=146&img.JPEG is https://m.baidu.com/?from=844b&vit=fps
11-10 09:33:59.022 8805-8836/acr.browser.barebones D/AdblockWebView: Allowed loading https://ss1.baidu.com/6ONXsjip0QIZ8tyhnq/it/u=3508367809,1042666911&fm=170&s=984DFA045853B8C63E98858B03&w=218&h=146&img.JPEG
11-10 09:33:59.022 8805-8836/acr.browser.barebones D/AdblockWebView: Header referrer for https://ss0.baidu.com/6ONWsjip0QIZ8tyhnq/it/u=277591713,1844901380&fm=170&s=0171EB24C648115D13E1659A03&w=218&h=146&img.JPEG is https://m.baidu.com/?from=844b&vit=fps
11-10 09:33:59.032 8805-8836/acr.browser.barebones D/AdblockWebView: Allowed loading https://ss0.baidu.com/6ONWsjip0QIZ8tyhnq/it/u=277591713,1844901380&fm=170&s=0171EB24C648115D13E1659A03&w=218&h=146&img.JPEG
11-10 09:33:59.032 8805-8836/acr.browser.barebones D/AdblockWebView: Header referrer for https://ss0.baidu.com/6ONWsjip0QIZ8tyhnq/it/u=4120784712,589899523&fm=170&s=01F1EB24C763111D1360749A03&w=218&h=146&img.JPEG is https://m.baidu.com/?from=844b&vit=fps
11-10 09:33:59.042 8805-8836/acr.browser.barebones D/AdblockWebView: Allowed loading https://ss0.baidu.com/6ONWsjip0QIZ8tyhnq/it/u=4120784712,589899523&fm=170&s=01F1EB24C763111D1360749A03&w=218&h=146&img.JPEG
11-10 09:33:59.042 8805-8836/acr.browser.barebones D/AdblockWebView: Header referrer for https://ss2.baidu.com/6ONYsjip0QIZ8tyhnq/it/u=1813064432,973436137&fm=170&s=600467B042C04AE7182C35DB03&w=218&h=146&img.JPG is https://m.baidu.com/?from=844b&vit=fps
11-10 09:33:59.052 8805-8836/acr.browser.barebones D/AdblockWebView: Allowed loading https://ss2.baidu.com/6ONYsjip0QIZ8tyhnq/it/u=1813064432,973436137&fm=170&s=600467B042C04AE7182C35DB03&w=218&h=146&img.JPG
11-10 09:33:59.082 8805-8805/acr.browser.barebones W/AdblockWebView: Prevent drawing
11-10 09:33:59.102 8805-8805/acr.browser.barebones W/AdblockWebView: Prevent drawing
11-10 09:33:59.112 8805-8805/acr.browser.barebones W/AdblockWebView: Prevent drawing
11-10 09:33:59.122 8805-8805/acr.browser.barebones D/AdblockWebView: JS: level=LOG, message="onreadystatechange() event fired (interactive)", sourceId="", line=44
11-10 09:33:59.122 8805-8805/acr.browser.barebones I/chromium: [INFO:CONSOLE(44)] "onreadystatechange() event fired (interactive)", source: (44)
11-10 09:33:59.132 8805-8901/acr.browser.barebones D/AdblockWebView: Waiting for elemhide selectors to be ready
11-10 09:33:59.132 8805-8901/acr.browser.barebones D/AdblockWebView: Elemhide selectors ready, 321302 bytes
11-10 09:33:59.132 8805-8901/acr.browser.barebones D/AdblockWebView: Clearing referrers
11-10 09:33:59.142 8805-8805/acr.browser.barebones W/AdblockWebView: Prevent drawing
11-10 09:33:59.142 8805-8805/acr.browser.barebones D/AdblockWebView: JS: level=LOG, message="starting injecting css rules", sourceId="", line=13
11-10 09:33:59.142 8805-8805/acr.browser.barebones I/chromium: [INFO:CONSOLE(13)] "starting injecting css rules", source: (13)
11-10 09:33:59.152 8805-8805/acr.browser.barebones W/AdblockWebView: Prevent drawing
11-10 09:33:59.162 8805-8805/acr.browser.barebones W/AdblockWebView: Prevent drawing
11-10 09:33:59.172 8805-8805/acr.browser.barebones D/AdblockWebView: JS: level=LOG, message="parsed selectors: 17805", sourceId="", line=15
11-10 09:33:59.172 8805-8805/acr.browser.barebones I/chromium: [INFO:CONSOLE(15)] "parsed selectors: 17805", source: (15)
11-10 09:33:59.682 8805-8805/acr.browser.barebones D/AdblockWebView: JS: level=LOG, message="finished injecting css rules", sourceId="", line=31
11-10 09:33:59.682 8805-8901/acr.browser.barebones D/AdblockWebView: Scheduled 'allow drawing' invocation in 200 ms
11-10 09:33:59.682 8805-8805/acr.browser.barebones I/chromium: [INFO:CONSOLE(31)] "finished injecting css rules", source: (31)
11-10 09:33:59.692 8805-8805/acr.browser.barebones D/AdblockWebView: JS: level=LOG, message="DOMContentLoaded() event fired", sourceId="", line=61
11-10 09:33:59.692 8805-8805/acr.browser.barebones I/chromium: [INFO:CONSOLE(61)] "DOMContentLoaded() event fired", source: (61)
11-10 09:33:59.692 8805-8805/acr.browser.barebones D/AdblockWebView: JS: level=LOG, message="already hidden, exiting", sourceId="", line=7
11-10 09:33:59.692 8805-8805/acr.browser.barebones I/chromium: [INFO:CONSOLE(7)] "already hidden, exiting", source: (7)
11-10 09:33:59.792 8805-8805/acr.browser.barebones D/AdblockWebView: Loading progress=40%
11-10 09:33:59.812 8805-8805/acr.browser.barebones W/DisplayListCanvas: DisplayListCanvas is started on unbinded RenderNode (without mOwningView)
11-10 09:33:59.892 8805-8805/acr.browser.barebones W/AdblockWebView: Prevent drawing
11-10 09:33:59.892 8805-8805/acr.browser.barebones D/AdblockWebView: Stop prevent drawing, invalidating
11-10 09:33:59.952 3403-3813/? V/AlarmManager: Expired Alarm result :8
11-10 09:33:59.962 3403-3502/? V/BroadcastQueue: [background] Process cur broadcast BroadcastRecord{a0d786c u0 null qIdx=4}, state= (APP_RECEIVE) DELIVERED for app ProcessRecord{9ae5ad9 10237:com.google.android.gms.persistent/u0a19}
11-10 09:33:59.972 8805-8836/acr.browser.barebones D/AdblockWebView: Header referrer for https://ss0.baidu.com/6ONWsjip0QIZ8tyhnq/it/u=3937193049,3246125159&fm=170&s=7B1008890E746C960698D19803&w=218&h=146&img.JPG is https://m.baidu.com/?from=844b&vit=fps
11-10 09:33:59.982 8805-8836/acr.browser.barebones D/AdblockWebView: Allowed loading https://ss0.baidu.com/6ONWsjip0QIZ8tyhnq/it/u=3937193049,3246125159&fm=170&s=7B1008890E746C960698D19803&w=218&h=146&img.JPG
11-10 09:33:59.982 8805-8836/acr.browser.barebones D/AdblockWebView: Header referrer for https://ss1.baidu.com/6ONXsjip0QIZ8tyhnq/it/u=410235448,3543521550&fm=170&s=C1121E9CCE927EC25A1854C303&w=218&h=146&img.JPG is https://m.baidu.com/?from=844b&vit=fps
11-10 09:33:59.982 8805-8836/acr.browser.barebones D/AdblockWebView: Allowed loading https://ss1.baidu.com/6ONXsjip0QIZ8tyhnq/it/u=410235448,3543521550&fm=170&s=C1121E9CCE927EC25A1854C303&w=218&h=146&img.JPG
11-10 09:33:59.982 8805-8836/acr.browser.barebones D/AdblockWebView: Header referrer for https://ss2.baidu.com/6ONYsjip0QIZ8tyhnq/it/u=3262086638,807100360&fm=170&s=04A097190AB9028C6F0C49D701&w=218&h=146&img.JPEG is https://m.baidu.com/?from=844b&vit=fps
11-10 09:33:59.992 3403-3813/? V/AlarmManager: Expired Alarm result :8
11-10 09:33:59.992 8805-8836/acr.browser.barebones D/AdblockWebView: Allowed loading https://ss2.baidu.com/6ONYsjip0QIZ8tyhnq/it/u=3262086638,807100360&fm=170&s=04A097190AB9028C6F0C49D701&w=218&h=146&img.JPEG
11-10 09:33:59.992 8805-8836/acr.browser.barebones D/AdblockWebView: Header referrer for https://ss2.baidu.com/6ONYsjip0QIZ8tyhnq/it/u=3276435545,811021653&fm=170&s=6682940948B9328C6D2C290701&w=218&h=146&img.JPEG is https://m.baidu.com/?from=844b&vit=fps
11-10 09:34:00.002 8805-8836/acr.browser.barebones D/AdblockWebView: Allowed loading https://ss2.baidu.com/6ONYsjip0QIZ8tyhnq/it/u=3276435545,811021653&fm=170&s=6682940948B9328C6D2C290701&w=218&h=146&img.JPEG
11-10 09:34:00.002 8805-8836/acr.browser.barebones D/AdblockWebView: Header referrer for https://ss0.baidu.com/6ONWsjip0QIZ8tyhnq/it/u=3359461449,911887139&fm=170&s=46937C8904AB08A0EE90093701&w=218&h=146&img.JPEG is https://m.baidu.com/?from=844b&vit=fps
11-10 09:34:00.002 8805-8805/acr.browser.barebones D/AdblockWebView: Loading progress=40%
11-10 09:34:00.012 8805-8836/acr.browser.barebones D/AdblockWebView: Allowed loading https://ss0.baidu.com/6ONWsjip0QIZ8tyhnq/it/u=3359461449,911887139&fm=170&s=46937C8904AB08A0EE90093701&w=218&h=146&img.JPEG
11-10 09:34:00.012 8805-8836/acr.browser.barebones D/AdblockWebView: Header referrer for https://ss1.baidu.com/6ONXsjip0QIZ8tyhnq/it/u=3268353421,1571461577&fm=170&s=C0F019C402A19B575250F4A303&w=218&h=146&img.JPEG is https://m.baidu.com/?from=844b&vit=fps
11-10 09:34:00.012 3945-3945/? D/KeyguardUpdateMonitor: received broadcast android.intent.action.TIME_TICK
11-10 09:34:00.022 3945-3945/? D/KeyguardUpdateMonitor: handleTimeUpdate
11-10 09:34:00.022 8805-8836/acr.browser.barebones D/AdblockWebView: Allowed loading https://ss1.baidu.com/6ONXsjip0QIZ8tyhnq/it/u=3268353421,1571461577&fm=170&s=C0F019C402A19B575250F4A303&w=218&h=146&img.JPEG
11-10 09:34:00.022 8805-8836/acr.browser.barebones D/AdblockWebView: Header referrer for https://ss0.baidu.com/6ONWsjip0QIZ8tyhnq/it/u=2685030549,1006948163&fm=170&s=7630178D401B0FD46294589703&w=218&h=146&img.JPEG is https://m.baidu.com/?from=844b&vit=fps
11-10 09:34:00.022 3945-3945/? D/Clock: received broadcast android.intent.action.TIME_TICK
11-10 09:34:00.032 8805-8836/acr.browser.barebones D/AdblockWebView: Allowed loading https://ss0.baidu.com/6ONWsjip0QIZ8tyhnq/it/u=2685030549,1006948163&fm=170&s=7630178D401B0FD46294589703&w=218&h=146&img.JPEG
11-10 09:34:00.032 8805-8836/acr.browser.barebones D/AdblockWebView: Header referrer for https://ss1.baidu.com/6ONXsjip0QIZ8tyhnq/it/u=2047418290,4052346704&fm=170&s=08408B46C60B2D551BC8B08203&w=218&h=146&img.JPEG is https://m.baidu.com/?from=844b&vit=fps
11-10 09:34:00.032 8805-8805/acr.browser.barebones W/DisplayListCanvas: DisplayListCanvas is started on unbinded RenderNode (without mOwningView)
11-10 09:34:00.032 8805-8836/acr.browser.barebones D/AdblockWebView: Allowed loading https://ss1.baidu.com/6ONXsjip0QIZ8tyhnq/it/u=2047418290,4052346704&fm=170&s=08408B46C60B2D551BC8B08203&w=218&h=146&img.JPEG
11-10 09:34:00.032 8805-8836/acr.browser.barebones D/AdblockWebView: Header referrer for https://gss0.bdstatic.com/5bd1bjqh_Q23odCf/static/wiseindex/img/fetch_ing_8_0.png is https://m.baidu.com/?from=844b&vit=fps
11-10 09:34:00.042 8805-8836/acr.browser.barebones D/AdblockWebView: Allowed loading https://gss0.bdstatic.com/5bd1bjqh_Q23odCf/static/wiseindex/img/fetch_ing_8_0.png
11-10 09:34:00.062 8805-8836/acr.browser.barebones D/AdblockWebView: Header referrer for https://m.baidu.com/static/index/plus/public/tab_news.png is https://m.baidu.com/?from=844b&vit=fps
11-10 09:34:00.072 8805-8836/acr.browser.barebones D/AdblockWebView: Allowed loading https://m.baidu.com/static/index/plus/public/tab_news.png
11-10 09:34:00.082 8805-8805/acr.browser.barebones D/AdblockWebView: Loading progress=40%
11-10 09:34:00.082 8805-8836/acr.browser.barebones D/AdblockWebView: Header referrer for https://gss0.bdstatic.com/5bd1bjqh_Q23odCf/static/wiseindex/img/w_icon2.png is https://m.baidu.com/?from=844b&vit=fps
11-10 09:34:00.082 8805-8836/acr.browser.barebones D/AdblockWebView: Allowed loading https://gss0.bdstatic.com/5bd1bjqh_Q23odCf/static/wiseindex/img/w_icon2.png
11-10 09:34:00.092 8805-8836/acr.browser.barebones D/AdblockWebView: Header referrer for https://m.baidu.com/static/index/plus/public/icon_police.png is https://m.baidu.com/?from=844b&vit=fps
11-10 09:34:00.092 8805-8805/acr.browser.barebones W/DisplayListCanvas: DisplayListCanvas is started on unbinded RenderNode (without mOwningView)
11-10 09:34:00.102 8805-8836/acr.browser.barebones D/AdblockWebView: Allowed loading https://m.baidu.com/static/index/plus/public/icon_police.png
11-10 09:34:00.112 8805-8836/acr.browser.barebones D/AdblockWebView: Header referrer for https://m.baidu.com/tc?tcreq4log=1&ssid=0&from=844b&pu=sz%40320_1001%2Cta%40iphone_2_6.0_3_537&qid=2727578256663129732&ct=10&cst=1&clk_from=index&clk_info=mine,news&clk_extra=skin&sid=102568_108269_100181_110137_106371_108372_100099_110231_107987_106323_110782_107799_110606_110684_110395_110717_110010_111171_109586_109915_110243_110251_109588_108013_107318_111289_110031_110401_110646_111217_110085&r=1478766839130&lid=2727578256663129732&ref=index_iphone is https://m.baidu.com/?from=844b&vit=fps
11-10 09:34:00.112 3945-3945/? D/DateView: received broadcast android.intent.action.TIME_TICK
11-10 09:34:00.122 8805-8836/acr.browser.barebones D/AdblockWebView: Allowed loading https://m.baidu.com/tc?tcreq4log=1&ssid=0&from=844b&pu=sz%40320_1001%2Cta%40iphone_2_6.0_3_537&qid=2727578256663129732&ct=10&cst=1&clk_from=index&clk_info=mine,news&clk_extra=skin&sid=102568_108269_100181_110137_106371_108372_100099_110231_107987_106323_110782_107799_110606_110684_110395_110717_110010_111171_109586_109915_110243_110251_109588_108013_107318_111289_110031_110401_110646_111217_110085&r=1478766839130&lid=2727578256663129732&ref=index_iphone
11-10 09:34:00.132 10237-8952/? D/SecWifiDisplayUtil: Metadata value : SecSettings2
11-10 09:34:00.232 8805-8805/acr.browser.barebones D/AdblockWebView: Loading progress=40%
11-10 09:34:00.242 8805-8805/acr.browser.barebones W/DisplayListCanvas: DisplayListCanvas is started on unbinded RenderNode (without mOwningView)
11-10 09:34:00.352 8805-8805/acr.browser.barebones D/AdblockWebView: Loading progress=40%
11-10 09:34:00.362 8805-8805/acr.browser.barebones W/DisplayListCanvas: DisplayListCanvas is started on unbinded RenderNode (without mOwningView)
11-10 09:34:00.442 8805-8805/acr.browser.barebones D/AdblockWebView: JS: level=LOG, message="onreadystatechange() event fired (complete)", sourceId="", line=44
11-10 09:34:00.442 8805-8805/acr.browser.barebones I/chromium: [INFO:CONSOLE(44)] "onreadystatechange() event fired (complete)", source: (44)
11-10 09:34:00.442 8805-8805/acr.browser.barebones D/AdblockWebView: JS: level=LOG, message="load() event fired", sourceId="", line=54
11-10 09:34:00.442 8805-8805/acr.browser.barebones I/chromium: [INFO:CONSOLE(54)] "load() event fired", source: (54)
11-10 09:34:00.442 8805-8805/acr.browser.barebones D/AdblockWebView: JS: level=LOG, message="already hidden, exiting", sourceId="", line=7
11-10 09:34:00.442 8805-8805/acr.browser.barebones I/chromium: [INFO:CONSOLE(7)] "already hidden, exiting", source: (7)
11-10 09:34:00.462 8805-8805/acr.browser.barebones D/AdblockWebView: Loading progress=40%
11-10 09:34:00.462 8805-8805/acr.browser.barebones W/DisplayListCanvas: DisplayListCanvas is started on unbinded RenderNode (without mOwningView)
11-10 09:34:00.472 8805-8805/acr.browser.barebones D/AdblockWebView: Loading progress=100%
11-10 09:34:00.472 8805-8805/acr.browser.barebones D/AdblockWebView: Loading progress=100%
11-10 09:34:00.482 8805-8805/acr.browser.barebones D/BrowserActivity: Notify Tab Changed: 0
11-10 09:34:00.502 8805-8805/acr.browser.barebones W/DisplayListCanvas: DisplayListCanvas is started on unbinded RenderNode (without mOwningView)
11-10 09:34:00.692 8805-8836/acr.browser.barebones D/AdblockWebView: Header referrer for https://m.baidu.com/static/index/promB/mmsicon.png is https://m.baidu.com/?from=844b&vit=fps
11-10 09:34:00.692 8805-8836/acr.browser.barebones D/AdblockWebView: Allowed loading https://m.baidu.com/static/index/promB/mmsicon.png
11-10 09:34:00.692 8805-8836/acr.browser.barebones D/AdblockWebView: Header referrer for https://m.baidu.com/static/search/clear.png is https://m.baidu.com/?from=844b&vit=fps
11-10 09:34:00.702 8805-8836/acr.browser.barebones D/AdblockWebView: Allowed loading https://m.baidu.com/static/search/clear.png
11-10 09:34:00.822 8805-8836/acr.browser.barebones D/AdblockWebView: Header referrer for https://m.baidu.com/his?callback=jsonp1&type=3&pic=1&lid=2727578256663129732&net=&hissid=102568,108269,100181,110137,106371,108372,3,110231,107987,106323,110782,107799,110606,110684,110395,110717,110010,111171,109586,109915,110243,110251,109588,108013,107318,111289,110031,110401,110646,111217,110085&hisdata=%5B%7B%22kw%22%3A%22iphone%206%22%2C%22time%22%3A1478766402%7D%5D&_=1478766840823 is https://m.baidu.com/?from=844b&vit=fps
11-10 09:34:00.852 8805-8836/acr.browser.barebones D/AdblockWebView: Allowed loading https://m.baidu.com/his?callback=jsonp1&type=3&pic=1&lid=2727578256663129732&net=&hissid=102568,108269,100181,110137,106371,108372,3,110231,107987,106323,110782,107799,110606,110684,110395,110717,110010,111171,109586,109915,110243,110251,109588,108013,107318,111289,110031,110401,110646,111217,110085&hisdata=%5B%7B%22kw%22%3A%22iphone%206%22%2C%22time%22%3A1478766402%7D%5D&_=1478766840823
11-10 09:34:00.892 8805-8836/acr.browser.barebones D/AdblockWebView: Header referrer for https://m.baidu.com/static/ecom/js/wise/home/ecomAds_e50630a.js is https://m.baidu.com/?from=844b&vit=fps
11-10 09:34:00.912 8805-8836/acr.browser.barebones D/AdblockWebView: Allowed loading https://m.baidu.com/static/ecom/js/wise/home/ecomAds_e50630a.js
11-10 09:34:00.912 8805-8836/acr.browser.barebones D/AdblockWebView: Header referrer for https://gss0.bdstatic.com/5bd1bjqh_Q23odCf/static/wiseindex/js/superframe_0467623d.js is https://m.baidu.com/?from=844b&vit=fps
11-10 09:34:00.952 8805-8836/acr.browser.barebones D/AdblockWebView: Allowed loading https://gss0.bdstatic.com/5bd1bjqh_Q23odCf/static/wiseindex/js/superframe_0467623d.js
11-10 09:34:00.952 8805-8836/acr.browser.barebones D/AdblockWebView: Header referrer for https://m.baidu.com/tc?tcreq4log=1&ssid=0&from=844b&pu=sz%40320_1001%2Cta%40iphone_2_6.0_3_537&qid=2727578256663129732&ct=10&cst=1&ref=index_iphone&lid=2727578256663129732&w=0_0_&sid=102568_108269_100181_110137_106371_108372_100099_110231_107987_106323_110782_107799_110606_110684_110395_110717_110010_111171_109586_109915_110243_110251_109588_108013_107318_111289_110031_110401_110646_111217_110085&clk_from=feed&clk_info=news&r=1478766840855 is https://m.baidu.com/?from=844b&vit=fps
11-10 09:34:00.952 8805-8836/acr.browser.barebones D/AdblockWebView: Allowed loading https://m.baidu.com/tc?tcreq4log=1&ssid=0&from=844b&pu=sz%40320_1001%2Cta%40iphone_2_6.0_3_537&qid=2727578256663129732&ct=10&cst=1&ref=index_iphone&lid=2727578256663129732&w=0_0_&sid=102568_108269_100181_110137_106371_108372_100099_110231_107987_106323_110782_107799_110606_110684_110395_110717_110010_111171_109586_109915_110243_110251_109588_108013_107318_111289_110031_110401_110646_111217_110085&clk_from=feed&clk_info=news&r=1478766840855
11-10 09:34:00.952 8805-8836/acr.browser.barebones D/AdblockWebView: Header referrer for https://gss0.bdstatic.com/5bd1bjqh_Q23odCf/static/wiseindex/img/favicon.ico is https://m.baidu.com/?from=844b&vit=fps
11-10 09:34:00.962 8805-8836/acr.browser.barebones D/AdblockWebView: Allowed loading https://gss0.bdstatic.com/5bd1bjqh_Q23odCf/static/wiseindex/img/favicon.ico
11-10 09:34:00.972 8805-8805/acr.browser.barebones D/BrowserActivity: Notify Tab Changed: 0
11-10 09:34:00.972 8805-8880/acr.browser.barebones D/Lightning: Caching icon for m.baidu.com
11-10 09:34:01.502 3403-3827/? D/InputReader: Input event(4): value=1 when=122882322478000
11-10 09:34:01.502 3403-3827/? D/InputReader: Input event(4): value=1 when=122882322478000
11-10 09:34:01.502 3403-3827/? I/InputReader: Touch event's action is 0x0 (deviceType=0) [pCnt=1, s=0.7199 ] when=122882322478000
11-10 09:34:01.502 3403-3827/? D/InputReader: lastThreadEndTime = 122877211991611, currentThreadStartTime = 122877211995457, diff = 0
11-10 09:34:01.502 3403-3826/? I/InputDispatcher: Delivering touch to (3945): action: 0x4, toolType: 1
11-10 09:34:01.502 3403-3826/? I/InputDispatcher: Delivering touch to (8805): action: 0x0, toolType: 1
11-10 09:34:01.502 8805-8805/acr.browser.barebones D/ViewRootImpl: ViewPostImeInputStage processPointer 0
11-10 09:34:01.552 3403-3827/? D/InputReader: Input event(4): value=0 when=122882372002000
11-10 09:34:01.552 3403-3827/? D/InputReader: Input event(4): value=0 when=122882372002000
11-10 09:34:01.552 3403-3827/? I/InputReader: Touch event's action is 0x1 (deviceType=0) [pCnt=1, s=] when=122882372002000
11-10 09:34:01.552 3403-3826/? I/InputDispatcher: Delivering touch to (8805): action: 0x1, toolType: 1
11-10 09:34:01.552 8805-8805/acr.browser.barebones D/ViewRootImpl: ViewPostImeInputStage processPointer 1
11-10 09:34:01.602 8805-8836/acr.browser.barebones D/AdblockWebView: Header referrer for https://m.baidu.com/static/search/sug_logo.png is https://m.baidu.com/?from=844b&vit=fps
11-10 09:34:01.612 8805-8836/acr.browser.barebones D/AdblockWebView: Allowed loading https://m.baidu.com/static/search/sug_logo.png
11-10 09:34:01.612 8805-8836/acr.browser.barebones D/AdblockWebView: Header referrer for https://m.baidu.com/tc?tcreq4log=1&ssid=0&from=844b&pu=sz%40320_1001%2Cta%40iphone_2_6.0_3_537&qid=2727578256663129732&ct=3&cst=3&ref=index_iphone&lid=2727578256663129732&w=0_0_&sid=102568_108269_100181_110137_106371_108372_100099_110231_107987_106323_110782_107799_110606_110684_110395_110717_110010_111171_109586_109915_110243_110251_109588_108013_107318_111289_110031_110401_110646_111217_110085&r=1478766841583 is https://m.baidu.com/?from=844b&vit=fps
11-10 09:34:01.622 8805-8836/acr.browser.barebones D/AdblockWebView: Allowed loading https://m.baidu.com/tc?tcreq4log=1&ssid=0&from=844b&pu=sz%40320_1001%2Cta%40iphone_2_6.0_3_537&qid=2727578256663129732&ct=3&cst=3&ref=index_iphone&lid=2727578256663129732&w=0_0_&sid=102568_108269_100181_110137_106371_108372_100099_110231_107987_106323_110782_107799_110606_110684_110395_110717_110010_111171_109586_109915_110243_110251_109588_108013_107318_111289_110031_110401_110646_111217_110085&r=1478766841583
11-10 09:34:01.652 7449-7449/? E/SamsungIME: resetNeedToLoadHwrLibrary : 0
11-10 09:34:01.662 3403-4813/? D/CustomFrequencyManagerService: acquireDVFSLockLocked : type : DVFS_MIN_LIMIT frequency : 1976000 uid : 1000 pid : 3403 pkgName : com.sec.android.inputmethod@1
11-10 09:34:01.672 7449-7449/? D/SamsungIME: onStartInputView requsted restarting value = false
11-10 09:34:01.672 7449-7449/? D/SamsungIME: onStartInputView After call super - restarting value = false
11-10 09:34:01.672 7449-7449/? D/SamsungIME: disable handwriting input icon : handwriting is not enabled or improper edit field
11-10 09:34:01.682 8805-8836/acr.browser.barebones D/AdblockWebView: Header referrer for https://m.baidu.com/tc?tcreq4log=1&ssid=0&from=844b&pu=sz%40320_1001%2Cta%40iphone_2_6.0_3_537&qid=2727578256663129732&ct=10&cst=0&ref=index_iphone&lid=2727578256663129732&w=0_0_&sid=102568_108269_100181_110137_106371_108372_100099_110231_107987_106323_110782_107799_110606_110684_110395_110717_110010_111171_109586_109915_110243_110251_109588_108013_107318_111289_110031_110401_110646_111217_110085&clk_from=page&r=1478766841688 is https://m.baidu.com/?from=844b&vit=fps
11-10 09:34:01.682 7449-7449/? D/SamsungIME: [startInputView] info.inputType = 540833 info.imeOptions = 301989890
11-10 09:34:01.682 7449-7449/? I/SamsungIME: Update SetupWizard State usc : 1 pss : false
11-10 09:34:01.682 3403-4421/? D/SettingsProvider: isChangeAllowed() : name = onehand_direction
11-10 09:34:01.682 3403-4421/? D/SecContentProvider: query(), uri = 17 selection = isSettingsChangesAllowed
11-10 09:34:01.682 3403-4421/? D/SettingsProvider: edmUri: content://com.sec.knox.provider/RestrictionPolicy3
11-10 09:34:01.682 8805-8836/acr.browser.barebones D/AdblockWebView: Allowed loading https://m.baidu.com/tc?tcreq4log=1&ssid=0&from=844b&pu=sz%40320_1001%2Cta%40iphone_2_6.0_3_537&qid=2727578256663129732&ct=10&cst=0&ref=index_iphone&lid=2727578256663129732&w=0_0_&sid=102568_108269_100181_110137_106371_108372_100099_110231_107987_106323_110782_107799_110606_110684_110395_110717_110010_111171_109586_109915_110243_110251_109588_108013_107318_111289_110031_110401_110646_111217_110085&clk_from=page&r=1478766841688
11-10 09:34:01.682 3403-4421/? D/SettingsProvider: projectionArgs: isSettingsChangesAllowed
11-10 09:34:01.682 3403-4421/? D/SettingsProvider: selectionArgs: false
11-10 09:34:01.682 3403-4421/? D/SettingsProvider: selectionArgs: 10138
11-10 09:34:01.682 3403-4421/? D/SettingsProvider: ret = -1
11-10 09:34:01.682 7449-7449/? D/SamsungIME: checkDynamicTouchRecognizedPrefValue mIsStaticTouchAreaPrefValue = false
11-10 09:34:01.692 7449-7449/? I/SamsungIME: Update SetupWizard State usc : 1 pss : false
11-10 09:34:01.692 7449-7449/? E/SamsungIME: lang.getLanguageCode():en, lang.getCountryCode():GB
11-10 09:34:01.692 7449-7449/? W/SamsungIME: makeSelectedLanguageList:en_GB;
11-10 09:34:01.692 7449-7449/? I/SamsungIME: [IMI] isChangedMainValues - bRetVal : true
11-10 09:34:01.692 7449-7449/? D/SamsungIME: [AbstractKeyboardView] onDetachedFromWindow.
11-10 09:34:01.692 7449-8961/? E/SamsungIME: sendInputLanguage() : en_GB, en_GB;
11-10 09:34:01.692 7449-7449/? D/SamsungIME: Magnification Enabled = false
11-10 09:34:01.692 7449-7449/? D/SamsungIME: Dismiss ExpandCandiate
11-10 09:34:01.692 7449-7449/? E/SamsungIME: lang.getLanguageCode():en, lang.getCountryCode():GB
11-10 09:34:01.692 7449-7449/? W/SamsungIME: makeSelectedLanguageList:en_GB;
11-10 09:34:01.692 3403-3437/? D/SettingsProvider: isChangeAllowed() : name = sip_input_language
11-10 09:34:01.692 3403-3437/? D/SecContentProvider: query(), uri = 17 selection = isSettingsChangesAllowed
11-10 09:34:01.692 3403-3437/? D/SettingsProvider: edmUri: content://com.sec.knox.provider/RestrictionPolicy3
11-10 09:34:01.692 7449-8962/? E/SamsungIME: sendInputLanguage() : en_GB, en_GB;
11-10 09:34:01.692 3403-3437/? D/SettingsProvider: projectionArgs: isSettingsChangesAllowed
11-10 09:34:01.692 7449-7449/? D/SamsungIME: Dismiss ExpandCandiate
11-10 09:34:01.692 3403-3437/? D/SettingsProvider: selectionArgs: false
11-10 09:34:01.692 7449-7449/? D/SamsungIME: loadLanguageModels force = false
11-10 09:34:01.692 3403-3437/? D/SettingsProvider: selectionArgs: 10138
11-10 09:34:01.692 7449-7449/? W/System.err: mkdir failed: EEXIST (File exists) : /data/user/0/com.sec.android.inputmethod/app_SwiftKey/user
11-10 09:34:01.692 3403-3437/? D/SettingsProvider: ret = -1
11-10 09:34:01.692 3403-4280/? D/SecContentProvider: query(), uri = 17 selection = isSettingsChangesAllowed
11-10 09:34:01.692 3403-4280/? D/SettingsProvider: isChangeAllowed() : name = sip_input_language
11-10 09:34:01.692 3403-4050/? D/SecContentProvider: query(), uri = 17 selection = isSettingsChangesAllowed
11-10 09:34:01.692 3403-4280/? D/SettingsProvider: edmUri: content://com.sec.knox.provider/RestrictionPolicy3
11-10 09:34:01.692 3403-4305/? D/SecContentProvider: query(), uri = 17 selection = isSettingsChangesAllowed
11-10 09:34:01.692 3403-4280/? D/SettingsProvider: projectionArgs: isSettingsChangesAllowed
11-10 09:34:01.692 7449-7449/? D/SamsungIME: [loadLanguageModels] isChangePersonalizedData = false
11-10 09:34:01.692 3403-4280/? D/SettingsProvider: selectionArgs: false
11-10 09:34:01.692 7449-7449/? D/SamsungIME: [loadLanguageModels] loadLanguageforcely = false
11-10 09:34:01.692 3403-4280/? D/SettingsProvider: selectionArgs: 10138
11-10 09:34:01.692 7449-7449/? D/SamsungIME: Dismiss ExpandCandiate
11-10 09:34:01.692 3403-4050/? D/SettingsProvider: isChangeAllowed() : name = handwriting_language_list
11-10 09:34:01.692 7449-7449/? D/SamsungIME: loadLanguageModels force = false
11-10 09:34:01.692 3403-4050/? D/SettingsProvider: edmUri: content://com.sec.knox.provider/RestrictionPolicy3
11-10 09:34:01.692 3403-4050/? D/SettingsProvider: projectionArgs: isSettingsChangesAllowed
11-10 09:34:01.692 3403-4050/? D/SettingsProvider: selectionArgs: false
11-10 09:34:01.692 3403-4050/? D/SettingsProvider: selectionArgs: 10138
11-10 09:34:01.692 3403-4280/? D/SettingsProvider: ret = -1
11-10 09:34:01.702 7449-7449/? W/System.err: mkdir failed: EEXIST (File exists) : /data/user/0/com.sec.android.inputmethod/app_SwiftKey/user
11-10 09:34:01.692 3403-4050/? D/SettingsProvider: ret = -1
11-10 09:34:01.692 3403-4305/? D/SettingsProvider: isChangeAllowed() : name = handwriting_language_list
11-10 09:34:01.692 3403-4305/? D/SettingsProvider: edmUri: content://com.sec.knox.provider/RestrictionPolicy3
11-10 09:34:01.692 3403-4305/? D/SettingsProvider: projectionArgs: isSettingsChangesAllowed
11-10 09:34:01.692 3403-4305/? D/SettingsProvider: selectionArgs: false
11-10 09:34:01.692 3403-4305/? D/SettingsProvider: selectionArgs: 10138
11-10 09:34:01.692 3403-4305/? D/SettingsProvider: ret = -1
11-10 09:34:01.702 7449-7449/? D/SamsungIME: [loadLanguageModels] isChangePersonalizedData = false
11-10 09:34:01.702 7449-7449/? D/SamsungIME: [loadLanguageModels] loadLanguageforcely = false
11-10 09:34:01.702 7449-7449/? I/SamsungIME: getCurrentKeyboard
11-10 09:34:01.702 7449-7449/? I/SamsungIME: getTextKeyboard
11-10 09:34:01.702 7449-7449/? I/SamsungIME: CarMode is off
11-10 09:34:01.702 7449-7449/? D/SamsungIME: mDisplayWidth is 1440
11-10 09:34:01.702 7449-7449/? D/SamsungIME: mDisplayHeight is 2560
11-10 09:34:01.702 7449-7449/? D/SamsungIME: isOrientationLandscape false
11-10 09:34:01.702 7449-7449/? D/SamsungIME: mDisplayWidth is 1440
11-10 09:34:01.702 7449-7449/? D/SamsungIME: mDisplayHeight is 2560
11-10 09:34:01.702 7449-7449/? D/SamsungIME: isOrientationLandscape false
11-10 09:34:01.702 7449-7449/? D/SamsungIME: mIsUseStaticTouchRecognizedArea = false
11-10 09:34:01.712 7449-7449/? D/SamsungIME: [SwiftkeyWrapper] currentLangauge : 1701726018
11-10 09:34:01.782 7449-7449/? D/SamsungIME: Skip dismiss ExpandCandidate. it will be post-invalidated later
11-10 09:34:01.782 7449-7449/? D/SamsungIME: startInputViewContinue : true true
11-10 09:34:01.782 7449-7449/? D/SamsungIME: [showDiscoverability] this is auto replacement discoverity popup
11-10 09:34:01.782 7449-7449/? D/SamsungIME: conditions for show dialog : true true true false
11-10 09:34:01.782 7449-7449/? D/SamsungIME: showDlgMsgBox : true true true
11-10 09:34:01.782 7449-7449/? D/SamsungIME: showDlgMsgBox inner condition : true true
11-10 09:34:01.782 7449-7449/? I/SamsungIME: [IMI] startInputView - caller pid : 8805, caller uid : 10253
11-10 09:34:01.782 7449-8965/? D/InputMethodFrameWorkUtils: InputMethodSubtype is found as local:en_GB
11-10 09:34:01.782 7449-8965/? D/InputMethodFrameWorkUtils: InputMethodSubtype is set as local:en_GB
11-10 09:34:01.782 3403-4216/? D/ApplicationPolicy: isStatusBarNotificationAllowedAsUser: packageName = android,userId = -1
11-10 09:34:01.782 7449-7449/? D/SamsungIME: onWindowShown
11-10 09:34:01.782 3403-3403/? D/InputMethodManagerService: [HARDWARE_KEYBOARD] (refreshImeWindowVis) mImeWindowVis= 3 inputVisible = truehaveHardKeyboard = false hardKeyShown = false
11-10 09:34:01.782 3403-3403/? D/MARsPolicyManager: NotificationListenerService OngoingNotificationPosted : android
11-10 09:34:01.792 3403-4280/? D/ApplicationPolicy: isStatusBarNotificationAllowedAsUser: packageName = android,userId = -1
11-10 09:34:01.792 7449-7449/? E/KeyboardInfoUtils: getInstance start
11-10 09:34:01.792 7449-7449/? E/KeyboardInfoUtils: sendSIPInformation state:6 isAbstractKeyboardView : true
11-10 09:34:01.792 7449-7449/? E/KeyboardInfoUtils: sending null keyboardInfo as SIP is closed
11-10 09:34:01.792 3403-3403/? D/MARsPolicyManager: NotificationListenerService OngoingNotificationPosted : android
11-10 09:34:01.792 7449-7449/? D/SamsungIME: IMPL finishInput
11-10 09:34:01.792 7449-7449/? D/SamsungIME: SwiftKeyWrapper writeDBdataToFileOnFinishInput
11-10 09:34:01.792 7449-7449/? D/SamsungIME: saveAndClear +
11-10 09:34:01.792 7449-7449/? D/SamsungIME: saveAndClear -
11-10 09:34:01.792 7449-7449/? D/SamsungIME: onStartInputView requsted restarting value = false
11-10 09:34:01.792 7449-7449/? D/SamsungIME: onStartInputView After call super - restarting value = false
11-10 09:34:01.792 7449-7449/? E/SamsungIME: resetNeedToLoadHwrLibrary : 0
11-10 09:34:01.792 7449-7449/? D/SamsungIME: disable handwriting input icon : handwriting is not enabled or improper edit field
11-10 09:34:01.792 7449-7449/? D/SamsungIME: [startInputView] info.inputType = 540833 info.imeOptions = 301989890
11-10 09:34:01.792 7449-7449/? I/SamsungIME: Update SetupWizard State usc : 1 pss : false
11-10 09:34:01.792 3403-4419/? D/SettingsProvider: isChangeAllowed() : name = onehand_direction
11-10 09:34:01.792 3403-4419/? D/SettingsProvider: edmUri: content://com.sec.knox.provider/RestrictionPolicy3
11-10 09:34:01.792 3403-4419/? D/SettingsProvider: projectionArgs: isSettingsChangesAllowed
11-10 09:34:01.792 3403-4419/? D/SettingsProvider: selectionArgs: false
11-10 09:34:01.792 3403-4419/? D/SettingsProvider: selectionArgs: 10138
11-10 09:34:01.792 3403-4419/? D/SecContentProvider: query(), uri = 17 selection = isSettingsChangesAllowed
11-10 09:34:01.792 3403-4419/? D/SettingsProvider: ret = -1
11-10 09:34:01.792 7449-7449/? D/SamsungIME: checkDynamicTouchRecognizedPrefValue mIsStaticTouchAreaPrefValue = false
11-10 09:34:01.802 7449-7449/? I/SamsungIME: Update SetupWizard State usc : 1 pss : false
11-10 09:34:01.802 7449-7449/? E/SamsungIME: lang.getLanguageCode():en, lang.getCountryCode():GB
11-10 09:34:01.802 7449-7449/? W/SamsungIME: makeSelectedLanguageList:en_GB;
11-10 09:34:01.802 7449-7449/? I/SamsungIME: [IMI] isChangedMainValues - bRetVal : true
11-10 09:34:01.802 7449-7449/? D/SamsungIME: [AbstractKeyboardView] onDetachedFromWindow.
11-10 09:34:01.802 7449-7449/? D/SamsungIME: Magnification Enabled = false
11-10 09:34:01.802 7449-8967/? E/SamsungIME: sendInputLanguage() : en_GB, en_GB;
11-10 09:34:01.802 7449-7449/? D/SamsungIME: Dismiss ExpandCandiate
11-10 09:34:01.802 3945-3945/? D/KnoxNotification: ----- inflateViews : modified publicViewLocal -----
11-10 09:34:01.802 7449-7449/? E/SamsungIME: lang.getLanguageCode():en, lang.getCountryCode():GB
11-10 09:34:01.802 7449-7449/? W/SamsungIME: makeSelectedLanguageList:en_GB;
11-10 09:34:01.802 3403-4050/? D/SettingsProvider: isChangeAllowed() : name = sip_input_language
11-10 09:34:01.802 7449-8968/? E/SamsungIME: sendInputLanguage() : en_GB, en_GB;
11-10 09:34:01.802 3403-4050/? D/SettingsProvider: edmUri: content://com.sec.knox.provider/RestrictionPolicy3
11-10 09:34:01.802 3403-4050/? D/SecContentProvider: query(), uri = 17 selection = isSettingsChangesAllowed
11-10 09:34:01.802 3403-4050/? D/SettingsProvider: projectionArgs: isSettingsChangesAllowed
11-10 09:34:01.802 3403-4050/? D/SettingsProvider: selectionArgs: false
11-10 09:34:01.802 3403-4050/? D/SettingsProvider: selectionArgs: 10138
11-10 09:34:01.802 7449-7449/? D/SamsungIME: Dismiss ExpandCandiate
11-10 09:34:01.802 7449-7449/? D/SamsungIME: loadLanguageModels force = false
11-10 09:34:01.802 3403-4050/? D/SettingsProvider: ret = -1
11-10 09:34:01.802 3403-4280/? D/SettingsProvider: isChangeAllowed() : name = sip_input_language
11-10 09:34:01.802 3403-4280/? D/SecContentProvider: query(), uri = 17 selection = isSettingsChangesAllowed
11-10 09:34:01.802 3403-4280/? D/SettingsProvider: edmUri: content://com.sec.knox.provider/RestrictionPolicy3
11-10 09:34:01.802 3403-3969/? D/SecContentProvider: query(), uri = 17 selection = isSettingsChangesAllowed
11-10 09:34:01.802 3403-4280/? D/SettingsProvider: projectionArgs: isSettingsChangesAllowed
11-10 09:34:01.802 7449-7449/? W/System.err: mkdir failed: EEXIST (File exists) : /data/user/0/com.sec.android.inputmethod/app_SwiftKey/user
11-10 09:34:01.802 3403-4280/? D/SettingsProvider: selectionArgs: false
11-10 09:34:01.802 3403-4419/? D/SecContentProvider: query(), uri = 17 selection = isSettingsChangesAllowed
11-10 09:34:01.802 3403-4280/? D/SettingsProvider: selectionArgs: 10138
11-10 09:34:01.802 3403-3969/? D/SettingsProvider: isChangeAllowed() : name = handwriting_language_list
11-10 09:34:01.802 3403-3969/? D/SettingsProvider: edmUri: content://com.sec.knox.provider/RestrictionPolicy3
11-10 09:34:01.802 3403-3969/? D/SettingsProvider: projectionArgs: isSettingsChangesAllowed
11-10 09:34:01.802 3403-3969/? D/SettingsProvider: selectionArgs: false
11-10 09:34:01.802 3403-3969/? D/SettingsProvider: selectionArgs: 10138
11-10 09:34:01.802 3403-4280/? D/SettingsProvider: ret = -1
11-10 09:34:01.802 3403-3969/? D/SettingsProvider: ret = -1
11-10 09:34:01.802 3403-4419/? D/SettingsProvider: isChangeAllowed() : name = handwriting_language_list
11-10 09:34:01.802 3403-4419/? D/SettingsProvider: edmUri: content://com.sec.knox.provider/RestrictionPolicy3
11-10 09:34:01.802 3403-4419/? D/SettingsProvider: projectionArgs: isSettingsChangesAllowed
11-10 09:34:01.802 3403-4419/? D/SettingsProvider: selectionArgs: false
11-10 09:34:01.802 3403-4419/? D/SettingsProvider: selectionArgs: 10138
11-10 09:34:01.802 3403-4419/? D/SettingsProvider: ret = -1
11-10 09:34:01.812 7449-7449/? D/SamsungIME: [loadLanguageModels] isChangePersonalizedData = false
11-10 09:34:01.812 7449-7449/? D/SamsungIME: [loadLanguageModels] loadLanguageforcely = false
11-10 09:34:01.812 7449-7449/? D/SamsungIME: Dismiss ExpandCandiate
11-10 09:34:01.812 7449-7449/? D/SamsungIME: loadLanguageModels force = false
11-10 09:34:01.812 7449-7449/? W/System.err: mkdir failed: EEXIST (File exists) : /data/user/0/com.sec.android.inputmethod/app_SwiftKey/user
11-10 09:34:01.812 3945-3945/? D/KnoxNotification: ----- inflateViews : modified KnoxViewLocal -----
11-10 09:34:01.812 7449-7449/? D/SamsungIME: [loadLanguageModels] isChangePersonalizedData = false
11-10 09:34:01.812 7449-7449/? D/SamsungIME: [loadLanguageModels] loadLanguageforcely = false
11-10 09:34:01.812 7449-7449/? I/SamsungIME: getCurrentKeyboard
11-10 09:34:01.812 7449-7449/? I/SamsungIME: getTextKeyboard
11-10 09:34:01.812 7449-7449/? I/SamsungIME: CarMode is off
11-10 09:34:01.812 3945-3945/? D/NotificationStackScrollLayout: scroll range should be extended : 1600
11-10 09:34:01.812 7449-7449/? D/SamsungIME: mDisplayWidth is 1440
11-10 09:34:01.812 7449-7449/? D/SamsungIME: mDisplayHeight is 2560
11-10 09:34:01.812 7449-7449/? D/SamsungIME: isOrientationLandscape false
11-10 09:34:01.812 7449-7449/? D/SamsungIME: mDisplayWidth is 1440
11-10 09:34:01.812 7449-7449/? D/SamsungIME: mDisplayHeight is 2560
11-10 09:34:01.812 7449-7449/? D/SamsungIME: isOrientationLandscape false
11-10 09:34:01.812 3945-3945/? D/NotificationStackScrollLayout: scroll range should be extended : 1600
11-10 09:34:01.812 3945-3945/? D/PhoneStatusBar: setAreThereNotifications: N=3 any=true clearable=false
11-10 09:34:01.812 7449-7449/? D/SamsungIME: mIsUseStaticTouchRecognizedArea = false
11-10 09:34:01.812 7449-7449/? D/SamsungIME: [SwiftkeyWrapper] currentLangauge : 1701726018
11-10 09:34:01.822 3945-3945/? D/PhoneStatusBar: setAreThereNotifications: N=3 any=true clearable=false
11-10 09:34:01.832 3945-3945/? D/NotificationStackScrollLayout: scroll range should be extended : 1600
11-10 09:34:01.832 3945-3945/? D/NotificationStackScrollLayout: scroll range should be extended : 1600
11-10 09:34:01.832 3945-3945/? D/NotificationStackScrollLayout: scroll range should be extended : 1600
11-10 09:34:01.882 7449-7449/? D/SamsungIME: Skip dismiss ExpandCandidate. it will be post-invalidated later
11-10 09:34:01.882 7449-7449/? D/SamsungIME: startInputViewContinue : true true
11-10 09:34:01.882 7449-7449/? D/SamsungIME: [showDiscoverability] this is auto replacement discoverity popup
11-10 09:34:01.882 7449-7449/? D/SamsungIME: conditions for show dialog : true false true false
11-10 09:34:01.882 7449-7449/? D/SamsungIME: showDlgMsgBox : true true true
11-10 09:34:01.882 7449-7449/? D/SamsungIME: showDlgMsgBox inner condition : true true
11-10 09:34:01.882 7449-7449/? I/SamsungIME: [IMI] startInputView - caller pid : 8805, caller uid : 10253
11-10 09:34:01.882 7449-8971/? D/InputMethodFrameWorkUtils: InputMethodSubtype is found as local:en_GB
11-10 09:34:01.882 7449-8971/? D/InputMethodFrameWorkUtils: InputMethodSubtype is set as local:en_GB
11-10 09:34:01.882 3403-3403/? D/InputMethodManagerService: [HARDWARE_KEYBOARD] (refreshImeWindowVis) mImeWindowVis= 3 inputVisible = truehaveHardKeyboard = false hardKeyShown = false
11-10 09:34:01.892 8805-8836/acr.browser.barebones D/AdblockWebView: Header referrer for https://m.baidu.com/tc?tcreq4log=1&ssid=0&from=844b&pu=sz%40320_1001%2Cta%40iphone_2_6.0_3_537&qid=2727578256663129732&ct=10&cst=4&ref=index_iphone&lid=2727578256663129732&w=0_0_&sid=102568_108269_100181_110137_106371_108372_100099_110231_107987_106323_110782_107799_110606_110684_110395_110717_110010_111171_109586_109915_110243_110251_109588_108013_107318_111289_110031_110401_110646_111217_110085&rids=18274966107768275372,6987978461310675949,12397162845983489201&pos=1,2,3&clk_from=mid_news&stype=0,0,0&picNum=3,3,3&extra=1478766836^T:MC7bpCOvaaG4GvYjqaYjn1YjmA3HREfD1Q22_BBDTxmZeaaaadmW=^D:KzPwIOGVIniAJYO=,1478766836^T:MC7bpCLTaaG5liK07iKXJiKf3Dr90C2MlAm9OM2tWZmqaaaamZ^D:H41XIdYjL3QofOItbq=,1478766836^T:MC7bpCLLaaG4BiKhRiKfVFb90A3rhCqCIqf8Iqen9vmZeaaaadmW=^D:KOINm5W2IjLRIlaTMo5j&logExtra={%22tolerant%22:0,%22isBaijiahao%22:0},{%22tolerant%22:0,%22isBaijiahao%22:0},{%22tolerant%22:0,%22isBaijiahao%22:0}&r=1478766841894 is https://m.baidu.com/?from=844b&vit=fps
11-10 09:34:01.892 3403-4216/? D/ApplicationPolicy: isStatusBarNotificationAllowedAsUser: packageName = android,userId = -1
11-10 09:34:01.892 3403-3403/? D/MARsPolicyManager: NotificationListenerService OngoingNotificationPosted : android
11-10 09:34:01.892 8805-8836/acr.browser.barebones D/AdblockWebView: Allowed loading https://m.baidu.com/tc?tcreq4log=1&ssid=0&from=844b&pu=sz%40320_1001%2Cta%40iphone_2_6.0_3_537&qid=2727578256663129732&ct=10&cst=4&ref=index_iphone&lid=2727578256663129732&w=0_0_&sid=102568_108269_100181_110137_106371_108372_100099_110231_107987_106323_110782_107799_110606_110684_110395_110717_110010_111171_109586_109915_110243_110251_109588_108013_107318_111289_110031_110401_110646_111217_110085&rids=18274966107768275372,6987978461310675949,12397162845983489201&pos=1,2,3&clk_from=mid_news&stype=0,0,0&picNum=3,3,3&extra=1478766836^T:MC7bpCOvaaG4GvYjqaYjn1YjmA3HREfD1Q22_BBDTxmZeaaaadmW=^D:KzPwIOGVIniAJYO=,1478766836^T:MC7bpCLTaaG5liK07iKXJiKf3Dr90C2MlAm9OM2tWZmqaaaamZ^D:H41XIdYjL3QofOItbq=,1478766836^T:MC7bpCLLaaG4BiKhRiKfVFb90A3rhCqCIqf8Iqen9vmZeaaaadmW=^D:KOINm5W2IjLRIlaTMo5j&logExtra={%22tolerant%22:0,%22isBaijiahao%22:0},{%22tolerant%22:0,%22isBaijiahao%22:0},{%22tolerant%22:0,%22isBaijiahao%22:0}&r=1478766841894
11-10 09:34:01.892 3003-3003/? I/SurfaceFlinger: id=2273 createSurf (1440x1384),1 flag=4, JnputMethod
11-10 09:34:01.892 8805-8836/acr.browser.barebones D/AdblockWebView: Header referrer for https://hpd.baidu.com/v.gif?logid=2727578256663129732&ssid=0&ct=1&sid=102568_108269_100181_110137_106371_108372_100099_110231_107987_106323_110782_107799_110606_110684_110395_110717_110010_111171_109586_109915_110243_110251_109588_108013_107318_111289_110031_110401_110646_111217_110085&rid=18274966107768275372%2C6987978461310675949%2C12397162845983489201&pos=1%2C2%2C3&cst=1&logFrom=mid_news&stype=0%2C0%2C0&picNum=3%2C3%2C3&extra=1478766836%5ET%3AMC7bpCOvaaG4GvYjqaYjn1YjmA3HREfD1Q22_BBDTxmZeaaaadmW%3D%5ED%3AKzPwIOGVIniAJYO%3D%2C1478766836%5ET%3AMC7bpCLTaaG5liK07iKXJiKf3Dr90C2MlAm9OM2tWZmqaaaamZ%5ED%3AH41XIdYjL3QofOItbq%3D%2C1478766836%5ET%3AMC7bpCLLaaG4BiKhRiKfVFb90A3rhCqCIqf8Iqen9vmZeaaaadmW%3D%5ED%3AKOINm5W2IjLRIlaTMo5j&logExtra=%7B%22tolerant%22%3A0%2C%22isBaijiahao%22%3A0%7D%2C%7B%22tolerant%22%3A0%2C%22isBaijiahao%22%3A0%7D%2C%7B%22tolerant%22%3A0%2C%22isBaijiahao%22%3A0%7D&r=l1478766841895 is https://m.baidu.com/?from=844b&vit=fps
11-10 09:34:01.902 3945-3945/? D/PhoneStatusBar: setAreThereNotifications: N=3 any=true clearable=false
11-10 09:34:01.902 7449-13620/? D/mali_winsys: EGLint new_window_surface(egl_winsys_display*, void*, EGLSurface, EGLConfig, egl_winsys_surface**, egl_color_buffer_format*, EGLBoolean) returns 0x3000, [1440x1384]-format:1
11-10 09:34:01.902 8805-8836/acr.browser.barebones D/AdblockWebView: Allowed loading https://hpd.baidu.com/v.gif?logid=2727578256663129732&ssid=0&ct=1&sid=102568_108269_100181_110137_106371_108372_100099_110231_107987_106323_110782_107799_110606_110684_110395_110717_110010_111171_109586_109915_110243_110251_109588_108013_107318_111289_110031_110401_110646_111217_110085&rid=18274966107768275372%2C6987978461310675949%2C12397162845983489201&pos=1%2C2%2C3&cst=1&logFrom=mid_news&stype=0%2C0%2C0&picNum=3%2C3%2C3&extra=1478766836%5ET%3AMC7bpCOvaaG4GvYjqaYjn1YjmA3HREfD1Q22_BBDTxmZeaaaadmW%3D%5ED%3AKzPwIOGVIniAJYO%3D%2C1478766836%5ET%3AMC7bpCLTaaG5liK07iKXJiKf3Dr90C2MlAm9OM2tWZmqaaaamZ%5ED%3AH41XIdYjL3QofOItbq%3D%2C1478766836%5ET%3AMC7bpCLLaaG4BiKhRiKfVFb90A3rhCqCIqf8Iqen9vmZeaaaadmW%3D%5ED%3AKOINm5W2IjLRIlaTMo5j&logExtra=%7B%22tolerant%22%3A0%2C%22isBaijiahao%22%3A0%7D%2C%7B%22tolerant%22%3A0%2C%22isBaijiahao%22%3A0%7D%2C%7B%22tolerant%22%3A0%2C%22isBaijiahao%22%3A0%7D&r=l1478766841895
11-10 09:34:01.902 3149-3635/? D/EnterpriseController: netId is 0
11-10 09:34:01.902 3149-3635/? D/Netd: getNetworkForDns: using netid 503 for uid 10253
11-10 09:34:01.912 3945-3945/? D/NotificationStackScrollLayout: scroll range should be extended : 1600
11-10 09:34:01.952 7449-7449/? D/SamsungIME: Skip dismiss ExpandCandidate. it will be post-invalidated later
11-10 09:34:01.982 7449-7449/? D/SamsungIME: Skip dismiss ExpandCandidate. it will be post-invalidated later
11-10 09:34:01.982 7449-7449/? D/SamsungIME_UnifiedIME: AbstractCandidateLayout, getView position value is get view 0
11-10 09:34:01.982 7449-7449/? D/SamsungIME: < REMOVE TEST > isNextWordPredictionSymbol 1: true
11-10 09:34:01.982 7449-7449/? D/SamsungIME_UnifiedIME: AbstractCandidateLayout, getView position value is get view 1
11-10 09:34:01.982 7449-7449/? D/SamsungIME: < REMOVE TEST > isNextWordPredictionSymbol 1: true
11-10 09:34:01.982 7449-7449/? D/SamsungIME_UnifiedIME: AbstractCandidateLayout, getView position value is get view 2
11-10 09:34:01.982 7449-7449/? D/SamsungIME: < REMOVE TEST > isNextWordPredictionSymbol 1: true
11-10 09:34:01.982 7449-7449/? E/SamsungIME: - onDraw() called
11-10 09:34:01.992 7449-7449/? I/SamsungIME: drawAllKey
11-10 09:34:02.002 7449-7449/? D/SamsungIME: disable handwriting input icon : handwriting is not enabled or improper edit field
11-10 09:34:02.002 7449-7449/? D/SamsungIME: disable handwriting input icon : handwriting is not enabled or improper edit field
11-10 09:34:02.002 7449-7449/? D/SamsungIME: disable handwriting input icon : handwriting is not enabled or improper edit field
11-10 09:34:02.012 7449-7449/? D/SamsungIME: disable handwriting input icon : handwriting is not enabled or improper edit field
11-10 09:34:02.022 3403-3991/? V/WindowStateAnimator: Finishing drawing window Window{3c032c9 u0 d0 InputMethod}: mDrawState=DRAW_PENDING
11-10 09:34:02.022 7449-7449/? E/SamsungIME: - onDraw() called
11-10 09:34:02.032 3003-3003/? D/libEGL: eglInitialize EGLDisplay = 0x7fc20bb448
11-10 09:34:02.042 3003-3003/? D/libEGL: eglInitialize EGLDisplay = 0x7fc20bb448
11-10 09:34:02.052 8805-8805/acr.browser.barebones D/ViewRootImpl: MSG_RESIZED: ci=Rect(0, 96 - 0, 1128) vi=Rect(0, 96 - 0, 1128) or=1
11-10 09:34:02.072 8805-8805/acr.browser.barebones W/DisplayListCanvas: DisplayListCanvas is started on unbinded RenderNode (without mOwningView)
11-10 09:34:02.072 3403-4813/? D/CustomFrequencyManagerService: releaseDVFSLockLocked : Getting Lock type frm List : DVFS_MIN_LIMIT frequency : 1976000 uid : 1000 pid : 3403 tag : com.sec.android.inputmethod@1
11-10 09:34:02.182 7449-7449/? D/SamsungIME: SwiftkeyWrapper-checkCurrentSequence : use IC
11-10 09:34:02.222 7449-7449/? D/SamsungIME: Skip dismiss ExpandCandidate. it will be post-invalidated later
11-10 09:34:02.222 7449-7449/? D/SamsungIME_UnifiedIME: AbstractCandidateLayout, getView position value is get view 0
11-10 09:34:02.222 7449-7449/? D/SamsungIME: < REMOVE TEST > isNextWordPredictionSymbol 1: true
11-10 09:34:02.222 7449-7449/? D/SamsungIME_UnifiedIME: AbstractCandidateLayout, getView position value is get view 1
11-10 09:34:02.222 7449-7449/? D/SamsungIME: < REMOVE TEST > isNextWordPredictionSymbol 1: true
