11-08 09:48:17.925 29726-29757/acr.browser.barebones W/AdblockWebView: Blocked loading https://www.google.com/afs/ads?q=Galaxy%20s7&oe=utf-8&ie=utf-8&lo=false&adpage=1&adrep=5&r=m&fexp=21404&client=aj-de&channel=de-web&hl=de&adtest=off&adsafe=medium&type=0&format=p5%7Cn5&ad=n5p5&nocache=9771478594897880&num=0&output=uds_ads_only&v=3&adlh=on&adext=as1%2Csr1&bsl=10&u_his=12&u_tz=60&dt=1478594897885&u_w=360&u_h=640&biw=360&bih=558&psw=360&psh=1234&frm=0&uio=uv3cs1vp1lo0va1cc0sr1sl1hc-lHst17sd15sv14sa13lt20ld18lv16da1-lhst17sd15sv14sa13lt20ld18lv16da1&jsv=11676&rurl=http%3A%2F%2Fde.ask.com%2Fweb%3Fo%3D0%26l%3Ddir%26qo%3DserpSearchTopBox%26q%3DGalaxy%2Bs7&referer=http%3A%2F%2Fde.ask.com%2Fweb%3Fq%3DIphone%2B6%26qsrc%3D0%26o%3D0%26l%3Ddir%26qo%3DspellCheck#master-1
11-08 09:48:17.925 29726-29726/acr.browser.barebones D/AdblockWebView: Stop prevent drawing, invalidating
11-08 09:48:17.925 29726-29757/acr.browser.barebones D/AdblockWebView: Header referrer for http://www.google-analytics.com/collect?v=1&_v=j47&a=1013614556&t=pageview&_s=1&dl=http%3A%2F%2Fde.ask.com%2Fweb%3Fo%3D0%26l%3Ddir%26qo%3DserpSearchTopBox%26q%3DGalaxy%2Bs7&dp=%2Fweb%3Fo%3D0%26l%3Ddir%26qo%3DserpSearchTopBox%26q%3DGalaxy%2Bs7&ul=en-gb&de=UTF-8&dt=Galaxy%20s7%20-%20Ask.com%20Web-Suche&sd=32-bit&sr=360x640&vp=360x558&je=0&_u=QCEAgEAB~&jid=&cid=278852550.1478594110&tid=UA-64870122-5>m=GTM-T3KVMC&cd2=1478594897785.01zgztum1511aq4asv2t9&cd3=2016-11-08T09%3A48%3A17.786%2B01%3A00&cd4=0&cd5=9&cd9=web&cd11=583919062&cd12=1&cd14=dirN&cd15=&z=967467565 is http://de.ask.com/web?o=0&l=dir&qo=serpSearchTopBox&q=Galaxy+s7
11-08 09:48:17.935 29726-29757/acr.browser.barebones D/AdblockWebView: Allowed loading http://www.google-analytics.com/collect?v=1&_v=j47&a=1013614556&t=pageview&_s=1&dl=http%3A%2F%2Fde.ask.com%2Fweb%3Fo%3D0%26l%3Ddir%26qo%3DserpSearchTopBox%26q%3DGalaxy%2Bs7&dp=%2Fweb%3Fo%3D0%26l%3Ddir%26qo%3DserpSearchTopBox%26q%3DGalaxy%2Bs7&ul=en-gb&de=UTF-8&dt=Galaxy%20s7%20-%20Ask.com%20Web-Suche&sd=32-bit&sr=360x640&vp=360x558&je=0&_u=QCEAgEAB~&jid=&cid=278852550.1478594110&tid=UA-64870122-5>m=GTM-T3KVMC&cd2=1478594897785.01zgztum1511aq4asv2t9&cd3=2016-11-08T09%3A48%3A17.786%2B01%3A00&cd4=0&cd5=9&cd9=web&cd11=583919062&cd12=1&cd14=dirN&cd15=&z=967467565
11-08 09:48:17.945 29726-29726/acr.browser.barebones D/BrowserActivity: Notify Tab Changed: 0
11-08 09:48:17.955 29726-29726/acr.browser.barebones W/DisplayListCanvas: DisplayListCanvas is started on unbinded RenderNode (without mOwningView)
11-08 09:48:17.975 3003-3014/? I/SurfaceFlinger: id=1520 Removed JnputMethod (4/10)
11-08 09:48:17.975 3003-3012/? I/SurfaceFlinger: id=1520 Removed JnputMethod (-2/10)
11-08 09:48:17.985 29726-29726/acr.browser.barebones D/AdblockWebView: Loading progress=80%
11-08 09:48:17.985 29726-29726/acr.browser.barebones D/AdblockWebView: JS: level=LOG, message="onreadystatechange() event fired (complete)", sourceId="", line=44
11-08 09:48:17.985 29726-29726/acr.browser.barebones I/chromium: [INFO:CONSOLE(44)] "onreadystatechange() event fired (complete)", source: (44)
11-08 09:48:17.995 29726-29726/acr.browser.barebones W/DisplayListCanvas: DisplayListCanvas is started on unbinded RenderNode (without mOwningView)
11-08 09:48:17.995 3003-3003/? D/libEGL: eglTerminate EGLDisplay = 0x7fc20bb568
11-08 09:48:18.005 29726-29726/acr.browser.barebones D/AdblockWebView: JS: level=LOG, message="load() event fired", sourceId="", line=54
11-08 09:48:18.005 29726-29726/acr.browser.barebones I/chromium: [INFO:CONSOLE(54)] "load() event fired", source: (54)
11-08 09:48:18.005 29726-29726/acr.browser.barebones D/AdblockWebView: JS: level=LOG, message="already hidden, exiting", sourceId="", line=7
11-08 09:48:18.005 29726-29726/acr.browser.barebones I/chromium: [INFO:CONSOLE(7)] "already hidden, exiting", source: (7)
11-08 09:48:18.045 29726-29757/acr.browser.barebones D/AdblockWebView: Header referrer for http://www.google-analytics.com/collect?v=1&_v=j47&a=1013614556&t=event&ni=1&_s=1&dl=http%3A%2F%2Fde.ask.com%2Fweb%3Fo%3D0%26l%3Ddir%26qo%3DserpSearchTopBox%26q%3DGalaxy%2Bs7&ul=en-gb&de=UTF-8&dt=Galaxy%20s7%20-%20Ask.com%20Web-Suche&sd=32-bit&sr=360x640&vp=360x558&je=0&ec=undefined&ea=undefined&_u=SDEAAEABI~&jid=&cid=278852550.1478594110&tid=UA-64870122-5>m=GTM-T3KVMC&cd1=278852550.1478594110&z=1303013512 is http://de.ask.com/web?o=0&l=dir&qo=serpSearchTopBox&q=Galaxy+s7
11-08 09:48:18.055 29726-29757/acr.browser.barebones D/AdblockWebView: Allowed loading http://www.google-analytics.com/collect?v=1&_v=j47&a=1013614556&t=event&ni=1&_s=1&dl=http%3A%2F%2Fde.ask.com%2Fweb%3Fo%3D0%26l%3Ddir%26qo%3DserpSearchTopBox%26q%3DGalaxy%2Bs7&ul=en-gb&de=UTF-8&dt=Galaxy%20s7%20-%20Ask.com%20Web-Suche&sd=32-bit&sr=360x640&vp=360x558&je=0&ec=undefined&ea=undefined&_u=SDEAAEABI~&jid=&cid=278852550.1478594110&tid=UA-64870122-5>m=GTM-T3KVMC&cd1=278852550.1478594110&z=1303013512
11-08 09:48:18.065 29726-29757/acr.browser.barebones D/AdblockWebView: Header referrer for http://de.ask.com/favicon.ico is http://de.ask.com/web?o=0&l=dir&qo=serpSearchTopBox&q=Galaxy+s7
11-08 09:48:18.065 29726-29757/acr.browser.barebones D/AdblockWebView: Allowed loading http://de.ask.com/favicon.ico
11-08 09:48:18.085 29726-29726/acr.browser.barebones D/AdblockWebView: Loading progress=100%
11-08 09:48:18.085 29726-29726/acr.browser.barebones D/AdblockWebView: Loading progress=100%
11-08 09:48:18.085 29726-29726/acr.browser.barebones D/BrowserActivity: Notify Tab Changed: 0
11-08 09:48:18.085 29726-29726/acr.browser.barebones D/BrowserActivity: Notify Tab Changed: 0
11-08 09:48:18.085 29726-29806/acr.browser.barebones D/Lightning: Caching icon for de.ask.com
11-08 09:48:18.095 29726-29726/acr.browser.barebones W/DisplayListCanvas: DisplayListCanvas is started on unbinded RenderNode (without mOwningView)
11-08 09:48:20.655 29726-29757/acr.browser.barebones D/AdblockWebView: Header referrer for http://de.ask.com/log/browser/event is http://de.ask.com/web?o=0&l=dir&qo=serpSearchTopBox&q=Galaxy+s7
11-08 09:48:20.655 29726-29757/acr.browser.barebones D/AdblockWebView: Allowed loading http://de.ask.com/log/browser/event
11-08 09:48:21.975 3403-3827/? D/InputReader: Input event(4): value=1 when=88439721378000
11-08 09:48:21.975 3403-3827/? D/InputReader: Input event(4): value=1 when=88439721378000
11-08 09:48:21.975 3403-3827/? I/InputReader: Touch event's action is 0x0 (deviceType=0) [pCnt=1, s=0.4785 ] when=88439721378000
11-08 09:48:21.975 3403-3827/? D/InputReader: lastThreadEndTime = 88434118875708, currentThreadStartTime = 88434118881131, diff = 0
11-08 09:48:21.975 3403-3826/? I/InputDispatcher: Delivering touch to (3945): action: 0x4, toolType: 1
11-08 09:48:21.975 3403-3826/? I/InputDispatcher: Delivering touch to (29726): action: 0x0, toolType: 1
11-08 09:48:21.975 29726-29726/acr.browser.barebones D/ViewRootImpl: ViewPostImeInputStage processPointer 0
11-08 09:48:22.475 3403-3826/? D/PowerManagerService: [api] userActivityFromNative : 710 (event: 2 flags: 0) eventTime = 88440224
11-08 09:48:22.565 3403-4317/? D/BatteryService: !@BatteryListener : batteryPropertiesChanged!
11-08 09:48:22.565 3403-4317/? D/BatteryService: level:93, scale:100, status:2, health:2, present:true, voltage: 4260, temperature: 262, technology: Li-ion, AC powered:false, USB powered:true, POGO powered:false, Wireless powered:false, icon:17303413, invalid charger:0, maxChargingCurrent:0
11-08 09:48:22.565 3403-4317/? D/BatteryService: online:4, current avg:186, charge type:1, power sharing:false, high voltage charger:false, capacity:280000, batterySWSelfDischarging:false, current_now:85
11-08 09:48:22.565 3403-3403/? D/BatteryService: Sending ACTION_BATTERY_CHANGED.
11-08 09:48:22.565 3403-3403/? I/MotionRecognitionService: Plugged
11-08 09:48:22.565 3403-3403/? D/MotionRecognitionService: cableConnection= 1
11-08 09:48:22.565 3403-3403/? D/MotionRecognitionService: setPowerConnected | current backoffstate = 1024 , state =1024
11-08 09:48:22.565 3403-3403/? D/MotionRecognitionService: skip setTransmitPower.
11-08 09:48:22.565 3403-3858/? D/WifiController: ApOrStaEnabledState msg.what= 155652
11-08 09:48:22.575 3945-3945/? D/KeyguardUpdateMonitor: received broadcast android.intent.action.BATTERY_CHANGED
11-08 09:48:22.575 3945-3945/? D/KeyguardUpdateMonitor: handleBatteryUpdate
11-08 09:48:22.575 3945-3945/? D/PowerUI: priorPlugType = 2 mPlugType = 2
11-08 09:48:22.575 3945-3945/? D/PowerUI.Notification: showChargingNotice oldChargingType : 1 currentChargingType : 1 oldChargingTime : 1108000 mChargingTime : 1108000
11-08 09:48:22.575 3945-3945/? D/PowerUI.Notification: There is no change about charging status, so return!
11-08 09:48:22.585 4444-4444/? D/CommonServiceConfiguration: getStringValueSetting
11-08 09:48:22.595 4444-4444/? D/BatteryMonitor: new battery level: 93
11-08 09:48:22.605 3945-3945/? D/BatteryMeterView: ACTION_BATTERY_CHANGED : level:93 status:2 health:2
11-08 09:48:22.605 3945-3945/? D/BatteryMeterView: ACTION_BATTERY_CHANGED : level:93 status:2 health:2
11-08 09:48:22.985 3403-6849/? D/SSRM:n: SIOP:: AP = 300, PST = 288 (W:6), CP = 237, CUR = 186, LCD = 83
11-08 09:48:23.095 3403-3827/? D/InputReader: Input event(4): value=0 when=88440842674000
11-08 09:48:23.095 3403-3827/? D/InputReader: Input event(4): value=0 when=88440842674000
11-08 09:48:23.095 3403-3827/? I/InputReader: Touch event's action is 0x1 (deviceType=0) [pCnt=1, s=] when=88440842674000
11-08 09:48:23.095 3403-3826/? I/InputDispatcher: Delivering touch to (29726): action: 0x1, toolType: 1
11-08 09:48:23.095 3403-6849/? D/CustomFrequencyManagerService: acquireDVFSLockLocked : type : DVFS_MIN_LIMIT frequency : 728000 uid : 1000 pid : 3403 pkgName : GESTURE_DETECTED@CPU_MIN@32
11-08 09:48:23.095 3403-6849/? D/CustomFrequencyManagerService: releaseDVFSLockLocked : Getting Lock type frm List : DVFS_MIN_LIMIT frequency : 728000 uid : 1000 pid : 3403 tag : GESTURE_DETECTED@CPU_MIN@32
11-08 09:48:23.095 3403-6849/? D/CustomFrequencyManagerService: acquireDVFSLockLocked : type : DVFS_MIN_LIMIT frequency : 728000 uid : 1000 pid : 3403 pkgName : GESTURE_DETECTED@CPU_MIN@32
11-08 09:48:23.105 29726-29726/acr.browser.barebones D/ViewRootImpl: ViewPostImeInputStage processPointer 1
11-08 09:48:23.245 29726-29757/acr.browser.barebones D/AdblockWebView: Header referrer for http://www.google-analytics.com/collect?v=1&_v=j47&a=1013614556&t=event&ni=0&_s=1&dl=http%3A%2F%2Fde.ask.com%2Fweb%3Fo%3D0%26l%3Ddir%26qo%3DserpSearchTopBox%26q%3DGalaxy%2Bs7&ul=en-gb&de=UTF-8&dt=Galaxy%20s7%20-%20Ask.com%20Web-Suche&sd=32-bit&sr=360x640&vp=360x558&je=0&ec=Scroll%20Depth&ea=Percentage&el=75%25&ev=1&_u=SDEAAEABI~&jid=&cid=278852550.1478594110&tid=UA-64870122-5>m=GTM-T3KVMC&z=149723956 is http://de.ask.com/web?o=0&l=dir&qo=serpSearchTopBox&q=Galaxy+s7
11-08 09:48:23.265 29726-29757/acr.browser.barebones D/AdblockWebView: Allowed loading http://www.google-analytics.com/collect?v=1&_v=j47&a=1013614556&t=event&ni=0&_s=1&dl=http%3A%2F%2Fde.ask.com%2Fweb%3Fo%3D0%26l%3Ddir%26qo%3DserpSearchTopBox%26q%3DGalaxy%2Bs7&ul=en-gb&de=UTF-8&dt=Galaxy%20s7%20-%20Ask.com%20Web-Suche&sd=32-bit&sr=360x640&vp=360x558&je=0&ec=Scroll%20Depth&ea=Percentage&el=75%25&ev=1&_u=SDEAAEABI~&jid=&cid=278852550.1478594110&tid=UA-64870122-5>m=GTM-T3KVMC&z=149723956
11-08 09:48:23.335 29726-29757/acr.browser.barebones D/AdblockWebView: Header referrer for http://www.google-analytics.com/collect?v=1&_v=j47&a=1013614556&t=event&ni=0&_s=1&dl=http%3A%2F%2Fde.ask.com%2Fweb%3Fo%3D0%26l%3Ddir%26qo%3DserpSearchTopBox%26q%3DGalaxy%2Bs7&ul=en-gb&de=UTF-8&dt=Galaxy%20s7%20-%20Ask.com%20Web-Suche&sd=32-bit&sr=360x640&vp=360x558&je=0&ec=Scroll%20Depth&ea=Percentage&el=100%25&ev=1&_u=SDEAAEABI~&jid=&cid=278852550.1478594110&tid=UA-64870122-5>m=GTM-T3KVMC&z=93509096 is http://de.ask.com/web?o=0&l=dir&qo=serpSearchTopBox&q=Galaxy+s7
11-08 09:48:23.345 29726-29757/acr.browser.barebones D/AdblockWebView: Allowed loading http://www.google-analytics.com/collect?v=1&_v=j47&a=1013614556&t=event&ni=0&_s=1&dl=http%3A%2F%2Fde.ask.com%2Fweb%3Fo%3D0%26l%3Ddir%26qo%3DserpSearchTopBox%26q%3DGalaxy%2Bs7&ul=en-gb&de=UTF-8&dt=Galaxy%20s7%20-%20Ask.com%20Web-Suche&sd=32-bit&sr=360x640&vp=360x558&je=0&ec=Scroll%20Depth&ea=Percentage&el=100%25&ev=1&_u=SDEAAEABI~&jid=&cid=278852550.1478594110&tid=UA-64870122-5>m=GTM-T3KVMC&z=93509096
11-08 09:48:24.425 3403-3403/? D/CustomFrequencyManagerService: releaseDVFSLockLocked : Getting Lock type frm List : DVFS_MIN_LIMIT frequency : 728000 uid : 1000 pid : 3403 tag : GESTURE_DETECTED@CPU_MIN@32