11-08 09:48:06.775 3403-3827/? D/InputReader: Input event(4): value=1 when=88424521546000
11-08 09:48:06.775 3403-3827/? D/InputReader: Input event(4): value=1 when=88424521546000
11-08 09:48:06.775 3403-3827/? I/InputReader: Touch event's action is 0x0 (deviceType=0) [pCnt=1, s=0.4771 ] when=88424521546000
11-08 09:48:06.775 3403-3827/? D/InputReader: lastThreadEndTime = 88423939703138, currentThreadStartTime = 88423939709177, diff = 0
11-08 09:48:06.775 3403-3826/? I/InputDispatcher: Delivering touch to (3945): action: 0x4, toolType: 1
11-08 09:48:06.775 3403-3826/? I/InputDispatcher: Delivering touch to (29726): action: 0x0, toolType: 1
11-08 09:48:06.775 29726-29726/acr.browser.barebones D/ViewRootImpl: ViewPostImeInputStage processPointer 0
11-08 09:48:06.875 3403-3827/? D/InputReader: Input event(4): value=0 when=88424622083000
11-08 09:48:06.875 3403-3827/? D/InputReader: Input event(4): value=0 when=88424622083000
11-08 09:48:06.875 3403-3827/? I/InputReader: Touch event's action is 0x1 (deviceType=0) [pCnt=1, s=] when=88424622083000
11-08 09:48:06.875 3403-3826/? I/InputDispatcher: Delivering touch to (29726): action: 0x1, toolType: 1
11-08 09:48:06.875 3403-6849/? D/CustomFrequencyManagerService: releaseDVFSLockLocked : Getting Lock type frm List : DVFS_MIN_LIMIT frequency : 728000 uid : 1000 pid : 3403 tag : GESTURE_DETECTED@CPU_MIN@32
11-08 09:48:06.875 3403-6849/? D/CustomFrequencyManagerService: acquireDVFSLockLocked : type : DVFS_MIN_LIMIT frequency : 728000 uid : 1000 pid : 3403 pkgName : GESTURE_DETECTED@CPU_MIN@32
11-08 09:48:06.875 3403-6849/? D/CustomFrequencyManagerService: releaseDVFSLockLocked : Getting Lock type frm List : DVFS_MIN_LIMIT frequency : 728000 uid : 1000 pid : 3403 tag : GESTURE_DETECTED@CPU_MIN@32
11-08 09:48:06.875 3403-6849/? D/CustomFrequencyManagerService: acquireDVFSLockLocked : type : DVFS_MIN_LIMIT frequency : 728000 uid : 1000 pid : 3403 pkgName : GESTURE_DETECTED@CPU_MIN@32
11-08 09:48:06.885 29726-29726/acr.browser.barebones D/ViewRootImpl: ViewPostImeInputStage processPointer 1
11-08 09:48:07.455 4178-4254/? D/ContactsProvider_EventLog: contents_sample_state: [ contacts(15) data(105) accounts({com.google (2)=15}) accounts deleted({}) calls([]) ] contents_sample_state: [ agr({[2]=15}) ]
11-08 09:48:07.965 3403-3827/? D/InputReader: Input event(4): value=1 when=88425715386000
11-08 09:48:07.965 3403-3827/? D/InputReader: Input event(4): value=1 when=88425715386000
11-08 09:48:07.965 3403-3827/? I/InputReader: Touch event's action is 0x0 (deviceType=0) [pCnt=1, s=0.4772 ] when=88425715386000
11-08 09:48:07.965 3403-3827/? D/InputReader: lastThreadEndTime = 88424622851369, currentThreadStartTime = 88424622860138, diff = 0
11-08 09:48:07.965 3403-3826/? I/InputDispatcher: Delivering touch to (3945): action: 0x4, toolType: 1
11-08 09:48:07.965 3403-3826/? I/InputDispatcher: Delivering touch to (29726): action: 0x0, toolType: 1
11-08 09:48:07.965 29726-29726/acr.browser.barebones D/ViewRootImpl: ViewPostImeInputStage processPointer 0
11-08 09:48:08.035 3403-3827/? D/InputReader: Input event(4): value=0 when=88425780691000
11-08 09:48:08.035 3403-3827/? D/InputReader: Input event(4): value=0 when=88425780691000
11-08 09:48:08.035 3403-3827/? I/InputReader: Touch event's action is 0x1 (deviceType=0) [pCnt=1, s=] when=88425780691000
11-08 09:48:08.035 3403-3826/? I/InputDispatcher: Delivering touch to (29726): action: 0x1, toolType: 1
11-08 09:48:08.035 29726-29726/acr.browser.barebones D/ViewRootImpl: ViewPostImeInputStage processPointer 1
11-08 09:48:08.065 3403-3969/? D/CustomFrequencyManagerService: acquireDVFSLockLocked : type : DVFS_MIN_LIMIT frequency : 1976000 uid : 1000 pid : 3403 pkgName : com.sec.android.inputmethod@1
11-08 09:48:08.075 29726-29726/acr.browser.barebones D/ViewRootImpl: #1 mView = android.widget.PopupWindow$PopupDecorView{28da630 V.E...... ......I. 0,0-0,0}
11-08 09:48:08.075 7449-7449/? D/SamsungIME: onStartInputView requsted restarting value = false
11-08 09:48:08.075 7449-7449/? D/SamsungIME: onStartInputView After call super - restarting value = false
11-08 09:48:08.075 7449-7449/? D/SamsungIME: disable handwriting input icon : handwriting is not enabled or improper edit field
11-08 09:48:08.075 3403-4050/? D/ISSUE_DEBUG: InputChannelName : 3e6daf5 PopupWindow:e984773
11-08 09:48:08.075 7449-7449/? D/SamsungIME: [startInputView] info.inputType = 0 info.imeOptions = 301989888
11-08 09:48:08.075 7449-7449/? I/SamsungIME: Update SetupWizard State usc : 1 pss : false
11-08 09:48:08.075 3403-4280/? D/SettingsProvider: isChangeAllowed() : name = onehand_direction
11-08 09:48:08.075 3403-4280/? D/SettingsProvider: edmUri: content://com.sec.knox.provider/RestrictionPolicy3
11-08 09:48:08.075 3403-4280/? D/SettingsProvider: projectionArgs: isSettingsChangesAllowed
11-08 09:48:08.075 3403-4280/? D/SecContentProvider: query(), uri = 17 selection = isSettingsChangesAllowed
11-08 09:48:08.075 3403-4280/? D/SettingsProvider: selectionArgs: false
11-08 09:48:08.075 3403-4280/? D/SettingsProvider: selectionArgs: 10138
11-08 09:48:08.075 3403-4280/? D/SettingsProvider: ret = -1
11-08 09:48:08.075 7449-7449/? D/SamsungIME: checkDynamicTouchRecognizedPrefValue mIsStaticTouchAreaPrefValue = false
11-08 09:48:08.075 7449-7449/? I/SamsungIME: Update SetupWizard State usc : 1 pss : false
11-08 09:48:08.075 7449-7449/? E/SamsungIME: lang.getLanguageCode():en, lang.getCountryCode():GB
11-08 09:48:08.075 7449-7449/? W/SamsungIME: makeSelectedLanguageList:en_GB;
11-08 09:48:08.085 7449-7449/? I/SamsungIME: [IMI] isChangedMainValues - bRetVal : true
11-08 09:48:08.085 7449-7449/? D/SamsungIME: [AbstractKeyboardView] onDetachedFromWindow.
11-08 09:48:08.085 7449-7449/? D/SamsungIME: Magnification Enabled = false
11-08 09:48:08.085 7449-30063/? E/SamsungIME: sendInputLanguage() : en_GB, en_GB;
11-08 09:48:08.085 7449-7449/? D/SamsungIME: Dismiss ExpandCandiate
11-08 09:48:08.085 7449-7449/? E/SamsungIME: lang.getLanguageCode():en, lang.getCountryCode():GB
11-08 09:48:08.085 7449-7449/? W/SamsungIME: makeSelectedLanguageList:en_GB;
11-08 09:48:08.085 7449-30064/? E/SamsungIME: sendInputLanguage() : en_GB, en_GB;
11-08 09:48:08.085 3403-4421/? D/SettingsProvider: isChangeAllowed() : name = sip_input_language
11-08 09:48:08.085 7449-7449/? D/SamsungIME: Dismiss ExpandCandiate
11-08 09:48:08.085 3403-4421/? D/SettingsProvider: edmUri: content://com.sec.knox.provider/RestrictionPolicy3
11-08 09:48:08.085 7449-7449/? D/SamsungIME: loadLanguageModels force = false
11-08 09:48:08.085 3403-4421/? D/SettingsProvider: projectionArgs: isSettingsChangesAllowed
11-08 09:48:08.085 3403-4421/? D/SecContentProvider: query(), uri = 17 selection = isSettingsChangesAllowed
11-08 09:48:08.085 3403-4421/? D/SettingsProvider: selectionArgs: false
11-08 09:48:08.085 7449-7449/? W/System.err: mkdir failed: EEXIST (File exists) : /data/user/0/com.sec.android.inputmethod/app_SwiftKey/user
11-08 09:48:08.085 3403-4421/? D/SettingsProvider: selectionArgs: 10138
11-08 09:48:08.085 3403-4421/? D/SettingsProvider: ret = -1
11-08 09:48:08.085 3403-4050/? D/SettingsProvider: isChangeAllowed() : name = sip_input_language
11-08 09:48:08.085 3403-4050/? D/SecContentProvider: query(), uri = 17 selection = isSettingsChangesAllowed
11-08 09:48:08.085 3403-4050/? D/SettingsProvider: edmUri: content://com.sec.knox.provider/RestrictionPolicy3
11-08 09:48:08.085 3403-3969/? D/SecContentProvider: query(), uri = 17 selection = isSettingsChangesAllowed
11-08 09:48:08.085 3403-4050/? D/SettingsProvider: projectionArgs: isSettingsChangesAllowed
11-08 09:48:08.085 3403-4050/? D/SettingsProvider: selectionArgs: false
11-08 09:48:08.085 7449-7449/? D/SamsungIME: [loadLanguageModels] isChangePersonalizedData = false
11-08 09:48:08.085 3403-4050/? D/SettingsProvider: selectionArgs: 10138
11-08 09:48:08.085 7449-7449/? D/SamsungIME: [loadLanguageModels] loadLanguageforcely = false
11-08 09:48:08.085 3403-3969/? D/SettingsProvider: isChangeAllowed() : name = handwriting_language_list
11-08 09:48:08.085 7449-7449/? D/SamsungIME: Dismiss ExpandCandiate
11-08 09:48:08.085 3403-3969/? D/SettingsProvider: edmUri: content://com.sec.knox.provider/RestrictionPolicy3
11-08 09:48:08.085 7449-7449/? D/SamsungIME: loadLanguageModels force = false
11-08 09:48:08.085 3403-3969/? D/SettingsProvider: projectionArgs: isSettingsChangesAllowed
11-08 09:48:08.085 7449-7449/? W/System.err: mkdir failed: EEXIST (File exists) : /data/user/0/com.sec.android.inputmethod/app_SwiftKey/user
11-08 09:48:08.085 3403-3969/? D/SettingsProvider: selectionArgs: false
11-08 09:48:08.085 3403-4305/? D/SecContentProvider: query(), uri = 17 selection = isSettingsChangesAllowed
11-08 09:48:08.085 3403-3969/? D/SettingsProvider: selectionArgs: 10138
11-08 09:48:08.085 3403-3969/? D/SettingsProvider: ret = -1
11-08 09:48:08.085 3403-4050/? D/SettingsProvider: ret = -1
11-08 09:48:08.085 3403-4305/? D/SettingsProvider: isChangeAllowed() : name = handwriting_language_list
11-08 09:48:08.085 3403-4305/? D/SettingsProvider: edmUri: content://com.sec.knox.provider/RestrictionPolicy3
11-08 09:48:08.085 3403-4305/? D/SettingsProvider: projectionArgs: isSettingsChangesAllowed
11-08 09:48:08.085 3403-4305/? D/SettingsProvider: selectionArgs: false
11-08 09:48:08.085 3403-4305/? D/SettingsProvider: selectionArgs: 10138
11-08 09:48:08.095 3403-4305/? D/SettingsProvider: ret = -1
11-08 09:48:08.095 7449-7449/? D/SamsungIME: [loadLanguageModels] isChangePersonalizedData = false
11-08 09:48:08.095 7449-7449/? D/SamsungIME: [loadLanguageModels] loadLanguageforcely = false
11-08 09:48:08.095 7449-7449/? I/SamsungIME: getCurrentKeyboard
11-08 09:48:08.095 7449-7449/? I/SamsungIME: getTextKeyboard
11-08 09:48:08.095 7449-7449/? I/SamsungIME: CarMode is off
11-08 09:48:08.095 7449-7449/? D/SamsungIME: mDisplayWidth is 1440
11-08 09:48:08.095 7449-7449/? D/SamsungIME: mDisplayHeight is 2560
11-08 09:48:08.095 7449-7449/? D/SamsungIME: isOrientationLandscape false
11-08 09:48:08.095 7449-7449/? D/SamsungIME: mDisplayWidth is 1440
11-08 09:48:08.095 7449-7449/? D/SamsungIME: mDisplayHeight is 2560
11-08 09:48:08.095 7449-7449/? D/SamsungIME: isOrientationLandscape false
11-08 09:48:08.095 3003-3003/? I/SurfaceFlinger: id=1519 createSurf (1x1),1 flag=4, QopupWindow
11-08 09:48:08.095 7449-7449/? D/SamsungIME: mIsUseStaticTouchRecognizedArea = false
11-08 09:48:08.105 7449-7449/? D/SamsungIME: [SwiftkeyWrapper] currentLangauge : 1701726018
11-08 09:48:08.115 29726-29795/acr.browser.barebones D/mali_winsys: EGLint new_window_surface(egl_winsys_display*, void*, EGLSurface, EGLConfig, egl_winsys_surface**, egl_color_buffer_format*, EGLBoolean) returns 0x3000, [80x96]-format:1
11-08 09:48:08.115 29726-29726/acr.browser.barebones W/DisplayListCanvas: DisplayListCanvas is started on unbinded RenderNode (without mOwningView)
11-08 09:48:08.125 3403-3991/? V/WindowStateAnimator: Finishing drawing window Window{3e6daf5 u0 d0 PopupWindow:e984773}: mDrawState=DRAW_PENDING
11-08 09:48:08.125 29726-29726/acr.browser.barebones D/ViewRootImpl: MSG_RESIZED_REPORT: ci=Rect(0, 0 - 0, 0) vi=Rect(0, 0 - 0, 0) or=1
11-08 09:48:08.125 29726-29726/acr.browser.barebones D/ViewRootImpl: MSG_RESIZED_REPORT: ci=Rect(0, 0 - 0, 0) vi=Rect(0, 0 - 0, 0) or=1
11-08 09:48:08.125 7449-7449/? D/SamsungIME: startInputViewContinue : true true
11-08 09:48:08.125 7449-7449/? D/SamsungIME: [showDiscoverability] this is auto replacement discoverity popup
11-08 09:48:08.125 7449-7449/? D/SamsungIME: conditions for show dialog : true true true false
11-08 09:48:08.125 7449-7449/? D/SamsungIME: showDlgMsgBox : true true true
11-08 09:48:08.125 7449-7449/? D/SamsungIME: showDlgMsgBox inner condition : true true
11-08 09:48:08.125 3403-3541/? D/KnoxTimeoutHandler: notifyActivityDrawn [MsgParam] userId: 0 fullscreen is true showWhenlocked is false
11-08 09:48:08.125 7449-7449/? I/SamsungIME: [IMI] startInputView - caller pid : 29726, caller uid : 10252
11-08 09:48:08.125 3403-3403/? D/KnoxTimeoutHandler: activityDrawn [MsgParam] userId: 0 fullscreen is true showWhenlocked is false
11-08 09:48:08.125 3403-3403/? I/KnoxTimeoutHandler: SD activityfalse
11-08 09:48:08.125 7449-30067/? D/InputMethodFrameWorkUtils: InputMethodSubtype is found as local:en_GB
11-08 09:48:08.125 3403-3969/? D/ApplicationPolicy: isStatusBarNotificationAllowedAsUser: packageName = android,userId = -1
11-08 09:48:08.125 7449-30067/? D/InputMethodFrameWorkUtils: InputMethodSubtype is set as local:en_GB
11-08 09:48:08.125 7449-7449/? D/SamsungIME: onWindowShown
11-08 09:48:08.125 3403-4319/? D/ApplicationPolicy: isStatusBarNotificationAllowedAsUser: packageName = android,userId = -1
11-08 09:48:08.125 3403-3403/? D/InputMethodManagerService: [HARDWARE_KEYBOARD] (refreshImeWindowVis) mImeWindowVis= 3 inputVisible = truehaveHardKeyboard = false hardKeyShown = false
11-08 09:48:08.125 7449-7449/? D/SamsungIME: onStartInputView requsted restarting value = true
11-08 09:48:08.125 7449-7449/? D/SamsungIME: onStartInputView After call super - restarting value = true
11-08 09:48:08.125 3003-3003/? D/libEGL: eglInitialize EGLDisplay = 0x7fc20bb448
11-08 09:48:08.125 3403-3403/? D/MARsPolicyManager: NotificationListenerService OngoingNotificationPosted : android
11-08 09:48:08.125 3403-3403/? D/MARsPolicyManager: NotificationListenerService OngoingNotificationPosted : android
11-08 09:48:08.135 3403-4811/? V/WindowStateAnimator: Finishing drawing window Window{3e6daf5 u0 d0 PopupWindow:e984773}: mDrawState=HAS_DRAWN
11-08 09:48:08.135 7449-7449/? E/SamsungIME: resetNeedToLoadHwrLibrary : 0
11-08 09:48:08.135 7449-7449/? D/SamsungIME: disable handwriting input icon : handwriting is not enabled or improper edit field
11-08 09:48:08.135 7449-7449/? D/SamsungIME: [startInputView] info.inputType = 573601 info.imeOptions = 301989890
11-08 09:48:08.135 7449-7449/? I/SamsungIME: Update SetupWizard State usc : 1 pss : false
11-08 09:48:08.135 3403-3436/? D/SecContentProvider: query(), uri = 17 selection = isSettingsChangesAllowed
11-08 09:48:08.135 3403-3436/? D/SettingsProvider: isChangeAllowed() : name = onehand_direction
11-08 09:48:08.135 3403-3436/? D/SettingsProvider: edmUri: content://com.sec.knox.provider/RestrictionPolicy3
11-08 09:48:08.135 3403-3436/? D/SettingsProvider: projectionArgs: isSettingsChangesAllowed
11-08 09:48:08.135 3403-3436/? D/SettingsProvider: selectionArgs: false
11-08 09:48:08.135 3403-3436/? D/SettingsProvider: selectionArgs: 10138
11-08 09:48:08.135 7449-7449/? D/SamsungIME: checkDynamicTouchRecognizedPrefValue mIsStaticTouchAreaPrefValue = false
11-08 09:48:08.135 3403-3436/? D/SettingsProvider: ret = -1
11-08 09:48:08.135 7449-7449/? I/SamsungIME: Update SetupWizard State usc : 1 pss : false
11-08 09:48:08.135 7449-7449/? E/SamsungIME: lang.getLanguageCode():en, lang.getCountryCode():GB
11-08 09:48:08.135 7449-7449/? W/SamsungIME: makeSelectedLanguageList:en_GB;
11-08 09:48:08.135 7449-7449/? I/SamsungIME: [IMI] isChangedMainValues - bRetVal : true
11-08 09:48:08.135 7449-7449/? D/SamsungIME: [AbstractKeyboardView] onDetachedFromWindow.
11-08 09:48:08.135 7449-7449/? D/SamsungIME: Magnification Enabled = false
11-08 09:48:08.135 7449-30069/? E/SamsungIME: sendInputLanguage() : en_GB, en_GB;
11-08 09:48:08.135 7449-7449/? D/SamsungIME: Dismiss ExpandCandiate
11-08 09:48:08.135 7449-7449/? E/SamsungIME: lang.getLanguageCode():en, lang.getCountryCode():GB
11-08 09:48:08.135 7449-7449/? W/SamsungIME: makeSelectedLanguageList:en_GB;
11-08 09:48:08.135 3403-4319/? D/SettingsProvider: isChangeAllowed() : name = sip_input_language
11-08 09:48:08.135 3403-4319/? D/SettingsProvider: edmUri: content://com.sec.knox.provider/RestrictionPolicy3
11-08 09:48:08.135 3403-4319/? D/SecContentProvider: query(), uri = 17 selection = isSettingsChangesAllowed
11-08 09:48:08.135 3403-4319/? D/SettingsProvider: projectionArgs: isSettingsChangesAllowed
11-08 09:48:08.135 7449-30070/? E/SamsungIME: sendInputLanguage() : en_GB, en_GB;
11-08 09:48:08.135 3403-4319/? D/SettingsProvider: selectionArgs: false
11-08 09:48:08.135 3403-4319/? D/SettingsProvider: selectionArgs: 10138
11-08 09:48:08.135 7449-7449/? D/SamsungIME: Dismiss ExpandCandiate
11-08 09:48:08.145 7449-7449/? D/SamsungIME: loadLanguageModels force = false
11-08 09:48:08.145 3403-4319/? D/SettingsProvider: ret = -1
11-08 09:48:08.145 7449-7449/? W/System.err: mkdir failed: EEXIST (File exists) : /data/user/0/com.sec.android.inputmethod/app_SwiftKey/user
11-08 09:48:08.145 3403-4216/? D/SecContentProvider: query(), uri = 17 selection = isSettingsChangesAllowed
11-08 09:48:08.145 3403-4216/? D/SettingsProvider: isChangeAllowed() : name = sip_input_language
11-08 09:48:08.145 3403-4216/? D/SettingsProvider: edmUri: content://com.sec.knox.provider/RestrictionPolicy3
11-08 09:48:08.145 3403-4050/? D/SecContentProvider: query(), uri = 17 selection = isSettingsChangesAllowed
11-08 09:48:08.145 3403-4216/? D/SettingsProvider: projectionArgs: isSettingsChangesAllowed
11-08 09:48:08.145 7449-7449/? D/SamsungIME: [loadLanguageModels] isChangePersonalizedData = false
11-08 09:48:08.145 3403-4216/? D/SettingsProvider: selectionArgs: false
11-08 09:48:08.145 7449-7449/? D/SamsungIME: [loadLanguageModels] loadLanguageforcely = false
11-08 09:48:08.145 3403-4216/? D/SettingsProvider: selectionArgs: 10138
11-08 09:48:08.145 7449-7449/? D/SamsungIME: Dismiss ExpandCandiate
11-08 09:48:08.145 3403-4050/? D/SettingsProvider: isChangeAllowed() : name = handwriting_language_list
11-08 09:48:08.145 7449-7449/? I/SamsungIME: getCurrentKeyboard
11-08 09:48:08.145 3403-4050/? D/SettingsProvider: edmUri: content://com.sec.knox.provider/RestrictionPolicy3
11-08 09:48:08.145 7449-7449/? I/SamsungIME: getTextKeyboard
11-08 09:48:08.145 3403-4050/? D/SettingsProvider: projectionArgs: isSettingsChangesAllowed
11-08 09:48:08.145 7449-7449/? I/SamsungIME: CarMode is off
11-08 09:48:08.145 3403-4050/? D/SettingsProvider: selectionArgs: false
11-08 09:48:08.145 7449-7449/? E/SamsungIME: get previous
11-08 09:48:08.145 3403-4050/? D/SettingsProvider: selectionArgs: 10138
11-08 09:48:08.145 7449-7449/? D/SamsungIME: mIsUseStaticTouchRecognizedArea = false
11-08 09:48:08.145 3403-4216/? D/SettingsProvider: ret = -1
11-08 09:48:08.145 3945-3945/? D/KnoxNotification: ----- inflateViews : modified publicViewLocal -----
11-08 09:48:08.145 3403-4050/? D/SettingsProvider: ret = -1
11-08 09:48:08.145 3403-3437/? D/SecContentProvider: query(), uri = 17 selection = isSettingsChangesAllowed
11-08 09:48:08.145 3403-3437/? D/SettingsProvider: isChangeAllowed() : name = handwriting_language_list
11-08 09:48:08.145 7449-7449/? D/SamsungIME: [SwiftkeyWrapper] currentLangauge : 1701726018
11-08 09:48:08.145 3403-3437/? D/SettingsProvider: edmUri: content://com.sec.knox.provider/RestrictionPolicy3
11-08 09:48:08.145 7449-7449/? D/SamsungIME: Skip dismiss ExpandCandidate. it will be post-invalidated later
11-08 09:48:08.145 3403-3437/? D/SettingsProvider: projectionArgs: isSettingsChangesAllowed
11-08 09:48:08.145 7449-7449/? D/SamsungIME: startInputViewContinue : false true
11-08 09:48:08.145 3403-3437/? D/SettingsProvider: selectionArgs: false
11-08 09:48:08.145 7449-7449/? I/SamsungIME: [IMI] startInputView - caller pid : 29726, caller uid : 10252
11-08 09:48:08.145 3403-3437/? D/SettingsProvider: selectionArgs: 10138
11-08 09:48:08.145 7449-30073/? D/InputMethodFrameWorkUtils: InputMethodSubtype is found as local:en_GB
11-08 09:48:08.145 3403-3437/? D/SettingsProvider: ret = -1
11-08 09:48:08.145 7449-30073/? D/InputMethodFrameWorkUtils: InputMethodSubtype is set as local:en_GB
11-08 09:48:08.145 3945-3945/? D/KnoxNotification: ----- inflateViews : modified KnoxViewLocal -----
11-08 09:48:08.155 3403-3403/? D/InputMethodManagerService: [HARDWARE_KEYBOARD] (refreshImeWindowVis) mImeWindowVis= 3 inputVisible = truehaveHardKeyboard = false hardKeyShown = false
11-08 09:48:08.155 3403-3969/? D/ApplicationPolicy: isStatusBarNotificationAllowedAsUser: packageName = android,userId = -1
11-08 09:48:08.155 3403-3403/? D/MARsPolicyManager: NotificationListenerService OngoingNotificationPosted : android
11-08 09:48:08.155 3945-3945/? D/NotificationStackScrollLayout: scroll range should be extended : 1600
11-08 09:48:08.155 3003-3003/? I/SurfaceFlinger: id=1520 createSurf (1440x1384),1 flag=4, JnputMethod
11-08 09:48:08.155 3945-3945/? D/NotificationStackScrollLayout: scroll range should be extended : 1600
11-08 09:48:08.155 3945-3945/? D/PhoneStatusBar: setAreThereNotifications: N=3 any=true clearable=false
11-08 09:48:08.155 3945-3945/? D/PhoneStatusBar: setAreThereNotifications: N=3 any=true clearable=false
11-08 09:48:08.155 7449-13620/? D/mali_winsys: EGLint new_window_surface(egl_winsys_display*, void*, EGLSurface, EGLConfig, egl_winsys_surface**, egl_color_buffer_format*, EGLBoolean) returns 0x3000, [1440x1384]-format:1
11-08 09:48:08.165 3945-3945/? D/NotificationStackScrollLayout: scroll range should be extended : 1600
11-08 09:48:08.165 3945-3945/? D/NotificationStackScrollLayout: scroll range should be extended : 1600
11-08 09:48:08.165 3945-3945/? D/NotificationStackScrollLayout: scroll range should be extended : 1600
11-08 09:48:08.165 3945-3945/? D/PhoneStatusBar: setAreThereNotifications: N=3 any=true clearable=false
11-08 09:48:08.175 3945-3945/? D/NotificationStackScrollLayout: scroll range should be extended : 1600
11-08 09:48:08.175 7449-7449/? E/SamsungIME: - onDraw() called
11-08 09:48:08.185 7449-7449/? I/SamsungIME: drawAllKey
11-08 09:48:08.205 7449-7449/? D/SamsungIME: disable handwriting input icon : handwriting is not enabled or improper edit field
11-08 09:48:08.205 7449-7449/? D/SamsungIME: disable handwriting input icon : handwriting is not enabled or improper edit field
11-08 09:48:08.205 7449-7449/? D/SamsungIME: disable handwriting input icon : handwriting is not enabled or improper edit field
11-08 09:48:08.205 7449-7449/? D/SamsungIME: disable handwriting input icon : handwriting is not enabled or improper edit field
11-08 09:48:08.215 3403-4419/? V/WindowStateAnimator: Finishing drawing window Window{3c032c9 u0 d0 InputMethod}: mDrawState=DRAW_PENDING
11-08 09:48:08.215 7449-7449/? E/SamsungIME: - onDraw() called
11-08 09:48:08.215 29726-29726/acr.browser.barebones D/ViewRootImpl: MSG_RESIZED: ci=Rect(0, 96 - 0, 1128) vi=Rect(0, 96 - 0, 1128) or=1
11-08 09:48:08.225 3003-3003/? D/libEGL: eglInitialize EGLDisplay = 0x7fc20bb448
11-08 09:48:08.235 29726-29726/acr.browser.barebones W/DisplayListCanvas: DisplayListCanvas is started on unbinded RenderNode (without mOwningView)
11-08 09:48:08.245 3003-3003/? D/libEGL: eglInitialize EGLDisplay = 0x7fc20bb448
11-08 09:48:08.345 7449-7449/? D/SamsungIME: SwiftkeyWrapper-checkCurrentSequence : use IC
11-08 09:48:08.355 7449-7449/? D/SamsungIME: Skip dismiss ExpandCandidate. it will be post-invalidated later
11-08 09:48:08.365 7449-7449/? D/SamsungIME_UnifiedIME: AbstractCandidateLayout, getView position value is get view 0
11-08 09:48:08.365 7449-7449/? D/SamsungIME: < REMOVE TEST > isNextWordPredictionSymbol 1: true
11-08 09:48:08.365 7449-7449/? D/SamsungIME_UnifiedIME: AbstractCandidateLayout, getView position value is get view 1
11-08 09:48:08.365 7449-7449/? D/SamsungIME_UnifiedIME: AbstractCandidateLayout, getView position value is get view 2
11-08 09:48:08.365 7449-7449/? D/SamsungIME: < REMOVE TEST > isNextWordPredictionSymbol 1: true
11-08 09:48:08.465 3403-4420/? D/CustomFrequencyManagerService: releaseDVFSLockLocked : Getting Lock type frm List : DVFS_MIN_LIMIT frequency : 1976000 uid : 1000 pid : 3403 tag : com.sec.android.inputmethod@1
11-08 09:48:08.585 3003-3003/? D/libEGL: eglInitialize EGLDisplay = 0x7fc20bb448
11-08 09:48:08.645 3403-3403/? D/CustomFrequencyManagerService: releaseDVFSLockLocked : Getting Lock type frm List : DVFS_MIN_LIMIT frequency : 728000 uid : 1000 pid : 3403 tag : GESTURE_DETECTED@CPU_MIN@32
11-08 09:48:08.795 3403-3827/? D/InputReader: Input event(4): value=1 when=88426541926000
11-08 09:48:08.795 3403-3827/? D/InputReader: Input event(4): value=1 when=88426541926000
11-08 09:48:08.795 3403-3827/? I/InputReader: Touch event's action is 0x0 (deviceType=0) [pCnt=1, s=0.4773 ] when=88426541926000
11-08 09:48:08.795 3403-3827/? D/InputReader: lastThreadEndTime = 88425781328060, currentThreadStartTime = 88425781334983, diff = 0
11-08 09:48:08.795 3403-3826/? I/InputDispatcher: Delivering touch to (3945): action: 0x4, toolType: 1
11-08 09:48:08.795 3403-3826/? I/InputDispatcher: Delivering touch to (29726): action: 0x0, toolType: 1
11-08 09:48:08.795 29726-29726/acr.browser.barebones D/ViewRootImpl: ViewPostImeInputStage processPointer 0
11-08 09:48:08.865 3403-3827/? D/InputReader: Input event(4): value=0 when=88426617294000
11-08 09:48:08.865 3403-3827/? D/InputReader: Input event(4): value=0 when=88426617294000
11-08 09:48:08.865 3403-3827/? I/InputReader: Touch event's action is 0x1 (deviceType=0) [pCnt=1, s=] when=88426617294000
11-08 09:48:08.865 3403-3826/? I/InputDispatcher: Delivering touch to (29726): action: 0x1, toolType: 1
11-08 09:48:08.865 29726-29726/acr.browser.barebones D/ViewRootImpl: ViewPostImeInputStage processPointer 1
11-08 09:48:08.875 3403-3403/? D/InputMethodManagerService: [HARDWARE_KEYBOARD] (refreshImeWindowVis) mImeWindowVis= 3 inputVisible = truehaveHardKeyboard = false hardKeyShown = false
11-08 09:48:08.885 3403-4050/? D/ApplicationPolicy: isStatusBarNotificationAllowedAsUser: packageName = android,userId = -1
11-08 09:48:08.885 3403-3403/? D/MARsPolicyManager: NotificationListenerService OngoingNotificationPosted : android
11-08 09:48:08.895 3945-3945/? D/PhoneStatusBar: setAreThereNotifications: N=3 any=true clearable=false
11-08 09:48:08.905 3945-3945/? D/NotificationStackScrollLayout: scroll range should be extended : 1600
11-08 09:48:10.075 3403-3827/? D/InputReader: Input event(4): value=1 when=88427819846000
11-08 09:48:10.075 3403-3827/? D/InputReader: Input event(4): value=1 when=88427819846000
11-08 09:48:10.075 3403-3827/? I/InputReader: Touch event's action is 0x0 (deviceType=0) [pCnt=1, s=0.4774 ] when=88427819846000
11-08 09:48:10.075 3403-3827/? D/InputReader: lastThreadEndTime = 88426617641329, currentThreadStartTime = 88426617643983, diff = 0
11-08 09:48:10.075 3403-3826/? I/InputDispatcher: Delivering touch to (3945): action: 0x4, toolType: 1
11-08 09:48:10.075 3403-3826/? I/InputDispatcher: Delivering touch to (29726): action: 0x0, toolType: 1
11-08 09:48:10.075 29726-29726/acr.browser.barebones D/ViewRootImpl: ViewPostImeInputStage processPointer 0
11-08 09:48:10.155 3403-3827/? D/InputReader: Input event(4): value=0 when=88427903072000
11-08 09:48:10.155 3403-3827/? D/InputReader: Input event(4): value=0 when=88427903072000
11-08 09:48:10.155 3403-3827/? I/InputReader: Touch event's action is 0x1 (deviceType=0) [pCnt=1, s=] when=88427903072000
11-08 09:48:10.155 3403-3826/? I/InputDispatcher: Delivering touch to (29726): action: 0x1, toolType: 1
11-08 09:48:10.155 29726-29726/acr.browser.barebones D/ViewRootImpl: ViewPostImeInputStage processPointer 1
11-08 09:48:10.185 7449-7449/? D/SamsungIME: onStartInputView requsted restarting value = true
11-08 09:48:10.185 7449-7449/? D/SamsungIME: onStartInputView After call super - restarting value = true
11-08 09:48:10.185 7449-7449/? E/SamsungIME: resetNeedToLoadHwrLibrary : 0
11-08 09:48:10.185 7449-7449/? D/SamsungIME: disable handwriting input icon : handwriting is not enabled or improper edit field
11-08 09:48:10.185 7449-7449/? D/SamsungIME: [startInputView] info.inputType = 573601 info.imeOptions = 301989890
11-08 09:48:10.195 7449-7449/? I/SamsungIME: Update SetupWizard State usc : 1 pss : false
11-08 09:48:10.195 3403-3437/? D/SettingsProvider: isChangeAllowed() : name = onehand_direction
11-08 09:48:10.195 3403-3437/? D/SettingsProvider: edmUri: content://com.sec.knox.provider/RestrictionPolicy3
11-08 09:48:10.195 3403-3437/? D/SettingsProvider: projectionArgs: isSettingsChangesAllowed
11-08 09:48:10.195 3403-3437/? D/SettingsProvider: selectionArgs: false
11-08 09:48:10.195 3403-3437/? D/SecContentProvider: query(), uri = 17 selection = isSettingsChangesAllowed
11-08 09:48:10.195 3403-3437/? D/SettingsProvider: selectionArgs: 10138
11-08 09:48:10.195 3403-3437/? D/SettingsProvider: ret = -1
11-08 09:48:10.195 7449-7449/? D/SamsungIME: checkDynamicTouchRecognizedPrefValue mIsStaticTouchAreaPrefValue = false
11-08 09:48:10.195 7449-7449/? I/SamsungIME: Update SetupWizard State usc : 1 pss : false
11-08 09:48:10.195 7449-7449/? E/SamsungIME: lang.getLanguageCode():en, lang.getCountryCode():GB
11-08 09:48:10.195 7449-7449/? W/SamsungIME: makeSelectedLanguageList:en_GB;
11-08 09:48:10.195 7449-7449/? I/SamsungIME: [IMI] isChangedMainValues - bRetVal : true
11-08 09:48:10.195 7449-7449/? D/SamsungIME: [AbstractKeyboardView] onDetachedFromWindow.
11-08 09:48:10.195 7449-30075/? E/SamsungIME: sendInputLanguage() : en_GB, en_GB;
11-08 09:48:10.195 7449-7449/? D/SamsungIME: Magnification Enabled = false
11-08 09:48:10.195 7449-7449/? D/SamsungIME: Dismiss ExpandCandiate
11-08 09:48:10.195 3403-3436/? D/SettingsProvider: isChangeAllowed() : name = sip_input_language
11-08 09:48:10.195 3403-3436/? D/SettingsProvider: edmUri: content://com.sec.knox.provider/RestrictionPolicy3
11-08 09:48:10.205 3403-3436/? D/SecContentProvider: query(), uri = 17 selection = isSettingsChangesAllowed
11-08 09:48:10.195 3403-3436/? D/SettingsProvider: projectionArgs: isSettingsChangesAllowed
11-08 09:48:10.205 7449-7449/? E/SamsungIME: lang.getLanguageCode():en, lang.getCountryCode():GB
11-08 09:48:10.195 3403-3436/? D/SettingsProvider: selectionArgs: false
11-08 09:48:10.205 7449-7449/? W/SamsungIME: makeSelectedLanguageList:en_GB;
11-08 09:48:10.195 3403-3436/? D/SettingsProvider: selectionArgs: 10138
11-08 09:48:10.205 3403-3991/? D/SecContentProvider: query(), uri = 17 selection = isSettingsChangesAllowed
11-08 09:48:10.205 7449-30076/? E/SamsungIME: sendInputLanguage() : en_GB, en_GB;
11-08 09:48:10.205 3403-3436/? D/SettingsProvider: ret = -1
11-08 09:48:10.205 7449-7449/? D/SamsungIME: Dismiss ExpandCandiate
11-08 09:48:10.205 3403-3991/? D/SettingsProvider: isChangeAllowed() : name = handwriting_language_list
11-08 09:48:10.205 7449-7449/? D/SamsungIME: loadLanguageModels force = false
11-08 09:48:10.205 3403-3991/? D/SettingsProvider: edmUri: content://com.sec.knox.provider/RestrictionPolicy3
11-08 09:48:10.205 3403-3991/? D/SettingsProvider: projectionArgs: isSettingsChangesAllowed
11-08 09:48:10.205 3403-3991/? D/SettingsProvider: selectionArgs: false
11-08 09:48:10.205 3403-3991/? D/SettingsProvider: selectionArgs: 10138
11-08 09:48:10.205 7449-7449/? W/System.err: mkdir failed: EEXIST (File exists) : /data/user/0/com.sec.android.inputmethod/app_SwiftKey/user
11-08 09:48:10.205 3403-3991/? D/SettingsProvider: ret = -1
11-08 09:48:10.205 29726-29726/acr.browser.barebones D/ViewRootImpl: #3 mView = null
11-08 09:48:10.215 3403-4317/? D/SettingsProvider: isChangeAllowed() : name = sip_input_language
11-08 09:48:10.215 3403-4317/? D/SecContentProvider: query(), uri = 17 selection = isSettingsChangesAllowed
11-08 09:48:10.215 3403-4317/? D/SettingsProvider: edmUri: content://com.sec.knox.provider/RestrictionPolicy3
11-08 09:48:10.215 3003-4520/? I/SurfaceFlinger: id=1519 Removed QopupWindow (5/11)
11-08 09:48:10.215 3403-4317/? D/SettingsProvider: projectionArgs: isSettingsChangesAllowed
11-08 09:48:10.215 3403-4317/? D/SettingsProvider: selectionArgs: false
11-08 09:48:10.215 3403-4317/? D/SettingsProvider: selectionArgs: 10138
11-08 09:48:10.215 3003-4417/? I/SurfaceFlinger: id=1519 Removed QopupWindow (-2/11)
11-08 09:48:10.215 7449-7449/? D/SamsungIME: [loadLanguageModels] isChangePersonalizedData = false
11-08 09:48:10.215 7449-7449/? D/SamsungIME: [loadLanguageModels] loadLanguageforcely = false
11-08 09:48:10.215 7449-7449/? D/SamsungIME: Dismiss ExpandCandiate
11-08 09:48:10.215 7449-7449/? I/SamsungIME: getCurrentKeyboard
11-08 09:48:10.215 7449-7449/? I/SamsungIME: getTextKeyboard
11-08 09:48:10.215 3403-4317/? D/SettingsProvider: ret = -1
11-08 09:48:10.215 3403-4216/? D/SettingsProvider: isChangeAllowed() : name = handwriting_language_list
11-08 09:48:10.215 3403-4216/? D/SecContentProvider: query(), uri = 17 selection = isSettingsChangesAllowed
11-08 09:48:10.215 3403-4216/? D/SettingsProvider: edmUri: content://com.sec.knox.provider/RestrictionPolicy3
11-08 09:48:10.215 7449-7449/? I/SamsungIME: CarMode is off
11-08 09:48:10.215 3403-4216/? D/SettingsProvider: projectionArgs: isSettingsChangesAllowed
11-08 09:48:10.215 7449-7449/? E/SamsungIME: get previous
11-08 09:48:10.215 3403-4216/? D/SettingsProvider: selectionArgs: false
11-08 09:48:10.215 7449-7449/? D/SamsungIME: mIsUseStaticTouchRecognizedArea = false
11-08 09:48:10.215 3403-4216/? D/SettingsProvider: selectionArgs: 10138
11-08 09:48:10.215 3403-4216/? D/SettingsProvider: ret = -1
11-08 09:48:10.225 7449-7449/? D/SamsungIME: [SwiftkeyWrapper] currentLangauge : 1701726018
11-08 09:48:10.225 3003-3003/? D/libEGL: eglTerminate EGLDisplay = 0x7fc20bb568
11-08 09:48:10.295 7449-7449/? D/SamsungIME: Skip dismiss ExpandCandidate. it will be post-invalidated later
11-08 09:48:10.295 7449-7449/? D/SamsungIME: startInputViewContinue : false true
11-08 09:48:10.295 7449-7449/? I/SamsungIME: [IMI] startInputView - caller pid : 29726, caller uid : 10252
11-08 09:48:10.305 7449-30079/? D/InputMethodFrameWorkUtils: InputMethodSubtype is found as local:en_GB
11-08 09:48:10.305 7449-30079/? D/InputMethodFrameWorkUtils: InputMethodSubtype is set as local:en_GB
11-08 09:48:10.305 3403-3403/? D/InputMethodManagerService: [HARDWARE_KEYBOARD] (refreshImeWindowVis) mImeWindowVis= 3 inputVisible = truehaveHardKeyboard = false hardKeyShown = false
11-08 09:48:10.315 3403-4811/? D/ApplicationPolicy: isStatusBarNotificationAllowedAsUser: packageName = android,userId = -1
11-08 09:48:10.315 3403-3403/? D/MARsPolicyManager: NotificationListenerService OngoingNotificationPosted : android
11-08 09:48:10.325 3403-3403/? D/InputMethodManagerService: [HARDWARE_KEYBOARD] (refreshImeWindowVis) mImeWindowVis= 3 inputVisible = truehaveHardKeyboard = false hardKeyShown = false
11-08 09:48:10.335 3403-4420/? D/ApplicationPolicy: isStatusBarNotificationAllowedAsUser: packageName = android,userId = -1
11-08 09:48:10.335 3945-3945/? D/PhoneStatusBar: setAreThereNotifications: N=3 any=true clearable=false
11-08 09:48:10.335 3403-3403/? D/MARsPolicyManager: NotificationListenerService OngoingNotificationPosted : android
11-08 09:48:10.335 3945-3945/? D/NotificationStackScrollLayout: scroll range should be extended : 1600
11-08 09:48:10.355 3945-3945/? D/PhoneStatusBar: setAreThereNotifications: N=3 any=true clearable=false
11-08 09:48:10.365 3945-3945/? D/NotificationStackScrollLayout: scroll range should be extended : 1600
11-08 09:48:10.375 7449-7449/? E/SamsungIME: - onDraw() called
11-08 09:48:10.385 7449-7449/? I/SamsungIME: drawAllKey
11-08 09:48:10.435 7449-7449/? D/SamsungIME: disable handwriting input icon : handwriting is not enabled or improper edit field
11-08 09:48:10.435 7449-7449/? D/SamsungIME: disable handwriting input icon : handwriting is not enabled or improper edit field
11-08 09:48:10.435 7449-7449/? D/SamsungIME: disable handwriting input icon : handwriting is not enabled or improper edit field
11-08 09:48:10.435 7449-7449/? D/SamsungIME: disable handwriting input icon : handwriting is not enabled or improper edit field
11-08 09:48:10.565 7449-7449/? D/SamsungIME: Skip dismiss ExpandCandidate. it will be post-invalidated later
11-08 09:48:10.575 7449-7449/? D/SamsungIME_UnifiedIME: AbstractCandidateLayout, getView position value is get view 0
11-08 09:48:10.575 7449-7449/? D/SamsungIME: < REMOVE TEST > isNextWordPredictionSymbol 1: true
11-08 09:48:10.575 7449-7449/? D/SamsungIME_UnifiedIME: AbstractCandidateLayout, getView position value is get view 1
11-08 09:48:10.575 7449-7449/? D/SamsungIME: < REMOVE TEST > isNextWordPredictionSymbol 1: true
11-08 09:48:10.575 7449-7449/? D/SamsungIME_UnifiedIME: AbstractCandidateLayout, getView position value is get view 2
11-08 09:48:10.575 7449-7449/? D/SamsungIME: < REMOVE TEST > isNextWordPredictionSymbol 1: true
11-08 09:48:10.585 7449-7449/? E/SamsungIME: - onDraw() called
11-08 09:48:10.725 7449-7449/? D/SamsungIME: Skip dismiss ExpandCandidate. it will be post-invalidated later
11-08 09:48:10.735 7449-7449/? D/SamsungIME_UnifiedIME: AbstractCandidateLayout, getView position value is get view 0
11-08 09:48:10.735 7449-7449/? D/SamsungIME: < REMOVE TEST > isNextWordPredictionSymbol 1: true
11-08 09:48:10.735 7449-7449/? D/SamsungIME_UnifiedIME: AbstractCandidateLayout, getView position value is get view 1
11-08 09:48:10.735 7449-7449/? D/SamsungIME: < REMOVE TEST > isNextWordPredictionSymbol 1: true
11-08 09:48:10.735 7449-7449/? D/SamsungIME_UnifiedIME: AbstractCandidateLayout, getView position value is get view 2
11-08 09:48:10.735 7449-7449/? D/SamsungIME: < REMOVE TEST > isNextWordPredictionSymbol 1: true
11-08 09:48:11.155 3403-4120/? E/Watchdog: !@Sync 2947 [11-08 09:48:11.168]
11-08 09:48:11.745 3403-3827/? D/InputReader: Input event(4): value=1 when=88429497143000
11-08 09:48:11.745 3403-3827/? D/InputReader: Input event(4): value=1 when=88429497143000
11-08 09:48:11.745 3403-3827/? I/InputReader: Touch event's action is 0x0 (deviceType=0) [pCnt=1, s=0.4775 ] when=88429497143000
11-08 09:48:11.745 3403-3827/? D/InputReader: lastThreadEndTime = 88428910742558, currentThreadStartTime = 88428910749212, diff = 0
11-08 09:48:11.745 3403-3826/? I/InputDispatcher: Delivering touch to (3945): action: 0x4, toolType: 1
11-08 09:48:11.745 3403-3826/? D/PowerManagerService: [api] userActivityFromNative : 700 (event: 2 flags: 0) eventTime = 88429497
11-08 09:48:11.745 3403-3826/? I/InputDispatcher: Delivering touch to (7449): action: 0x0, toolType: 1
11-08 09:48:11.745 7449-7449/? D/ViewRootImpl: ViewPostImeInputStage processPointer 0
11-08 09:48:11.745 7449-7449/? D/jisu: mMiniKeyboardOnScreen=false, pointerCount=1, action=0, eventTime88429497, index=0, id=0
11-08 09:48:11.755 7449-7733/? D/SamsungIME: vib call
11-08 09:48:11.755 7449-7733/? V/Vibrator: Called vibrate(int, int, AudioAttributes, MagnitudeTypes) API - PUID: 10138, repeat: -1, PackageName: com.sec.android.inputmethod, MagnitudeType: TouchMagnitude
11-08 09:48:11.755 7449-7733/? V/Vibrator: vibrate - PUID: 10138, PackageName: com.sec.android.inputmethod, type: 50025, repeat: -1, mag: 6000, AudioAttr : null
11-08 09:48:11.755 3403-4813/? V/VibratorService: vibratePatternMagnitude - package: com.sec.android.inputmethod, repeat: -1, token: android.os.BinderProxy@48f1691, mag: 6000
11-08 09:48:11.755 3403-4813/? D/VibratorService: Turning vibrator off
11-08 09:48:11.755 3403-30082/? D/VibratorService: vibratorOn() : 7ms, magnitude :6000
11-08 09:48:11.765 7449-7449/? D/jisu: mMiniKeyboardOnScreen=false, pointerCount=1, action=2, eventTime88429513, index=0, id=0
11-08 09:48:11.775 7449-7449/? E/SamsungIME: - onDraw() called
11-08 09:48:11.795 7449-7449/? D/jisu: mMiniKeyboardOnScreen=false, pointerCount=1, action=2, eventTime88429529, index=0, id=0
11-08 09:48:11.805 7449-7449/? D/jisu: mMiniKeyboardOnScreen=false, pointerCount=1, action=2, eventTime88429546, index=0, id=0
11-08 09:48:11.815 3403-3827/? D/InputReader: Input event(4): value=0 when=88429562235000
11-08 09:48:11.815 3403-3827/? D/InputReader: Input event(4): value=0 when=88429562235000
11-08 09:48:11.815 3403-3827/? I/InputReader: Touch event's action is 0x1 (deviceType=0) [pCnt=1, s=] when=88429562235000
11-08 09:48:11.815 3403-3826/? I/InputDispatcher: Delivering touch to (7449): action: 0x1, toolType: 1
11-08 09:48:11.815 7449-7449/? D/ViewRootImpl: ViewPostImeInputStage processPointer 1
11-08 09:48:11.815 7449-7449/? D/jisu: mMiniKeyboardOnScreen=false, pointerCount=1, action=1, eventTime88429562, index=0, id=0
11-08 09:48:11.815 7449-7449/? I/SamsungIME: [AKV] detectAndSendKey - index : 24, mCurrentInputMethod : 0, mInputLanguage : 1701726018
11-08 09:48:11.815 7449-7449/? E/SamsungIME: SwiftkeyWrapper-inputKey
11-08 09:48:11.815 7449-7449/? E/SamsungIME: updateSuggestionDelay
11-08 09:48:11.815 7449-7449/? D/SamsungIME: [SIIC] getCursorCapsMode without ic done
11-08 09:48:11.815 7449-7449/? D/SamsungIME: disable handwriting input icon : handwriting is not enabled or improper edit field
11-08 09:48:11.815 7449-7449/? D/SamsungIME: disable handwriting input icon : handwriting is not enabled or improper edit field
11-08 09:48:11.835 7449-7449/? E/SamsungIME: - onDraw() called
11-08 09:48:11.865 7449-7449/? D/SamsungIME: [SIIC] getCursorCapsMode without ic done
11-08 09:48:11.865 29726-29757/acr.browser.barebones D/AdblockWebView: Header referrer for http://lss.sse-iacapps.com/lss/api?token=8d397f74-a257-3259-b92a-b4ee8d53a2fe&lang=de-DE&tag=ask-prod&limit=10&hi=0&fn=jQuery111109075218092470441_1478594879915&q=G&_=1478594879916 is http://de.ask.com/web?q=Iphone+6&qsrc=0&o=0&l=dir&qo=spellCheck
11-08 09:48:11.865 29726-29757/acr.browser.barebones D/AdblockWebView: Allowed loading http://lss.sse-iacapps.com/lss/api?token=8d397f74-a257-3259-b92a-b4ee8d53a2fe&lang=de-DE&tag=ask-prod&limit=10&hi=0&fn=jQuery111109075218092470441_1478594879915&q=G&_=1478594879916
11-08 09:48:12.205 3403-3827/? D/InputReader: Input event(4): value=1 when=88429953668000
11-08 09:48:12.205 3403-3827/? D/InputReader: Input event(4): value=1 when=88429953668000
11-08 09:48:12.205 3403-3827/? I/InputReader: Touch event's action is 0x0 (deviceType=0) [pCnt=1, s=0.4776 ] when=88429953668000
11-08 09:48:12.205 3403-3827/? D/InputReader: lastThreadEndTime = 88429562513673, currentThreadStartTime = 88429562517750, diff = 0
11-08 09:48:12.205 3403-3826/? I/InputDispatcher: Delivering touch to (3945): action: 0x4, toolType: 1
11-08 09:48:12.205 3403-3826/? I/InputDispatcher: Delivering touch to (7449): action: 0x0, toolType: 1
11-08 09:48:12.215 7449-7449/? D/SamsungIME: Skip dismiss ExpandCandidate. it will be post-invalidated later
11-08 09:48:12.215 7449-7449/? D/ViewRootImpl: ViewPostImeInputStage processPointer 0
11-08 09:48:12.215 7449-7449/? D/jisu: mMiniKeyboardOnScreen=false, pointerCount=1, action=0, eventTime88429953, index=0, id=0
11-08 09:48:12.215 7449-7733/? D/SamsungIME: vib call
11-08 09:48:12.215 7449-7733/? V/Vibrator: Called vibrate(int, int, AudioAttributes, MagnitudeTypes) API - PUID: 10138, repeat: -1, PackageName: com.sec.android.inputmethod, MagnitudeType: TouchMagnitude
11-08 09:48:12.215 7449-7733/? V/Vibrator: vibrate - PUID: 10138, PackageName: com.sec.android.inputmethod, type: 50025, repeat: -1, mag: 6000, AudioAttr : null
11-08 09:48:12.215 3403-4305/? V/VibratorService: vibratePatternMagnitude - package: com.sec.android.inputmethod, repeat: -1, token: android.os.BinderProxy@48f1691, mag: 6000
11-08 09:48:12.215 3403-4305/? D/VibratorService: Turning vibrator off
11-08 09:48:12.225 3403-30083/? D/VibratorService: vibratorOn() : 7ms, magnitude :6000
11-08 09:48:12.225 7449-7449/? D/SamsungIME_UnifiedIME: AbstractCandidateLayout, getView position value is get view 0
11-08 09:48:12.235 7449-7449/? D/SamsungIME: < REMOVE TEST > isNextWordPredictionSymbol 1: true
11-08 09:48:12.235 7449-7449/? D/SamsungIME_UnifiedIME: AbstractCandidateLayout, getView position value is get view 1
11-08 09:48:12.235 7449-7449/? D/SamsungIME_UnifiedIME: AbstractCandidateLayout, getView position value is get view 2
11-08 09:48:12.235 7449-7449/? D/SamsungIME: < REMOVE TEST > isNextWordPredictionSymbol 1: true
11-08 09:48:12.235 7449-7449/? E/SamsungIME: - onDraw() called
11-08 09:48:12.245 7449-7449/? D/jisu: mMiniKeyboardOnScreen=false, pointerCount=1, action=2, eventTime88429978, index=0, id=0
11-08 09:48:12.265 3403-3827/? D/InputReader: Input event(4): value=0 when=88430019182000
11-08 09:48:12.265 3403-3827/? D/InputReader: Input event(4): value=0 when=88430019182000
11-08 09:48:12.265 3403-3827/? I/InputReader: Touch event's action is 0x1 (deviceType=0) [pCnt=1, s=] when=88430019182000
11-08 09:48:12.265 3403-3826/? I/InputDispatcher: Delivering touch to (7449): action: 0x1, toolType: 1
11-08 09:48:12.275 7449-7449/? D/jisu: mMiniKeyboardOnScreen=false, pointerCount=1, action=2, eventTime88430011, index=0, id=0
11-08 09:48:12.275 7449-7449/? D/ViewRootImpl: ViewPostImeInputStage processPointer 1
11-08 09:48:12.275 7449-7449/? D/jisu: mMiniKeyboardOnScreen=false, pointerCount=1, action=1, eventTime88430019, index=0, id=0
11-08 09:48:12.275 7449-7449/? I/SamsungIME: [AKV] detectAndSendKey - index : 20, mCurrentInputMethod : 0, mInputLanguage : 1701726018
11-08 09:48:12.275 7449-7449/? E/SamsungIME: SwiftkeyWrapper-inputKey
11-08 09:48:12.275 7449-7449/? E/SamsungIME: updateSuggestionDelay
11-08 09:48:12.275 7449-7449/? E/SamsungIME: - onDraw() called
11-08 09:48:12.305 29726-29757/acr.browser.barebones D/AdblockWebView: Header referrer for http://lss.sse-iacapps.com/lss/api?token=8d397f74-a257-3259-b92a-b4ee8d53a2fe&lang=de-DE&tag=ask-prod&limit=10&hi=0&fn=jQuery111109075218092470441_1478594879915&q=Ga&_=1478594879917 is http://de.ask.com/web?q=Iphone+6&qsrc=0&o=0&l=dir&qo=spellCheck
11-08 09:48:12.305 29726-29757/acr.browser.barebones D/AdblockWebView: Allowed loading http://lss.sse-iacapps.com/lss/api?token=8d397f74-a257-3259-b92a-b4ee8d53a2fe&lang=de-DE&tag=ask-prod&limit=10&hi=0&fn=jQuery111109075218092470441_1478594879915&q=Ga&_=1478594879917
11-08 09:48:12.315 7449-7449/? D/SamsungIME: [SIIC] getCursorCapsMode without ic done
11-08 09:48:12.485 3403-4317/? D/BatteryService: !@BatteryListener : batteryPropertiesChanged!
11-08 09:48:12.485 3403-4317/? D/BatteryService: level:93, scale:100, status:2, health:2, present:true, voltage: 4256, temperature: 262, technology: Li-ion, AC powered:false, USB powered:true, POGO powered:false, Wireless powered:false, icon:17303413, invalid charger:0, maxChargingCurrent:0
11-08 09:48:12.485 3403-4317/? D/BatteryService: online:4, current avg:203, charge type:1, power sharing:false, high voltage charger:false, capacity:280000, batterySWSelfDischarging:false, current_now:190
11-08 09:48:12.485 3403-3403/? D/BatteryService: Sending ACTION_BATTERY_CHANGED.
11-08 09:48:12.495 3403-3403/? I/MotionRecognitionService: Plugged
11-08 09:48:12.495 3403-3403/? D/MotionRecognitionService: cableConnection= 1
11-08 09:48:12.495 3403-3403/? D/MotionRecognitionService: setPowerConnected | current backoffstate = 1024 , state =1024
11-08 09:48:12.495 3403-3403/? D/MotionRecognitionService: skip setTransmitPower.
11-08 09:48:12.495 3403-3858/? D/WifiController: ApOrStaEnabledState msg.what= 155652
11-08 09:48:12.495 3945-3945/? D/KeyguardUpdateMonitor: received broadcast android.intent.action.BATTERY_CHANGED
11-08 09:48:12.495 3945-3945/? D/KeyguardUpdateMonitor: handleBatteryUpdate
11-08 09:48:12.505 3945-3945/? D/PowerUI: priorPlugType = 2 mPlugType = 2
11-08 09:48:12.505 3945-3945/? D/PowerUI.Notification: showChargingNotice oldChargingType : 1 currentChargingType : 1 oldChargingTime : 1108000 mChargingTime : 1108000
11-08 09:48:12.505 3945-3945/? D/PowerUI.Notification: There is no change about charging status, so return!
11-08 09:48:12.505 3945-3945/? D/BatteryMeterView: ACTION_BATTERY_CHANGED : level:93 status:2 health:2
11-08 09:48:12.515 4444-4444/? D/CommonServiceConfiguration: getStringValueSetting
11-08 09:48:12.515 4444-4444/? D/BatteryMonitor: new battery level: 93
11-08 09:48:12.525 3945-3945/? D/BatteryMeterView: ACTION_BATTERY_CHANGED : level:93 status:2 health:2
11-08 09:48:12.655 7449-7449/? D/SamsungIME: Skip dismiss ExpandCandidate. it will be post-invalidated later
11-08 09:48:12.665 7449-7449/? D/SamsungIME_UnifiedIME: AbstractCandidateLayout, getView position value is get view 0
11-08 09:48:12.665 7449-7449/? D/SamsungIME: < REMOVE TEST > isNextWordPredictionSymbol 1: true
11-08 09:48:12.665 7449-7449/? D/SamsungIME_UnifiedIME: AbstractCandidateLayout, getView position value is get view 1
11-08 09:48:12.665 7449-7449/? D/SamsungIME: < REMOVE TEST > isNextWordPredictionSymbol 1: true
11-08 09:48:12.665 7449-7449/? D/SamsungIME_UnifiedIME: AbstractCandidateLayout, getView position value is get view 2
11-08 09:48:12.665 7449-7449/? D/SamsungIME: < REMOVE TEST > isNextWordPredictionSymbol 1: true
11-08 09:48:12.705 3403-3827/? D/InputReader: Input event(4): value=1 when=88430458110000
11-08 09:48:12.705 3403-3827/? D/InputReader: Input event(4): value=1 when=88430458110000
11-08 09:48:12.705 3403-3827/? I/InputReader: Touch event's action is 0x0 (deviceType=0) [pCnt=1, s=0.4777 ] when=88430458110000
11-08 09:48:12.705 3403-3827/? D/InputReader: lastThreadEndTime = 88430019404096, currentThreadStartTime = 88430019406096, diff = 0
11-08 09:48:12.705 3403-3826/? I/InputDispatcher: Delivering touch to (3945): action: 0x4, toolType: 1
11-08 09:48:12.705 3403-3826/? I/InputDispatcher: Delivering touch to (7449): action: 0x0, toolType: 1
11-08 09:48:12.705 7449-7449/? D/ViewRootImpl: ViewPostImeInputStage processPointer 0
11-08 09:48:12.715 7449-7449/? D/jisu: mMiniKeyboardOnScreen=false, pointerCount=1, action=0, eventTime88430458, index=0, id=0
11-08 09:48:12.715 7449-7733/? D/SamsungIME: vib call
11-08 09:48:12.715 7449-7733/? V/Vibrator: Called vibrate(int, int, AudioAttributes, MagnitudeTypes) API - PUID: 10138, repeat: -1, PackageName: com.sec.android.inputmethod, MagnitudeType: TouchMagnitude
11-08 09:48:12.715 7449-7733/? V/Vibrator: vibrate - PUID: 10138, PackageName: com.sec.android.inputmethod, type: 50025, repeat: -1, mag: 6000, AudioAttr : null
11-08 09:48:12.715 3403-4811/? V/VibratorService: vibratePatternMagnitude - package: com.sec.android.inputmethod, repeat: -1, token: android.os.BinderProxy@48f1691, mag: 6000
11-08 09:48:12.715 3403-4811/? D/VibratorService: Turning vibrator off
11-08 09:48:12.715 3403-30085/? D/VibratorService: vibratorOn() : 7ms, magnitude :6000
11-08 09:48:12.725 7449-7449/? E/SamsungIME: - onDraw() called
