11-08 09:48:12.755 7449-7449/? D/jisu: mMiniKeyboardOnScreen=false, pointerCount=1, action=2, eventTime88430499, index=0, id=0
11-08 09:48:12.785 3403-3827/? D/InputReader: Input event(4): value=0 when=88430531942000
11-08 09:48:12.785 3403-3827/? D/InputReader: Input event(4): value=0 when=88430531942000
11-08 09:48:12.785 3403-3827/? I/InputReader: Touch event's action is 0x1 (deviceType=0) [pCnt=1, s=] when=88430531942000
11-08 09:48:12.785 3403-3826/? I/InputDispatcher: Delivering touch to (7449): action: 0x1, toolType: 1
11-08 09:48:12.785 7449-7449/? D/jisu: mMiniKeyboardOnScreen=false, pointerCount=1, action=2, eventTime88430524, index=0, id=0
11-08 09:48:12.785 7449-7449/? D/ViewRootImpl: ViewPostImeInputStage processPointer 1
11-08 09:48:12.785 7449-7449/? D/jisu: mMiniKeyboardOnScreen=false, pointerCount=1, action=1, eventTime88430531, index=0, id=0
11-08 09:48:12.785 7449-7449/? I/SamsungIME: [AKV] detectAndSendKey - index : 28, mCurrentInputMethod : 0, mInputLanguage : 1701726018
11-08 09:48:12.785 7449-7449/? E/SamsungIME: SwiftkeyWrapper-inputKey
11-08 09:48:12.785 7449-7449/? E/SamsungIME: updateSuggestionDelay
11-08 09:48:12.795 7449-7449/? E/SamsungIME: - onDraw() called
11-08 09:48:12.795 29726-29757/acr.browser.barebones D/AdblockWebView: Header referrer for http://lss.sse-iacapps.com/lss/api?token=8d397f74-a257-3259-b92a-b4ee8d53a2fe&lang=de-DE&tag=ask-prod&limit=10&hi=0&fn=jQuery111109075218092470441_1478594879915&q=Gal&_=1478594879918 is http://de.ask.com/web?q=Iphone+6&qsrc=0&o=0&l=dir&qo=spellCheck
11-08 09:48:12.805 7449-7449/? D/SamsungIME: [SIIC] getCursorCapsMode without ic done
11-08 09:48:12.805 29726-29757/acr.browser.barebones D/AdblockWebView: Allowed loading http://lss.sse-iacapps.com/lss/api?token=8d397f74-a257-3259-b92a-b4ee8d53a2fe&lang=de-DE&tag=ask-prod&limit=10&hi=0&fn=jQuery111109075218092470441_1478594879915&q=Gal&_=1478594879918
11-08 09:48:12.975 3403-6849/? D/SSRM:n: SIOP:: AP = 300, PST = 283 (W:6), CP = 234, CUR = 203, LCD = 83
11-08 09:48:13.165 7449-7449/? D/SamsungIME: Skip dismiss ExpandCandidate. it will be post-invalidated later
11-08 09:48:13.185 7449-7449/? D/SamsungIME_UnifiedIME: AbstractCandidateLayout, getView position value is get view 0
11-08 09:48:13.185 7449-7449/? D/SamsungIME: < REMOVE TEST > isNextWordPredictionSymbol 1: true
11-08 09:48:13.185 7449-7449/? D/SamsungIME_UnifiedIME: AbstractCandidateLayout, getView position value is get view 1
11-08 09:48:13.185 7449-7449/? D/SamsungIME_UnifiedIME: AbstractCandidateLayout, getView position value is get view 2
11-08 09:48:13.185 7449-7449/? D/SamsungIME: < REMOVE TEST > isNextWordPredictionSymbol 1: true
11-08 09:48:13.215 3403-3827/? D/InputReader: Input event(4): value=1 when=88430963597000
11-08 09:48:13.215 3403-3827/? D/InputReader: Input event(4): value=1 when=88430963597000
11-08 09:48:13.215 3403-3827/? I/InputReader: Touch event's action is 0x0 (deviceType=0) [pCnt=1, s=0.4778 ] when=88430963597000
11-08 09:48:13.215 3403-3827/? D/InputReader: lastThreadEndTime = 88430532272057, currentThreadStartTime = 88430532277980, diff = 0
11-08 09:48:13.215 3403-3826/? I/InputDispatcher: Delivering touch to (3945): action: 0x4, toolType: 1
11-08 09:48:13.215 3403-3826/? I/InputDispatcher: Delivering touch to (7449): action: 0x0, toolType: 1
11-08 09:48:13.215 7449-7449/? D/ViewRootImpl: ViewPostImeInputStage processPointer 0
11-08 09:48:13.215 7449-7449/? D/jisu: mMiniKeyboardOnScreen=false, pointerCount=1, action=0, eventTime88430963, index=0, id=0
11-08 09:48:13.215 7449-7733/? D/SamsungIME: vib call
11-08 09:48:13.215 7449-7733/? V/Vibrator: Called vibrate(int, int, AudioAttributes, MagnitudeTypes) API - PUID: 10138, repeat: -1, PackageName: com.sec.android.inputmethod, MagnitudeType: TouchMagnitude
11-08 09:48:13.215 7449-7733/? V/Vibrator: vibrate - PUID: 10138, PackageName: com.sec.android.inputmethod, type: 50025, repeat: -1, mag: 6000, AudioAttr : null
11-08 09:48:13.225 3403-4305/? V/VibratorService: vibratePatternMagnitude - package: com.sec.android.inputmethod, repeat: -1, token: android.os.BinderProxy@48f1691, mag: 6000
11-08 09:48:13.225 3403-4305/? D/VibratorService: Turning vibrator off
11-08 09:48:13.225 3403-30086/? D/VibratorService: vibratorOn() : 7ms, magnitude :6000
11-08 09:48:13.235 7449-7449/? E/SamsungIME: - onDraw() called
11-08 09:48:13.265 7449-7449/? D/jisu: mMiniKeyboardOnScreen=false, pointerCount=1, action=2, eventTime88431000, index=0, id=0
11-08 09:48:13.295 3403-3827/? D/InputReader: Input event(4): value=0 when=88431046221000
11-08 09:48:13.295 3403-3827/? D/InputReader: Input event(4): value=0 when=88431046221000
11-08 09:48:13.295 3403-3827/? I/InputReader: Touch event's action is 0x1 (deviceType=0) [pCnt=1, s=] when=88431046221000
11-08 09:48:13.295 7449-7449/? D/jisu: mMiniKeyboardOnScreen=false, pointerCount=1, action=2, eventTime88431038, index=0, id=0
11-08 09:48:13.295 3403-3826/? I/InputDispatcher: Delivering touch to (7449): action: 0x1, toolType: 1
11-08 09:48:13.295 7449-7449/? D/ViewRootImpl: ViewPostImeInputStage processPointer 1
11-08 09:48:13.295 7449-7449/? D/jisu: mMiniKeyboardOnScreen=false, pointerCount=1, action=1, eventTime88431046, index=0, id=0
11-08 09:48:13.295 7449-7449/? I/SamsungIME: [AKV] detectAndSendKey - index : 20, mCurrentInputMethod : 0, mInputLanguage : 1701726018
11-08 09:48:13.305 7449-7449/? E/SamsungIME: SwiftkeyWrapper-inputKey
11-08 09:48:13.305 7449-7449/? E/SamsungIME: updateSuggestionDelay
11-08 09:48:13.315 7449-7449/? E/SamsungIME: - onDraw() called
11-08 09:48:13.315 29726-29757/acr.browser.barebones D/AdblockWebView: Header referrer for http://lss.sse-iacapps.com/lss/api?token=8d397f74-a257-3259-b92a-b4ee8d53a2fe&lang=de-DE&tag=ask-prod&limit=10&hi=0&fn=jQuery111109075218092470441_1478594879915&q=Gala&_=1478594879919 is http://de.ask.com/web?q=Iphone+6&qsrc=0&o=0&l=dir&qo=spellCheck
11-08 09:48:13.325 29726-29757/acr.browser.barebones D/AdblockWebView: Allowed loading http://lss.sse-iacapps.com/lss/api?token=8d397f74-a257-3259-b92a-b4ee8d53a2fe&lang=de-DE&tag=ask-prod&limit=10&hi=0&fn=jQuery111109075218092470441_1478594879915&q=Gala&_=1478594879919
11-08 09:48:13.325 7449-7449/? D/SamsungIME: [SIIC] getCursorCapsMode without ic done
11-08 09:48:13.685 7449-7449/? D/SamsungIME: Skip dismiss ExpandCandidate. it will be post-invalidated later
11-08 09:48:13.705 7449-7449/? D/SamsungIME_UnifiedIME: AbstractCandidateLayout, getView position value is get view 0
11-08 09:48:13.705 7449-7449/? D/SamsungIME: < REMOVE TEST > isNextWordPredictionSymbol 1: true
11-08 09:48:13.705 7449-7449/? D/SamsungIME_UnifiedIME: AbstractCandidateLayout, getView position value is get view 1
11-08 09:48:13.705 7449-7449/? D/SamsungIME_UnifiedIME: AbstractCandidateLayout, getView position value is get view 2
11-08 09:48:13.705 7449-7449/? D/SamsungIME: < REMOVE TEST > isNextWordPredictionSymbol 1: true
11-08 09:48:13.835 3403-3827/? D/InputReader: Input event(4): value=1 when=88431587186000
11-08 09:48:13.835 3403-3827/? D/InputReader: Input event(4): value=1 when=88431587186000
11-08 09:48:13.835 3403-3827/? I/InputReader: Touch event's action is 0x0 (deviceType=0) [pCnt=1, s=0.4779 ] when=88431587186000
11-08 09:48:13.835 3403-3827/? D/InputReader: lastThreadEndTime = 88431046852287, currentThreadStartTime = 88431046862287, diff = 0
11-08 09:48:13.835 3403-3826/? I/InputDispatcher: Delivering touch to (3945): action: 0x4, toolType: 1
11-08 09:48:13.835 3403-3826/? I/InputDispatcher: Delivering touch to (7449): action: 0x0, toolType: 1
11-08 09:48:13.835 7449-7449/? D/ViewRootImpl: ViewPostImeInputStage processPointer 0
11-08 09:48:13.835 7449-7449/? D/jisu: mMiniKeyboardOnScreen=false, pointerCount=1, action=0, eventTime88431587, index=0, id=0
11-08 09:48:13.845 7449-7733/? D/SamsungIME: vib call
11-08 09:48:13.845 7449-7733/? V/Vibrator: Called vibrate(int, int, AudioAttributes, MagnitudeTypes) API - PUID: 10138, repeat: -1, PackageName: com.sec.android.inputmethod, MagnitudeType: TouchMagnitude
11-08 09:48:13.845 7449-7733/? V/Vibrator: vibrate - PUID: 10138, PackageName: com.sec.android.inputmethod, type: 50025, repeat: -1, mag: 6000, AudioAttr : null
11-08 09:48:13.845 3403-4280/? V/VibratorService: vibratePatternMagnitude - package: com.sec.android.inputmethod, repeat: -1, token: android.os.BinderProxy@48f1691, mag: 6000
11-08 09:48:13.845 3403-4280/? D/VibratorService: Turning vibrator off
11-08 09:48:13.845 3403-30088/? D/VibratorService: vibratorOn() : 7ms, magnitude :6000
11-08 09:48:13.855 7449-7449/? E/SamsungIME: - onDraw() called
11-08 09:48:13.865 7449-7449/? D/jisu: mMiniKeyboardOnScreen=false, pointerCount=1, action=2, eventTime88431609, index=0, id=0
11-08 09:48:13.885 7449-7449/? D/jisu: mMiniKeyboardOnScreen=false, pointerCount=1, action=2, eventTime88431626, index=0, id=0
11-08 09:48:13.895 7449-7449/? D/jisu: mMiniKeyboardOnScreen=false, pointerCount=1, action=2, eventTime88431643, index=0, id=0
11-08 09:48:13.915 7449-7449/? D/jisu: mMiniKeyboardOnScreen=false, pointerCount=1, action=2, eventTime88431658, index=0, id=0
11-08 09:48:13.925 3403-3827/? D/InputReader: Input event(4): value=0 when=88431669868000
11-08 09:48:13.925 3403-3827/? D/InputReader: Input event(4): value=0 when=88431669868000
11-08 09:48:13.925 3403-3827/? I/InputReader: Touch event's action is 0x1 (deviceType=0) [pCnt=1, s=] when=88431669868000
11-08 09:48:13.925 3403-3826/? I/InputDispatcher: Delivering touch to (7449): action: 0x1, toolType: 1
11-08 09:48:13.925 7449-7449/? D/ViewRootImpl: ViewPostImeInputStage processPointer 1
11-08 09:48:13.925 7449-7449/? D/jisu: mMiniKeyboardOnScreen=false, pointerCount=1, action=1, eventTime88431669, index=0, id=0
11-08 09:48:13.925 7449-7449/? I/SamsungIME: [AKV] detectAndSendKey - index : 31, mCurrentInputMethod : 0, mInputLanguage : 1701726018
11-08 09:48:13.925 7449-7449/? E/SamsungIME: SwiftkeyWrapper-inputKey
11-08 09:48:13.925 7449-7449/? E/SamsungIME: updateSuggestionDelay
11-08 09:48:13.935 7449-7449/? E/SamsungIME: - onDraw() called
11-08 09:48:13.935 29726-29757/acr.browser.barebones D/AdblockWebView: Header referrer for http://lss.sse-iacapps.com/lss/api?token=8d397f74-a257-3259-b92a-b4ee8d53a2fe&lang=de-DE&tag=ask-prod&limit=10&hi=0&fn=jQuery111109075218092470441_1478594879915&q=Galax&_=1478594879920 is http://de.ask.com/web?q=Iphone+6&qsrc=0&o=0&l=dir&qo=spellCheck
11-08 09:48:13.945 29726-29757/acr.browser.barebones D/AdblockWebView: Allowed loading http://lss.sse-iacapps.com/lss/api?token=8d397f74-a257-3259-b92a-b4ee8d53a2fe&lang=de-DE&tag=ask-prod&limit=10&hi=0&fn=jQuery111109075218092470441_1478594879915&q=Galax&_=1478594879920
11-08 09:48:13.955 7449-7449/? D/SamsungIME: [SIIC] getCursorCapsMode without ic done
11-08 09:48:14.305 7449-7449/? D/SamsungIME: Skip dismiss ExpandCandidate. it will be post-invalidated later
11-08 09:48:14.305 7449-7449/? D/SamsungIME_UnifiedIME: AbstractCandidateLayout, getView position value is get view 0
11-08 09:48:14.305 7449-7449/? D/SamsungIME: < REMOVE TEST > isNextWordPredictionSymbol 1: true
11-08 09:48:14.305 7449-7449/? D/SamsungIME_UnifiedIME: AbstractCandidateLayout, getView position value is get view 1
11-08 09:48:14.315 7449-7449/? D/SamsungIME_UnifiedIME: AbstractCandidateLayout, getView position value is get view 2
11-08 09:48:14.315 7449-7449/? D/SamsungIME: < REMOVE TEST > isNextWordPredictionSymbol 1: true
11-08 09:48:14.465 3403-3827/? D/InputReader: Input event(4): value=1 when=88432211385000
11-08 09:48:14.465 3403-3827/? D/InputReader: Input event(4): value=1 when=88432211385000
11-08 09:48:14.465 3403-3827/? I/InputReader: Touch event's action is 0x0 (deviceType=0) [pCnt=1, s=0.4780 ] when=88432211385000
11-08 09:48:14.465 3403-3827/? D/InputReader: lastThreadEndTime = 88431670506594, currentThreadStartTime = 88431670514017, diff = 0
11-08 09:48:14.465 3403-3826/? I/InputDispatcher: Delivering touch to (3945): action: 0x4, toolType: 1
11-08 09:48:14.465 3403-3826/? I/InputDispatcher: Delivering touch to (7449): action: 0x0, toolType: 1
11-08 09:48:14.465 7449-7449/? D/ViewRootImpl: ViewPostImeInputStage processPointer 0
11-08 09:48:14.465 7449-7449/? D/jisu: mMiniKeyboardOnScreen=false, pointerCount=1, action=0, eventTime88432211, index=0, id=0
11-08 09:48:14.465 7449-7449/? D/SamsungIME: [AbstractSwiftkeyManager-getMostLikelyCharacter]
11-08 09:48:14.475 7449-7733/? D/SamsungIME: vib call
11-08 09:48:14.475 7449-7733/? V/Vibrator: Called vibrate(int, int, AudioAttributes, MagnitudeTypes) API - PUID: 10138, repeat: -1, PackageName: com.sec.android.inputmethod, MagnitudeType: TouchMagnitude
11-08 09:48:14.475 7449-7733/? V/Vibrator: vibrate - PUID: 10138, PackageName: com.sec.android.inputmethod, type: 50025, repeat: -1, mag: 6000, AudioAttr : null
11-08 09:48:14.475 3403-3991/? V/VibratorService: vibratePatternMagnitude - package: com.sec.android.inputmethod, repeat: -1, token: android.os.BinderProxy@48f1691, mag: 6000
11-08 09:48:14.475 3403-3991/? D/VibratorService: Turning vibrator off
11-08 09:48:14.485 3403-30089/? D/VibratorService: vibratorOn() : 7ms, magnitude :6000
11-08 09:48:14.485 7449-7449/? D/jisu: mMiniKeyboardOnScreen=false, pointerCount=1, action=2, eventTime88432223, index=0, id=0
11-08 09:48:14.495 7449-7449/? E/SamsungIME: - onDraw() called
11-08 09:48:14.505 7449-7449/? D/jisu: mMiniKeyboardOnScreen=false, pointerCount=1, action=2, eventTime88432247, index=0, id=0
11-08 09:48:14.525 7449-7449/? D/jisu: mMiniKeyboardOnScreen=false, pointerCount=1, action=2, eventTime88432264, index=0, id=0
11-08 09:48:14.535 3403-3827/? D/InputReader: Input event(4): value=0 when=88432286542000
11-08 09:48:14.535 3403-3827/? D/InputReader: Input event(4): value=0 when=88432286542000
11-08 09:48:14.535 3403-3827/? I/InputReader: Touch event's action is 0x1 (deviceType=0) [pCnt=1, s=] when=88432286542000
11-08 09:48:14.535 7449-7449/? D/jisu: mMiniKeyboardOnScreen=false, pointerCount=1, action=2, eventTime88432274, index=0, id=0
11-08 09:48:14.535 3403-3826/? I/InputDispatcher: Delivering touch to (7449): action: 0x1, toolType: 1
11-08 09:48:14.535 7449-7449/? D/ViewRootImpl: ViewPostImeInputStage processPointer 1
11-08 09:48:14.535 7449-7449/? D/jisu: mMiniKeyboardOnScreen=false, pointerCount=1, action=1, eventTime88432286, index=0, id=0
11-08 09:48:14.535 7449-7449/? I/SamsungIME: [AKV] detectAndSendKey - index : 15, mCurrentInputMethod : 0, mInputLanguage : 1701726018
11-08 09:48:14.535 7449-7449/? E/SamsungIME: SwiftkeyWrapper-inputKey
11-08 09:48:14.545 7449-7449/? E/SamsungIME: updateSuggestionDelay
11-08 09:48:14.555 7449-7449/? E/SamsungIME: - onDraw() called
11-08 09:48:14.565 29726-29757/acr.browser.barebones D/AdblockWebView: Header referrer for http://lss.sse-iacapps.com/lss/api?token=8d397f74-a257-3259-b92a-b4ee8d53a2fe&lang=de-DE&tag=ask-prod&limit=10&hi=0&fn=jQuery111109075218092470441_1478594879915&q=Galaxy&_=1478594879921 is http://de.ask.com/web?q=Iphone+6&qsrc=0&o=0&l=dir&qo=spellCheck
11-08 09:48:14.575 7449-7449/? D/SamsungIME: [SIIC] getCursorCapsMode without ic done
11-08 09:48:14.575 29726-29757/acr.browser.barebones D/AdblockWebView: Allowed loading http://lss.sse-iacapps.com/lss/api?token=8d397f74-a257-3259-b92a-b4ee8d53a2fe&lang=de-DE&tag=ask-prod&limit=10&hi=0&fn=jQuery111109075218092470441_1478594879915&q=Galaxy&_=1478594879921
11-08 09:48:14.875 3403-3827/? D/InputReader: Input event(4): value=1 when=88432624548000
11-08 09:48:14.875 3403-3827/? D/InputReader: Input event(4): value=1 when=88432624548000
11-08 09:48:14.875 3403-3827/? I/InputReader: Touch event's action is 0x0 (deviceType=0) [pCnt=1, s=0.4781 ] when=88432624548000
11-08 09:48:14.875 3403-3827/? D/InputReader: lastThreadEndTime = 88432287358902, currentThreadStartTime = 88432287368171, diff = 0
11-08 09:48:14.875 3403-3826/? I/InputDispatcher: Delivering touch to (3945): action: 0x4, toolType: 1
11-08 09:48:14.875 3403-3826/? I/InputDispatcher: Delivering touch to (7449): action: 0x0, toolType: 1
11-08 09:48:14.875 7449-7449/? D/ViewRootImpl: ViewPostImeInputStage processPointer 0
11-08 09:48:14.875 7449-7449/? D/jisu: mMiniKeyboardOnScreen=false, pointerCount=1, action=0, eventTime88432624, index=0, id=0
11-08 09:48:14.875 7449-7733/? D/SamsungIME: vib call
11-08 09:48:14.875 7449-7733/? V/Vibrator: Called vibrate(int, int, AudioAttributes, MagnitudeTypes) API - PUID: 10138, repeat: -1, PackageName: com.sec.android.inputmethod, MagnitudeType: TouchMagnitude
11-08 09:48:14.875 7449-7733/? V/Vibrator: vibrate - PUID: 10138, PackageName: com.sec.android.inputmethod, type: 50025, repeat: -1, mag: 6000, AudioAttr : null
11-08 09:48:14.885 3403-3437/? V/VibratorService: vibratePatternMagnitude - package: com.sec.android.inputmethod, repeat: -1, token: android.os.BinderProxy@48f1691, mag: 6000
11-08 09:48:14.885 3403-3437/? D/VibratorService: Turning vibrator off
11-08 09:48:14.885 3403-30090/? D/VibratorService: vibratorOn() : 7ms, magnitude :6000
11-08 09:48:14.885 7449-7449/? D/jisu: mMiniKeyboardOnScreen=false, pointerCount=1, action=2, eventTime88432633, index=0, id=0
11-08 09:48:14.895 7449-7449/? E/SamsungIME: - onDraw() called
11-08 09:48:14.925 7449-7449/? D/SamsungIME: Skip dismiss ExpandCandidate. it will be post-invalidated later
11-08 09:48:14.925 7449-7449/? D/jisu: mMiniKeyboardOnScreen=false, pointerCount=1, action=2, eventTime88432666, index=0, id=0
11-08 09:48:14.935 7449-7449/? D/SamsungIME_UnifiedIME: AbstractCandidateLayout, getView position value is get view 0
11-08 09:48:14.935 7449-7449/? D/SamsungIME: < REMOVE TEST > isNextWordPredictionSymbol 1: true
11-08 09:48:14.935 7449-7449/? D/SamsungIME_UnifiedIME: AbstractCandidateLayout, getView position value is get view 1
11-08 09:48:14.935 7449-7449/? D/SamsungIME_UnifiedIME: AbstractCandidateLayout, getView position value is get view 2
11-08 09:48:14.935 7449-7449/? D/SamsungIME: < REMOVE TEST > isNextWordPredictionSymbol 1: true
11-08 09:48:14.935 7449-7449/? D/jisu: mMiniKeyboardOnScreen=false, pointerCount=1, action=2, eventTime88432682, index=0, id=0
11-08 09:48:14.955 7449-7449/? D/jisu: mMiniKeyboardOnScreen=false, pointerCount=1, action=2, eventTime88432695, index=0, id=0
11-08 09:48:14.955 3403-3827/? D/InputReader: Input event(4): value=0 when=88432707151000
11-08 09:48:14.955 3403-3827/? D/InputReader: Input event(4): value=0 when=88432707151000
11-08 09:48:14.955 3403-3827/? I/InputReader: Touch event's action is 0x1 (deviceType=0) [pCnt=1, s=] when=88432707151000
11-08 09:48:14.955 3403-3826/? I/InputDispatcher: Delivering touch to (7449): action: 0x1, toolType: 1
11-08 09:48:14.955 7449-7449/? D/ViewRootImpl: ViewPostImeInputStage processPointer 1
11-08 09:48:14.955 7449-7449/? D/jisu: mMiniKeyboardOnScreen=false, pointerCount=1, action=1, eventTime88432707, index=0, id=0
11-08 09:48:14.965 7449-7449/? I/SamsungIME: [AKV] detectAndSendKey - index : 40, mCurrentInputMethod : 0, mInputLanguage : 1701726018
11-08 09:48:14.975 29726-29757/acr.browser.barebones D/AdblockWebView: Header referrer for http://lss.sse-iacapps.com/lss/api?token=8d397f74-a257-3259-b92a-b4ee8d53a2fe&lang=de-DE&tag=ask-prod&limit=10&hi=0&fn=jQuery111109075218092470441_1478594879915&q=Galaxy+&_=1478594879922 is http://de.ask.com/web?q=Iphone+6&qsrc=0&o=0&l=dir&qo=spellCheck
11-08 09:48:14.985 29726-29757/acr.browser.barebones D/AdblockWebView: Allowed loading http://lss.sse-iacapps.com/lss/api?token=8d397f74-a257-3259-b92a-b4ee8d53a2fe&lang=de-DE&tag=ask-prod&limit=10&hi=0&fn=jQuery111109075218092470441_1478594879915&q=Galaxy+&_=1478594879922
11-08 09:48:14.985 7449-7449/? E/SamsungIME: - onDraw() called
11-08 09:48:15.005 7449-7449/? D/SamsungIME: SwiftkeyWrapper-checkCurrentSequence : use IC
11-08 09:48:15.075 7449-7449/? D/SamsungIME: Skip dismiss ExpandCandidate. it will be post-invalidated later
11-08 09:48:15.095 7449-7449/? D/SamsungIME_UnifiedIME: AbstractCandidateLayout, getView position value is get view 0
11-08 09:48:15.095 7449-7449/? D/SamsungIME: < REMOVE TEST > isNextWordPredictionSymbol 1: true
11-08 09:48:15.095 7449-7449/? D/SamsungIME_UnifiedIME: AbstractCandidateLayout, getView position value is get view 1
11-08 09:48:15.095 7449-7449/? D/SamsungIME: < REMOVE TEST > isNextWordPredictionSymbol 1: true
11-08 09:48:15.095 7449-7449/? D/SamsungIME_UnifiedIME: AbstractCandidateLayout, getView position value is get view 2
11-08 09:48:15.095 7449-7449/? D/SamsungIME: < REMOVE TEST > isNextWordPredictionSymbol 1: true
11-08 09:48:15.355 3403-3827/? D/InputReader: Input event(4): value=1 when=88433106288000
11-08 09:48:15.355 3403-3827/? D/InputReader: Input event(4): value=1 when=88433106288000
11-08 09:48:15.355 3403-3827/? I/InputReader: Touch event's action is 0x0 (deviceType=0) [pCnt=1, s=0.4782 ] when=88433106288000
11-08 09:48:15.355 3403-3827/? D/InputReader: lastThreadEndTime = 88432707800286, currentThreadStartTime = 88432707809517, diff = 0
11-08 09:48:15.355 3403-3826/? I/InputDispatcher: Delivering touch to (3945): action: 0x4, toolType: 1
11-08 09:48:15.355 3403-3826/? I/InputDispatcher: Delivering touch to (7449): action: 0x0, toolType: 1
11-08 09:48:15.355 7449-7449/? D/ViewRootImpl: ViewPostImeInputStage processPointer 0
11-08 09:48:15.355 7449-7449/? D/jisu: mMiniKeyboardOnScreen=false, pointerCount=1, action=0, eventTime88433106, index=0, id=0
11-08 09:48:15.365 7449-7733/? D/SamsungIME: vib call
11-08 09:48:15.365 7449-7733/? V/Vibrator: Called vibrate(int, int, AudioAttributes, MagnitudeTypes) API - PUID: 10138, repeat: -1, PackageName: com.sec.android.inputmethod, MagnitudeType: TouchMagnitude
11-08 09:48:15.365 7449-7733/? V/Vibrator: vibrate - PUID: 10138, PackageName: com.sec.android.inputmethod, type: 50025, repeat: -1, mag: 6000, AudioAttr : null
11-08 09:48:15.365 3403-3991/? V/VibratorService: vibratePatternMagnitude - package: com.sec.android.inputmethod, repeat: -1, token: android.os.BinderProxy@48f1691, mag: 6000
11-08 09:48:15.365 3403-3991/? D/VibratorService: Turning vibrator off
11-08 09:48:15.365 3403-30091/? D/VibratorService: vibratorOn() : 7ms, magnitude :6000
11-08 09:48:15.375 7449-7449/? D/jisu: mMiniKeyboardOnScreen=false, pointerCount=1, action=2, eventTime88433118, index=0, id=0
11-08 09:48:15.375 7449-7449/? E/SamsungIME: - onDraw() called
11-08 09:48:15.395 7449-7449/? D/jisu: mMiniKeyboardOnScreen=false, pointerCount=1, action=2, eventTime88433135, index=0, id=0
11-08 09:48:15.405 7449-7449/? D/jisu: mMiniKeyboardOnScreen=false, pointerCount=1, action=2, eventTime88433152, index=0, id=0
11-08 09:48:15.415 3403-3827/? D/InputReader: Input event(4): value=0 when=88433164542000
11-08 09:48:15.415 3403-3827/? D/InputReader: Input event(4): value=0 when=88433164542000
11-08 09:48:15.415 3403-3827/? I/InputReader: Touch event's action is 0x1 (deviceType=0) [pCnt=1, s=] when=88433164542000
11-08 09:48:15.415 3403-3826/? I/InputDispatcher: Delivering touch to (7449): action: 0x1, toolType: 1
11-08 09:48:15.415 7449-7449/? D/ViewRootImpl: ViewPostImeInputStage processPointer 1
11-08 09:48:15.415 7449-7449/? D/jisu: mMiniKeyboardOnScreen=false, pointerCount=1, action=1, eventTime88433164, index=0, id=0
11-08 09:48:15.415 7449-7449/? I/SamsungIME: [AKV] detectAndSendKey - index : 21, mCurrentInputMethod : 0, mInputLanguage : 1701726018
11-08 09:48:15.415 7449-7449/? E/SamsungIME: SwiftkeyWrapper-inputKey
11-08 09:48:15.415 7449-7449/? E/SamsungIME: updateSuggestionDelay
11-08 09:48:15.425 7449-7449/? E/SamsungIME: - onDraw() called
11-08 09:48:15.435 29726-29757/acr.browser.barebones D/AdblockWebView: Header referrer for http://lss.sse-iacapps.com/lss/api?token=8d397f74-a257-3259-b92a-b4ee8d53a2fe&lang=de-DE&tag=ask-prod&limit=10&hi=0&fn=jQuery111109075218092470441_1478594879915&q=Galaxy+s&_=1478594879923 is http://de.ask.com/web?q=Iphone+6&qsrc=0&o=0&l=dir&qo=spellCheck
11-08 09:48:15.435 7449-7449/? D/SamsungIME: [SIIC] getCursorCapsMode without ic done
11-08 09:48:15.435 29726-29757/acr.browser.barebones D/AdblockWebView: Allowed loading http://lss.sse-iacapps.com/lss/api?token=8d397f74-a257-3259-b92a-b4ee8d53a2fe&lang=de-DE&tag=ask-prod&limit=10&hi=0&fn=jQuery111109075218092470441_1478594879915&q=Galaxy+s&_=1478594879923
11-08 09:48:15.805 7449-7449/? D/SamsungIME: Skip dismiss ExpandCandidate. it will be post-invalidated later
11-08 09:48:15.815 7449-7449/? D/SamsungIME_UnifiedIME: AbstractCandidateLayout, getView position value is get view 0
11-08 09:48:15.815 7449-7449/? D/SamsungIME: < REMOVE TEST > isNextWordPredictionSymbol 1: true
11-08 09:48:15.815 7449-7449/? D/SamsungIME_UnifiedIME: AbstractCandidateLayout, getView position value is get view 1
11-08 09:48:15.815 7449-7449/? D/SamsungIME_UnifiedIME: AbstractCandidateLayout, getView position value is get view 2
11-08 09:48:15.825 7449-7449/? D/SamsungIME: < REMOVE TEST > isNextWordPredictionSymbol 1: true
11-08 09:48:15.855 3403-3827/? D/InputReader: Input event(4): value=1 when=88433604681000
11-08 09:48:15.855 3403-3827/? D/InputReader: Input event(4): value=1 when=88433604681000
11-08 09:48:15.855 3403-3827/? I/InputReader: Touch event's action is 0x0 (deviceType=0) [pCnt=1, s=0.4783 ] when=88433604681000
11-08 09:48:15.855 3403-3827/? D/InputReader: lastThreadEndTime = 88433164866939, currentThreadStartTime = 88433164871401, diff = 0
11-08 09:48:15.855 3403-3826/? I/InputDispatcher: Delivering touch to (3945): action: 0x4, toolType: 1
11-08 09:48:15.855 3403-3826/? I/InputDispatcher: Delivering touch to (7449): action: 0x0, toolType: 1
11-08 09:48:15.855 7449-7449/? D/ViewRootImpl: ViewPostImeInputStage processPointer 0
11-08 09:48:15.855 7449-7449/? D/jisu: mMiniKeyboardOnScreen=false, pointerCount=1, action=0, eventTime88433604, index=0, id=0
11-08 09:48:15.855 7449-7733/? D/SamsungIME: vib call
11-08 09:48:15.855 7449-7733/? V/Vibrator: Called vibrate(int, int, AudioAttributes, MagnitudeTypes) API - PUID: 10138, repeat: -1, PackageName: com.sec.android.inputmethod, MagnitudeType: TouchMagnitude
11-08 09:48:15.855 7449-7733/? V/Vibrator: vibrate - PUID: 10138, PackageName: com.sec.android.inputmethod, type: 50025, repeat: -1, mag: 6000, AudioAttr : null
11-08 09:48:15.865 3403-4305/? V/VibratorService: vibratePatternMagnitude - package: com.sec.android.inputmethod, repeat: -1, token: android.os.BinderProxy@48f1691, mag: 6000
11-08 09:48:15.865 3403-4305/? D/VibratorService: Turning vibrator off
11-08 09:48:15.865 3403-30092/? D/VibratorService: vibratorOn() : 7ms, magnitude :6000
11-08 09:48:15.875 7449-7449/? E/SamsungIME: - onDraw() called
11-08 09:48:15.885 7449-7449/? D/jisu: mMiniKeyboardOnScreen=false, pointerCount=1, action=2, eventTime88433622, index=0, id=0
11-08 09:48:15.895 7449-7449/? D/jisu: mMiniKeyboardOnScreen=false, pointerCount=1, action=2, eventTime88433638, index=0, id=0
11-08 09:48:15.915 7449-7449/? D/jisu: mMiniKeyboardOnScreen=false, pointerCount=1, action=2, eventTime88433651, index=0, id=0
11-08 09:48:15.915 3403-3827/? D/InputReader: Input event(4): value=0 when=88433663727000
11-08 09:48:15.915 3403-3827/? D/InputReader: Input event(4): value=0 when=88433663727000
11-08 09:48:15.915 3403-3827/? I/InputReader: Touch event's action is 0x1 (deviceType=0) [pCnt=1, s=] when=88433663727000
11-08 09:48:15.915 3403-3826/? I/InputDispatcher: Delivering touch to (7449): action: 0x1, toolType: 1
11-08 09:48:15.915 7449-7449/? D/ViewRootImpl: ViewPostImeInputStage processPointer 1
11-08 09:48:15.915 7449-7449/? D/jisu: mMiniKeyboardOnScreen=false, pointerCount=1, action=1, eventTime88433663, index=0, id=0
11-08 09:48:15.915 7449-7449/? I/SamsungIME: [AKV] detectAndSendKey - index : 6, mCurrentInputMethod : 0, mInputLanguage : 1701726018
11-08 09:48:15.915 7449-7449/? E/SamsungIME: SwiftkeyWrapper-inputKey
11-08 09:48:15.925 7449-7449/? E/SamsungIME: updateSuggestionDelay
11-08 09:48:15.925 7449-7449/? E/SamsungIME: - onDraw() called
11-08 09:48:15.935 29726-29757/acr.browser.barebones D/AdblockWebView: Header referrer for http://lss.sse-iacapps.com/lss/api?token=8d397f74-a257-3259-b92a-b4ee8d53a2fe&lang=de-DE&tag=ask-prod&limit=10&hi=0&fn=jQuery111109075218092470441_1478594879915&q=Galaxy+s7&_=1478594879924 is http://de.ask.com/web?q=Iphone+6&qsrc=0&o=0&l=dir&qo=spellCheck
11-08 09:48:15.945 29726-29757/acr.browser.barebones D/AdblockWebView: Allowed loading http://lss.sse-iacapps.com/lss/api?token=8d397f74-a257-3259-b92a-b4ee8d53a2fe&lang=de-DE&tag=ask-prod&limit=10&hi=0&fn=jQuery111109075218092470441_1478594879915&q=Galaxy+s7&_=1478594879924
11-08 09:48:16.295 7449-7449/? D/SamsungIME: Skip dismiss ExpandCandidate. it will be post-invalidated later
11-08 09:48:16.305 7449-7449/? D/SamsungIME_UnifiedIME: AbstractCandidateLayout, getView position value is get view 0
11-08 09:48:16.305 7449-7449/? D/SamsungIME: < REMOVE TEST > isNextWordPredictionSymbol 1: true
11-08 09:48:16.305 7449-7449/? D/SamsungIME_UnifiedIME: AbstractCandidateLayout, getView position value is get view 1
11-08 09:48:16.305 7449-7449/? D/SamsungIME_UnifiedIME: AbstractCandidateLayout, getView position value is get view 2
11-08 09:48:16.305 7449-7449/? D/SamsungIME: < REMOVE TEST > isNextWordPredictionSymbol 1: true
11-08 09:48:16.315 3403-3827/? D/InputReader: Input event(4): value=1 when=88434060982000
11-08 09:48:16.315 3403-3827/? D/InputReader: Input event(4): value=1 when=88434060982000
11-08 09:48:16.315 3403-3827/? I/InputReader: Touch event's action is 0x0 (deviceType=0) [pCnt=1, s=0.4784 ] when=88434060982000
11-08 09:48:16.315 3403-3827/? D/InputReader: lastThreadEndTime = 88433664358939, currentThreadStartTime = 88433664362785, diff = 0
11-08 09:48:16.315 3403-3826/? I/InputDispatcher: Delivering touch to (3945): action: 0x4, toolType: 1
11-08 09:48:16.315 3403-3826/? I/InputDispatcher: Delivering touch to (7449): action: 0x0, toolType: 1
11-08 09:48:16.315 7449-7449/? D/ViewRootImpl: ViewPostImeInputStage processPointer 0
11-08 09:48:16.315 7449-7449/? D/jisu: mMiniKeyboardOnScreen=false, pointerCount=1, action=0, eventTime88434060, index=0, id=0
11-08 09:48:16.315 7449-7733/? D/SamsungIME: vib call
11-08 09:48:16.315 7449-7733/? V/Vibrator: Called vibrate(int, int, AudioAttributes, MagnitudeTypes) API - PUID: 10138, repeat: -1, PackageName: com.sec.android.inputmethod, MagnitudeType: TouchMagnitude
11-08 09:48:16.315 7449-7733/? V/Vibrator: vibrate - PUID: 10138, PackageName: com.sec.android.inputmethod, type: 50025, repeat: -1, mag: 6000, AudioAttr : null
11-08 09:48:16.315 3403-4280/? V/VibratorService: vibratePatternMagnitude - package: com.sec.android.inputmethod, repeat: -1, token: android.os.BinderProxy@48f1691, mag: 6000
11-08 09:48:16.315 3403-4280/? D/VibratorService: Turning vibrator off
11-08 09:48:16.325 3403-30093/? D/VibratorService: vibratorOn() : 7ms, magnitude :6000
11-08 09:48:16.335 7449-7449/? E/SamsungIME: - onDraw() called
11-08 09:48:16.355 7449-7449/? D/jisu: mMiniKeyboardOnScreen=false, pointerCount=1, action=2, eventTime88434091, index=0, id=0
11-08 09:48:16.365 7449-7449/? D/jisu: mMiniKeyboardOnScreen=false, pointerCount=1, action=2, eventTime88434107, index=0, id=0
11-08 09:48:16.365 3403-3827/? D/InputReader: Input event(4): value=0 when=88434118558000
11-08 09:48:16.365 3403-3827/? D/InputReader: Input event(4): value=0 when=88434118558000
11-08 09:48:16.365 3403-3827/? I/InputReader: Touch event's action is 0x1 (deviceType=0) [pCnt=1, s=] when=88434118558000
11-08 09:48:16.365 3403-3826/? I/InputDispatcher: Delivering touch to (7449): action: 0x1, toolType: 1
11-08 09:48:16.365 7449-7449/? D/ViewRootImpl: ViewPostImeInputStage processPointer 1
11-08 09:48:16.365 7449-7449/? D/jisu: mMiniKeyboardOnScreen=false, pointerCount=1, action=1, eventTime88434118, index=0, id=0
11-08 09:48:16.375 7449-7449/? I/SamsungIME: [AKV] detectAndSendKey - index : 42, mCurrentInputMethod : 0, mInputLanguage : 1701726018
11-08 09:48:16.375 7449-7449/? D/SamsungIME: disable handwriting input icon : handwriting is not enabled or improper edit field
11-08 09:48:16.375 7449-7449/? D/SamsungIME: disable handwriting input icon : handwriting is not enabled or improper edit field
11-08 09:48:16.385 7449-7449/? E/SamsungIME: - onDraw() called
11-08 09:48:16.395 7449-7449/? D/SamsungIME: SwiftkeyWrapper-checkCurrentSequence : use IC
11-08 09:48:16.405 29726-29757/acr.browser.barebones D/AdblockWebView: Header referrer for http://de.ask.com/log/browser/event is http://de.ask.com/web?q=Iphone+6&qsrc=0&o=0&l=dir&qo=spellCheck
11-08 09:48:16.405 29726-29757/acr.browser.barebones D/AdblockWebView: Allowed loading http://de.ask.com/log/browser/event
11-08 09:48:16.425 7449-7449/? D/SamsungIME: Skip dismiss ExpandCandidate. it will be post-invalidated later
11-08 09:48:16.435 7449-7449/? D/SamsungIME_UnifiedIME: AbstractCandidateLayout, getView position value is get view 0
11-08 09:48:16.435 7449-7449/? D/SamsungIME: < REMOVE TEST > isNextWordPredictionSymbol 1: true
11-08 09:48:16.435 7449-7449/? D/SamsungIME_UnifiedIME: AbstractCandidateLayout, getView position value is get view 1
11-08 09:48:16.435 7449-7449/? D/SamsungIME_UnifiedIME: AbstractCandidateLayout, getView position value is get view 2
11-08 09:48:16.435 7449-7449/? D/SamsungIME: < REMOVE TEST > isNextWordPredictionSymbol 1: true
11-08 09:48:16.545 3403-4421/? D/PackageManager: findPreferredActivity: No PreferredActivities set
11-08 09:48:16.545 3403-4421/? I/PackageManager: No preferred activity: intent should not be shown
11-08 09:48:16.615 29726-29757/acr.browser.barebones D/AdblockWebView: Header referrer for http://www.google-analytics.com/collect is http://de.ask.com/web?q=Iphone+6&qsrc=0&o=0&l=dir&qo=spellCheck
11-08 09:48:16.615 29726-29757/acr.browser.barebones D/AdblockWebView: Allowed loading http://www.google-analytics.com/collect
11-08 09:48:16.625 29726-29726/acr.browser.barebones D/AdblockWebView: Loading progress=10%
11-08 09:48:16.625 29726-29757/acr.browser.barebones W/AdblockWebView: No referrer header for http://de.ask.com/web?o=0&l=dir&qo=serpSearchTopBox&q=Galaxy+s7
11-08 09:48:16.625 29726-29757/acr.browser.barebones W/AdblockWebView: http://de.ask.com/web?o=0&l=dir&qo=serpSearchTopBox&q=Galaxy+s7 is main frame, allow loading
11-08 09:48:16.635 29726-29726/acr.browser.barebones W/DisplayListCanvas: DisplayListCanvas is started on unbinded RenderNode (without mOwningView)
11-08 09:48:16.645 29726-29726/acr.browser.barebones D/AdblockWebView: Start loading http://de.ask.com/web?o=0&l=dir&qo=serpSearchTopBox&q=Galaxy+s7
11-08 09:48:16.645 29726-29726/acr.browser.barebones D/AdblockWebView: Extracted domain de.ask.com from http://de.ask.com/web?o=0&l=dir&qo=serpSearchTopBox&q=Galaxy+s7
11-08 09:48:16.645 29726-30094/acr.browser.barebones D/AdblockWebView: Listed subscriptions: 2
11-08 09:48:16.645 29726-30094/acr.browser.barebones D/AdblockWebView: Subscribed to [Subscription] url=https://easylist-downloads.adblockplus.org/easylist.txt title=EasyList fixedTitle=true homepage=https://easylist.adblockplus.org/ lastDownload=1478594073 downloadStatus=synchronize_ok lastSuccess=1478594073 lastCheck=1478594432 expires=1479285273 softExpiration=1478972137 version=201611080830 requiredVersion=2.0 downloadCount=1
11-08 09:48:16.645 29726-30094/acr.browser.barebones D/AdblockWebView: Subscribed to [Subscription] url=https://easylist-downloads.adblockplus.org/exceptionrules.txt title=Allow non-intrusive advertising fixedTitle=true homepage=https://acceptableads.org/ lastDownload=1478594096 downloadStatus=synchronize_ok lastSuccess=1478594096 lastCheck=1478594432 expires=1478766896 softExpiration=1478664814 version=201611080831 requiredVersion=2.0 downloadCount=1
11-08 09:48:16.645 29726-30094/acr.browser.barebones D/AdblockWebView: Requesting elemhide selectors from AdblockEngine for http://de.ask.com/web?o=0&l=dir&qo=serpSearchTopBox&q=Galaxy+s7 in Thread[Thread-1034,5,main]
11-08 09:48:16.655 29726-30094/acr.browser.barebones D/AdblockWebView: Finished requesting elemhide selectors, got 0 in Thread[Thread-1034,5,main]
11-08 09:48:16.655 29726-30094/acr.browser.barebones D/AdblockWebView: Setting elemhide string 2 bytes
11-08 09:48:16.655 29726-30094/acr.browser.barebones W/AdblockWebView: elemHideThread set to null
11-08 09:48:16.655 29726-29726/acr.browser.barebones D/BrowserActivity: Notify Tab Changed: 0
11-08 09:48:16.655 29726-29792/acr.browser.barebones I/System.out: (HTTPLog)-Static: isSBSettingEnabled false
11-08 09:48:16.655 29726-29792/acr.browser.barebones I/System.out: (HTTPLog)-Static: isSBSettingEnabled false
11-08 09:48:16.665 29726-29726/acr.browser.barebones W/DisplayListCanvas: DisplayListCanvas is started on unbinded RenderNode (without mOwningView)
11-08 09:48:17.495 29726-29726/acr.browser.barebones D/AdblockWebView: Loading progress=21%
11-08 09:48:17.495 29726-29726/acr.browser.barebones D/AdblockWebView: Injecting script
11-08 09:48:17.495 29726-29726/acr.browser.barebones D/AdblockWebView: runScript started
11-08 09:48:17.495 29726-29726/acr.browser.barebones D/AdblockWebView: runScript finished
11-08 09:48:17.495 29726-29726/acr.browser.barebones W/AdblockWebView: Start prevent drawing
11-08 09:48:17.505 29726-29726/acr.browser.barebones W/DisplayListCanvas: DisplayListCanvas is started on unbinded RenderNode (without mOwningView)
11-08 09:48:17.505 29726-29726/acr.browser.barebones W/AdblockWebView: Prevent drawing
11-08 09:48:17.515 29726-29726/acr.browser.barebones W/AdblockWebView: Prevent drawing
11-08 09:48:17.525 29726-29726/acr.browser.barebones W/AdblockWebView: Prevent drawing
11-08 09:48:17.525 29726-29726/acr.browser.barebones W/cr_BindingManager: Cannot call determinedVisibility() - never saw a connection for the pid: 29726
11-08 09:48:17.535 29726-29875/acr.browser.barebones D/AdblockWebView: addDomListener=false
11-08 09:48:17.545 29726-29726/acr.browser.barebones W/AdblockWebView: Prevent drawing
11-08 09:48:17.545 29726-29757/acr.browser.barebones D/AdblockWebView: Header referrer for http://de.ask.com/s/0-0-14/site-search-sites-askint-web-page-mobile.css is http://de.ask.com/web?o=0&l=dir&qo=serpSearchTopBox&q=Galaxy+s7
11-08 09:48:17.545 29726-29757/acr.browser.barebones D/AdblockWebView: Allowed loading http://de.ask.com/s/0-0-14/site-search-sites-askint-web-page-mobile.css
11-08 09:48:17.545 29726-29757/acr.browser.barebones D/AdblockWebView: Header referrer for http://saservice.ask.com/c/css/sas-31783be6ccbbb998fa309ae0703961f3871fb977.css is http://de.ask.com/web?o=0&l=dir&qo=serpSearchTopBox&q=Galaxy+s7
11-08 09:48:17.545 29726-29757/acr.browser.barebones D/AdblockWebView: Allowed loading http://saservice.ask.com/c/css/sas-31783be6ccbbb998fa309ae0703961f3871fb977.css
11-08 09:48:17.555 29726-29757/acr.browser.barebones D/AdblockWebView: Header referrer for http://de.ask.com/s/0-0-14/askint-web-page.min.js is http://de.ask.com/web?o=0&l=dir&qo=serpSearchTopBox&q=Galaxy+s7
11-08 09:48:17.555 29726-29726/acr.browser.barebones W/AdblockWebView: Prevent drawing
11-08 09:48:17.555 29726-29757/acr.browser.barebones D/AdblockWebView: Allowed loading http://de.ask.com/s/0-0-14/askint-web-page.min.js
11-08 09:48:17.565 29726-29726/acr.browser.barebones D/BrowserActivity: Notify Tab Changed: 0
11-08 09:48:17.575 29726-29757/acr.browser.barebones D/AdblockWebView: Header referrer for http://de.ask.com/s/0-0-14/unified-api.min.js is http://de.ask.com/web?o=0&l=dir&qo=serpSearchTopBox&q=Galaxy+s7
11-08 09:48:17.575 29726-29757/acr.browser.barebones D/AdblockWebView: Allowed loading http://de.ask.com/s/0-0-14/unified-api.min.js
11-08 09:48:17.575 29726-29726/acr.browser.barebones W/AdblockWebView: Prevent drawing
11-08 09:48:17.585 29726-29757/acr.browser.barebones D/AdblockWebView: Header referrer for http://ecx.images-amazon.com/images/I/31lJB1Ahq4L._SL75_.jpg is http://de.ask.com/web?o=0&l=dir&qo=serpSearchTopBox&q=Galaxy+s7
11-08 09:48:17.595 29726-29757/acr.browser.barebones D/AdblockWebView: Allowed loading http://ecx.images-amazon.com/images/I/31lJB1Ahq4L._SL75_.jpg
11-08 09:48:17.595 29726-29726/acr.browser.barebones W/AdblockWebView: Prevent drawing
11-08 09:48:17.595 3149-3635/? D/EnterpriseController: netId is 0
11-08 09:48:17.595 3149-3635/? D/Netd: getNetworkForDns: using netid 502 for uid 10252
11-08 09:48:17.595 29726-29757/acr.browser.barebones D/AdblockWebView: Header referrer for http://www.google.com/adsense/search/async-ads.js is http://de.ask.com/web?o=0&l=dir&qo=serpSearchTopBox&q=Galaxy+s7
11-08 09:48:17.595 29726-29757/acr.browser.barebones D/AdblockWebView: Allowed loading http://www.google.com/adsense/search/async-ads.js
11-08 09:48:17.595 29726-29757/acr.browser.barebones D/AdblockWebView: Header referrer for http://www.googletagmanager.com/gtm.js?id=GTM-T3KVMC&l=dataLayer is http://de.ask.com/web?o=0&l=dir&qo=serpSearchTopBox&q=Galaxy+s7
11-08 09:48:17.605 29726-29757/acr.browser.barebones D/AdblockWebView: Allowed loading http://www.googletagmanager.com/gtm.js?id=GTM-T3KVMC&l=dataLayer
11-08 09:48:17.615 29726-29726/acr.browser.barebones W/AdblockWebView: Prevent drawing
11-08 09:48:17.615 3403-4050/? E/BoostFramework: Exception java.lang.NullPointerException: Attempt to invoke virtual method 'java.lang.Object java.lang.reflect.Method.invoke(java.lang.Object, java.lang.Object[])' on a null object reference
11-08 09:48:17.615 3403-3403/? D/LightsService: [api] [SvcLED] turnOff:: id = 6 (uid: 1000 pid: 3403)
11-08 09:48:17.615 7449-7449/? E/KeyboardInfoUtils: getInstance start
11-08 09:48:17.615 3403-3403/? D/LightsService: [SvcLED] setSvcLedStateLocked:: SvcLEDState : 0x0 -> 0x0 | SvcLED(id=6) set Off
11-08 09:48:17.615 7449-7449/? E/KeyboardInfoUtils: sendSIPInformation state:6 isAbstractKeyboardView : true
11-08 09:48:17.615 3403-3555/? D/LightsService: [SvcLED] handleForcedSvcLEDTask()
11-08 09:48:17.615 7449-7449/? E/KeyboardInfoUtils: sending null keyboardInfo as SIP is closed
11-08 09:48:17.615 3403-3555/? D/LightsService: [SvcLED] setSvcLedLightLocked :: Current SvcLED(id=5) maintains its priority right
11-08 09:48:17.615 3403-3403/? D/EdgeLight: Turning off
11-08 09:48:17.625 3403-3403/? D/MARsPolicyManager: NotificationListenerService OngoingNotificationRemoved : android
11-08 09:48:17.625 7449-7449/? D/SamsungIME: onWindowHidden
11-08 09:48:17.625 3945-3945/? D/NotificationStackScrollLayout: scroll range should be extended : 1600
11-08 09:48:17.625 3945-3945/? D/PhoneStatusBar: removeNotification key=-1|android|17040375|InputMethodManagerService_Noti|1000 old=StatusBarNotification(pkg=android user=UserHandle{-1} id=17040375 tag=InputMethodManagerService_Noti score=-20 key=-1|android|17040375|InputMethodManagerService_Noti|1000: Notification(pri=-2 contentView=android/0x10900a3 vibrate=null sound=null defaults=0x0 flags=0x1002 color=0x00000000 category=sys vis=PRIVATE secFlags=0x0 secPriority=0))
11-08 09:48:17.625 3945-3945/? D/PhoneStatusBar: setAreThereNotifications: N=2 any=true clearable=false
11-08 09:48:17.625 29726-29726/acr.browser.barebones W/AdblockWebView: Prevent drawing
11-08 09:48:17.625 7449-7449/? D/SamsungIME: notifyWindowStateChanged Window Hidden. AutoText consider to shutdown
11-08 09:48:17.625 3403-3403/? D/InputMethodManagerService: [HARDWARE_KEYBOARD] (refreshImeWindowVis) mImeWindowVis= 0 inputVisible = falsehaveHardKeyboard = false hardKeyShown = false
11-08 09:48:17.635 3003-4520/? D/libEGL: eglTerminate EGLDisplay = 0x7f822ffe78
11-08 09:48:17.635 3003-4520/? D/libEGL: eglTerminate EGLDisplay = 0x7f822ffe78
11-08 09:48:17.645 3945-3945/? D/NotificationStackScrollLayout: scroll range should be extended : 1600
11-08 09:48:17.645 29726-29726/acr.browser.barebones W/AdblockWebView: Prevent drawing
11-08 09:48:17.645 29726-29726/acr.browser.barebones D/AdblockWebView: Loading progress=70%
11-08 09:48:17.655 29726-29726/acr.browser.barebones D/ViewRootImpl: MSG_RESIZED: ci=Rect(0, 96 - 0, 0) vi=Rect(0, 96 - 0, 0) or=1
11-08 09:48:17.655 29726-29804/acr.browser.barebones W/IInputConnectionWrapper: getExtractedText on inactive InputConnection
11-08 09:48:17.685 29726-29726/acr.browser.barebones W/DisplayListCanvas: DisplayListCanvas is started on unbinded RenderNode (without mOwningView)
11-08 09:48:17.685 29726-29726/acr.browser.barebones W/AdblockWebView: Prevent drawing
11-08 09:48:17.685 29726-29757/acr.browser.barebones D/AdblockWebView: Header referrer for http://b.scorecardresearch.com/beacon.js is http://de.ask.com/web?o=0&l=dir&qo=serpSearchTopBox&q=Galaxy+s7
11-08 09:48:17.685 29726-29757/acr.browser.barebones D/AdblockWebView: Allowed loading http://b.scorecardresearch.com/beacon.js
11-08 09:48:17.685 29726-29726/acr.browser.barebones W/AdblockWebView: Prevent drawing
11-08 09:48:17.695 29726-29726/acr.browser.barebones D/AdblockWebView: JS: level=LOG, message="onreadystatechange() event fired (interactive)", sourceId="", line=44
11-08 09:48:17.695 29726-29726/acr.browser.barebones I/chromium: [INFO:CONSOLE(44)] "onreadystatechange() event fired (interactive)", source: (44)
11-08 09:48:17.695 7449-7449/? D/SamsungIME: SwiftkeyWrapper-checkCurrentSequence : use IC
11-08 09:48:17.695 29726-29726/acr.browser.barebones W/AdblockWebView: Prevent drawing
11-08 09:48:17.695 29726-29875/acr.browser.barebones D/AdblockWebView: Waiting for elemhide selectors to be ready
11-08 09:48:17.695 29726-29875/acr.browser.barebones D/AdblockWebView: Elemhide selectors ready, 2 bytes
11-08 09:48:17.695 29726-29875/acr.browser.barebones D/AdblockWebView: Clearing referrers
11-08 09:48:17.705 29726-29875/acr.browser.barebones D/AdblockWebView: Scheduled 'allow drawing' invocation in 200 ms
11-08 09:48:17.705 29726-29726/acr.browser.barebones D/AdblockWebView: JS: level=LOG, message="starting injecting css rules", sourceId="", line=13
11-08 09:48:17.705 29726-29726/acr.browser.barebones I/chromium: [INFO:CONSOLE(13)] "starting injecting css rules", source: (13)
11-08 09:48:17.705 29726-29726/acr.browser.barebones D/AdblockWebView: JS: level=LOG, message="parsed selectors: 0", sourceId="", line=15
11-08 09:48:17.705 29726-29726/acr.browser.barebones I/chromium: [INFO:CONSOLE(15)] "parsed selectors: 0", source: (15)
11-08 09:48:17.705 29726-29726/acr.browser.barebones D/AdblockWebView: JS: level=LOG, message="finished injecting css rules", sourceId="", line=31
11-08 09:48:17.705 29726-29726/acr.browser.barebones I/chromium: [INFO:CONSOLE(31)] "finished injecting css rules", source: (31)
11-08 09:48:17.705 29726-29726/acr.browser.barebones D/AdblockWebView: JS: level=LOG, message="DOMContentLoaded() event fired", sourceId="", line=61
11-08 09:48:17.705 29726-29726/acr.browser.barebones I/chromium: [INFO:CONSOLE(61)] "DOMContentLoaded() event fired", source: (61)
11-08 09:48:17.705 29726-29726/acr.browser.barebones D/AdblockWebView: JS: level=LOG, message="already hidden, exiting", sourceId="", line=7
11-08 09:48:17.705 29726-29726/acr.browser.barebones I/chromium: [INFO:CONSOLE(7)] "already hidden, exiting", source: (7)
11-08 09:48:17.755 29726-29726/acr.browser.barebones W/AdblockWebView: Prevent drawing
11-08 09:48:17.765 7449-7449/? E/SamsungIME: resetNeedToLoadHwrLibrary : 0
11-08 09:48:17.775 29726-29726/acr.browser.barebones W/AdblockWebView: Prevent drawing
11-08 09:48:17.785 29726-29726/acr.browser.barebones W/AdblockWebView: Prevent drawing
11-08 09:48:17.785 29726-29757/acr.browser.barebones D/AdblockWebView: Header referrer for http://www.google-analytics.com/analytics.js is http://de.ask.com/web?o=0&l=dir&qo=serpSearchTopBox&q=Galaxy+s7
11-08 09:48:17.785 29726-29757/acr.browser.barebones D/AdblockWebView: Allowed loading http://www.google-analytics.com/analytics.js
11-08 09:48:17.805 29726-29726/acr.browser.barebones W/AdblockWebView: Prevent drawing
11-08 09:48:17.805 29726-29757/acr.browser.barebones D/AdblockWebView: Header referrer for http://b.scorecardresearch.com/b?c1=2&c2=6034776&ns__t=1478594897810&ns_c=UTF-8&cv=3.1m&c8=Galaxy%20s7%20-%20Ask.com%20Web-Suche&c7=http%3A%2F%2Fde.ask.com%2Fweb%3Fo%3D0%26l%3Ddir%26qo%3DserpSearchTopBox%26q%3DGalaxy%2Bs7&c9=http%3A%2F%2Fde.ask.com%2Fweb%3Fq%3DIphone%2B6%26qsrc%3D0%26o%3D0%26l%3Ddir%26qo%3DspellCheck is http://de.ask.com/web?o=0&l=dir&qo=serpSearchTopBox&q=Galaxy+s7
11-08 09:48:17.805 29726-29757/acr.browser.barebones D/AdblockWebView: Allowed loading http://b.scorecardresearch.com/b?c1=2&c2=6034776&ns__t=1478594897810&ns_c=UTF-8&cv=3.1m&c8=Galaxy%20s7%20-%20Ask.com%20Web-Suche&c7=http%3A%2F%2Fde.ask.com%2Fweb%3Fo%3D0%26l%3Ddir%26qo%3DserpSearchTopBox%26q%3DGalaxy%2Bs7&c9=http%3A%2F%2Fde.ask.com%2Fweb%3Fq%3DIphone%2B6%26qsrc%3D0%26o%3D0%26l%3Ddir%26qo%3DspellCheck
11-08 09:48:17.815 29726-29726/acr.browser.barebones W/AdblockWebView: Prevent drawing
11-08 09:48:17.835 29726-29726/acr.browser.barebones W/AdblockWebView: Prevent drawing
11-08 09:48:17.845 29726-29726/acr.browser.barebones W/AdblockWebView: Prevent drawing
11-08 09:48:17.895 29726-29757/acr.browser.barebones W/AdblockWebView: No referrer header for https://www.google.com/afs/ads/i/iframe.html#slave-1-1
11-08 09:48:17.905 29726-29757/acr.browser.barebones D/AdblockWebView: Allowed loading https://www.google.com/afs/ads/i/iframe.html#slave-1-1
11-08 09:48:17.915 29726-29757/acr.browser.barebones W/AdblockWebView: No referrer header for https://www.google.com/afs/ads?q=Galaxy%20s7&oe=utf-8&ie=utf-8&lo=false&adpage=1&adrep=5&r=m&fexp=21404&client=aj-de&channel=de-web&hl=de&adtest=off&adsafe=medium&type=0&format=p5%7Cn5&ad=n5p5&nocache=9771478594897880&num=0&output=uds_ads_only&v=3&adlh=on&adext=as1%2Csr1&bsl=10&u_his=12&u_tz=60&dt=1478594897885&u_w=360&u_h=640&biw=360&bih=558&psw=360&psh=1234&frm=0&uio=uv3cs1vp1lo0va1cc0sr1sl1hc-lHst17sd15sv14sa13lt20ld18lv16da1-lhst17sd15sv14sa13lt20ld18lv16da1&jsv=11676&rurl=http%3A%2F%2Fde.ask.com%2Fweb%3Fo%3D0%26l%3Ddir%26qo%3DserpSearchTopBox%26q%3DGalaxy%2Bs7&referer=http%3A%2F%2Fde.ask.com%2Fweb%3Fq%3DIphone%2B6%26qsrc%3D0%26o%3D0%26l%3Ddir%26qo%3DspellCheck#master-1
11-08 09:48:17.915 29726-29726/acr.browser.barebones W/AdblockWebView: Prevent drawing
