11-08 09:47:42.915 3403-4319/? V/VibratorService: vibratePatternMagnitude - package: com.sec.android.inputmethod, repeat: -1, token: android.os.BinderProxy@48f1691, mag: 6000
11-08 09:47:42.915 3403-4319/? D/VibratorService: Turning vibrator off
11-08 09:47:42.915 3403-6849/? D/SSRM:n: SIOP:: AP = 290, PST = 271 (W:6), CP = 229, CUR = 253, LCD = 83
11-08 09:47:42.915 3403-30034/? D/VibratorService: vibratorOn() : 7ms, magnitude :6000
11-08 09:47:42.925 7449-7449/? E/SamsungIME: - onDraw() called
11-08 09:47:42.945 7449-7449/? D/jisu: mMiniKeyboardOnScreen=false, pointerCount=1, action=2, eventTime88400682, index=0, id=0
11-08 09:47:42.955 7449-7449/? D/jisu: mMiniKeyboardOnScreen=false, pointerCount=1, action=2, eventTime88400698, index=0, id=0
11-08 09:47:42.985 3403-3827/? D/InputReader: Input event(4): value=0 when=88400731500000
11-08 09:47:42.985 3403-3827/? D/InputReader: Input event(4): value=0 when=88400731500000
11-08 09:47:42.985 3403-3827/? I/InputReader: Touch event's action is 0x1 (deviceType=0) [pCnt=1, s=] when=88400731500000
11-08 09:47:42.985 3403-3826/? I/InputDispatcher: Delivering touch to (7449): action: 0x1, toolType: 1
11-08 09:47:42.985 7449-7449/? D/jisu: mMiniKeyboardOnScreen=false, pointerCount=1, action=2, eventTime88400723, index=0, id=0
11-08 09:47:42.985 7449-7449/? D/ViewRootImpl: ViewPostImeInputStage processPointer 1
11-08 09:47:42.985 7449-7449/? D/jisu: mMiniKeyboardOnScreen=false, pointerCount=1, action=1, eventTime88400731, index=0, id=0
11-08 09:47:42.985 7449-7449/? I/SamsungIME: [AKV] detectAndSendKey - index : 17, mCurrentInputMethod : 0, mInputLanguage : 1701726018
11-08 09:47:42.985 7449-7449/? E/SamsungIME: SwiftkeyWrapper-inputKey
11-08 09:47:42.985 7449-7449/? E/SamsungIME: updateSuggestionDelay
11-08 09:47:42.985 7449-7449/? D/SamsungIME: [SIIC] getCursorCapsMode without ic done
11-08 09:47:42.985 7449-7449/? D/SamsungIME: disable handwriting input icon : handwriting is not enabled or improper edit field
11-08 09:47:42.985 7449-7449/? D/SamsungIME: disable handwriting input icon : handwriting is not enabled or improper edit field
11-08 09:47:43.015 7449-7449/? E/SamsungIME: - onDraw() called
11-08 09:47:43.025 7449-7449/? D/SamsungIME: [SIIC] getCursorCapsMode without ic done
11-08 09:47:43.025 29726-29757/acr.browser.barebones D/AdblockWebView: Header referrer for http://lss.sse-iacapps.com/lss/api?token=8d397f74-a257-3259-b92a-b4ee8d53a2fe&lang=de-DE&tag=ask-prod&limit=10&hi=0&fn=jQuery1111040917199008586924_1478594859648&q=I&_=1478594859649 is http://de.ask.com/?o=312&l=dir&ad=dirN
11-08 09:47:43.035 29726-29757/acr.browser.barebones D/AdblockWebView: Allowed loading http://lss.sse-iacapps.com/lss/api?token=8d397f74-a257-3259-b92a-b4ee8d53a2fe&lang=de-DE&tag=ask-prod&limit=10&hi=0&fn=jQuery1111040917199008586924_1478594859648&q=I&_=1478594859649
11-08 09:47:43.035 3149-3635/? D/EnterpriseController: netId is 0
11-08 09:47:43.035 3149-3635/? D/Netd: getNetworkForDns: using netid 502 for uid 10252
11-08 09:47:43.325 3403-3827/? D/InputReader: Input event(4): value=1 when=88401078778000
11-08 09:47:43.325 3403-3827/? D/InputReader: Input event(4): value=1 when=88401078778000
11-08 09:47:43.325 3403-3827/? I/InputReader: Touch event's action is 0x0 (deviceType=0) [pCnt=1, s=0.4757 ] when=88401078778000
11-08 09:47:43.325 3403-3827/? D/InputReader: lastThreadEndTime = 88400731738001, currentThreadStartTime = 88400731739540, diff = 0
11-08 09:47:43.325 3403-3826/? I/InputDispatcher: Delivering touch to (3945): action: 0x4, toolType: 1
11-08 09:47:43.325 3403-3826/? I/InputDispatcher: Delivering touch to (7449): action: 0x0, toolType: 1
11-08 09:47:43.335 7449-7449/? D/ViewRootImpl: ViewPostImeInputStage processPointer 0
11-08 09:47:43.335 7449-7449/? D/jisu: mMiniKeyboardOnScreen=false, pointerCount=1, action=0, eventTime88401078, index=0, id=0
11-08 09:47:43.335 7449-7733/? D/SamsungIME: vib call
11-08 09:47:43.335 7449-7733/? V/Vibrator: Called vibrate(int, int, AudioAttributes, MagnitudeTypes) API - PUID: 10138, repeat: -1, PackageName: com.sec.android.inputmethod, MagnitudeType: TouchMagnitude
11-08 09:47:43.335 7449-7733/? V/Vibrator: vibrate - PUID: 10138, PackageName: com.sec.android.inputmethod, type: 50025, repeat: -1, mag: 6000, AudioAttr : null
11-08 09:47:43.335 3403-4419/? V/VibratorService: vibratePatternMagnitude - package: com.sec.android.inputmethod, repeat: -1, token: android.os.BinderProxy@48f1691, mag: 6000
11-08 09:47:43.335 3403-4419/? D/VibratorService: Turning vibrator off
11-08 09:47:43.335 3403-30036/? D/VibratorService: vibratorOn() : 7ms, magnitude :6000
11-08 09:47:43.345 7449-7449/? E/SamsungIME: - onDraw() called
11-08 09:47:43.365 7449-7449/? D/SamsungIME: Skip dismiss ExpandCandidate. it will be post-invalidated later
11-08 09:47:43.365 7449-7449/? D/jisu: mMiniKeyboardOnScreen=false, pointerCount=1, action=2, eventTime88401099, index=0, id=0
11-08 09:47:43.365 7449-7449/? D/SamsungIME_UnifiedIME: AbstractCandidateLayout, getView position value is get view 0
11-08 09:47:43.365 7449-7449/? D/SamsungIME: < REMOVE TEST > isNextWordPredictionSymbol 1: true
11-08 09:47:43.365 7449-7449/? D/SamsungIME_UnifiedIME: AbstractCandidateLayout, getView position value is get view 1
11-08 09:47:43.365 7449-7449/? D/SamsungIME_UnifiedIME: AbstractCandidateLayout, getView position value is get view 2
11-08 09:47:43.365 7449-7449/? D/SamsungIME: < REMOVE TEST > isNextWordPredictionSymbol 1: true
11-08 09:47:43.365 3403-3827/? D/InputReader: Input event(4): value=0 when=88401119820000
11-08 09:47:43.365 3403-3827/? D/InputReader: Input event(4): value=0 when=88401119820000
11-08 09:47:43.375 3403-3827/? I/InputReader: Touch event's action is 0x1 (deviceType=0) [pCnt=1, s=] when=88401119820000
11-08 09:47:43.375 3403-3826/? I/InputDispatcher: Delivering touch to (7449): action: 0x1, toolType: 1
11-08 09:47:43.375 7449-7449/? D/ViewRootImpl: ViewPostImeInputStage processPointer 1
11-08 09:47:43.375 7449-7449/? D/jisu: mMiniKeyboardOnScreen=false, pointerCount=1, action=1, eventTime88401119, index=0, id=0
11-08 09:47:43.375 7449-7449/? I/SamsungIME: [AKV] detectAndSendKey - index : 19, mCurrentInputMethod : 0, mInputLanguage : 1701726018
11-08 09:47:43.375 7449-7449/? E/SamsungIME: SwiftkeyWrapper-inputKey
11-08 09:47:43.375 7449-7449/? E/SamsungIME: updateSuggestionDelay
11-08 09:47:43.375 7449-7449/? E/SamsungIME: - onDraw() called
11-08 09:47:43.385 29726-29757/acr.browser.barebones D/AdblockWebView: Header referrer for http://lss.sse-iacapps.com/lss/api?token=8d397f74-a257-3259-b92a-b4ee8d53a2fe&lang=de-DE&tag=ask-prod&limit=10&hi=0&fn=jQuery1111040917199008586924_1478594859648&q=Ip&_=1478594859650 is http://de.ask.com/?o=312&l=dir&ad=dirN
11-08 09:47:43.385 7449-7449/? D/SamsungIME: [SIIC] getCursorCapsMode without ic done
11-08 09:47:43.385 29726-29757/acr.browser.barebones D/AdblockWebView: Allowed loading http://lss.sse-iacapps.com/lss/api?token=8d397f74-a257-3259-b92a-b4ee8d53a2fe&lang=de-DE&tag=ask-prod&limit=10&hi=0&fn=jQuery1111040917199008586924_1478594859648&q=Ip&_=1478594859650
11-08 09:47:43.765 7449-7449/? D/SamsungIME: Skip dismiss ExpandCandidate. it will be post-invalidated later
11-08 09:47:43.775 7449-7449/? D/SamsungIME_UnifiedIME: AbstractCandidateLayout, getView position value is get view 0
11-08 09:47:43.775 7449-7449/? D/SamsungIME: < REMOVE TEST > isNextWordPredictionSymbol 1: true
11-08 09:47:43.775 7449-7449/? D/SamsungIME_UnifiedIME: AbstractCandidateLayout, getView position value is get view 1
11-08 09:47:43.785 7449-7449/? D/SamsungIME_UnifiedIME: AbstractCandidateLayout, getView position value is get view 2
11-08 09:47:43.785 7449-7449/? D/SamsungIME: < REMOVE TEST > isNextWordPredictionSymbol 1: true
11-08 09:47:43.955 3403-3827/? D/InputReader: Input event(4): value=1 when=88401701541000
11-08 09:47:43.955 3403-3827/? D/InputReader: Input event(4): value=1 when=88401701541000
11-08 09:47:43.955 3403-3827/? I/InputReader: Touch event's action is 0x0 (deviceType=0) [pCnt=1, s=0.4758 ] when=88401701541000
11-08 09:47:43.955 3403-3827/? D/InputReader: lastThreadEndTime = 88401120150809, currentThreadStartTime = 88401120154116, diff = 0
11-08 09:47:43.955 3403-3826/? I/InputDispatcher: Delivering touch to (3945): action: 0x4, toolType: 1
11-08 09:47:43.955 3403-3826/? I/InputDispatcher: Delivering touch to (7449): action: 0x0, toolType: 1
11-08 09:47:43.955 7449-7449/? D/ViewRootImpl: ViewPostImeInputStage processPointer 0
11-08 09:47:43.955 7449-7449/? D/jisu: mMiniKeyboardOnScreen=false, pointerCount=1, action=0, eventTime88401701, index=0, id=0
11-08 09:47:43.955 7449-7733/? D/SamsungIME: vib call
11-08 09:47:43.955 7449-7733/? V/Vibrator: Called vibrate(int, int, AudioAttributes, MagnitudeTypes) API - PUID: 10138, repeat: -1, PackageName: com.sec.android.inputmethod, MagnitudeType: TouchMagnitude
11-08 09:47:43.955 7449-7733/? V/Vibrator: vibrate - PUID: 10138, PackageName: com.sec.android.inputmethod, type: 50025, repeat: -1, mag: 6000, AudioAttr : null
11-08 09:47:43.955 3403-4317/? V/VibratorService: vibratePatternMagnitude - package: com.sec.android.inputmethod, repeat: -1, token: android.os.BinderProxy@48f1691, mag: 6000
11-08 09:47:43.955 3403-4317/? D/VibratorService: Turning vibrator off
11-08 09:47:43.965 3403-30037/? D/VibratorService: vibratorOn() : 7ms, magnitude :6000
11-08 09:47:43.965 7449-7449/? E/SamsungIME: - onDraw() called
11-08 09:47:43.975 7449-7449/? D/jisu: mMiniKeyboardOnScreen=false, pointerCount=1, action=2, eventTime88401721, index=0, id=0
11-08 09:47:43.995 7449-7449/? D/jisu: mMiniKeyboardOnScreen=false, pointerCount=1, action=2, eventTime88401738, index=0, id=0
11-08 09:47:44.005 3403-3827/? D/InputReader: Input event(4): value=0 when=88401751801000
11-08 09:47:44.005 3403-3827/? D/InputReader: Input event(4): value=0 when=88401751801000
11-08 09:47:44.005 3403-3827/? I/InputReader: Touch event's action is 0x1 (deviceType=0) [pCnt=1, s=] when=88401751801000
11-08 09:47:44.005 3403-3826/? I/InputDispatcher: Delivering touch to (7449): action: 0x1, toolType: 1
11-08 09:47:44.005 7449-7449/? D/ViewRootImpl: ViewPostImeInputStage processPointer 1
11-08 09:47:44.005 7449-7449/? D/jisu: mMiniKeyboardOnScreen=false, pointerCount=1, action=1, eventTime88401751, index=0, id=0
11-08 09:47:44.005 7449-7449/? I/SamsungIME: [AKV] detectAndSendKey - index : 25, mCurrentInputMethod : 0, mInputLanguage : 1701726018
11-08 09:47:44.005 7449-7449/? E/SamsungIME: SwiftkeyWrapper-inputKey
11-08 09:47:44.005 7449-7449/? E/SamsungIME: updateSuggestionDelay
11-08 09:47:44.015 7449-7449/? E/SamsungIME: - onDraw() called
11-08 09:47:44.015 29726-29757/acr.browser.barebones D/AdblockWebView: Header referrer for http://lss.sse-iacapps.com/lss/api?token=8d397f74-a257-3259-b92a-b4ee8d53a2fe&lang=de-DE&tag=ask-prod&limit=10&hi=0&fn=jQuery1111040917199008586924_1478594859648&q=Iph&_=1478594859651 is http://de.ask.com/?o=312&l=dir&ad=dirN
11-08 09:47:44.025 29726-29757/acr.browser.barebones D/AdblockWebView: Allowed loading http://lss.sse-iacapps.com/lss/api?token=8d397f74-a257-3259-b92a-b4ee8d53a2fe&lang=de-DE&tag=ask-prod&limit=10&hi=0&fn=jQuery1111040917199008586924_1478594859648&q=Iph&_=1478594859651
11-08 09:47:44.025 7449-7449/? D/SamsungIME: [SIIC] getCursorCapsMode without ic done
11-08 09:47:44.395 7449-7449/? D/SamsungIME: Skip dismiss ExpandCandidate. it will be post-invalidated later
11-08 09:47:44.395 7449-7449/? D/SamsungIME_UnifiedIME: AbstractCandidateLayout, getView position value is get view 0
11-08 09:47:44.395 7449-7449/? D/SamsungIME: < REMOVE TEST > isNextWordPredictionSymbol 1: true
11-08 09:47:44.405 7449-7449/? D/SamsungIME_UnifiedIME: AbstractCandidateLayout, getView position value is get view 1
11-08 09:47:44.405 7449-7449/? D/SamsungIME_UnifiedIME: AbstractCandidateLayout, getView position value is get view 2
11-08 09:47:44.405 7449-7449/? D/SamsungIME: < REMOVE TEST > isNextWordPredictionSymbol 1: true
11-08 09:47:44.465 3403-3827/? D/InputReader: Input event(4): value=1 when=88402211881000
11-08 09:47:44.465 3403-3827/? D/InputReader: Input event(4): value=1 when=88402211881000
11-08 09:47:44.465 3403-3827/? I/InputReader: Touch event's action is 0x0 (deviceType=0) [pCnt=1, s=0.4759 ] when=88402211881000
11-08 09:47:44.465 3403-3827/? D/InputReader: lastThreadEndTime = 88401752054693, currentThreadStartTime = 88401752058962, diff = 0
11-08 09:47:44.465 3403-3826/? I/InputDispatcher: Delivering touch to (3945): action: 0x4, toolType: 1
11-08 09:47:44.465 3403-3826/? I/InputDispatcher: Delivering touch to (7449): action: 0x0, toolType: 1
11-08 09:47:44.465 7449-7449/? D/ViewRootImpl: ViewPostImeInputStage processPointer 0
11-08 09:47:44.465 7449-7449/? D/jisu: mMiniKeyboardOnScreen=false, pointerCount=1, action=0, eventTime88402211, index=0, id=0
11-08 09:47:44.465 7449-7733/? D/SamsungIME: vib call
11-08 09:47:44.465 7449-7733/? V/Vibrator: Called vibrate(int, int, AudioAttributes, MagnitudeTypes) API - PUID: 10138, repeat: -1, PackageName: com.sec.android.inputmethod, MagnitudeType: TouchMagnitude
11-08 09:47:44.465 7449-7733/? V/Vibrator: vibrate - PUID: 10138, PackageName: com.sec.android.inputmethod, type: 50025, repeat: -1, mag: 6000, AudioAttr : null
11-08 09:47:44.465 3403-4050/? V/VibratorService: vibratePatternMagnitude - package: com.sec.android.inputmethod, repeat: -1, token: android.os.BinderProxy@48f1691, mag: 6000
11-08 09:47:44.465 3403-4050/? D/VibratorService: Turning vibrator off
11-08 09:47:44.475 3403-30038/? D/VibratorService: vibratorOn() : 7ms, magnitude :6000
11-08 09:47:44.485 7449-7449/? D/jisu: mMiniKeyboardOnScreen=false, pointerCount=1, action=2, eventTime88402223, index=0, id=0
11-08 09:47:44.485 7449-7449/? E/SamsungIME: - onDraw() called
11-08 09:47:44.495 7449-7449/? D/jisu: mMiniKeyboardOnScreen=false, pointerCount=1, action=2, eventTime88402241, index=0, id=0
11-08 09:47:44.515 3403-3827/? D/InputReader: Input event(4): value=0 when=88402260427000
11-08 09:47:44.515 3403-3827/? D/InputReader: Input event(4): value=0 when=88402260427000
11-08 09:47:44.515 3403-3827/? I/InputReader: Touch event's action is 0x1 (deviceType=0) [pCnt=1, s=] when=88402260427000
11-08 09:47:44.515 3403-3826/? I/InputDispatcher: Delivering touch to (7449): action: 0x1, toolType: 1
11-08 09:47:44.515 7449-7449/? D/jisu: mMiniKeyboardOnScreen=false, pointerCount=1, action=2, eventTime88402244, index=0, id=0
11-08 09:47:44.515 7449-7449/? D/ViewRootImpl: ViewPostImeInputStage processPointer 1
11-08 09:47:44.515 7449-7449/? D/jisu: mMiniKeyboardOnScreen=false, pointerCount=1, action=1, eventTime88402260, index=0, id=0
11-08 09:47:44.515 7449-7449/? I/SamsungIME: [AKV] detectAndSendKey - index : 18, mCurrentInputMethod : 0, mInputLanguage : 1701726018
11-08 09:47:44.515 7449-7449/? E/SamsungIME: SwiftkeyWrapper-inputKey
11-08 09:47:44.515 7449-7449/? E/SamsungIME: updateSuggestionDelay
11-08 09:47:44.515 7449-7449/? E/SamsungIME: - onDraw() called
11-08 09:47:44.525 7449-7449/? D/SamsungIME: [SIIC] getCursorCapsMode without ic done
11-08 09:47:44.535 29726-29757/acr.browser.barebones D/AdblockWebView: Header referrer for http://lss.sse-iacapps.com/lss/api?token=8d397f74-a257-3259-b92a-b4ee8d53a2fe&lang=de-DE&tag=ask-prod&limit=10&hi=0&fn=jQuery1111040917199008586924_1478594859648&q=Ipho&_=1478594859652 is http://de.ask.com/?o=312&l=dir&ad=dirN
11-08 09:47:44.535 29726-29757/acr.browser.barebones D/AdblockWebView: Allowed loading http://lss.sse-iacapps.com/lss/api?token=8d397f74-a257-3259-b92a-b4ee8d53a2fe&lang=de-DE&tag=ask-prod&limit=10&hi=0&fn=jQuery1111040917199008586924_1478594859648&q=Ipho&_=1478594859652
11-08 09:47:44.905 7449-7449/? D/SamsungIME: Skip dismiss ExpandCandidate. it will be post-invalidated later
11-08 09:47:44.905 7449-7449/? D/SamsungIME_UnifiedIME: AbstractCandidateLayout, getView position value is get view 0
11-08 09:47:44.905 7449-7449/? D/SamsungIME: < REMOVE TEST > isNextWordPredictionSymbol 1: true
11-08 09:47:44.905 7449-7449/? D/SamsungIME_UnifiedIME: AbstractCandidateLayout, getView position value is get view 1
11-08 09:47:44.905 7449-7449/? D/SamsungIME: < REMOVE TEST > isNextWordPredictionSymbol 1: true
11-08 09:47:44.905 7449-7449/? D/SamsungIME_UnifiedIME: AbstractCandidateLayout, getView position value is get view 2
11-08 09:47:44.905 7449-7449/? D/SamsungIME: < REMOVE TEST > isNextWordPredictionSymbol 1: true
11-08 09:47:44.945 3403-3827/? D/InputReader: Input event(4): value=1 when=88402692203000
11-08 09:47:44.945 3403-3827/? D/InputReader: Input event(4): value=1 when=88402692203000
11-08 09:47:44.945 3403-3827/? I/InputReader: Touch event's action is 0x0 (deviceType=0) [pCnt=1, s=0.4760 ] when=88402692203000
11-08 09:47:44.945 3403-3827/? D/InputReader: lastThreadEndTime = 88402260705885, currentThreadStartTime = 88402260708346, diff = 0
11-08 09:47:44.945 3403-3826/? I/InputDispatcher: Delivering touch to (3945): action: 0x4, toolType: 1
11-08 09:47:44.945 3403-3826/? I/InputDispatcher: Delivering touch to (7449): action: 0x0, toolType: 1
11-08 09:47:44.945 7449-7449/? D/ViewRootImpl: ViewPostImeInputStage processPointer 0
11-08 09:47:44.945 7449-7449/? D/jisu: mMiniKeyboardOnScreen=false, pointerCount=1, action=0, eventTime88402692, index=0, id=0
11-08 09:47:44.945 7449-7733/? D/SamsungIME: vib call
11-08 09:47:44.945 7449-7733/? V/Vibrator: Called vibrate(int, int, AudioAttributes, MagnitudeTypes) API - PUID: 10138, repeat: -1, PackageName: com.sec.android.inputmethod, MagnitudeType: TouchMagnitude
11-08 09:47:44.945 7449-7733/? V/Vibrator: vibrate - PUID: 10138, PackageName: com.sec.android.inputmethod, type: 50025, repeat: -1, mag: 6000, AudioAttr : null
11-08 09:47:44.945 3403-3991/? V/VibratorService: vibratePatternMagnitude - package: com.sec.android.inputmethod, repeat: -1, token: android.os.BinderProxy@48f1691, mag: 6000
11-08 09:47:44.945 3403-3991/? D/VibratorService: Turning vibrator off
11-08 09:47:44.955 3403-30039/? D/VibratorService: vibratorOn() : 7ms, magnitude :6000
11-08 09:47:44.955 7449-7449/? E/SamsungIME: - onDraw() called
11-08 09:47:44.985 7449-7449/? D/jisu: mMiniKeyboardOnScreen=false, pointerCount=1, action=2, eventTime88402721, index=0, id=0
11-08 09:47:45.005 7449-7449/? D/jisu: mMiniKeyboardOnScreen=false, pointerCount=1, action=2, eventTime88402744, index=0, id=0
11-08 09:47:45.015 3403-3827/? D/InputReader: Input event(4): value=0 when=88402767795000
11-08 09:47:45.015 3403-3827/? D/InputReader: Input event(4): value=0 when=88402767795000
11-08 09:47:45.015 3403-3827/? I/InputReader: Touch event's action is 0x1 (deviceType=0) [pCnt=1, s=] when=88402767795000
11-08 09:47:45.015 3403-3826/? I/InputDispatcher: Delivering touch to (7449): action: 0x1, toolType: 1
11-08 09:47:45.015 7449-7449/? D/ViewRootImpl: ViewPostImeInputStage processPointer 1
11-08 09:47:45.015 7449-7449/? D/jisu: mMiniKeyboardOnScreen=false, pointerCount=1, action=1, eventTime88402767, index=0, id=0
11-08 09:47:45.025 7449-7449/? I/SamsungIME: [AKV] detectAndSendKey - index : 35, mCurrentInputMethod : 0, mInputLanguage : 1701726018
11-08 09:47:45.025 7449-7449/? E/SamsungIME: SwiftkeyWrapper-inputKey
11-08 09:47:45.025 7449-7449/? E/SamsungIME: updateSuggestionDelay
11-08 09:47:45.025 29726-29757/acr.browser.barebones D/AdblockWebView: Header referrer for http://lss.sse-iacapps.com/lss/api?token=8d397f74-a257-3259-b92a-b4ee8d53a2fe&lang=de-DE&tag=ask-prod&limit=10&hi=0&fn=jQuery1111040917199008586924_1478594859648&q=Iphon&_=1478594859653 is http://de.ask.com/?o=312&l=dir&ad=dirN
11-08 09:47:45.035 29726-29757/acr.browser.barebones D/AdblockWebView: Allowed loading http://lss.sse-iacapps.com/lss/api?token=8d397f74-a257-3259-b92a-b4ee8d53a2fe&lang=de-DE&tag=ask-prod&limit=10&hi=0&fn=jQuery1111040917199008586924_1478594859648&q=Iphon&_=1478594859653
11-08 09:47:45.035 7449-7449/? E/SamsungIME: - onDraw() called
11-08 09:47:45.045 7449-7449/? D/SamsungIME: [SIIC] getCursorCapsMode without ic done
11-08 09:47:45.405 7449-7449/? D/SamsungIME: Skip dismiss ExpandCandidate. it will be post-invalidated later
11-08 09:47:45.405 7449-7449/? D/SamsungIME_UnifiedIME: AbstractCandidateLayout, getView position value is get view 0
11-08 09:47:45.405 7449-7449/? D/SamsungIME: < REMOVE TEST > isNextWordPredictionSymbol 1: true
11-08 09:47:45.405 7449-7449/? D/SamsungIME_UnifiedIME: AbstractCandidateLayout, getView position value is get view 1
11-08 09:47:45.405 7449-7449/? D/SamsungIME_UnifiedIME: AbstractCandidateLayout, getView position value is get view 2
11-08 09:47:45.405 7449-7449/? D/SamsungIME: < REMOVE TEST > isNextWordPredictionSymbol 1: true
11-08 09:47:45.575 3403-3827/? D/InputReader: Input event(4): value=1 when=88403328423000
11-08 09:47:45.575 3403-3827/? D/InputReader: Input event(4): value=1 when=88403328423000
11-08 09:47:45.575 3403-3827/? I/InputReader: Touch event's action is 0x0 (deviceType=0) [pCnt=1, s=0.4761 ] when=88403328423000
11-08 09:47:45.575 3403-3827/? D/InputReader: lastThreadEndTime = 88402768033461, currentThreadStartTime = 88402768036115, diff = 0
11-08 09:47:45.575 3403-3826/? I/InputDispatcher: Delivering touch to (3945): action: 0x4, toolType: 1
11-08 09:47:45.575 3403-3826/? I/InputDispatcher: Delivering touch to (7449): action: 0x0, toolType: 1
11-08 09:47:45.585 7449-7449/? D/ViewRootImpl: ViewPostImeInputStage processPointer 0
11-08 09:47:45.585 7449-7449/? D/jisu: mMiniKeyboardOnScreen=false, pointerCount=1, action=0, eventTime88403328, index=0, id=0
11-08 09:47:45.585 7449-7449/? D/SamsungIME: [AbstractSwiftkeyManager-getMostLikelyCharacter]
11-08 09:47:45.585 7449-7733/? D/SamsungIME: vib call
11-08 09:47:45.585 7449-7733/? V/Vibrator: Called vibrate(int, int, AudioAttributes, MagnitudeTypes) API - PUID: 10138, repeat: -1, PackageName: com.sec.android.inputmethod, MagnitudeType: TouchMagnitude
11-08 09:47:45.585 7449-7733/? V/Vibrator: vibrate - PUID: 10138, PackageName: com.sec.android.inputmethod, type: 50025, repeat: -1, mag: 6000, AudioAttr : null
11-08 09:47:45.585 3403-3436/? V/VibratorService: vibratePatternMagnitude - package: com.sec.android.inputmethod, repeat: -1, token: android.os.BinderProxy@48f1691, mag: 6000
11-08 09:47:45.595 3403-3436/? D/VibratorService: Turning vibrator off
11-08 09:47:45.595 3403-30040/? D/VibratorService: vibratorOn() : 7ms, magnitude :6000
11-08 09:47:45.595 7449-7449/? E/SamsungIME: - onDraw() called
11-08 09:47:45.605 7449-7449/? D/jisu: mMiniKeyboardOnScreen=false, pointerCount=1, action=2, eventTime88403348, index=0, id=0
11-08 09:47:45.625 7449-7449/? D/jisu: mMiniKeyboardOnScreen=false, pointerCount=1, action=2, eventTime88403365, index=0, id=0
11-08 09:47:45.635 7449-7449/? D/jisu: mMiniKeyboardOnScreen=false, pointerCount=1, action=2, eventTime88403381, index=0, id=0
11-08 09:47:45.655 3403-3827/? D/InputReader: Input event(4): value=0 when=88403403599000
11-08 09:47:45.655 3403-3827/? D/InputReader: Input event(4): value=0 when=88403403599000
11-08 09:47:45.655 3403-3827/? I/InputReader: Touch event's action is 0x1 (deviceType=0) [pCnt=1, s=] when=88403403599000
11-08 09:47:45.655 3403-3826/? I/InputDispatcher: Delivering touch to (7449): action: 0x1, toolType: 1
11-08 09:47:45.655 7449-7449/? D/jisu: mMiniKeyboardOnScreen=false, pointerCount=1, action=2, eventTime88403394, index=0, id=0
11-08 09:47:45.655 7449-7449/? D/ViewRootImpl: ViewPostImeInputStage processPointer 1
11-08 09:47:45.655 7449-7449/? D/jisu: mMiniKeyboardOnScreen=false, pointerCount=1, action=1, eventTime88403403, index=0, id=0
11-08 09:47:45.655 7449-7449/? I/SamsungIME: [AKV] detectAndSendKey - index : 13, mCurrentInputMethod : 0, mInputLanguage : 1701726018
11-08 09:47:45.655 7449-7449/? E/SamsungIME: SwiftkeyWrapper-inputKey
11-08 09:47:45.655 7449-7449/? E/SamsungIME: updateSuggestionDelay
11-08 09:47:45.655 7449-7449/? E/SamsungIME: - onDraw() called
11-08 09:47:45.675 29726-29757/acr.browser.barebones D/AdblockWebView: Header referrer for http://lss.sse-iacapps.com/lss/api?token=8d397f74-a257-3259-b92a-b4ee8d53a2fe&lang=de-DE&tag=ask-prod&limit=10&hi=0&fn=jQuery1111040917199008586924_1478594859648&q=Iphonr&_=1478594859654 is http://de.ask.com/?o=312&l=dir&ad=dirN
11-08 09:47:45.675 7449-7449/? D/SamsungIME: [SIIC] getCursorCapsMode without ic done
11-08 09:47:45.685 29726-29757/acr.browser.barebones D/AdblockWebView: Allowed loading http://lss.sse-iacapps.com/lss/api?token=8d397f74-a257-3259-b92a-b4ee8d53a2fe&lang=de-DE&tag=ask-prod&limit=10&hi=0&fn=jQuery1111040917199008586924_1478594859648&q=Iphonr&_=1478594859654
11-08 09:47:46.055 7449-7449/? D/SamsungIME: Skip dismiss ExpandCandidate. it will be post-invalidated later
11-08 09:47:46.055 7449-7449/? D/SamsungIME_UnifiedIME: AbstractCandidateLayout, getView position value is get view 0
11-08 09:47:46.055 7449-7449/? D/SamsungIME: < REMOVE TEST > isNextWordPredictionSymbol 1: true
11-08 09:47:46.065 7449-7449/? D/SamsungIME_UnifiedIME: AbstractCandidateLayout, getView position value is get view 1
11-08 09:47:46.065 7449-7449/? D/SamsungIME: < REMOVE TEST > isNextWordPredictionSymbol 1: true
11-08 09:47:46.065 7449-7449/? D/SamsungIME_UnifiedIME: AbstractCandidateLayout, getView position value is get view 2
11-08 09:47:46.065 7449-7449/? D/SamsungIME: < REMOVE TEST > isNextWordPredictionSymbol 1: true
11-08 09:47:46.445 3403-3827/? D/InputReader: Input event(4): value=1 when=88404192386000
11-08 09:47:46.445 3403-3827/? D/InputReader: Input event(4): value=1 when=88404192386000
11-08 09:47:46.445 3403-3827/? I/InputReader: Touch event's action is 0x0 (deviceType=0) [pCnt=1, s=0.4762 ] when=88404192386000
11-08 09:47:46.445 3403-3827/? D/InputReader: lastThreadEndTime = 88403404053576, currentThreadStartTime = 88403404056307, diff = 0
11-08 09:47:46.445 3403-3826/? I/InputDispatcher: Delivering touch to (3945): action: 0x4, toolType: 1
11-08 09:47:46.445 3403-3826/? I/InputDispatcher: Delivering touch to (7449): action: 0x0, toolType: 1
11-08 09:47:46.445 7449-7449/? D/ViewRootImpl: ViewPostImeInputStage processPointer 0
11-08 09:47:46.445 7449-7449/? D/jisu: mMiniKeyboardOnScreen=false, pointerCount=1, action=0, eventTime88404192, index=0, id=0
11-08 09:47:46.445 7449-7733/? D/SamsungIME: vib call
11-08 09:47:46.445 7449-7733/? V/Vibrator: Called vibrate(int, int, AudioAttributes, MagnitudeTypes) API - PUID: 10138, repeat: -1, PackageName: com.sec.android.inputmethod, MagnitudeType: TouchMagnitude
11-08 09:47:46.445 7449-7733/? V/Vibrator: vibrate - PUID: 10138, PackageName: com.sec.android.inputmethod, type: 50025, repeat: -1, mag: 6000, AudioAttr : null
11-08 09:47:46.445 7449-7449/? I/SamsungIME: [AKV] detectAndSendKey - index : 37, mCurrentInputMethod : 0, mInputLanguage : 1701726018
11-08 09:47:46.445 7449-7449/? E/SamsungIME: updateSuggestionDelay
11-08 09:47:46.445 3403-3969/? V/VibratorService: vibratePatternMagnitude - package: com.sec.android.inputmethod, repeat: -1, token: android.os.BinderProxy@48f1691, mag: 6000
11-08 09:47:46.445 3403-3969/? D/VibratorService: Turning vibrator off
11-08 09:47:46.455 7449-7449/? D/SamsungIME: disable handwriting input icon : handwriting is not enabled or improper edit field
11-08 09:47:46.455 3403-30041/? D/VibratorService: vibratorOn() : 7ms, magnitude :6000
11-08 09:47:46.455 7449-7449/? D/SamsungIME: disable handwriting input icon : handwriting is not enabled or improper edit field
11-08 09:47:46.455 7449-7449/? D/jisu: mMiniKeyboardOnScreen=false, pointerCount=1, action=2, eventTime88404203, index=0, id=0
11-08 09:47:46.465 7449-7449/? E/SamsungIME: - onDraw() called
11-08 09:47:46.465 29726-29757/acr.browser.barebones D/AdblockWebView: Header referrer for http://lss.sse-iacapps.com/lss/api?token=8d397f74-a257-3259-b92a-b4ee8d53a2fe&lang=de-DE&tag=ask-prod&limit=10&hi=0&fn=jQuery1111040917199008586924_1478594859648&q=Iphon&_=1478594859655 is http://de.ask.com/?o=312&l=dir&ad=dirN
11-08 09:47:46.475 29726-29757/acr.browser.barebones D/AdblockWebView: Allowed loading http://lss.sse-iacapps.com/lss/api?token=8d397f74-a257-3259-b92a-b4ee8d53a2fe&lang=de-DE&tag=ask-prod&limit=10&hi=0&fn=jQuery1111040917199008586924_1478594859648&q=Iphon&_=1478594859655
11-08 09:47:46.475 7449-7449/? D/jisu: mMiniKeyboardOnScreen=false, pointerCount=1, action=2, eventTime88404220, index=0, id=0
11-08 09:47:46.475 7449-7449/? D/SamsungIME: [SIIC] getCursorCapsMode without ic done
11-08 09:47:46.495 3403-3827/? D/InputReader: Input event(4): value=0 when=88404240789000
11-08 09:47:46.495 3403-3827/? D/InputReader: Input event(4): value=0 when=88404240789000
11-08 09:47:46.495 3403-3827/? I/InputReader: Touch event's action is 0x1 (deviceType=0) [pCnt=1, s=] when=88404240789000
11-08 09:47:46.495 3403-3826/? I/InputDispatcher: Delivering touch to (7449): action: 0x1, toolType: 1
11-08 09:47:46.495 7449-7449/? D/jisu: mMiniKeyboardOnScreen=false, pointerCount=1, action=2, eventTime88404232, index=0, id=0
11-08 09:47:46.495 7449-7449/? D/ViewRootImpl: ViewPostImeInputStage processPointer 1
11-08 09:47:46.495 7449-7449/? D/jisu: mMiniKeyboardOnScreen=false, pointerCount=1, action=1, eventTime88404240, index=0, id=0
11-08 09:47:46.495 7449-7449/? E/SamsungIME: - onDraw() called
11-08 09:47:46.835 7449-7449/? D/SamsungIME: Skip dismiss ExpandCandidate. it will be post-invalidated later
11-08 09:47:46.845 7449-7449/? D/SamsungIME_UnifiedIME: AbstractCandidateLayout, getView position value is get view 0
11-08 09:47:46.845 7449-7449/? D/SamsungIME: < REMOVE TEST > isNextWordPredictionSymbol 1: true
11-08 09:47:46.845 7449-7449/? D/SamsungIME_UnifiedIME: AbstractCandidateLayout, getView position value is get view 1
11-08 09:47:46.855 7449-7449/? D/SamsungIME_UnifiedIME: AbstractCandidateLayout, getView position value is get view 2
11-08 09:47:46.855 7449-7449/? D/SamsungIME: < REMOVE TEST > isNextWordPredictionSymbol 1: true
11-08 09:47:46.985 3403-3827/? D/InputReader: Input event(4): value=1 when=88404732403000
11-08 09:47:46.985 3403-3827/? D/InputReader: Input event(4): value=1 when=88404732403000
11-08 09:47:46.985 3403-3827/? I/InputReader: Touch event's action is 0x0 (deviceType=0) [pCnt=1, s=0.4763 ] when=88404732403000
11-08 09:47:46.985 3403-3827/? D/InputReader: lastThreadEndTime = 88404240992037, currentThreadStartTime = 88404240993960, diff = 0
11-08 09:47:46.985 3403-3826/? I/InputDispatcher: Delivering touch to (3945): action: 0x4, toolType: 1
11-08 09:47:46.985 3403-3826/? I/InputDispatcher: Delivering touch to (7449): action: 0x0, toolType: 1
11-08 09:47:46.985 7449-7449/? D/ViewRootImpl: ViewPostImeInputStage processPointer 0
11-08 09:47:46.985 7449-7449/? D/jisu: mMiniKeyboardOnScreen=false, pointerCount=1, action=0, eventTime88404732, index=0, id=0
11-08 09:47:46.985 7449-7733/? D/SamsungIME: vib call
11-08 09:47:46.985 7449-7733/? V/Vibrator: Called vibrate(int, int, AudioAttributes, MagnitudeTypes) API - PUID: 10138, repeat: -1, PackageName: com.sec.android.inputmethod, MagnitudeType: TouchMagnitude
11-08 09:47:46.985 7449-7733/? V/Vibrator: vibrate - PUID: 10138, PackageName: com.sec.android.inputmethod, type: 50025, repeat: -1, mag: 6000, AudioAttr : null
11-08 09:47:46.985 3403-4050/? V/VibratorService: vibratePatternMagnitude - package: com.sec.android.inputmethod, repeat: -1, token: android.os.BinderProxy@48f1691, mag: 6000
11-08 09:47:46.985 3403-4050/? D/VibratorService: Turning vibrator off
11-08 09:47:46.995 3403-30042/? D/VibratorService: vibratorOn() : 7ms, magnitude :6000
11-08 09:47:46.995 7449-7449/? D/jisu: mMiniKeyboardOnScreen=false, pointerCount=1, action=2, eventTime88404740, index=0, id=0
11-08 09:47:47.005 7449-7449/? E/SamsungIME: - onDraw() called
11-08 09:47:47.015 7449-7449/? D/jisu: mMiniKeyboardOnScreen=false, pointerCount=1, action=2, eventTime88404757, index=0, id=0
11-08 09:47:47.035 7449-7449/? D/jisu: mMiniKeyboardOnScreen=false, pointerCount=1, action=2, eventTime88404774, index=0, id=0
11-08 09:47:47.035 3403-3827/? D/InputReader: Input event(4): value=0 when=88404789286000
11-08 09:47:47.035 3403-3827/? D/InputReader: Input event(4): value=0 when=88404789286000
11-08 09:47:47.035 3403-3827/? I/InputReader: Touch event's action is 0x1 (deviceType=0) [pCnt=1, s=] when=88404789286000
11-08 09:47:47.035 3403-3826/? I/InputDispatcher: Delivering touch to (7449): action: 0x1, toolType: 1
11-08 09:47:47.045 7449-7449/? D/ViewRootImpl: ViewPostImeInputStage processPointer 1
11-08 09:47:47.045 7449-7449/? D/jisu: mMiniKeyboardOnScreen=false, pointerCount=1, action=1, eventTime88404789, index=0, id=0
11-08 09:47:47.045 7449-7449/? I/SamsungIME: [AKV] detectAndSendKey - index : 12, mCurrentInputMethod : 0, mInputLanguage : 1701726018
11-08 09:47:47.045 7449-7449/? E/SamsungIME: SwiftkeyWrapper-inputKey
11-08 09:47:47.045 7449-7449/? E/SamsungIME: updateSuggestionDelay
11-08 09:47:47.045 7449-7449/? E/SamsungIME: - onDraw() called
11-08 09:47:47.055 29726-29757/acr.browser.barebones D/AdblockWebView: Header referrer for http://lss.sse-iacapps.com/lss/api?token=8d397f74-a257-3259-b92a-b4ee8d53a2fe&lang=de-DE&tag=ask-prod&limit=10&hi=0&fn=jQuery1111040917199008586924_1478594859648&q=Iphone&_=1478594859656 is http://de.ask.com/?o=312&l=dir&ad=dirN
11-08 09:47:47.055 29726-29757/acr.browser.barebones D/AdblockWebView: Allowed loading http://lss.sse-iacapps.com/lss/api?token=8d397f74-a257-3259-b92a-b4ee8d53a2fe&lang=de-DE&tag=ask-prod&limit=10&hi=0&fn=jQuery1111040917199008586924_1478594859648&q=Iphone&_=1478594859656
11-08 09:47:47.065 7449-7449/? D/SamsungIME: [SIIC] getCursorCapsMode without ic done
11-08 09:47:47.425 7449-7449/? D/SamsungIME: Skip dismiss ExpandCandidate. it will be post-invalidated later
11-08 09:47:47.435 7449-7449/? D/SamsungIME_UnifiedIME: AbstractCandidateLayout, getView position value is get view 0
11-08 09:47:47.435 7449-7449/? D/SamsungIME: < REMOVE TEST > isNextWordPredictionSymbol 1: true
11-08 09:47:47.435 7449-7449/? D/SamsungIME_UnifiedIME: AbstractCandidateLayout, getView position value is get view 1
11-08 09:47:47.435 7449-7449/? D/SamsungIME_UnifiedIME: AbstractCandidateLayout, getView position value is get view 2
11-08 09:47:47.435 7449-7449/? D/SamsungIME: < REMOVE TEST > isNextWordPredictionSymbol 1: true
11-08 09:47:47.965 3403-3827/? D/InputReader: Input event(4): value=1 when=88405717466000
11-08 09:47:47.965 3403-3827/? D/InputReader: Input event(4): value=1 when=88405717466000
11-08 09:47:47.965 3403-3827/? I/InputReader: Touch event's action is 0x0 (deviceType=0) [pCnt=1, s=0.4764 ] when=88405717466000
11-08 09:47:47.965 3403-3827/? D/InputReader: lastThreadEndTime = 88404789559460, currentThreadStartTime = 88404789562998, diff = 0
11-08 09:47:47.965 3403-3826/? I/InputDispatcher: Delivering touch to (3945): action: 0x4, toolType: 1
11-08 09:47:47.965 3403-3826/? I/InputDispatcher: Delivering touch to (7449): action: 0x0, toolType: 1
11-08 09:47:47.965 7449-7449/? D/ViewRootImpl: ViewPostImeInputStage processPointer 0
11-08 09:47:47.965 7449-7449/? D/jisu: mMiniKeyboardOnScreen=false, pointerCount=1, action=0, eventTime88405717, index=0, id=0
11-08 09:47:47.975 7449-7733/? D/SamsungIME: vib call
11-08 09:47:47.975 7449-7733/? V/Vibrator: Called vibrate(int, int, AudioAttributes, MagnitudeTypes) API - PUID: 10138, repeat: -1, PackageName: com.sec.android.inputmethod, MagnitudeType: TouchMagnitude
11-08 09:47:47.975 7449-7733/? V/Vibrator: vibrate - PUID: 10138, PackageName: com.sec.android.inputmethod, type: 50025, repeat: -1, mag: 6000, AudioAttr : null
11-08 09:47:47.975 3403-4280/? V/VibratorService: vibratePatternMagnitude - package: com.sec.android.inputmethod, repeat: -1, token: android.os.BinderProxy@48f1691, mag: 6000
11-08 09:47:47.975 3403-4280/? D/VibratorService: Turning vibrator off
11-08 09:47:47.985 3403-30044/? D/VibratorService: vibratorOn() : 7ms, magnitude :6000
11-08 09:47:47.985 7449-7449/? D/jisu: mMiniKeyboardOnScreen=false, pointerCount=1, action=2, eventTime88405729, index=0, id=0
11-08 09:47:47.985 7449-7449/? E/SamsungIME: - onDraw() called
11-08 09:47:48.005 7449-7449/? D/jisu: mMiniKeyboardOnScreen=false, pointerCount=1, action=2, eventTime88405746, index=0, id=0
11-08 09:47:48.015 7449-7449/? D/jisu: mMiniKeyboardOnScreen=false, pointerCount=1, action=2, eventTime88405763, index=0, id=0
11-08 09:47:48.035 7449-7449/? D/jisu: mMiniKeyboardOnScreen=false, pointerCount=1, action=2, eventTime88405780, index=0, id=0
11-08 09:47:48.045 3403-3827/? D/InputReader: Input event(4): value=0 when=88405792349000
11-08 09:47:48.045 3403-3827/? D/InputReader: Input event(4): value=0 when=88405792349000
11-08 09:47:48.045 3403-3827/? I/InputReader: Touch event's action is 0x1 (deviceType=0) [pCnt=1, s=] when=88405792349000
11-08 09:47:48.045 3403-3826/? I/InputDispatcher: Delivering touch to (7449): action: 0x1, toolType: 1
11-08 09:47:48.045 7449-7449/? D/jisu: mMiniKeyboardOnScreen=false, pointerCount=1, action=2, eventTime88405783, index=0, id=0
11-08 09:47:48.045 7449-7449/? D/ViewRootImpl: ViewPostImeInputStage processPointer 1
11-08 09:47:48.045 7449-7449/? D/jisu: mMiniKeyboardOnScreen=false, pointerCount=1, action=1, eventTime88405792, index=0, id=0
11-08 09:47:48.045 7449-7449/? I/SamsungIME: [AKV] detectAndSendKey - index : 5, mCurrentInputMethod : 0, mInputLanguage : 1701726018
11-08 09:47:48.045 7449-7449/? E/SamsungIME: SwiftkeyWrapper-inputKey
11-08 09:47:48.055 7449-7449/? E/SamsungIME: updateSuggestionDelay
11-08 09:47:48.055 7449-7449/? E/SamsungIME: - onDraw() called
11-08 09:47:48.065 29726-29757/acr.browser.barebones D/AdblockWebView: Header referrer for http://lss.sse-iacapps.com/lss/api?token=8d397f74-a257-3259-b92a-b4ee8d53a2fe&lang=de-DE&tag=ask-prod&limit=10&hi=0&fn=jQuery1111040917199008586924_1478594859648&q=Iphone6&_=1478594859657 is http://de.ask.com/?o=312&l=dir&ad=dirN
11-08 09:47:48.065 29726-29757/acr.browser.barebones D/AdblockWebView: Allowed loading http://lss.sse-iacapps.com/lss/api?token=8d397f74-a257-3259-b92a-b4ee8d53a2fe&lang=de-DE&tag=ask-prod&limit=10&hi=0&fn=jQuery1111040917199008586924_1478594859648&q=Iphone6&_=1478594859657
11-08 09:47:48.415 7449-7449/? D/SamsungIME: Skip dismiss ExpandCandidate. it will be post-invalidated later
11-08 09:47:48.425 7449-7449/? D/SamsungIME_UnifiedIME: AbstractCandidateLayout, getView position value is get view 0
11-08 09:47:48.425 7449-7449/? D/SamsungIME: < REMOVE TEST > isNextWordPredictionSymbol 1: true
11-08 09:47:48.425 7449-7449/? D/SamsungIME_UnifiedIME: AbstractCandidateLayout, getView position value is get view 1
11-08 09:47:48.435 7449-7449/? D/SamsungIME_UnifiedIME: AbstractCandidateLayout, getView position value is get view 2
11-08 09:47:48.435 7449-7449/? D/SamsungIME: < REMOVE TEST > isNextWordPredictionSymbol 1: true
11-08 09:47:48.795 3403-3827/? D/InputReader: Input event(4): value=1 when=88406542525000
11-08 09:47:48.795 3403-3827/? D/InputReader: Input event(4): value=1 when=88406542525000
11-08 09:47:48.795 3403-3827/? I/InputReader: Touch event's action is 0x0 (deviceType=0) [pCnt=1, s=0.4765 ] when=88406542525000
11-08 09:47:48.795 3403-3827/? D/InputReader: lastThreadEndTime = 88405792978267, currentThreadStartTime = 88405792983767, diff = 0
11-08 09:47:48.795 3403-3826/? I/InputDispatcher: Delivering touch to (3945): action: 0x4, toolType: 1
11-08 09:47:48.795 3403-3826/? I/InputDispatcher: Delivering touch to (7449): action: 0x0, toolType: 1
11-08 09:47:48.795 3403-3826/? D/PowerManagerService: [api] userActivityFromNative : 690 (event: 2 flags: 0) eventTime = 88406542
11-08 09:47:48.795 7449-7449/? D/ViewRootImpl: ViewPostImeInputStage processPointer 0
11-08 09:47:48.795 7449-7449/? D/jisu: mMiniKeyboardOnScreen=false, pointerCount=1, action=0, eventTime88406542, index=0, id=0
11-08 09:47:48.795 7449-7733/? D/SamsungIME: vib call
11-08 09:47:48.795 7449-7733/? V/Vibrator: Called vibrate(int, int, AudioAttributes, MagnitudeTypes) API - PUID: 10138, repeat: -1, PackageName: com.sec.android.inputmethod, MagnitudeType: TouchMagnitude
11-08 09:47:48.795 7449-7733/? V/Vibrator: vibrate - PUID: 10138, PackageName: com.sec.android.inputmethod, type: 50025, repeat: -1, mag: 6000, AudioAttr : null
11-08 09:47:48.795 3403-4050/? V/VibratorService: vibratePatternMagnitude - package: com.sec.android.inputmethod, repeat: -1, token: android.os.BinderProxy@48f1691, mag: 6000
11-08 09:47:48.805 3403-4050/? D/VibratorService: Turning vibrator off
11-08 09:47:48.805 3403-30045/? D/VibratorService: vibratorOn() : 7ms, magnitude :6000
11-08 09:47:48.805 7449-7449/? E/SamsungIME: - onDraw() called
11-08 09:47:48.845 7449-7449/? D/jisu: mMiniKeyboardOnScreen=false, pointerCount=1, action=2, eventTime88406584, index=0, id=0
11-08 09:47:48.855 3403-3827/? D/InputReader: Input event(4): value=0 when=88406600825000
11-08 09:47:48.855 3403-3827/? D/InputReader: Input event(4): value=0 when=88406600825000
11-08 09:47:48.855 3403-3827/? I/InputReader: Touch event's action is 0x1 (deviceType=0) [pCnt=1, s=] when=88406600825000
11-08 09:47:48.855 3403-3826/? I/InputDispatcher: Delivering touch to (7449): action: 0x1, toolType: 1
11-08 09:47:48.855 7449-7449/? D/ViewRootImpl: ViewPostImeInputStage processPointer 1
11-08 09:47:48.855 7449-7449/? D/jisu: mMiniKeyboardOnScreen=false, pointerCount=1, action=1, eventTime88406600, index=0, id=0
11-08 09:47:48.855 7449-7449/? I/SamsungIME: [AKV] detectAndSendKey - index : 42, mCurrentInputMethod : 0, mInputLanguage : 1701726018
11-08 09:47:48.865 7449-7449/? D/SamsungIME: disable handwriting input icon : handwriting is not enabled or improper edit field
11-08 09:47:48.865 7449-7449/? D/SamsungIME: disable handwriting input icon : handwriting is not enabled or improper edit field
11-08 09:47:48.865 7449-7449/? E/SamsungIME: - onDraw() called
11-08 09:47:48.875 7449-7449/? D/SamsungIME: SwiftkeyWrapper-checkCurrentSequence : use IC
11-08 09:47:48.965 29726-29757/acr.browser.barebones D/AdblockWebView: Header referrer for http://de.ask.com/log/browser/event is http://de.ask.com/?o=312&l=dir&ad=dirN
11-08 09:47:48.965 29726-29757/acr.browser.barebones D/AdblockWebView: Allowed loading http://de.ask.com/log/browser/event
11-08 09:47:49.005 7449-7449/? D/SamsungIME: Skip dismiss ExpandCandidate. it will be post-invalidated later
11-08 09:47:49.015 7449-7449/? D/SamsungIME_UnifiedIME: AbstractCandidateLayout, getView position value is get view 0
11-08 09:47:49.015 7449-7449/? D/SamsungIME: < REMOVE TEST > isNextWordPredictionSymbol 1: true
11-08 09:47:49.015 7449-7449/? D/SamsungIME_UnifiedIME: AbstractCandidateLayout, getView position value is get view 1
11-08 09:47:49.015 7449-7449/? D/SamsungIME_UnifiedIME: AbstractCandidateLayout, getView position value is get view 2
11-08 09:47:49.015 7449-7449/? D/SamsungIME: < REMOVE TEST > isNextWordPredictionSymbol 1: true
11-08 09:47:49.125 3403-4317/? D/PackageManager: findPreferredActivity: No PreferredActivities set
11-08 09:47:49.125 3403-4317/? I/PackageManager: No preferred activity: intent should not be shown
11-08 09:47:49.205 29726-29757/acr.browser.barebones D/AdblockWebView: Header referrer for http://www.google-analytics.com/collect is http://de.ask.com/?o=312&l=dir&ad=dirN
11-08 09:47:49.215 29726-29726/acr.browser.barebones D/AdblockWebView: Loading progress=10%
11-08 09:47:49.215 29726-29757/acr.browser.barebones D/AdblockWebView: Allowed loading http://www.google-analytics.com/collect
11-08 09:47:49.215 29726-29757/acr.browser.barebones W/AdblockWebView: No referrer header for http://de.ask.com/web?q=Iphone6&qsrc=0&o=0&l=dir&qo=homepageSearchBox
11-08 09:47:49.215 29726-29757/acr.browser.barebones W/AdblockWebView: http://de.ask.com/web?q=Iphone6&qsrc=0&o=0&l=dir&qo=homepageSearchBox is main frame, allow loading
11-08 09:47:49.235 29726-29726/acr.browser.barebones W/DisplayListCanvas: DisplayListCanvas is started on unbinded RenderNode (without mOwningView)
11-08 09:47:49.235 29726-29726/acr.browser.barebones D/AdblockWebView: Start loading http://de.ask.com/web?q=Iphone6&qsrc=0&o=0&l=dir&qo=homepageSearchBox
11-08 09:47:49.235 29726-29726/acr.browser.barebones D/AdblockWebView: Extracted domain de.ask.com from http://de.ask.com/web?q=Iphone6&qsrc=0&o=0&l=dir&qo=homepageSearchBox
11-08 09:47:49.235 29726-30048/acr.browser.barebones D/AdblockWebView: Listed subscriptions: 2
11-08 09:47:49.235 29726-30048/acr.browser.barebones D/AdblockWebView: Subscribed to [Subscription] url=https://easylist-downloads.adblockplus.org/easylist.txt title=EasyList fixedTitle=true homepage=https://easylist.adblockplus.org/ lastDownload=1478594073 downloadStatus=synchronize_ok lastSuccess=1478594073 lastCheck=1478594432 expires=1479285273 softExpiration=1478972137 version=201611080830 requiredVersion=2.0 downloadCount=1
11-08 09:47:49.235 29726-30048/acr.browser.barebones D/AdblockWebView: Subscribed to [Subscription] url=https://easylist-downloads.adblockplus.org/exceptionrules.txt title=Allow non-intrusive advertising fixedTitle=true homepage=https://acceptableads.org/ lastDownload=1478594096 downloadStatus=synchronize_ok lastSuccess=1478594096 lastCheck=1478594432 expires=1478766896 softExpiration=1478664814 version=201611080831 requiredVersion=2.0 downloadCount=1
11-08 09:47:49.235 29726-30048/acr.browser.barebones D/AdblockWebView: Requesting elemhide selectors from AdblockEngine for http://de.ask.com/web?q=Iphone6&qsrc=0&o=0&l=dir&qo=homepageSearchBox in Thread[Thread-1030,5,main]
11-08 09:47:49.245 29726-30048/acr.browser.barebones D/AdblockWebView: Finished requesting elemhide selectors, got 0 in Thread[Thread-1030,5,main]
11-08 09:47:49.245 29726-30048/acr.browser.barebones D/AdblockWebView: Setting elemhide string 2 bytes
11-08 09:47:49.245 29726-30048/acr.browser.barebones W/AdblockWebView: elemHideThread set to null
11-08 09:47:49.245 29726-29726/acr.browser.barebones D/BrowserActivity: Notify Tab Changed: 0
11-08 09:47:49.245 29726-29828/acr.browser.barebones I/System.out: (HTTPLog)-Static: isSBSettingEnabled false
11-08 09:47:49.245 29726-29828/acr.browser.barebones I/System.out: (HTTPLog)-Static: isSBSettingEnabled false
11-08 09:47:49.255 29726-29726/acr.browser.barebones W/DisplayListCanvas: DisplayListCanvas is started on unbinded RenderNode (without mOwningView)
11-08 09:47:50.295 29726-29726/acr.browser.barebones D/AdblockWebView: Loading progress=21%
11-08 09:47:50.295 29726-29726/acr.browser.barebones D/AdblockWebView: Injecting script
11-08 09:47:50.295 29726-29726/acr.browser.barebones D/AdblockWebView: runScript started
11-08 09:47:50.295 29726-29726/acr.browser.barebones D/AdblockWebView: runScript finished
11-08 09:47:50.295 29726-29726/acr.browser.barebones W/AdblockWebView: Start prevent drawing
11-08 09:47:50.315 29726-29726/acr.browser.barebones W/DisplayListCanvas: DisplayListCanvas is started on unbinded RenderNode (without mOwningView)
11-08 09:47:50.335 29726-29726/acr.browser.barebones W/cr_BindingManager: Cannot call determinedVisibility() - never saw a connection for the pid: 29726
11-08 09:47:50.345 29726-29875/acr.browser.barebones D/AdblockWebView: addDomListener=false
11-08 09:47:50.345 29726-29757/acr.browser.barebones D/AdblockWebView: Header referrer for http://de.ask.com/s/0-0-14/site-search-sites-askint-web-page-mobile.css is http://de.ask.com/web?q=Iphone6&qsrc=0&o=0&l=dir&qo=homepageSearchBox
11-08 09:47:50.355 29726-29757/acr.browser.barebones D/AdblockWebView: Allowed loading http://de.ask.com/s/0-0-14/site-search-sites-askint-web-page-mobile.css
11-08 09:47:50.355 29726-29757/acr.browser.barebones D/AdblockWebView: Header referrer for http://saservice.ask.com/c/css/sas-31783be6ccbbb998fa309ae0703961f3871fb977.css is http://de.ask.com/web?q=Iphone6&qsrc=0&o=0&l=dir&qo=homepageSearchBox
11-08 09:47:50.355 29726-29757/acr.browser.barebones D/AdblockWebView: Allowed loading http://saservice.ask.com/c/css/sas-31783be6ccbbb998fa309ae0703961f3871fb977.css
11-08 09:47:50.365 29726-29757/acr.browser.barebones D/AdblockWebView: Header referrer for http://de.ask.com/s/0-0-14/askint-web-page.min.js is http://de.ask.com/web?q=Iphone6&qsrc=0&o=0&l=dir&qo=homepageSearchBox
11-08 09:47:50.365 29726-29757/acr.browser.barebones D/AdblockWebView: Allowed loading http://de.ask.com/s/0-0-14/askint-web-page.min.js
11-08 09:47:50.375 29726-29726/acr.browser.barebones D/BrowserActivity: Notify Tab Changed: 0
11-08 09:47:50.375 29726-29757/acr.browser.barebones D/AdblockWebView: Header referrer for http://de.ask.com/s/0-0-14/unified-api.min.js is http://de.ask.com/web?q=Iphone6&qsrc=0&o=0&l=dir&qo=homepageSearchBox
11-08 09:47:50.385 29726-29757/acr.browser.barebones D/AdblockWebView: Allowed loading http://de.ask.com/s/0-0-14/unified-api.min.js
11-08 09:47:50.385 29726-29757/acr.browser.barebones D/AdblockWebView: Header referrer for http://ecx.images-amazon.com/images/I/51eclIdmTuL._SL75_.jpg is http://de.ask.com/web?q=Iphone6&qsrc=0&o=0&l=dir&qo=homepageSearchBox
11-08 09:47:50.415 29726-29757/acr.browser.barebones D/AdblockWebView: Allowed loading http://ecx.images-amazon.com/images/I/51eclIdmTuL._SL75_.jpg
11-08 09:47:50.415 29726-29757/acr.browser.barebones D/AdblockWebView: Header referrer for http://www.google.com/adsense/search/async-ads.js is http://de.ask.com/web?q=Iphone6&qsrc=0&o=0&l=dir&qo=homepageSearchBox
11-08 09:47:50.415 29726-29757/acr.browser.barebones D/AdblockWebView: Allowed loading http://www.google.com/adsense/search/async-ads.js
11-08 09:47:50.415 29726-29757/acr.browser.barebones D/AdblockWebView: Header referrer for http://www.googletagmanager.com/gtm.js?id=GTM-T3KVMC&l=dataLayer is http://de.ask.com/web?q=Iphone6&qsrc=0&o=0&l=dir&qo=homepageSearchBox
11-08 09:47:50.415 29726-29757/acr.browser.barebones D/AdblockWebView: Allowed loading http://www.googletagmanager.com/gtm.js?id=GTM-T3KVMC&l=dataLayer
11-08 09:47:50.455 29726-29726/acr.browser.barebones D/AdblockWebView: Loading progress=70%
11-08 09:47:50.475 29726-29726/acr.browser.barebones W/DisplayListCanvas: DisplayListCanvas is started on unbinded RenderNode (without mOwningView)
