11-08 09:47:34.555 3403-3827/? D/InputReader: Input event(4): value=1 when=88392301906000
11-08 09:47:34.555 3403-3827/? D/InputReader: Input event(4): value=1 when=88392301906000
11-08 09:47:34.555 3403-3827/? I/InputReader: Touch event's action is 0x0 (deviceType=0) [pCnt=1, s=0.4745 ] when=88392301906000
11-08 09:47:34.555 3403-3827/? D/InputReader: lastThreadEndTime = 88387630715934, currentThreadStartTime = 88387630718049, diff = 0
11-08 09:47:34.555 3403-3826/? I/InputDispatcher: Delivering touch to (3945): action: 0x4, toolType: 1
11-08 09:47:34.555 3403-3826/? I/InputDispatcher: Delivering touch to (29726): action: 0x0, toolType: 1
11-08 09:47:34.555 29726-29726/acr.browser.barebones D/ViewRootImpl: ViewPostImeInputStage processPointer 0
11-08 09:47:34.615 3403-3827/? D/InputReader: Input event(4): value=0 when=88392366413000
11-08 09:47:34.615 3403-3827/? D/InputReader: Input event(4): value=0 when=88392366413000
11-08 09:47:34.615 3403-3827/? I/InputReader: Touch event's action is 0x1 (deviceType=0) [pCnt=1, s=] when=88392366413000
11-08 09:47:34.615 3403-3826/? I/InputDispatcher: Delivering touch to (29726): action: 0x1, toolType: 1
11-08 09:47:34.615 29726-29726/acr.browser.barebones D/ViewRootImpl: ViewPostImeInputStage processPointer 1
11-08 09:47:34.625 7449-7449/? D/SamsungIME: IMPL finishInput
11-08 09:47:34.625 7449-7449/? D/SamsungIME: SwiftKeyWrapper writeDBdataToFileOnFinishInput
11-08 09:47:34.625 7449-7449/? D/SamsungIME: saveAndClear +
11-08 09:47:34.625 7449-7449/? D/SamsungIME: saveAndClear -
11-08 09:47:34.635 7449-7449/? D/SamsungIME: onViewClicked
11-08 09:47:34.635 7449-7449/? E/SamsungIME: resetNeedToLoadHwrLibrary : 0
11-08 09:47:34.635 3403-4317/? D/CustomFrequencyManagerService: acquireDVFSLockLocked : type : DVFS_MIN_LIMIT frequency : 1976000 uid : 1000 pid : 3403 pkgName : com.sec.android.inputmethod@1
11-08 09:47:34.645 29726-29726/acr.browser.barebones W/DisplayListCanvas: DisplayListCanvas is started on unbinded RenderNode (without mOwningView)
11-08 09:47:34.645 7449-7449/? D/SamsungIME: onStartInputView requsted restarting value = false
11-08 09:47:34.645 7449-7449/? D/SamsungIME: onStartInputView After call super - restarting value = false
11-08 09:47:34.645 7449-7449/? D/SamsungIME: disable handwriting input icon : handwriting is not enabled or improper edit field
11-08 09:47:34.645 29726-29726/acr.browser.barebones D/AbsListView: Get MotionRecognitionManager
11-08 09:47:34.645 7449-7449/? D/SamsungIME: [startInputView] info.inputType = 65553 info.imeOptions = 134217730
11-08 09:47:34.645 7449-7449/? I/SamsungIME: Update SetupWizard State usc : 1 pss : false
11-08 09:47:34.645 3403-4317/? D/SettingsProvider: isChangeAllowed() : name = onehand_direction
11-08 09:47:34.645 3403-4317/? D/SettingsProvider: edmUri: content://com.sec.knox.provider/RestrictionPolicy3
11-08 09:47:34.645 3403-4317/? D/SecContentProvider: query(), uri = 17 selection = isSettingsChangesAllowed
11-08 09:47:34.645 3403-4317/? D/SettingsProvider: projectionArgs: isSettingsChangesAllowed
11-08 09:47:34.645 3403-4317/? D/SettingsProvider: selectionArgs: false
11-08 09:47:34.645 3403-4317/? D/SettingsProvider: selectionArgs: 10138
11-08 09:47:34.645 3403-4317/? D/SettingsProvider: ret = -1
11-08 09:47:34.645 7449-7449/? D/SamsungIME: checkDynamicTouchRecognizedPrefValue mIsStaticTouchAreaPrefValue = false
11-08 09:47:34.645 7449-7449/? I/SamsungIME: Update SetupWizard State usc : 1 pss : false
11-08 09:47:34.645 7449-7449/? E/SamsungIME: lang.getLanguageCode():en, lang.getCountryCode():GB
11-08 09:47:34.645 7449-7449/? W/SamsungIME: makeSelectedLanguageList:en_GB;
11-08 09:47:34.655 7449-7449/? I/SamsungIME: [IMI] isChangedMainValues - bRetVal : true
11-08 09:47:34.655 7449-29997/? E/SamsungIME: sendInputLanguage() : en_GB, en_GB;
11-08 09:47:34.655 3403-4305/? D/SecContentProvider: query(), uri = 17 selection = isSettingsChangesAllowed
11-08 09:47:34.655 3403-4305/? D/SettingsProvider: isChangeAllowed() : name = sip_input_language
11-08 09:47:34.655 3403-4305/? D/SettingsProvider: edmUri: content://com.sec.knox.provider/RestrictionPolicy3
11-08 09:47:34.655 3403-4305/? D/SettingsProvider: projectionArgs: isSettingsChangesAllowed
11-08 09:47:34.655 3403-4305/? D/SettingsProvider: selectionArgs: false
11-08 09:47:34.655 3403-4305/? D/SettingsProvider: selectionArgs: 10138
11-08 09:47:34.655 3403-4305/? D/SettingsProvider: ret = -1
11-08 09:47:34.655 3403-4811/? D/SecContentProvider: query(), uri = 17 selection = isSettingsChangesAllowed
11-08 09:47:34.655 3403-4811/? D/SettingsProvider: isChangeAllowed() : name = handwriting_language_list
11-08 09:47:34.655 3403-4811/? D/SettingsProvider: edmUri: content://com.sec.knox.provider/RestrictionPolicy3
11-08 09:47:34.655 3403-4811/? D/SettingsProvider: projectionArgs: isSettingsChangesAllowed
11-08 09:47:34.655 3403-4811/? D/SettingsProvider: selectionArgs: false
11-08 09:47:34.655 3403-4811/? D/SettingsProvider: selectionArgs: 10138
11-08 09:47:34.655 3403-4811/? D/SettingsProvider: ret = -1
11-08 09:47:34.655 29726-29726/acr.browser.barebones D/ViewRootImpl: #1 mView = android.widget.PopupWindow$PopupDecorView{e21b80e V.E...... ......I. 0,0-0,0}
11-08 09:47:34.655 3403-4216/? D/ISSUE_DEBUG: InputChannelName : 42d651e PopupWindow:be9e8e1
11-08 09:47:34.665 7449-7449/? D/SamsungIME: [AbstractKeyboardView] onDetachedFromWindow.
11-08 09:47:34.665 7449-7449/? D/SamsungIME: Magnification Enabled = false
11-08 09:47:34.665 7449-7449/? D/SamsungIME: Dismiss ExpandCandiate
11-08 09:47:34.665 7449-7449/? E/SamsungIME: lang.getLanguageCode():en, lang.getCountryCode():GB
11-08 09:47:34.665 7449-7449/? W/SamsungIME: makeSelectedLanguageList:en_GB;
11-08 09:47:34.665 7449-29998/? E/SamsungIME: sendInputLanguage() : en_GB, en_GB;
11-08 09:47:34.665 7449-7449/? D/SamsungIME: Dismiss ExpandCandiate
11-08 09:47:34.665 7449-7449/? D/SamsungIME: loadLanguageModels force = false
11-08 09:47:34.665 7449-7449/? W/System.err: mkdir failed: EEXIST (File exists) : /data/user/0/com.sec.android.inputmethod/app_SwiftKey/user
11-08 09:47:34.665 3003-3003/? I/SurfaceFlinger: id=1516 createSurf (257x257),1 flag=4, QopupWindow
11-08 09:47:34.665 3403-4216/? D/SettingsProvider: isChangeAllowed() : name = sip_input_language
11-08 09:47:34.665 3403-4216/? D/SettingsProvider: edmUri: content://com.sec.knox.provider/RestrictionPolicy3
11-08 09:47:34.665 3403-4216/? D/SettingsProvider: projectionArgs: isSettingsChangesAllowed
11-08 09:47:34.665 3403-4216/? D/SecContentProvider: query(), uri = 17 selection = isSettingsChangesAllowed
11-08 09:47:34.665 3403-4216/? D/SettingsProvider: selectionArgs: false
11-08 09:47:34.665 3403-4216/? D/SettingsProvider: selectionArgs: 10138
11-08 09:47:34.665 3403-4216/? D/SettingsProvider: ret = -1
11-08 09:47:34.665 3403-4319/? D/SettingsProvider: isChangeAllowed() : name = handwriting_language_list
11-08 09:47:34.665 3403-4319/? D/SecContentProvider: query(), uri = 17 selection = isSettingsChangesAllowed
11-08 09:47:34.665 3403-4319/? D/SettingsProvider: edmUri: content://com.sec.knox.provider/RestrictionPolicy3
11-08 09:47:34.665 3403-4319/? D/SettingsProvider: projectionArgs: isSettingsChangesAllowed
11-08 09:47:34.665 3403-4319/? D/SettingsProvider: selectionArgs: false
11-08 09:47:34.665 3403-4319/? D/SettingsProvider: selectionArgs: 10138
11-08 09:47:34.665 3403-4319/? D/SettingsProvider: ret = -1
11-08 09:47:34.665 7449-7449/? D/SamsungIME: [loadLanguageModels] isChangePersonalizedData = false
11-08 09:47:34.665 7449-7449/? D/SamsungIME: [loadLanguageModels] loadLanguageforcely = false
11-08 09:47:34.665 7449-7449/? D/SamsungIME: Dismiss ExpandCandiate
11-08 09:47:34.665 7449-7449/? D/SamsungIME: loadLanguageModels force = false
11-08 09:47:34.665 7449-7449/? W/System.err: mkdir failed: EEXIST (File exists) : /data/user/0/com.sec.android.inputmethod/app_SwiftKey/user
11-08 09:47:34.665 7449-7449/? D/SamsungIME: [loadLanguageModels] isChangePersonalizedData = false
11-08 09:47:34.665 7449-7449/? D/SamsungIME: [loadLanguageModels] loadLanguageforcely = false
11-08 09:47:34.665 7449-7449/? I/SamsungIME: getCurrentKeyboard
11-08 09:47:34.665 7449-7449/? I/SamsungIME: getTextKeyboard
11-08 09:47:34.665 7449-7449/? I/SamsungIME: CarMode is off
11-08 09:47:34.665 7449-7449/? D/SamsungIME: mDisplayWidth is 1440
11-08 09:47:34.665 7449-7449/? D/SamsungIME: mDisplayHeight is 2560
11-08 09:47:34.665 7449-7449/? D/SamsungIME: isOrientationLandscape false
11-08 09:47:34.665 7449-7449/? D/SamsungIME: mDisplayWidth is 1440
11-08 09:47:34.665 7449-7449/? D/SamsungIME: mDisplayHeight is 2560
11-08 09:47:34.665 7449-7449/? D/SamsungIME: isOrientationLandscape false
11-08 09:47:34.675 7449-7449/? D/SamsungIME: mIsUseStaticTouchRecognizedArea = false
11-08 09:47:34.675 29726-29795/acr.browser.barebones D/mali_winsys: EGLint new_window_surface(egl_winsys_display*, void*, EGLSurface, EGLConfig, egl_winsys_surface**, egl_color_buffer_format*, EGLBoolean) returns 0x3000, [1696x1241]-format:1
11-08 09:47:34.675 7449-7449/? D/SamsungIME: [SwiftkeyWrapper] currentLangauge : 1701726018
11-08 09:47:34.695 29726-29726/acr.browser.barebones D/ViewRootImpl: MSG_RESIZED_REPORT: ci=Rect(0, 0 - 0, 0) vi=Rect(0, 0 - 0, 0) or=1
11-08 09:47:34.705 29726-29795/acr.browser.barebones D/mali_winsys: EGLint new_window_surface(egl_winsys_display*, void*, EGLSurface, EGLConfig, egl_winsys_surface**, egl_color_buffer_format*, EGLBoolean) returns 0x3000, [1696x453]-format:1
11-08 09:47:34.705 29726-29726/acr.browser.barebones W/DisplayListCanvas: DisplayListCanvas is started on unbinded RenderNode (without mOwningView)
11-08 09:47:34.715 3403-4216/? V/WindowStateAnimator: Finishing drawing window Window{42d651e u0 d0 PopupWindow:be9e8e1}: mDrawState=DRAW_PENDING
11-08 09:47:34.715 7449-7449/? D/SamsungIME: Skip dismiss ExpandCandidate. it will be post-invalidated later
11-08 09:47:34.715 7449-7449/? D/SamsungIME: startInputViewContinue : true true
11-08 09:47:34.715 7449-7449/? D/SamsungIME: [showDiscoverability] this is auto replacement discoverity popup
11-08 09:47:34.715 7449-7449/? D/SamsungIME: conditions for show dialog : true true true false
11-08 09:47:34.715 7449-7449/? D/SamsungIME: showDlgMsgBox : true true true
11-08 09:47:34.715 7449-7449/? D/SamsungIME: showDlgMsgBox inner condition : true true
11-08 09:47:34.715 7449-7449/? I/SamsungIME: [IMI] startInputView - caller pid : 29726, caller uid : 10252
11-08 09:47:34.715 3403-3541/? D/KnoxTimeoutHandler: notifyActivityDrawn [MsgParam] userId: 0 fullscreen is true showWhenlocked is false
11-08 09:47:34.715 3403-3403/? D/KnoxTimeoutHandler: activityDrawn [MsgParam] userId: 0 fullscreen is true showWhenlocked is false
11-08 09:47:34.715 7449-30001/? D/InputMethodFrameWorkUtils: InputMethodSubtype is found as local:en_GB
11-08 09:47:34.715 3403-3403/? I/KnoxTimeoutHandler: SD activityfalse
11-08 09:47:34.715 3003-3003/? D/libEGL: eglInitialize EGLDisplay = 0x7fc20bb448
11-08 09:47:34.725 7449-30001/? D/InputMethodFrameWorkUtils: InputMethodSubtype is set as local:en_GB
11-08 09:47:34.725 3403-4050/? D/ApplicationPolicy: isStatusBarNotificationAllowedAsUser: packageName = android,userId = -1
11-08 09:47:34.725 7449-7449/? D/SamsungIME: onWindowShown
11-08 09:47:34.725 3403-3403/? W/ResourcesManager: getTopLevelResources: /system/framework/framework-res.apk / 1.0 running in null rsrc of package android
11-08 09:47:34.725 3403-3403/? D/MARsPolicyManager: NotificationListenerService OngoingNotificationPosted : android
11-08 09:47:34.725 3403-3403/? D/InputMethodManagerService: [HARDWARE_KEYBOARD] (refreshImeWindowVis) mImeWindowVis= 3 inputVisible = truehaveHardKeyboard = false hardKeyShown = false
11-08 09:47:34.725 3403-4280/? D/ApplicationPolicy: isStatusBarNotificationAllowedAsUser: packageName = android,userId = -1
11-08 09:47:34.725 3403-3403/? D/MARsPolicyManager: NotificationListenerService OngoingNotificationPosted : android
11-08 09:47:34.735 3003-3003/? I/SurfaceFlinger: id=1517 createSurf (1440x1384),1 flag=4, JnputMethod
11-08 09:47:34.735 7449-13620/? D/mali_winsys: EGLint new_window_surface(egl_winsys_display*, void*, EGLSurface, EGLConfig, egl_winsys_surface**, egl_color_buffer_format*, EGLBoolean) returns 0x3000, [1440x1384]-format:1
11-08 09:47:34.735 29726-29726/acr.browser.barebones D/ViewRootImpl: MSG_RESIZED_REPORT: ci=Rect(0, 0 - 0, 0) vi=Rect(0, 0 - 0, 0) or=1
11-08 09:47:34.745 3403-4811/? V/WindowStateAnimator: Finishing drawing window Window{42d651e u0 d0 PopupWindow:be9e8e1}: mDrawState=HAS_DRAWN
11-08 09:47:34.745 3945-3945/? D/KnoxNotification: ----- inflateViews : modified publicViewLocal -----
11-08 09:47:34.745 7449-7449/? D/SamsungIME: Skip dismiss ExpandCandidate. it will be post-invalidated later
11-08 09:47:34.745 3945-3945/? D/KnoxNotification: ----- inflateViews : modified KnoxViewLocal -----
11-08 09:47:34.745 3945-3945/? D/NotificationStackScrollLayout: scroll range should be extended : 1600
11-08 09:47:34.745 3945-3945/? D/NotificationStackScrollLayout: scroll range should be extended : 1600
11-08 09:47:34.745 3945-3945/? D/PhoneStatusBar: setAreThereNotifications: N=3 any=true clearable=false
11-08 09:47:34.745 3945-3945/? D/PhoneStatusBar: setAreThereNotifications: N=3 any=true clearable=false
11-08 09:47:34.755 3003-3003/? D/libEGL: eglInitialize EGLDisplay = 0x7fc20bb448
11-08 09:47:34.755 7449-7449/? D/SamsungIME_UnifiedIME: AbstractCandidateLayout, getView position value is get view 0
11-08 09:47:34.755 7449-7449/? D/SamsungIME: < REMOVE TEST > isNextWordPredictionSymbol 1: true
11-08 09:47:34.755 7449-7449/? D/SamsungIME_UnifiedIME: AbstractCandidateLayout, getView position value is get view 1
11-08 09:47:34.755 7449-7449/? D/SamsungIME: < REMOVE TEST > isNextWordPredictionSymbol 1: true
11-08 09:47:34.755 7449-7449/? D/SamsungIME_UnifiedIME: AbstractCandidateLayout, getView position value is get view 2
11-08 09:47:34.755 7449-7449/? D/SamsungIME: < REMOVE TEST > isNextWordPredictionSymbol 1: true
11-08 09:47:34.755 3945-3945/? D/NotificationStackScrollLayout: scroll range should be extended : 1600
11-08 09:47:34.755 3945-3945/? D/NotificationStackScrollLayout: scroll range should be extended : 1600
11-08 09:47:34.755 3945-3945/? D/NotificationStackScrollLayout: scroll range should be extended : 1600
11-08 09:47:34.755 7449-7449/? E/SamsungIME: - onDraw() called
11-08 09:47:34.755 7449-7449/? I/SamsungIME: drawAllKey
11-08 09:47:34.775 7449-7449/? D/SamsungIME: disable handwriting input icon : handwriting is not enabled or improper edit field
11-08 09:47:34.775 7449-7449/? D/SamsungIME: disable handwriting input icon : handwriting is not enabled or improper edit field
11-08 09:47:34.775 7449-7449/? D/SamsungIME: disable handwriting input icon : handwriting is not enabled or improper edit field
11-08 09:47:34.775 7449-7449/? D/SamsungIME: disable handwriting input icon : handwriting is not enabled or improper edit field
11-08 09:47:34.795 3403-3969/? V/WindowStateAnimator: Finishing drawing window Window{3c032c9 u0 d0 InputMethod}: mDrawState=DRAW_PENDING
11-08 09:47:34.795 7449-7449/? E/SamsungIME: - onDraw() called
11-08 09:47:34.795 29726-29726/acr.browser.barebones D/ViewRootImpl: MSG_RESIZED: ci=Rect(0, 96 - 0, 1128) vi=Rect(0, 96 - 0, 1128) or=1
11-08 09:47:34.805 3003-3003/? D/libEGL: eglInitialize EGLDisplay = 0x7fc20bb448
11-08 09:47:34.815 29726-29726/acr.browser.barebones W/DisplayListCanvas: DisplayListCanvas is started on unbinded RenderNode (without mOwningView)
11-08 09:47:34.825 3003-3003/? D/libEGL: eglInitialize EGLDisplay = 0x7fc20bb448
11-08 09:47:34.915 7449-7449/? D/SamsungIME: SwiftkeyWrapper-checkCurrentSequence : use IC
11-08 09:47:34.925 7449-7449/? D/SamsungIME: Skip dismiss ExpandCandidate. it will be post-invalidated later
11-08 09:47:34.935 7449-7449/? D/SamsungIME_UnifiedIME: AbstractCandidateLayout, getView position value is get view 0
11-08 09:47:35.045 3403-4813/? D/CustomFrequencyManagerService: releaseDVFSLockLocked : Getting Lock type frm List : DVFS_MIN_LIMIT frequency : 1976000 uid : 1000 pid : 3403 tag : com.sec.android.inputmethod@1
11-08 09:47:35.175 3003-3003/? D/libEGL: eglInitialize EGLDisplay = 0x7fc20bb448
11-08 09:47:35.645 3403-3827/? D/InputReader: Input event(4): value=1 when=88393396813000
11-08 09:47:35.645 3403-3827/? D/InputReader: Input event(4): value=1 when=88393396813000
11-08 09:47:35.645 3403-3827/? I/InputReader: Touch event's action is 0x0 (deviceType=0) [pCnt=1, s=0.4746 ] when=88393396813000
11-08 09:47:35.645 3403-3827/? D/InputReader: lastThreadEndTime = 88392367055661, currentThreadStartTime = 88392367061084, diff = 0
11-08 09:47:35.645 3403-3826/? I/InputDispatcher: Delivering touch to (3945): action: 0x4, toolType: 1
11-08 09:47:35.645 3403-3826/? I/InputDispatcher: Delivering touch to (7449): action: 0x0, toolType: 1
11-08 09:47:35.645 7449-7449/? D/ViewRootImpl: ViewPostImeInputStage processPointer 0
11-08 09:47:35.645 7449-7449/? D/jisu: mMiniKeyboardOnScreen=false, pointerCount=1, action=0, eventTime88393396, index=0, id=0
11-08 09:47:35.655 7449-7733/? D/SamsungIME: vib call
11-08 09:47:35.655 7449-7733/? V/Vibrator: Called vibrate(int, int, AudioAttributes, MagnitudeTypes) API - PUID: 10138, repeat: -1, PackageName: com.sec.android.inputmethod, MagnitudeType: TouchMagnitude
11-08 09:47:35.655 7449-7733/? V/Vibrator: vibrate - PUID: 10138, PackageName: com.sec.android.inputmethod, type: 50025, repeat: -1, mag: 6000, AudioAttr : null
11-08 09:47:35.655 3403-3991/? V/VibratorService: vibratePatternMagnitude - package: com.sec.android.inputmethod, repeat: -1, token: android.os.BinderProxy@48f1691, mag: 6000
11-08 09:47:35.655 3403-3991/? D/VibratorService: Turning vibrator off
11-08 09:47:35.665 3403-30003/? D/VibratorService: vibratorOn() : 7ms, magnitude :6000
11-08 09:47:35.665 7449-7449/? E/SamsungIME: - onDraw() called
11-08 09:47:35.695 7449-7449/? D/jisu: mMiniKeyboardOnScreen=false, pointerCount=1, action=2, eventTime88393436, index=0, id=0
11-08 09:47:35.705 7449-7449/? D/jisu: mMiniKeyboardOnScreen=false, pointerCount=1, action=2, eventTime88393441, index=0, id=0
11-08 09:47:35.725 3403-3827/? D/InputReader: Input event(4): value=0 when=88393479459000
11-08 09:47:35.725 3403-3827/? D/InputReader: Input event(4): value=0 when=88393479459000
11-08 09:47:35.725 3403-3827/? I/InputReader: Touch event's action is 0x1 (deviceType=0) [pCnt=1, s=] when=88393479459000
11-08 09:47:35.725 3403-3826/? I/InputDispatcher: Delivering touch to (7449): action: 0x1, toolType: 1
11-08 09:47:35.735 7449-7449/? D/jisu: mMiniKeyboardOnScreen=false, pointerCount=1, action=2, eventTime88393471, index=0, id=0
11-08 09:47:35.735 7449-7449/? D/ViewRootImpl: ViewPostImeInputStage processPointer 1
11-08 09:47:35.735 7449-7449/? D/jisu: mMiniKeyboardOnScreen=false, pointerCount=1, action=1, eventTime88393479, index=0, id=0
11-08 09:47:35.735 7449-7449/? I/SamsungIME: [AKV] detectAndSendKey - index : 11, mCurrentInputMethod : 0, mInputLanguage : 1701726018
11-08 09:47:35.735 7449-7449/? E/SamsungIME: SwiftkeyWrapper-inputKey
11-08 09:47:35.745 7449-7449/? E/SamsungIME: updateSuggestionDelay
11-08 09:47:35.745 7449-7449/? E/SamsungIME: - onDraw() called
11-08 09:47:35.755 7449-7449/? D/SamsungIME: [SIIC] getCursorCapsMode without ic done
11-08 09:47:35.755 7449-7449/? E/SamsungIME: - onDraw() called
11-08 09:47:35.765 29726-29726/acr.browser.barebones W/DisplayListCanvas: DisplayListCanvas is started on unbinded RenderNode (without mOwningView)
11-08 09:47:35.875 3003-4417/? D/libEGL: eglTerminate EGLDisplay = 0x7f823fee78
11-08 09:47:35.875 29726-29795/acr.browser.barebones D/mali_winsys: EGLint new_window_surface(egl_winsys_display*, void*, EGLSurface, EGLConfig, egl_winsys_surface**, egl_color_buffer_format*, EGLBoolean) returns 0x3000, [1696x1241]-format:1
11-08 09:47:35.905 3403-3827/? D/InputReader: Input event(4): value=1 when=88393656089000
11-08 09:47:35.905 3403-3827/? D/InputReader: Input event(4): value=1 when=88393656089000
11-08 09:47:35.905 3403-3827/? I/InputReader: Touch event's action is 0x0 (deviceType=0) [pCnt=1, s=0.4747 ] when=88393656089000
11-08 09:47:35.905 3403-3827/? D/InputReader: lastThreadEndTime = 88393479657545, currentThreadStartTime = 88393479659314, diff = 0
11-08 09:47:35.905 3403-3826/? I/InputDispatcher: Delivering touch to (3945): action: 0x4, toolType: 1
11-08 09:47:35.905 3403-3826/? I/InputDispatcher: Delivering touch to (7449): action: 0x0, toolType: 1
11-08 09:47:35.905 7449-7449/? D/ViewRootImpl: ViewPostImeInputStage processPointer 0
11-08 09:47:35.905 7449-7449/? D/jisu: mMiniKeyboardOnScreen=false, pointerCount=1, action=0, eventTime88393656, index=0, id=0
11-08 09:47:35.915 7449-7733/? D/SamsungIME: vib call
11-08 09:47:35.915 7449-7733/? V/Vibrator: Called vibrate(int, int, AudioAttributes, MagnitudeTypes) API - PUID: 10138, repeat: -1, PackageName: com.sec.android.inputmethod, MagnitudeType: TouchMagnitude
11-08 09:47:35.915 7449-7733/? V/Vibrator: vibrate - PUID: 10138, PackageName: com.sec.android.inputmethod, type: 50025, repeat: -1, mag: 6000, AudioAttr : null
11-08 09:47:35.915 3403-4280/? V/VibratorService: vibratePatternMagnitude - package: com.sec.android.inputmethod, repeat: -1, token: android.os.BinderProxy@48f1691, mag: 6000
11-08 09:47:35.915 3403-4280/? D/VibratorService: Turning vibrator off
11-08 09:47:35.925 3403-30004/? D/VibratorService: vibratorOn() : 7ms, magnitude :6000
11-08 09:47:35.925 3003-3003/? D/libEGL: eglInitialize EGLDisplay = 0x7fc20bb448
11-08 09:47:35.925 3003-3003/? D/libEGL: eglTerminate EGLDisplay = 0x7fc20bb4d8
11-08 09:47:35.935 7449-7449/? D/jisu: mMiniKeyboardOnScreen=false, pointerCount=1, action=2, eventTime88393671, index=0, id=0
11-08 09:47:35.935 7449-7449/? E/SamsungIME: - onDraw() called
11-08 09:47:35.945 7449-7449/? D/jisu: mMiniKeyboardOnScreen=false, pointerCount=1, action=2, eventTime88393688, index=0, id=0
11-08 09:47:35.965 7449-7449/? D/jisu: mMiniKeyboardOnScreen=false, pointerCount=1, action=2, eventTime88393701, index=0, id=0
11-08 09:47:35.965 3003-3003/? D/libEGL: eglInitialize EGLDisplay = 0x7fc20bb448
11-08 09:47:35.975 3403-3827/? D/InputReader: Input event(4): value=0 when=88393722896000
11-08 09:47:35.975 3403-3827/? D/InputReader: Input event(4): value=0 when=88393722896000
11-08 09:47:35.975 3403-3827/? I/InputReader: Touch event's action is 0x1 (deviceType=0) [pCnt=1, s=] when=88393722896000
11-08 09:47:35.975 3403-3826/? I/InputDispatcher: Delivering touch to (7449): action: 0x1, toolType: 1
11-08 09:47:35.975 7449-7449/? D/jisu: mMiniKeyboardOnScreen=false, pointerCount=1, action=2, eventTime88393713, index=0, id=0
11-08 09:47:35.975 7449-7449/? D/ViewRootImpl: ViewPostImeInputStage processPointer 1
11-08 09:47:35.975 7449-7449/? D/jisu: mMiniKeyboardOnScreen=false, pointerCount=1, action=1, eventTime88393722, index=0, id=0
11-08 09:47:35.975 7449-7449/? I/SamsungIME: [AKV] detectAndSendKey - index : 11, mCurrentInputMethod : 0, mInputLanguage : 1701726018
11-08 09:47:35.975 7449-7449/? E/SamsungIME: SwiftkeyWrapper-inputKey
11-08 09:47:35.975 7449-7449/? E/SamsungIME: updateSuggestionDelay
11-08 09:47:35.975 7449-7449/? E/SamsungIME: - onDraw() called
11-08 09:47:35.985 7449-7449/? D/SamsungIME: [SIIC] getCursorCapsMode without ic done
11-08 09:47:35.995 29726-29726/acr.browser.barebones W/DisplayListCanvas: DisplayListCanvas is started on unbinded RenderNode (without mOwningView)
11-08 09:47:36.025 3003-3003/? D/libEGL: eglInitialize EGLDisplay = 0x7fc20bb448
11-08 09:47:36.095 3403-3827/? D/InputReader: Input event(4): value=1 when=88393840337000
11-08 09:47:36.095 3403-3827/? D/InputReader: Input event(4): value=1 when=88393840337000
11-08 09:47:36.095 3403-3827/? I/InputReader: Touch event's action is 0x0 (deviceType=0) [pCnt=1, s=0.4748 ] when=88393840337000
11-08 09:47:36.095 3403-3827/? D/InputReader: lastThreadEndTime = 88393723105506, currentThreadStartTime = 88393723107622, diff = 0
11-08 09:47:36.095 3403-3826/? I/InputDispatcher: Delivering touch to (3945): action: 0x4, toolType: 1
11-08 09:47:36.095 3403-3826/? I/InputDispatcher: Delivering touch to (7449): action: 0x0, toolType: 1
11-08 09:47:36.095 7449-7449/? D/ViewRootImpl: ViewPostImeInputStage processPointer 0
11-08 09:47:36.095 7449-7449/? D/jisu: mMiniKeyboardOnScreen=false, pointerCount=1, action=0, eventTime88393840, index=0, id=0
11-08 09:47:36.095 7449-7733/? D/SamsungIME: vib call
11-08 09:47:36.095 7449-7733/? V/Vibrator: Called vibrate(int, int, AudioAttributes, MagnitudeTypes) API - PUID: 10138, repeat: -1, PackageName: com.sec.android.inputmethod, MagnitudeType: TouchMagnitude
11-08 09:47:36.095 7449-7733/? V/Vibrator: vibrate - PUID: 10138, PackageName: com.sec.android.inputmethod, type: 50025, repeat: -1, mag: 6000, AudioAttr : null
11-08 09:47:36.095 3403-3969/? V/VibratorService: vibratePatternMagnitude - package: com.sec.android.inputmethod, repeat: -1, token: android.os.BinderProxy@48f1691, mag: 6000
11-08 09:47:36.095 3403-3969/? D/VibratorService: Turning vibrator off
11-08 09:47:36.105 3403-30005/? D/VibratorService: vibratorOn() : 7ms, magnitude :6000
11-08 09:47:36.105 7449-7449/? E/SamsungIME: - onDraw() called
11-08 09:47:36.125 3164-3208/? D/Sensorhubs: readContextData: 1, 1, 26, 1, 1, -29, 10, 39, 1, 1
11-08 09:47:36.125 3403-3816/? D/SensorHubManager: onGetSensorHubDataLocked: library(10) = 1, 1, 26, 1, 1, -29, 10, 39, 1, 1
11-08 09:47:36.125 3403-3815/? D/CAE: onGetSensorHubData(SensorHubParserProvider.java:92) - onGetSensorHubData Event [event buffer len :10], AP_WAKEUP
11-08 09:47:36.125 3403-3815/? I/CAE: parse(SensorHubParserProvider.java:188) - buffer size = 10
11-08 09:47:36.135 3403-3815/? I/CAE: parse(SensorHubParserProvider.java:199) - 1, 1, 26, 1, 1, -29, 10, 39, 1, 1,
11-08 09:47:36.135 3403-3815/? D/CAE: display(ContextProvider.java:375) - ================= ACTIVITY_TRACKER =================
11-08 09:47:36.135 3403-3815/? I/CAE: display(ContextProvider.java:391) - Accuracy=[1], OperationMode=[0], ActivityType=[1], TimeStamp=[1478594856139]
11-08 09:47:36.135 3403-3818/? D/SContextService: updateSContext() : event = Activity Tracker
11-08 09:47:36.135 3403-3403/? D/WifiService: mActivityTrackerListener: onSContextChanged(): 25
11-08 09:47:36.135 3403-3403/? D/WifiService: ACTIVITY_STATUS_STATIONARY
11-08 09:47:36.145 7449-7449/? D/jisu: mMiniKeyboardOnScreen=false, pointerCount=1, action=2, eventTime88393889, index=0, id=0
11-08 09:47:36.155 3403-3827/? D/InputReader: Input event(4): value=0 when=88393905648000
11-08 09:47:36.155 3403-3827/? D/InputReader: Input event(4): value=0 when=88393905648000
11-08 09:47:36.155 3403-3827/? I/InputReader: Touch event's action is 0x1 (deviceType=0) [pCnt=1, s=] when=88393905648000
11-08 09:47:36.155 3403-3826/? I/InputDispatcher: Delivering touch to (7449): action: 0x1, toolType: 1
11-08 09:47:36.155 7449-7449/? D/jisu: mMiniKeyboardOnScreen=false, pointerCount=1, action=2, eventTime88393890, index=0, id=0
11-08 09:47:36.155 7449-7449/? D/ViewRootImpl: ViewPostImeInputStage processPointer 1
11-08 09:47:36.155 7449-7449/? D/jisu: mMiniKeyboardOnScreen=false, pointerCount=1, action=1, eventTime88393905, index=0, id=0
11-08 09:47:36.155 7449-7449/? I/SamsungIME: [AKV] detectAndSendKey - index : 11, mCurrentInputMethod : 0, mInputLanguage : 1701726018
11-08 09:47:36.155 7449-7449/? E/SamsungIME: SwiftkeyWrapper-inputKey
11-08 09:47:36.155 7449-7449/? E/SamsungIME: updateSuggestionDelay
11-08 09:47:36.165 7449-7449/? E/SamsungIME: - onDraw() called
11-08 09:47:36.165 29726-29726/acr.browser.barebones W/DisplayListCanvas: DisplayListCanvas is started on unbinded RenderNode (without mOwningView)
11-08 09:47:36.175 7449-7449/? D/SamsungIME: [SIIC] getCursorCapsMode without ic done
11-08 09:47:36.535 7449-7449/? D/SamsungIME: Skip dismiss ExpandCandidate. it will be post-invalidated later
11-08 09:47:36.545 3403-3813/? V/AlarmManager: Expired Alarm result :8
11-08 09:47:36.555 7449-7449/? D/SamsungIME_UnifiedIME: AbstractCandidateLayout, getView position value is get view 0
11-08 09:47:36.555 7449-7449/? D/SamsungIME: < REMOVE TEST > isNextWordPredictionSymbol 1: true
11-08 09:47:36.555 7449-7449/? D/SamsungIME_UnifiedIME: AbstractCandidateLayout, getView position value is get view 1
11-08 09:47:36.565 7449-7449/? D/SamsungIME_UnifiedIME: AbstractCandidateLayout, getView position value is get view 2
11-08 09:47:36.565 7449-7449/? D/SamsungIME: < REMOVE TEST > isNextWordPredictionSymbol 1: true
11-08 09:47:36.565 3403-3502/? V/BroadcastQueue: [background] Process cur broadcast BroadcastRecord{fe191f7 u0 null qIdx=4}, state= (APP_RECEIVE) DELIVERED for app ProcessRecord{9ae5ad9 10237:com.google.android.gms.persistent/u0a19}
11-08 09:47:36.655 10237-30006/? D/SecWifiDisplayUtil: Metadata value : SecSettings2
11-08 09:47:36.825 3403-3827/? D/InputReader: Input event(4): value=1 when=88394577640000
11-08 09:47:36.825 3403-3827/? D/InputReader: Input event(4): value=1 when=88394577640000
11-08 09:47:36.825 3403-3827/? I/InputReader: Touch event's action is 0x0 (deviceType=0) [pCnt=1, s=0.4749 ] when=88394577640000
11-08 09:47:36.825 3403-3827/? D/InputReader: lastThreadEndTime = 88393905886737, currentThreadStartTime = 88393905889083, diff = 0
11-08 09:47:36.825 3403-3826/? I/InputDispatcher: Delivering touch to (3945): action: 0x4, toolType: 1
11-08 09:47:36.825 3403-3826/? I/InputDispatcher: Delivering touch to (7449): action: 0x0, toolType: 1
11-08 09:47:36.825 7449-7449/? D/ViewRootImpl: ViewPostImeInputStage processPointer 0
11-08 09:47:36.835 7449-7449/? D/jisu: mMiniKeyboardOnScreen=false, pointerCount=1, action=0, eventTime88394577, index=0, id=0
11-08 09:47:36.835 7449-7733/? D/SamsungIME: vib call
11-08 09:47:36.835 7449-7733/? V/Vibrator: Called vibrate(int, int, AudioAttributes, MagnitudeTypes) API - PUID: 10138, repeat: -1, PackageName: com.sec.android.inputmethod, MagnitudeType: TouchMagnitude
11-08 09:47:36.835 7449-7733/? V/Vibrator: vibrate - PUID: 10138, PackageName: com.sec.android.inputmethod, type: 50025, repeat: -1, mag: 6000, AudioAttr : null
11-08 09:47:36.835 3403-3850/? V/VibratorService: vibratePatternMagnitude - package: com.sec.android.inputmethod, repeat: -1, token: android.os.BinderProxy@48f1691, mag: 6000
11-08 09:47:36.835 3403-3850/? D/VibratorService: Turning vibrator off
11-08 09:47:36.835 3403-30007/? D/VibratorService: vibratorOn() : 7ms, magnitude :6000
11-08 09:47:36.845 7449-7449/? E/SamsungIME: - onDraw() called
11-08 09:47:36.855 7449-7449/? D/jisu: mMiniKeyboardOnScreen=false, pointerCount=1, action=2, eventTime88394590, index=0, id=0
11-08 09:47:36.865 7449-7449/? D/jisu: mMiniKeyboardOnScreen=false, pointerCount=1, action=2, eventTime88394610, index=0, id=0
11-08 09:47:36.885 7449-7449/? D/jisu: mMiniKeyboardOnScreen=false, pointerCount=1, action=2, eventTime88394627, index=0, id=0
11-08 09:47:36.895 7449-7449/? D/jisu: mMiniKeyboardOnScreen=false, pointerCount=1, action=2, eventTime88394640, index=0, id=0
11-08 09:47:36.905 3403-3827/? D/InputReader: Input event(4): value=0 when=88394659876000
11-08 09:47:36.915 3403-3827/? D/InputReader: Input event(4): value=0 when=88394659876000
11-08 09:47:36.915 3403-3827/? I/InputReader: Touch event's action is 0x1 (deviceType=0) [pCnt=1, s=] when=88394659876000
11-08 09:47:36.915 3403-3826/? I/InputDispatcher: Delivering touch to (7449): action: 0x1, toolType: 1
11-08 09:47:36.915 7449-7449/? D/jisu: mMiniKeyboardOnScreen=false, pointerCount=1, action=2, eventTime88394651, index=0, id=0
11-08 09:47:36.915 7449-7449/? D/ViewRootImpl: ViewPostImeInputStage processPointer 1
11-08 09:47:36.915 7449-7449/? D/jisu: mMiniKeyboardOnScreen=false, pointerCount=1, action=1, eventTime88394659, index=0, id=0
11-08 09:47:36.915 7449-7449/? I/SamsungIME: [AKV] detectAndSendKey - index : 42, mCurrentInputMethod : 0, mInputLanguage : 1701726018
11-08 09:47:36.915 7449-7449/? E/SamsungIME: - onDraw() called
11-08 09:47:36.915 29726-29726/acr.browser.barebones W/DisplayListCanvas: DisplayListCanvas is started on unbinded RenderNode (without mOwningView)
11-08 09:47:36.935 7449-7449/? D/SamsungIME: SwiftkeyWrapper-checkCurrentSequence : use IC
11-08 09:47:37.025 7449-7449/? D/SamsungIME: Skip dismiss ExpandCandidate. it will be post-invalidated later
11-08 09:47:37.035 7449-7449/? D/SamsungIME_UnifiedIME: AbstractCandidateLayout, getView position value is get view 0
11-08 09:47:37.035 7449-7449/? D/SamsungIME: < REMOVE TEST > isNextWordPredictionSymbol 1: false
11-08 09:47:37.035 7449-7449/? D/SamsungIME_UnifiedIME: AbstractCandidateLayout, getView position value is get view 1
11-08 09:47:37.035 7449-7449/? D/SamsungIME_UnifiedIME: AbstractCandidateLayout, getView position value is get view 2
11-08 09:47:37.035 7449-7449/? D/SamsungIME: < REMOVE TEST > isNextWordPredictionSymbol 1: false
11-08 09:47:37.165 3945-4114/? D/NetworkController.MobileSignalController(0/2147483643): onSignalStrengthsChanged signalStrength=SignalStrength: 14 99 -14 -200 -14 -200 -1 99 2147483647 2147483647 2147483647 2147483647 2147483647 0x4 gsm|lte level=4
11-08 09:47:37.175 3945-4114/? D/NetworkController.MobileSignalController(0/2147483643): getMobileIconGroup(): 0
11-08 09:47:37.465 3403-3827/? D/InputReader: Input event(4): value=1 when=88395211017000
11-08 09:47:37.465 3403-3827/? D/InputReader: Input event(4): value=1 when=88395211017000
11-08 09:47:37.465 3403-3827/? I/InputReader: Touch event's action is 0x0 (deviceType=0) [pCnt=1, s=0.4750 ] when=88395211017000
11-08 09:47:37.465 3403-3827/? D/InputReader: lastThreadEndTime = 88394660180621, currentThreadStartTime = 88394660182121, diff = 0
11-08 09:47:37.465 3403-3826/? I/InputDispatcher: Delivering touch to (3945): action: 0x4, toolType: 1
11-08 09:47:37.465 3403-3826/? I/InputDispatcher: Delivering touch to (7449): action: 0x0, toolType: 1
11-08 09:47:37.465 7449-7449/? D/ViewRootImpl: ViewPostImeInputStage processPointer 0
11-08 09:47:37.465 7449-7449/? D/jisu: mMiniKeyboardOnScreen=false, pointerCount=1, action=0, eventTime88395211, index=0, id=0
11-08 09:47:37.465 7449-7733/? D/SamsungIME: vib call
11-08 09:47:37.465 7449-7733/? V/Vibrator: Called vibrate(int, int, AudioAttributes, MagnitudeTypes) API - PUID: 10138, repeat: -1, PackageName: com.sec.android.inputmethod, MagnitudeType: TouchMagnitude
11-08 09:47:37.465 7449-7733/? V/Vibrator: vibrate - PUID: 10138, PackageName: com.sec.android.inputmethod, type: 50025, repeat: -1, mag: 6000, AudioAttr : null
11-08 09:47:37.475 3403-4280/? V/VibratorService: vibratePatternMagnitude - package: com.sec.android.inputmethod, repeat: -1, token: android.os.BinderProxy@48f1691, mag: 6000
11-08 09:47:37.475 3403-4280/? D/VibratorService: Turning vibrator off
11-08 09:47:37.475 3403-30008/? D/VibratorService: vibratorOn() : 7ms, magnitude :6000
11-08 09:47:37.475 7449-7449/? E/SamsungIME: - onDraw() called
11-08 09:47:37.495 7449-7449/? D/jisu: mMiniKeyboardOnScreen=false, pointerCount=1, action=2, eventTime88395230, index=0, id=0
11-08 09:47:37.505 7449-7449/? D/jisu: mMiniKeyboardOnScreen=false, pointerCount=1, action=2, eventTime88395247, index=0, id=0
11-08 09:47:37.525 7449-7449/? D/jisu: mMiniKeyboardOnScreen=false, pointerCount=1, action=2, eventTime88395264, index=0, id=0
11-08 09:47:37.535 3403-3827/? D/InputReader: Input event(4): value=0 when=88395285761000
11-08 09:47:37.535 3403-3827/? D/InputReader: Input event(4): value=0 when=88395285761000
11-08 09:47:37.535 3403-3827/? I/InputReader: Touch event's action is 0x1 (deviceType=0) [pCnt=1, s=] when=88395285761000
11-08 09:47:37.535 3403-3826/? I/InputDispatcher: Delivering touch to (7449): action: 0x1, toolType: 1
11-08 09:47:37.535 7449-7449/? D/jisu: mMiniKeyboardOnScreen=false, pointerCount=1, action=2, eventTime88395276, index=0, id=0
11-08 09:47:37.535 7449-7449/? D/ViewRootImpl: ViewPostImeInputStage processPointer 1
11-08 09:47:37.535 7449-7449/? D/jisu: mMiniKeyboardOnScreen=false, pointerCount=1, action=1, eventTime88395285, index=0, id=0
11-08 09:47:37.535 7449-7449/? I/SamsungIME: [AKV] detectAndSendKey - index : 20, mCurrentInputMethod : 0, mInputLanguage : 1701726018
11-08 09:47:37.535 7449-7449/? E/SamsungIME: SwiftkeyWrapper-inputKey
11-08 09:47:37.545 7449-7449/? E/SamsungIME: updateSuggestionDelay
11-08 09:47:37.555 7449-7449/? E/SamsungIME: - onDraw() called
11-08 09:47:37.555 29726-29726/acr.browser.barebones W/DisplayListCanvas: DisplayListCanvas is started on unbinded RenderNode (without mOwningView)
11-08 09:47:37.565 7449-7449/? D/SamsungIME: [SIIC] getCursorCapsMode without ic done
11-08 09:47:37.645 3403-3827/? D/InputReader: Input event(4): value=1 when=88395395024000
11-08 09:47:37.645 3403-3827/? D/InputReader: Input event(4): value=1 when=88395395024000
11-08 09:47:37.645 3403-3827/? I/InputReader: Touch event's action is 0x0 (deviceType=0) [pCnt=1, s=0.4751 ] when=88395395024000
11-08 09:47:37.645 3403-3827/? D/InputReader: lastThreadEndTime = 88395286009120, currentThreadStartTime = 88395286011274, diff = 0
11-08 09:47:37.645 3403-3826/? I/InputDispatcher: Delivering touch to (3945): action: 0x4, toolType: 1
11-08 09:47:37.645 3403-3826/? I/InputDispatcher: Delivering touch to (7449): action: 0x0, toolType: 1
11-08 09:47:37.645 7449-7449/? D/ViewRootImpl: ViewPostImeInputStage processPointer 0
11-08 09:47:37.645 7449-7449/? D/jisu: mMiniKeyboardOnScreen=false, pointerCount=1, action=0, eventTime88395395, index=0, id=0
11-08 09:47:37.655 7449-7733/? D/SamsungIME: vib call
11-08 09:47:37.655 7449-7733/? V/Vibrator: Called vibrate(int, int, AudioAttributes, MagnitudeTypes) API - PUID: 10138, repeat: -1, PackageName: com.sec.android.inputmethod, MagnitudeType: TouchMagnitude
11-08 09:47:37.655 7449-7733/? V/Vibrator: vibrate - PUID: 10138, PackageName: com.sec.android.inputmethod, type: 50025, repeat: -1, mag: 6000, AudioAttr : null
11-08 09:47:37.655 3403-4419/? V/VibratorService: vibratePatternMagnitude - package: com.sec.android.inputmethod, repeat: -1, token: android.os.BinderProxy@48f1691, mag: 6000
11-08 09:47:37.655 3403-4419/? D/VibratorService: Turning vibrator off
11-08 09:47:37.655 3403-30009/? D/VibratorService: vibratorOn() : 7ms, magnitude :6000
11-08 09:47:37.665 7449-7449/? E/SamsungIME: - onDraw() called
11-08 09:47:37.685 7449-7449/? D/jisu: mMiniKeyboardOnScreen=false, pointerCount=1, action=2, eventTime88395415, index=0, id=0
11-08 09:47:37.695 7449-7449/? D/jisu: mMiniKeyboardOnScreen=false, pointerCount=1, action=2, eventTime88395432, index=0, id=0
11-08 09:47:37.715 3403-3827/? D/InputReader: Input event(4): value=0 when=88395461530000
11-08 09:47:37.715 3403-3827/? D/InputReader: Input event(4): value=0 when=88395461530000
11-08 09:47:37.715 3403-3827/? I/InputReader: Touch event's action is 0x1 (deviceType=0) [pCnt=1, s=] when=88395461530000
11-08 09:47:37.715 3403-3826/? I/InputDispatcher: Delivering touch to (7449): action: 0x1, toolType: 1
11-08 09:47:37.715 7449-7449/? D/jisu: mMiniKeyboardOnScreen=false, pointerCount=1, action=2, eventTime88395452, index=0, id=0
11-08 09:47:37.715 7449-7449/? D/ViewRootImpl: ViewPostImeInputStage processPointer 1
11-08 09:47:37.715 7449-7449/? D/jisu: mMiniKeyboardOnScreen=false, pointerCount=1, action=1, eventTime88395461, index=0, id=0
11-08 09:47:37.715 7449-7449/? I/SamsungIME: [AKV] detectAndSendKey - index : 21, mCurrentInputMethod : 0, mInputLanguage : 1701726018
11-08 09:47:37.715 7449-7449/? E/SamsungIME: SwiftkeyWrapper-inputKey
11-08 09:47:37.715 7449-7449/? E/SamsungIME: updateSuggestionDelay
11-08 09:47:37.725 7449-7449/? E/SamsungIME: - onDraw() called
11-08 09:47:37.725 29726-29726/acr.browser.barebones W/DisplayListCanvas: DisplayListCanvas is started on unbinded RenderNode (without mOwningView)
11-08 09:47:37.735 7449-7449/? D/SamsungIME: [SIIC] getCursorCapsMode without ic done
11-08 09:47:38.105 7449-7449/? D/SamsungIME: Skip dismiss ExpandCandidate. it will be post-invalidated later
11-08 09:47:38.105 7449-7449/? D/SamsungIME_UnifiedIME: AbstractCandidateLayout, getView position value is get view 0
11-08 09:47:38.115 7449-7449/? D/SamsungIME: < REMOVE TEST > isNextWordPredictionSymbol 1: true
11-08 09:47:38.115 7449-7449/? D/SamsungIME_UnifiedIME: AbstractCandidateLayout, getView position value is get view 1
11-08 09:47:38.115 7449-7449/? D/SamsungIME_UnifiedIME: AbstractCandidateLayout, getView position value is get view 2
11-08 09:47:38.115 7449-7449/? D/SamsungIME: < REMOVE TEST > isNextWordPredictionSymbol 1: true
11-08 09:47:38.155 3945-4114/? D/NetworkController.MobileSignalController(0/2147483643): onSignalStrengthsChanged signalStrength=SignalStrength: 13 99 -13 -200 -13 -200 -1 99 2147483647 2147483647 2147483647 2147483647 2147483647 0x4 gsm|lte level=4
11-08 09:47:38.155 3945-4114/? D/NetworkController.MobileSignalController(0/2147483643): getMobileIconGroup(): 0
11-08 09:47:38.195 3403-3827/? D/InputReader: Input event(4): value=1 when=88395941831000
11-08 09:47:38.195 3403-3827/? D/InputReader: Input event(4): value=1 when=88395941831000
11-08 09:47:38.195 3403-3827/? I/InputReader: Touch event's action is 0x0 (deviceType=0) [pCnt=1, s=0.4752 ] when=88395941831000
11-08 09:47:38.195 3403-3827/? D/InputReader: lastThreadEndTime = 88395461765120, currentThreadStartTime = 88395461767120, diff = 0
11-08 09:47:38.195 3403-3826/? I/InputDispatcher: Delivering touch to (3945): action: 0x4, toolType: 1
11-08 09:47:38.195 3403-3826/? I/InputDispatcher: Delivering touch to (7449): action: 0x0, toolType: 1
11-08 09:47:38.195 7449-7449/? D/ViewRootImpl: ViewPostImeInputStage processPointer 0
11-08 09:47:38.195 7449-7449/? D/jisu: mMiniKeyboardOnScreen=false, pointerCount=1, action=0, eventTime88395941, index=0, id=0
11-08 09:47:38.195 7449-7449/? D/SamsungIME: [AbstractSwiftkeyManager-getMostLikelyCharacter]
11-08 09:47:38.205 7449-7733/? D/SamsungIME: vib call
11-08 09:47:38.205 7449-7733/? V/Vibrator: Called vibrate(int, int, AudioAttributes, MagnitudeTypes) API - PUID: 10138, repeat: -1, PackageName: com.sec.android.inputmethod, MagnitudeType: TouchMagnitude
11-08 09:47:38.205 7449-7733/? V/Vibrator: vibrate - PUID: 10138, PackageName: com.sec.android.inputmethod, type: 50025, repeat: -1, mag: 6000, AudioAttr : null
11-08 09:47:38.205 3403-4317/? V/VibratorService: vibratePatternMagnitude - package: com.sec.android.inputmethod, repeat: -1, token: android.os.BinderProxy@48f1691, mag: 6000
11-08 09:47:38.205 3403-4317/? D/VibratorService: Turning vibrator off
11-08 09:47:38.205 3403-30010/? D/VibratorService: vibratorOn() : 7ms, magnitude :6000
11-08 09:47:38.215 7449-7449/? D/jisu: mMiniKeyboardOnScreen=false, pointerCount=1, action=2, eventTime88395952, index=0, id=0
11-08 09:47:38.215 7449-7449/? E/SamsungIME: - onDraw() called
11-08 09:47:38.225 7449-7449/? D/jisu: mMiniKeyboardOnScreen=false, pointerCount=1, action=2, eventTime88395968, index=0, id=0
11-08 09:47:38.245 7449-7449/? D/jisu: mMiniKeyboardOnScreen=false, pointerCount=1, action=2, eventTime88395979, index=0, id=0
11-08 09:47:38.255 3403-3827/? D/InputReader: Input event(4): value=0 when=88396008197000
11-08 09:47:38.255 3403-3827/? D/InputReader: Input event(4): value=0 when=88396008197000
11-08 09:47:38.255 3403-3827/? I/InputReader: Touch event's action is 0x1 (deviceType=0) [pCnt=1, s=] when=88396008197000
11-08 09:47:38.255 3403-3826/? I/InputDispatcher: Delivering touch to (7449): action: 0x1, toolType: 1
11-08 09:47:38.255 7449-7449/? D/ViewRootImpl: ViewPostImeInputStage processPointer 1
11-08 09:47:38.255 7449-7449/? D/jisu: mMiniKeyboardOnScreen=false, pointerCount=1, action=1, eventTime88396008, index=0, id=0
11-08 09:47:38.265 7449-7449/? I/SamsungIME: [AKV] detectAndSendKey - index : 27, mCurrentInputMethod : 0, mInputLanguage : 1701726018
11-08 09:47:38.265 7449-7449/? E/SamsungIME: SwiftkeyWrapper-inputKey
11-08 09:47:38.265 7449-7449/? E/SamsungIME: updateSuggestionDelay
11-08 09:47:38.275 7449-7449/? E/SamsungIME: - onDraw() called
11-08 09:47:38.275 29726-29726/acr.browser.barebones W/DisplayListCanvas: DisplayListCanvas is started on unbinded RenderNode (without mOwningView)
11-08 09:47:38.285 7449-7449/? D/SamsungIME: [SIIC] getCursorCapsMode without ic done
11-08 09:47:38.585 3403-3827/? D/InputReader: Input event(4): value=1 when=88396337620000
11-08 09:47:38.585 3403-3827/? D/InputReader: Input event(4): value=1 when=88396337620000
11-08 09:47:38.585 3403-3827/? I/InputReader: Touch event's action is 0x0 (deviceType=0) [pCnt=1, s=0.4753 ] when=88396337620000
11-08 09:47:38.585 3403-3827/? D/InputReader: lastThreadEndTime = 88396008511620, currentThreadStartTime = 88396008516043, diff = 0
11-08 09:47:38.585 3403-3826/? I/InputDispatcher: Delivering touch to (3945): action: 0x4, toolType: 1
11-08 09:47:38.585 3403-3826/? I/InputDispatcher: Delivering touch to (7449): action: 0x0, toolType: 1
11-08 09:47:38.595 7449-7449/? D/ViewRootImpl: ViewPostImeInputStage processPointer 0
11-08 09:47:38.595 7449-7449/? D/jisu: mMiniKeyboardOnScreen=false, pointerCount=1, action=0, eventTime88396337, index=0, id=0
11-08 09:47:38.595 7449-7733/? D/SamsungIME: vib call
11-08 09:47:38.595 7449-7733/? V/Vibrator: Called vibrate(int, int, AudioAttributes, MagnitudeTypes) API - PUID: 10138, repeat: -1, PackageName: com.sec.android.inputmethod, MagnitudeType: TouchMagnitude
11-08 09:47:38.595 7449-7733/? V/Vibrator: vibrate - PUID: 10138, PackageName: com.sec.android.inputmethod, type: 50025, repeat: -1, mag: 6000, AudioAttr : null
11-08 09:47:38.595 3403-4420/? V/VibratorService: vibratePatternMagnitude - package: com.sec.android.inputmethod, repeat: -1, token: android.os.BinderProxy@48f1691, mag: 6000
11-08 09:47:38.595 3403-4420/? D/VibratorService: Turning vibrator off
11-08 09:47:38.605 3403-30011/? D/VibratorService: vibratorOn() : 7ms, magnitude :6000
11-08 09:47:38.605 7449-7449/? E/SamsungIME: - onDraw() called
11-08 09:47:38.615 7449-7449/? D/jisu: mMiniKeyboardOnScreen=false, pointerCount=1, action=2, eventTime88396354, index=0, id=0
11-08 09:47:38.625 7449-7449/? D/SamsungIME: Skip dismiss ExpandCandidate. it will be post-invalidated later
11-08 09:47:38.625 7449-7449/? D/SamsungIME_UnifiedIME: AbstractCandidateLayout, getView position value is get view 0
11-08 09:47:38.635 7449-7449/? D/SamsungIME_UnifiedIME: AbstractCandidateLayout, getView position value is get view 1
11-08 09:47:38.635 7449-7449/? D/SamsungIME: < REMOVE TEST > isNextWordPredictionSymbol 1: true
11-08 09:47:38.635 7449-7449/? D/SamsungIME_UnifiedIME: AbstractCandidateLayout, getView position value is get view 2
11-08 09:47:38.635 7449-7449/? D/SamsungIME: < REMOVE TEST > isNextWordPredictionSymbol 1: true
11-08 09:47:38.645 7449-7449/? D/jisu: mMiniKeyboardOnScreen=false, pointerCount=1, action=2, eventTime88396387, index=0, id=0
11-08 09:47:38.655 3403-3827/? D/InputReader: Input event(4): value=0 when=88396404152000
11-08 09:47:38.655 3403-3827/? D/InputReader: Input event(4): value=0 when=88396404152000
11-08 09:47:38.655 3403-3827/? I/InputReader: Touch event's action is 0x1 (deviceType=0) [pCnt=1, s=] when=88396404152000
11-08 09:47:38.655 3403-3826/? I/InputDispatcher: Delivering touch to (7449): action: 0x1, toolType: 1
11-08 09:47:38.655 7449-7449/? D/ViewRootImpl: ViewPostImeInputStage processPointer 1
11-08 09:47:38.655 7449-7449/? D/jisu: mMiniKeyboardOnScreen=false, pointerCount=1, action=1, eventTime88396404, index=0, id=0
11-08 09:47:38.655 7449-7449/? I/SamsungIME: [AKV] detectAndSendKey - index : 43, mCurrentInputMethod : 0, mInputLanguage : 1701726018
11-08 09:47:38.665 29726-29726/acr.browser.barebones W/DisplayListCanvas: DisplayListCanvas is started on unbinded RenderNode (without mOwningView)
11-08 09:47:38.665 7449-7449/? E/SamsungIME: - onDraw() called
11-08 09:47:38.675 29726-29726/acr.browser.barebones W/DisplayListCanvas: DisplayListCanvas is started on unbinded RenderNode (without mOwningView)
11-08 09:47:38.695 7449-7449/? D/SamsungIME: SwiftkeyWrapper-checkCurrentSequence : use IC
11-08 09:47:38.785 7449-7449/? D/SamsungIME: Skip dismiss ExpandCandidate. it will be post-invalidated later
11-08 09:47:38.795 7449-7449/? D/SamsungIME_UnifiedIME: AbstractCandidateLayout, getView position value is get view 0
11-08 09:47:38.825 3403-3827/? D/InputReader: Input event(4): value=1 when=88396571593000
11-08 09:47:38.825 3403-3827/? D/InputReader: Input event(4): value=1 when=88396571593000
11-08 09:47:38.825 3403-3827/? I/InputReader: Touch event's action is 0x0 (deviceType=0) [pCnt=1, s=0.4754 ] when=88396571593000
11-08 09:47:38.825 3403-3827/? D/InputReader: lastThreadEndTime = 88396404753697, currentThreadStartTime = 88396404758773, diff = 0
11-08 09:47:38.825 3403-3826/? I/InputDispatcher: Delivering touch to (3945): action: 0x4, toolType: 1
11-08 09:47:38.825 3403-3826/? I/InputDispatcher: Delivering touch to (7449): action: 0x0, toolType: 1
11-08 09:47:38.825 3403-3826/? D/PowerManagerService: [api] userActivityFromNative : 680 (event: 2 flags: 0) eventTime = 88396571
11-08 09:47:38.825 7449-7449/? D/ViewRootImpl: ViewPostImeInputStage processPointer 0
11-08 09:47:38.825 7449-7449/? D/jisu: mMiniKeyboardOnScreen=false, pointerCount=1, action=0, eventTime88396571, index=0, id=0
11-08 09:47:38.825 7449-7733/? D/SamsungIME: vib call
11-08 09:47:38.825 7449-7733/? V/Vibrator: Called vibrate(int, int, AudioAttributes, MagnitudeTypes) API - PUID: 10138, repeat: -1, PackageName: com.sec.android.inputmethod, MagnitudeType: TouchMagnitude
11-08 09:47:38.825 7449-7733/? V/Vibrator: vibrate - PUID: 10138, PackageName: com.sec.android.inputmethod, type: 50025, repeat: -1, mag: 6000, AudioAttr : null
11-08 09:47:38.825 3403-4811/? V/VibratorService: vibratePatternMagnitude - package: com.sec.android.inputmethod, repeat: -1, token: android.os.BinderProxy@48f1691, mag: 6000
11-08 09:47:38.825 3403-4811/? D/VibratorService: Turning vibrator off
11-08 09:47:38.825 3403-30012/? D/VibratorService: vibratorOn() : 7ms, magnitude :6000
11-08 09:47:38.835 7449-7449/? E/SamsungIME: - onDraw() called
