11-08 09:47:38.845 7449-7449/? D/jisu: mMiniKeyboardOnScreen=false, pointerCount=1, action=2, eventTime88396589, index=0, id=0
11-08 09:47:38.865 7449-7449/? D/jisu: mMiniKeyboardOnScreen=false, pointerCount=1, action=2, eventTime88396605, index=0, id=0
11-08 09:47:38.865 3403-3827/? D/InputReader: Input event(4): value=0 when=88396613965000
11-08 09:47:38.865 3403-3827/? D/InputReader: Input event(4): value=0 when=88396613965000
11-08 09:47:38.865 3403-3827/? I/InputReader: Touch event's action is 0x1 (deviceType=0) [pCnt=1, s=] when=88396613965000
11-08 09:47:38.865 3403-3826/? I/InputDispatcher: Delivering touch to (7449): action: 0x1, toolType: 1
11-08 09:47:38.865 7449-7449/? D/ViewRootImpl: ViewPostImeInputStage processPointer 1
11-08 09:47:38.865 7449-7449/? D/jisu: mMiniKeyboardOnScreen=false, pointerCount=1, action=1, eventTime88396613, index=0, id=0
11-08 09:47:38.865 7449-7449/? I/SamsungIME: [AKV] detectAndSendKey - index : 44, mCurrentInputMethod : 0, mInputLanguage : 1701726018
11-08 09:47:38.875 7449-7449/? D/SamsungIME: disable handwriting input icon : handwriting is not enabled or improper edit field
11-08 09:47:38.875 3403-3437/? E/BoostFramework: Exception java.lang.NullPointerException: Attempt to invoke virtual method 'java.lang.Object java.lang.reflect.Method.invoke(java.lang.Object, java.lang.Object[])' on a null object reference
11-08 09:47:38.875 29726-29726/acr.browser.barebones D/AdblockWebView: Stop abp loading
11-08 09:47:38.875 29726-29726/acr.browser.barebones D/AdblockWebView: Stop prevent drawing, invalidating
11-08 09:47:38.875 29726-29726/acr.browser.barebones D/AdblockWebView: Clearing referrers
11-08 09:47:38.875 7449-7449/? D/SamsungIME: disable handwriting input icon : handwriting is not enabled or improper edit field
11-08 09:47:38.875 3403-3403/? D/LightsService: [api] [SvcLED] turnOff:: id = 6 (uid: 1000 pid: 3403)
11-08 09:47:38.875 3403-3403/? D/EdgeLight: Turning off
11-08 09:47:38.875 3403-3403/? D/LightsService: [SvcLED] setSvcLedStateLocked:: SvcLEDState : 0x0 -> 0x0 | SvcLED(id=6) set Off
11-08 09:47:38.875 3403-3555/? D/LightsService: [SvcLED] handleForcedSvcLEDTask()
11-08 09:47:38.875 3403-3555/? D/LightsService: [SvcLED] setSvcLedLightLocked :: Current SvcLED(id=5) maintains its priority right
11-08 09:47:38.875 3403-3403/? D/MARsPolicyManager: NotificationListenerService OngoingNotificationRemoved : android
11-08 09:47:38.885 7449-7449/? E/KeyboardInfoUtils: getInstance start
11-08 09:47:38.885 7449-7449/? E/KeyboardInfoUtils: sendSIPInformation state:6 isAbstractKeyboardView : true
11-08 09:47:38.885 7449-7449/? E/KeyboardInfoUtils: sending null keyboardInfo as SIP is closed
11-08 09:47:38.885 7449-7449/? D/SamsungIME: onWindowHidden
11-08 09:47:38.885 7449-7449/? D/SamsungIME: notifyWindowStateChanged Window Hidden. AutoText consider to shutdown
11-08 09:47:38.885 3403-3403/? D/InputMethodManagerService: [HARDWARE_KEYBOARD] (refreshImeWindowVis) mImeWindowVis= 0 inputVisible = falsehaveHardKeyboard = false hardKeyShown = false
11-08 09:47:38.885 3945-3945/? D/NotificationStackScrollLayout: scroll range should be extended : 1600
11-08 09:47:38.895 3945-3945/? D/PhoneStatusBar: removeNotification key=-1|android|17040375|InputMethodManagerService_Noti|1000 old=StatusBarNotification(pkg=android user=UserHandle{-1} id=17040375 tag=InputMethodManagerService_Noti score=-20 key=-1|android|17040375|InputMethodManagerService_Noti|1000: Notification(pri=-2 contentView=android/0x10900a3 vibrate=null sound=null defaults=0x0 flags=0x1002 color=0x00000000 category=sys vis=PRIVATE secFlags=0x0 secPriority=0))
11-08 09:47:38.895 3945-3945/? D/PhoneStatusBar: setAreThereNotifications: N=2 any=true clearable=false
11-08 09:47:38.895 3945-3945/? D/NotificationStackScrollLayout: scroll range should be extended : 1600
11-08 09:47:38.895 3003-3014/? D/libEGL: eglTerminate EGLDisplay = 0x7f897fee78
11-08 09:47:38.895 3003-3014/? D/libEGL: eglTerminate EGLDisplay = 0x7f897fee78
11-08 09:47:38.905 3003-3012/? D/libEGL: eglTerminate EGLDisplay = 0x7f89a80e78
11-08 09:47:38.905 3003-3012/? D/libEGL: eglTerminate EGLDisplay = 0x7f89a80e78
11-08 09:47:38.905 29726-29726/acr.browser.barebones D/ViewRootImpl: #3 mView = null
11-08 09:47:38.925 29726-29726/acr.browser.barebones W/DisplayListCanvas: DisplayListCanvas is started on unbinded RenderNode (without mOwningView)
11-08 09:47:38.925 29726-29726/acr.browser.barebones D/AdblockWebView: Loading progress=10%
11-08 09:47:38.925 29726-29726/acr.browser.barebones D/ViewRootImpl: MSG_RESIZED: ci=Rect(0, 96 - 0, 0) vi=Rect(0, 96 - 0, 0) or=1
11-08 09:47:38.925 29726-29726/acr.browser.barebones W/IInputConnectionWrapper: getTextBeforeCursor on inactive InputConnection
11-08 09:47:38.935 7449-7449/? D/SamsungIME: SwiftkeyWrapper-checkCurrentSequence : use IC
11-08 09:47:38.935 29726-29757/acr.browser.barebones W/AdblockWebView: No referrer header for http://www.ask.com/
11-08 09:47:38.935 29726-29757/acr.browser.barebones W/AdblockWebView: http://www.ask.com/ is main frame, allow loading
11-08 09:47:38.935 3149-3635/? D/EnterpriseController: netId is 0
11-08 09:47:38.935 3149-3635/? D/Netd: getNetworkForDns: using netid 502 for uid 10252
11-08 09:47:38.975 29726-29726/acr.browser.barebones W/DisplayListCanvas: DisplayListCanvas is started on unbinded RenderNode (without mOwningView)
11-08 09:47:38.985 29726-29726/acr.browser.barebones D/AdblockWebView: Start loading http://www.ask.com/
11-08 09:47:38.985 29726-29726/acr.browser.barebones D/AdblockWebView: Extracted domain www.ask.com from http://www.ask.com/
11-08 09:47:38.985 29726-30017/acr.browser.barebones D/AdblockWebView: Listed subscriptions: 2
11-08 09:47:38.985 29726-30017/acr.browser.barebones D/AdblockWebView: Subscribed to [Subscription] url=https://easylist-downloads.adblockplus.org/easylist.txt title=EasyList fixedTitle=true homepage=https://easylist.adblockplus.org/ lastDownload=1478594073 downloadStatus=synchronize_ok lastSuccess=1478594073 lastCheck=1478594432 expires=1479285273 softExpiration=1478972137 version=201611080830 requiredVersion=2.0 downloadCount=1
11-08 09:47:38.985 29726-30017/acr.browser.barebones D/AdblockWebView: Subscribed to [Subscription] url=https://easylist-downloads.adblockplus.org/exceptionrules.txt title=Allow non-intrusive advertising fixedTitle=true homepage=https://acceptableads.org/ lastDownload=1478594096 downloadStatus=synchronize_ok lastSuccess=1478594096 lastCheck=1478594432 expires=1478766896 softExpiration=1478664814 version=201611080831 requiredVersion=2.0 downloadCount=1
11-08 09:47:38.985 29726-30017/acr.browser.barebones D/AdblockWebView: Requesting elemhide selectors from AdblockEngine for http://www.ask.com/ in Thread[Thread-1027,5,main]
11-08 09:47:38.985 29726-29726/acr.browser.barebones D/BrowserActivity: Notify Tab Changed: 0
11-08 09:47:38.985 29726-29726/acr.browser.barebones W/IInputConnectionWrapper: getSelectedText on inactive InputConnection
11-08 09:47:39.005 29726-29726/acr.browser.barebones W/DisplayListCanvas: DisplayListCanvas is started on unbinded RenderNode (without mOwningView)
11-08 09:47:39.015 29726-29726/acr.browser.barebones W/IInputConnectionWrapper: getTextAfterCursor on inactive InputConnection
11-08 09:47:39.025 29726-30017/acr.browser.barebones D/AdblockWebView: Finished requesting elemhide selectors, got 0 in Thread[Thread-1027,5,main]
11-08 09:47:39.025 29726-30017/acr.browser.barebones D/AdblockWebView: Setting elemhide string 2 bytes
11-08 09:47:39.025 29726-30017/acr.browser.barebones W/AdblockWebView: elemHideThread set to null
11-08 09:47:39.035 29726-29726/acr.browser.barebones W/IInputConnectionWrapper: getExtractedText on inactive InputConnection
11-08 09:47:39.085 29726-29726/acr.browser.barebones D/AdblockWebView: Loading progress=10%
11-08 09:47:39.085 29726-29726/acr.browser.barebones D/AdblockWebView: Injecting script
11-08 09:47:39.085 29726-29726/acr.browser.barebones D/AdblockWebView: runScript started
11-08 09:47:39.085 29726-29726/acr.browser.barebones D/AdblockWebView: runScript finished
11-08 09:47:39.085 29726-29726/acr.browser.barebones W/AdblockWebView: Start prevent drawing
11-08 09:47:39.085 29726-29726/acr.browser.barebones W/IInputConnectionWrapper: beginBatchEdit on inactive InputConnection
11-08 09:47:39.085 29726-29726/acr.browser.barebones W/IInputConnectionWrapper: endBatchEdit on inactive InputConnection
11-08 09:47:39.085 29726-29726/acr.browser.barebones W/IInputConnectionWrapper: getExtractedText on inactive InputConnection
11-08 09:47:39.095 7449-7449/? E/SamsungIME: resetNeedToLoadHwrLibrary : 0
11-08 09:47:39.095 7449-7449/? D/SamsungIME: IMPL finishInput
11-08 09:47:39.095 29726-29726/acr.browser.barebones W/DisplayListCanvas: DisplayListCanvas is started on unbinded RenderNode (without mOwningView)
11-08 09:47:39.105 7449-7449/? D/SamsungIME: SwiftKeyWrapper writeDBdataToFileOnFinishInput
11-08 09:47:39.105 7449-7449/? D/SamsungIME: saveAndClear +
11-08 09:47:39.105 7449-7449/? D/SamsungIME: saveAndClear -
11-08 09:47:39.135 7449-7449/? E/SamsungIME: resetNeedToLoadHwrLibrary : 0
11-08 09:47:39.165 7449-7449/? D/SamsungIME: SwiftkeyWrapper-checkCurrentSequence : use IC
11-08 09:47:39.165 7449-30019/? D/SamsungIME: mDirtyDynamicModel - mSwiftKeyUtilSession.writeDynamicModel()
11-08 09:47:39.185 3003-4520/? I/SurfaceFlinger: id=1516 Removed QopupWindow (4/11)
11-08 09:47:39.185 3003-4417/? I/SurfaceFlinger: id=1516 Removed QopupWindow (-2/11)
11-08 09:47:39.195 3003-3003/? D/libEGL: eglTerminate EGLDisplay = 0x7fc20bb568
11-08 09:47:39.255 3003-3064/? I/SurfaceFlinger: id=1517 Removed JnputMethod (4/10)
11-08 09:47:39.255 3003-3014/? I/SurfaceFlinger: id=1517 Removed JnputMethod (-2/10)
11-08 09:47:39.255 29726-29726/acr.browser.barebones D/AdblockWebView: Stop abp loading
11-08 09:47:39.255 29726-29726/acr.browser.barebones D/AdblockWebView: Stop prevent drawing, invalidating
11-08 09:47:39.255 29726-29726/acr.browser.barebones D/AdblockWebView: Clearing referrers
11-08 09:47:39.255 29726-29726/acr.browser.barebones D/AdblockWebView: Start loading http://de.ask.com/?o=312&l=dir&ad=dirN
11-08 09:47:39.255 29726-29726/acr.browser.barebones D/AdblockWebView: Extracted domain de.ask.com from http://de.ask.com/?o=312&l=dir&ad=dirN
11-08 09:47:39.255 29726-30020/acr.browser.barebones D/AdblockWebView: Listed subscriptions: 2
11-08 09:47:39.255 29726-30020/acr.browser.barebones D/AdblockWebView: Subscribed to [Subscription] url=https://easylist-downloads.adblockplus.org/easylist.txt title=EasyList fixedTitle=true homepage=https://easylist.adblockplus.org/ lastDownload=1478594073 downloadStatus=synchronize_ok lastSuccess=1478594073 lastCheck=1478594432 expires=1479285273 softExpiration=1478972137 version=201611080830 requiredVersion=2.0 downloadCount=1
11-08 09:47:39.255 29726-30020/acr.browser.barebones D/AdblockWebView: Subscribed to [Subscription] url=https://easylist-downloads.adblockplus.org/exceptionrules.txt title=Allow non-intrusive advertising fixedTitle=true homepage=https://acceptableads.org/ lastDownload=1478594096 downloadStatus=synchronize_ok lastSuccess=1478594096 lastCheck=1478594432 expires=1478766896 softExpiration=1478664814 version=201611080831 requiredVersion=2.0 downloadCount=1
11-08 09:47:39.255 29726-30020/acr.browser.barebones D/AdblockWebView: Requesting elemhide selectors from AdblockEngine for http://de.ask.com/?o=312&l=dir&ad=dirN in Thread[Thread-1028,5,main]
11-08 09:47:39.255 29726-29726/acr.browser.barebones D/BrowserActivity: Notify Tab Changed: 0
11-08 09:47:39.265 29726-30020/acr.browser.barebones D/AdblockWebView: Finished requesting elemhide selectors, got 0 in Thread[Thread-1028,5,main]
11-08 09:47:39.265 29726-30020/acr.browser.barebones D/AdblockWebView: Setting elemhide string 2 bytes
11-08 09:47:39.265 29726-30020/acr.browser.barebones W/AdblockWebView: elemHideThread set to null
11-08 09:47:39.265 3003-3003/? D/libEGL: eglTerminate EGLDisplay = 0x7fc20bb568
11-08 09:47:39.265 3403-4419/? D/PackageManager: findPreferredActivity: No PreferredActivities set
11-08 09:47:39.265 3403-4419/? I/PackageManager: No preferred activity: intent should not be shown
11-08 09:47:39.285 29726-29726/acr.browser.barebones W/DisplayListCanvas: DisplayListCanvas is started on unbinded RenderNode (without mOwningView)
11-08 09:47:39.455 29726-29726/acr.browser.barebones D/AdblockWebView: Loading progress=20%
11-08 09:47:39.455 29726-29726/acr.browser.barebones D/AdblockWebView: Injecting script
11-08 09:47:39.455 29726-29726/acr.browser.barebones D/AdblockWebView: runScript started
11-08 09:47:39.465 29726-29726/acr.browser.barebones D/AdblockWebView: runScript finished
11-08 09:47:39.465 29726-29726/acr.browser.barebones W/AdblockWebView: Start prevent drawing
11-08 09:47:39.475 29726-29726/acr.browser.barebones W/DisplayListCanvas: DisplayListCanvas is started on unbinded RenderNode (without mOwningView)
11-08 09:47:39.485 29726-29726/acr.browser.barebones W/cr_BindingManager: Cannot call determinedVisibility() - never saw a connection for the pid: 29726
11-08 09:47:39.485 29726-29875/acr.browser.barebones D/AdblockWebView: addDomListener=false
11-08 09:47:39.495 29726-29757/acr.browser.barebones D/AdblockWebView: Header referrer for http://de.ask.com/s/0-0-14/site-search-sites-askint-home-page-mobile.css is http://de.ask.com/?o=312&l=dir&ad=dirN
11-08 09:47:39.505 29726-29726/acr.browser.barebones D/BrowserActivity: Notify Tab Changed: 0
11-08 09:47:39.515 3945-4114/? D/NetworkController.MobileSignalController(0/2147483643): onSignalStrengthsChanged signalStrength=SignalStrength: 12 99 -12 -200 -12 -200 -1 99 2147483647 2147483647 2147483647 2147483647 2147483647 0x4 gsm|lte level=4
11-08 09:47:39.515 3945-4114/? D/NetworkController.MobileSignalController(0/2147483643): getMobileIconGroup(): 0
11-08 09:47:39.515 29726-29757/acr.browser.barebones D/AdblockWebView: Allowed loading http://de.ask.com/s/0-0-14/site-search-sites-askint-home-page-mobile.css
11-08 09:47:39.515 29726-29757/acr.browser.barebones D/AdblockWebView: Header referrer for http://de.ask.com/s/0-0-14/askint-home-page.min.js is http://de.ask.com/?o=312&l=dir&ad=dirN
11-08 09:47:39.525 29726-29757/acr.browser.barebones D/AdblockWebView: Allowed loading http://de.ask.com/s/0-0-14/askint-home-page.min.js
11-08 09:47:39.525 29726-29757/acr.browser.barebones D/AdblockWebView: Header referrer for http://de.ask.com/s/0-0-14/unified-api.min.js is http://de.ask.com/?o=312&l=dir&ad=dirN
11-08 09:47:39.525 29726-29757/acr.browser.barebones D/AdblockWebView: Allowed loading http://de.ask.com/s/0-0-14/unified-api.min.js
11-08 09:47:39.605 29726-29726/acr.browser.barebones D/AdblockWebView: Loading progress=70%
11-08 09:47:39.625 29726-29726/acr.browser.barebones W/DisplayListCanvas: DisplayListCanvas is started on unbinded RenderNode (without mOwningView)
11-08 09:47:39.685 29726-29757/acr.browser.barebones D/AdblockWebView: Header referrer for http://www.googletagmanager.com/gtm.js?id=GTM-T3KVMC&l=dataLayer is http://de.ask.com/?o=312&l=dir&ad=dirN
11-08 09:47:39.685 29726-29757/acr.browser.barebones D/AdblockWebView: Allowed loading http://www.googletagmanager.com/gtm.js?id=GTM-T3KVMC&l=dataLayer
11-08 09:47:39.695 29726-29726/acr.browser.barebones D/AdblockWebView: JS: level=LOG, message="onreadystatechange() event fired (interactive)", sourceId="", line=44
11-08 09:47:39.695 29726-29726/acr.browser.barebones I/chromium: [INFO:CONSOLE(44)] "onreadystatechange() event fired (interactive)", source: (44)
11-08 09:47:39.695 29726-29875/acr.browser.barebones D/AdblockWebView: Waiting for elemhide selectors to be ready
11-08 09:47:39.695 29726-29875/acr.browser.barebones D/AdblockWebView: Elemhide selectors ready, 2 bytes
11-08 09:47:39.695 29726-29875/acr.browser.barebones D/AdblockWebView: Clearing referrers
11-08 09:47:39.695 29726-29726/acr.browser.barebones D/AdblockWebView: JS: level=LOG, message="starting injecting css rules", sourceId="", line=13
11-08 09:47:39.695 29726-29726/acr.browser.barebones I/chromium: [INFO:CONSOLE(13)] "starting injecting css rules", source: (13)
11-08 09:47:39.705 29726-29875/acr.browser.barebones D/AdblockWebView: Scheduled 'allow drawing' invocation in 200 ms
11-08 09:47:39.715 29726-29726/acr.browser.barebones D/AdblockWebView: JS: level=LOG, message="parsed selectors: 0", sourceId="", line=15
11-08 09:47:39.715 29726-29726/acr.browser.barebones I/chromium: [INFO:CONSOLE(15)] "parsed selectors: 0", source: (15)
11-08 09:47:39.715 29726-29726/acr.browser.barebones D/AdblockWebView: JS: level=LOG, message="finished injecting css rules", sourceId="", line=31
11-08 09:47:39.715 29726-29726/acr.browser.barebones I/chromium: [INFO:CONSOLE(31)] "finished injecting css rules", source: (31)
11-08 09:47:39.715 29726-29726/acr.browser.barebones D/AdblockWebView: JS: level=LOG, message="DOMContentLoaded() event fired", sourceId="", line=61
11-08 09:47:39.715 29726-29726/acr.browser.barebones I/chromium: [INFO:CONSOLE(61)] "DOMContentLoaded() event fired", source: (61)
11-08 09:47:39.715 29726-29726/acr.browser.barebones D/AdblockWebView: JS: level=LOG, message="already hidden, exiting", sourceId="", line=7
11-08 09:47:39.715 29726-29726/acr.browser.barebones I/chromium: [INFO:CONSOLE(7)] "already hidden, exiting", source: (7)
11-08 09:47:39.715 29726-29757/acr.browser.barebones D/AdblockWebView: Header referrer for http://de.ask.com/s/0-0-14/site-search-sites-askint-home-page-mobile-sprite.png is http://de.ask.com/s/0-0-14/site-search-sites-askint-home-page-mobile.css
11-08 09:47:39.725 29726-29757/acr.browser.barebones D/AdblockWebView: Allowed loading http://de.ask.com/s/0-0-14/site-search-sites-askint-home-page-mobile-sprite.png
11-08 09:47:39.755 29726-29757/acr.browser.barebones D/AdblockWebView: Header referrer for http://de.ask.com/log/browser/event is http://de.ask.com/?o=312&l=dir&ad=dirN
11-08 09:47:39.755 29726-29757/acr.browser.barebones D/AdblockWebView: Allowed loading http://de.ask.com/log/browser/event
11-08 09:47:39.825 29726-29726/acr.browser.barebones W/AdblockWebView: Prevent drawing
11-08 09:47:39.845 29726-29726/acr.browser.barebones W/AdblockWebView: Prevent drawing
11-08 09:47:39.855 29726-29726/acr.browser.barebones W/AdblockWebView: Prevent drawing
11-08 09:47:39.875 29726-29726/acr.browser.barebones W/AdblockWebView: Prevent drawing
11-08 09:47:39.875 29726-29757/acr.browser.barebones D/AdblockWebView: Header referrer for http://www.google-analytics.com/analytics.js is http://de.ask.com/?o=312&l=dir&ad=dirN
11-08 09:47:39.875 29726-29757/acr.browser.barebones D/AdblockWebView: Allowed loading http://www.google-analytics.com/analytics.js
11-08 09:47:39.905 29726-29726/acr.browser.barebones W/AdblockWebView: Prevent drawing
11-08 09:47:39.915 29726-29726/acr.browser.barebones W/AdblockWebView: Prevent drawing
11-08 09:47:39.915 29726-29726/acr.browser.barebones D/AdblockWebView: Stop prevent drawing, invalidating
11-08 09:47:39.965 29726-29757/acr.browser.barebones D/AdblockWebView: Header referrer for http://www.google-analytics.com/collect?v=1&_v=j47&a=1323118522&t=pageview&_s=1&dl=http%3A%2F%2Fde.ask.com%2F%3Fo%3D312%26l%3Ddir%26ad%3DdirN&dp=%2F%3Fo%3D312%26l%3Ddir%26ad%3DdirN&ul=en-gb&de=UTF-8&dt=Ask.com%20-%20Was%20ist%20deine%20Frage%3F&sd=32-bit&sr=360x640&vp=360x558&je=0&_u=QCEAgEAB~&jid=684530284&cid=278852550.1478594110&tid=UA-64870122-5>m=GTM-T3KVMC&cd2=1478594859863.snnyw1g87mabs6n8qia4i&cd3=2016-11-08T09%3A47%3A39.863%2B01%3A00&cd4=312&cd5=9&cd9=home&cd10=&cd11=583919062&cd12=1&cd14=dirN&cd15=&z=450864843 is http://de.ask.com/?o=312&l=dir&ad=dirN
11-08 09:47:39.975 29726-29757/acr.browser.barebones D/AdblockWebView: Allowed loading http://www.google-analytics.com/collect?v=1&_v=j47&a=1323118522&t=pageview&_s=1&dl=http%3A%2F%2Fde.ask.com%2F%3Fo%3D312%26l%3Ddir%26ad%3DdirN&dp=%2F%3Fo%3D312%26l%3Ddir%26ad%3DdirN&ul=en-gb&de=UTF-8&dt=Ask.com%20-%20Was%20ist%20deine%20Frage%3F&sd=32-bit&sr=360x640&vp=360x558&je=0&_u=QCEAgEAB~&jid=684530284&cid=278852550.1478594110&tid=UA-64870122-5>m=GTM-T3KVMC&cd2=1478594859863.snnyw1g87mabs6n8qia4i&cd3=2016-11-08T09%3A47%3A39.863%2B01%3A00&cd4=312&cd5=9&cd9=home&cd10=&cd11=583919062&cd12=1&cd14=dirN&cd15=&z=450864843
11-08 09:47:39.975 29726-29757/acr.browser.barebones D/AdblockWebView: Header referrer for https://stats.g.doubleclick.net/r/collect?t=dc&aip=1&_r=3&v=1&_v=j47&tid=UA-64870122-5&cid=278852550.1478594110&jid=684530284&_u=QCEAgEAB~&z=108159075 is http://de.ask.com/?o=312&l=dir&ad=dirN
11-08 09:47:39.995 29726-29757/acr.browser.barebones D/AdblockWebView: Allowed loading https://stats.g.doubleclick.net/r/collect?t=dc&aip=1&_r=3&v=1&_v=j47&tid=UA-64870122-5&cid=278852550.1478594110&jid=684530284&_u=QCEAgEAB~&z=108159075
11-08 09:47:39.995 3149-3635/? D/EnterpriseController: netId is 0
11-08 09:47:39.995 3149-3635/? D/Netd: getNetworkForDns: using netid 502 for uid 10252
11-08 09:47:40.205 29726-29726/acr.browser.barebones D/AdblockWebView: JS: level=LOG, message="onreadystatechange() event fired (complete)", sourceId="", line=44
11-08 09:47:40.205 29726-29726/acr.browser.barebones I/chromium: [INFO:CONSOLE(44)] "onreadystatechange() event fired (complete)", source: (44)
11-08 09:47:40.205 29726-29726/acr.browser.barebones D/AdblockWebView: JS: level=LOG, message="load() event fired", sourceId="", line=54
11-08 09:47:40.205 29726-29726/acr.browser.barebones I/chromium: [INFO:CONSOLE(54)] "load() event fired", source: (54)
11-08 09:47:40.205 29726-29726/acr.browser.barebones D/AdblockWebView: JS: level=LOG, message="already hidden, exiting", sourceId="", line=7
11-08 09:47:40.205 29726-29726/acr.browser.barebones I/chromium: [INFO:CONSOLE(7)] "already hidden, exiting", source: (7)
11-08 09:47:40.285 29726-29757/acr.browser.barebones D/AdblockWebView: Header referrer for http://www.google-analytics.com/r/collect?v=1&_v=j47&a=1323118522&t=event&ni=1&_s=1&dl=http%3A%2F%2Fde.ask.com%2F%3Fo%3D312%26l%3Ddir%26ad%3DdirN&ul=en-gb&de=UTF-8&dt=Ask.com%20-%20Was%20ist%20deine%20Frage%3F&sd=32-bit&sr=360x640&vp=360x558&je=0&ec=undefined&ea=undefined&_u=SDEAAEABI~&jid=1659996438&cid=278852550.1478594110&tid=UA-64870122-5&_r=1>m=GTM-T3KVMC&cd1=278852550.1478594110&z=615602750 is http://de.ask.com/?o=312&l=dir&ad=dirN
11-08 09:47:40.285 29726-29726/acr.browser.barebones D/AdblockWebView: Loading progress=100%
11-08 09:47:40.295 29726-29726/acr.browser.barebones D/AdblockWebView: Loading progress=100%
11-08 09:47:40.295 29726-29726/acr.browser.barebones D/BrowserActivity: Notify Tab Changed: 0
11-08 09:47:40.295 29726-29757/acr.browser.barebones D/AdblockWebView: Allowed loading http://www.google-analytics.com/r/collect?v=1&_v=j47&a=1323118522&t=event&ni=1&_s=1&dl=http%3A%2F%2Fde.ask.com%2F%3Fo%3D312%26l%3Ddir%26ad%3DdirN&ul=en-gb&de=UTF-8&dt=Ask.com%20-%20Was%20ist%20deine%20Frage%3F&sd=32-bit&sr=360x640&vp=360x558&je=0&ec=undefined&ea=undefined&_u=SDEAAEABI~&jid=1659996438&cid=278852550.1478594110&tid=UA-64870122-5&_r=1>m=GTM-T3KVMC&cd1=278852550.1478594110&z=615602750
11-08 09:47:40.305 29726-29757/acr.browser.barebones D/AdblockWebView: Header referrer for http://de.ask.com/log/browser/event is http://de.ask.com/?o=312&l=dir&ad=dirN
11-08 09:47:40.305 29726-29757/acr.browser.barebones D/AdblockWebView: Allowed loading http://de.ask.com/log/browser/event
11-08 09:47:40.305 29726-29757/acr.browser.barebones D/AdblockWebView: Header referrer for http://de.ask.com/favicon.ico is http://de.ask.com/?o=312&l=dir&ad=dirN
11-08 09:47:40.315 29726-29757/acr.browser.barebones D/AdblockWebView: Allowed loading http://de.ask.com/favicon.ico
11-08 09:47:40.315 29726-29726/acr.browser.barebones W/DisplayListCanvas: DisplayListCanvas is started on unbinded RenderNode (without mOwningView)
11-08 09:47:40.315 29726-29726/acr.browser.barebones D/BrowserActivity: Notify Tab Changed: 0
11-08 09:47:40.325 29726-29806/acr.browser.barebones D/Lightning: Caching icon for de.ask.com
11-08 09:47:41.155 3403-4120/? E/Watchdog: !@Sync 2946 [11-08 09:47:41.166]
11-08 09:47:41.845 3403-3827/? D/InputReader: Input event(4): value=1 when=88399590734000
11-08 09:47:41.845 3403-3827/? D/InputReader: Input event(4): value=1 when=88399590734000
11-08 09:47:41.845 3403-3827/? I/InputReader: Touch event's action is 0x0 (deviceType=0) [pCnt=1, s=0.4755 ] when=88399590734000
11-08 09:47:41.845 3403-3827/? D/InputReader: lastThreadEndTime = 88398909674964, currentThreadStartTime = 88398909686272, diff = 0
11-08 09:47:41.845 3403-3826/? I/InputDispatcher: Delivering touch to (3945): action: 0x4, toolType: 1
11-08 09:47:41.845 3403-3826/? I/InputDispatcher: Delivering touch to (29726): action: 0x0, toolType: 1
11-08 09:47:41.845 29726-29726/acr.browser.barebones D/ViewRootImpl: ViewPostImeInputStage processPointer 0
11-08 09:47:41.905 3403-3827/? D/InputReader: Input event(4): value=0 when=88399655553000
11-08 09:47:41.905 3403-3827/? D/InputReader: Input event(4): value=0 when=88399655553000
11-08 09:47:41.905 3403-3827/? I/InputReader: Touch event's action is 0x1 (deviceType=0) [pCnt=1, s=] when=88399655553000
11-08 09:47:41.905 3403-3826/? I/InputDispatcher: Delivering touch to (29726): action: 0x1, toolType: 1
11-08 09:47:41.905 29726-29726/acr.browser.barebones D/ViewRootImpl: ViewPostImeInputStage processPointer 1
11-08 09:47:41.935 7449-7449/? E/SamsungIME: resetNeedToLoadHwrLibrary : 0
11-08 09:47:41.945 3403-4419/? D/CustomFrequencyManagerService: acquireDVFSLockLocked : type : DVFS_MIN_LIMIT frequency : 1976000 uid : 1000 pid : 3403 pkgName : com.sec.android.inputmethod@1
11-08 09:47:41.945 7449-7449/? D/SamsungIME: onStartInputView requsted restarting value = false
11-08 09:47:41.945 7449-7449/? D/SamsungIME: onStartInputView After call super - restarting value = false
11-08 09:47:41.955 7449-7449/? D/SamsungIME: disable handwriting input icon : handwriting is not enabled or improper edit field
11-08 09:47:41.955 7449-7449/? D/SamsungIME: [startInputView] info.inputType = 573601 info.imeOptions = 301989890
11-08 09:47:41.955 7449-7449/? I/SamsungIME: Update SetupWizard State usc : 1 pss : false
11-08 09:47:41.955 3403-3437/? D/SettingsProvider: isChangeAllowed() : name = onehand_direction
11-08 09:47:41.955 3403-3437/? D/SettingsProvider: edmUri: content://com.sec.knox.provider/RestrictionPolicy3
11-08 09:47:41.955 3403-3437/? D/SettingsProvider: projectionArgs: isSettingsChangesAllowed
11-08 09:47:41.955 3403-3437/? D/SecContentProvider: query(), uri = 17 selection = isSettingsChangesAllowed
11-08 09:47:41.955 3403-3437/? D/SettingsProvider: selectionArgs: false
11-08 09:47:41.955 3403-3437/? D/SettingsProvider: selectionArgs: 10138
11-08 09:47:41.955 3403-3437/? D/SettingsProvider: ret = -1
11-08 09:47:41.955 7449-7449/? D/SamsungIME: checkDynamicTouchRecognizedPrefValue mIsStaticTouchAreaPrefValue = false
11-08 09:47:41.955 7449-7449/? I/SamsungIME: Update SetupWizard State usc : 1 pss : false
11-08 09:47:41.955 7449-7449/? E/SamsungIME: lang.getLanguageCode():en, lang.getCountryCode():GB
11-08 09:47:41.955 7449-7449/? W/SamsungIME: makeSelectedLanguageList:en_GB;
11-08 09:47:41.955 7449-7449/? I/SamsungIME: [IMI] isChangedMainValues - bRetVal : true
11-08 09:47:41.955 7449-7449/? D/SamsungIME: [AbstractKeyboardView] onDetachedFromWindow.
11-08 09:47:41.955 7449-7449/? D/SamsungIME: Magnification Enabled = false
11-08 09:47:41.955 7449-30022/? E/SamsungIME: sendInputLanguage() : en_GB, en_GB;
11-08 09:47:41.955 7449-7449/? D/SamsungIME: Dismiss ExpandCandiate
11-08 09:47:41.955 3403-4050/? D/SecContentProvider: query(), uri = 17 selection = isSettingsChangesAllowed
11-08 09:47:41.955 3403-4050/? D/SettingsProvider: isChangeAllowed() : name = sip_input_language
11-08 09:47:41.955 7449-7449/? E/SamsungIME: lang.getLanguageCode():en, lang.getCountryCode():GB
11-08 09:47:41.955 3403-4050/? D/SettingsProvider: edmUri: content://com.sec.knox.provider/RestrictionPolicy3
11-08 09:47:41.955 7449-7449/? W/SamsungIME: makeSelectedLanguageList:en_GB;
11-08 09:47:41.955 3403-4050/? D/SettingsProvider: projectionArgs: isSettingsChangesAllowed
11-08 09:47:41.955 3403-4050/? D/SettingsProvider: selectionArgs: false
11-08 09:47:41.955 3403-4050/? D/SettingsProvider: selectionArgs: 10138
11-08 09:47:41.955 3403-4050/? D/SettingsProvider: ret = -1
11-08 09:47:41.955 7449-30023/? E/SamsungIME: sendInputLanguage() : en_GB, en_GB;
11-08 09:47:41.955 3403-4317/? D/SettingsProvider: isChangeAllowed() : name = handwriting_language_list
11-08 09:47:41.955 7449-7449/? D/SamsungIME: Dismiss ExpandCandiate
11-08 09:47:41.955 3403-4317/? D/SettingsProvider: edmUri: content://com.sec.knox.provider/RestrictionPolicy3
11-08 09:47:41.955 3403-4317/? D/SecContentProvider: query(), uri = 17 selection = isSettingsChangesAllowed
11-08 09:47:41.955 3403-4317/? D/SettingsProvider: projectionArgs: isSettingsChangesAllowed
11-08 09:47:41.955 7449-7449/? D/SamsungIME: loadLanguageModels force = false
11-08 09:47:41.955 3403-4317/? D/SettingsProvider: selectionArgs: false
11-08 09:47:41.955 3403-4317/? D/SettingsProvider: selectionArgs: 10138
11-08 09:47:41.955 3403-4317/? D/SettingsProvider: ret = -1
11-08 09:47:41.955 7449-7449/? W/System.err: mkdir failed: EEXIST (File exists) : /data/user/0/com.sec.android.inputmethod/app_SwiftKey/user
11-08 09:47:41.955 3403-4305/? D/SettingsProvider: isChangeAllowed() : name = sip_input_language
11-08 09:47:41.955 3403-4305/? D/SecContentProvider: query(), uri = 17 selection = isSettingsChangesAllowed
11-08 09:47:41.955 3403-4305/? D/SettingsProvider: edmUri: content://com.sec.knox.provider/RestrictionPolicy3
11-08 09:47:41.955 3403-4305/? D/SettingsProvider: projectionArgs: isSettingsChangesAllowed
11-08 09:47:41.955 3403-4305/? D/SettingsProvider: selectionArgs: false
11-08 09:47:41.955 3403-4305/? D/SettingsProvider: selectionArgs: 10138
11-08 09:47:41.965 3403-4305/? D/SettingsProvider: ret = -1
11-08 09:47:41.965 3403-4280/? D/SettingsProvider: isChangeAllowed() : name = handwriting_language_list
11-08 09:47:41.965 3403-4280/? D/SecContentProvider: query(), uri = 17 selection = isSettingsChangesAllowed
11-08 09:47:41.965 3403-4280/? D/SettingsProvider: edmUri: content://com.sec.knox.provider/RestrictionPolicy3
11-08 09:47:41.965 3403-4280/? D/SettingsProvider: projectionArgs: isSettingsChangesAllowed
11-08 09:47:41.965 3403-4280/? D/SettingsProvider: selectionArgs: false
11-08 09:47:41.965 3403-4280/? D/SettingsProvider: selectionArgs: 10138
11-08 09:47:41.965 3403-4280/? D/SettingsProvider: ret = -1
11-08 09:47:41.965 7449-7449/? D/SamsungIME: [loadLanguageModels] isChangePersonalizedData = false
11-08 09:47:41.965 7449-7449/? D/SamsungIME: [loadLanguageModels] loadLanguageforcely = false
11-08 09:47:41.965 7449-7449/? D/SamsungIME: Dismiss ExpandCandiate
11-08 09:47:41.965 7449-7449/? D/SamsungIME: loadLanguageModels force = false
11-08 09:47:41.965 7449-7449/? W/System.err: mkdir failed: EEXIST (File exists) : /data/user/0/com.sec.android.inputmethod/app_SwiftKey/user
11-08 09:47:41.965 7449-7449/? D/SamsungIME: [loadLanguageModels] isChangePersonalizedData = false
11-08 09:47:41.965 7449-7449/? D/SamsungIME: [loadLanguageModels] loadLanguageforcely = false
11-08 09:47:41.965 7449-7449/? I/SamsungIME: getCurrentKeyboard
11-08 09:47:41.965 7449-7449/? I/SamsungIME: getTextKeyboard
11-08 09:47:41.965 7449-7449/? I/SamsungIME: CarMode is off
11-08 09:47:41.965 7449-7449/? D/SamsungIME: mDisplayWidth is 1440
11-08 09:47:41.965 7449-7449/? D/SamsungIME: mDisplayHeight is 2560
11-08 09:47:41.965 7449-7449/? D/SamsungIME: isOrientationLandscape false
11-08 09:47:41.965 7449-7449/? D/SamsungIME: mDisplayWidth is 1440
11-08 09:47:41.965 7449-7449/? D/SamsungIME: mDisplayHeight is 2560
11-08 09:47:41.965 7449-7449/? D/SamsungIME: isOrientationLandscape false
11-08 09:47:41.975 7449-7449/? D/SamsungIME: mIsUseStaticTouchRecognizedArea = false
11-08 09:47:41.975 7449-7449/? D/SamsungIME: [SwiftkeyWrapper] currentLangauge : 1701726018
11-08 09:47:41.975 7449-7449/? D/SamsungIME: Skip dismiss ExpandCandidate. it will be post-invalidated later
11-08 09:47:41.975 7449-7449/? D/SamsungIME: startInputViewContinue : true true
11-08 09:47:41.975 7449-7449/? D/SamsungIME: [showDiscoverability] this is auto replacement discoverity popup
11-08 09:47:41.975 7449-7449/? D/SamsungIME: conditions for show dialog : true true true false
11-08 09:47:41.975 7449-7449/? D/SamsungIME: showDlgMsgBox : true true true
11-08 09:47:41.975 7449-7449/? D/SamsungIME: showDlgMsgBox inner condition : true true
11-08 09:47:41.975 7449-7449/? I/SamsungIME: [IMI] startInputView - caller pid : 29726, caller uid : 10252
11-08 09:47:41.975 7449-30026/? D/InputMethodFrameWorkUtils: InputMethodSubtype is found as local:en_GB
11-08 09:47:41.975 7449-30026/? D/InputMethodFrameWorkUtils: InputMethodSubtype is set as local:en_GB
11-08 09:47:41.975 3403-4811/? D/ApplicationPolicy: isStatusBarNotificationAllowedAsUser: packageName = android,userId = -1
11-08 09:47:41.975 7449-7449/? D/SamsungIME: onWindowShown
11-08 09:47:41.975 3403-4050/? D/ApplicationPolicy: isStatusBarNotificationAllowedAsUser: packageName = android,userId = -1
11-08 09:47:41.975 7449-7449/? E/KeyboardInfoUtils: getInstance start
11-08 09:47:41.975 3403-3403/? D/InputMethodManagerService: [HARDWARE_KEYBOARD] (refreshImeWindowVis) mImeWindowVis= 3 inputVisible = truehaveHardKeyboard = false hardKeyShown = false
11-08 09:47:41.975 7449-7449/? E/KeyboardInfoUtils: sendSIPInformation state:6 isAbstractKeyboardView : true
11-08 09:47:41.975 7449-7449/? E/KeyboardInfoUtils: sending null keyboardInfo as SIP is closed
11-08 09:47:41.985 7449-7449/? D/SamsungIME: IMPL finishInput
11-08 09:47:41.985 7449-7449/? D/SamsungIME: SwiftKeyWrapper writeDBdataToFileOnFinishInput
11-08 09:47:41.985 7449-7449/? D/SamsungIME: saveAndClear +
11-08 09:47:41.985 7449-7449/? D/SamsungIME: saveAndClear -
11-08 09:47:41.985 7449-7449/? D/SamsungIME: onStartInputView requsted restarting value = false
11-08 09:47:41.985 7449-7449/? D/SamsungIME: onStartInputView After call super - restarting value = false
11-08 09:47:41.985 3403-3403/? D/MARsPolicyManager: NotificationListenerService OngoingNotificationPosted : android
11-08 09:47:41.985 3403-3403/? D/MARsPolicyManager: NotificationListenerService OngoingNotificationPosted : android
11-08 09:47:41.985 7449-7449/? E/SamsungIME: resetNeedToLoadHwrLibrary : 0
11-08 09:47:41.985 7449-7449/? D/SamsungIME: disable handwriting input icon : handwriting is not enabled or improper edit field
11-08 09:47:41.985 7449-7449/? D/SamsungIME: [startInputView] info.inputType = 573601 info.imeOptions = 301989890
11-08 09:47:41.985 7449-7449/? I/SamsungIME: Update SetupWizard State usc : 1 pss : false
11-08 09:47:41.985 3403-4216/? D/SettingsProvider: isChangeAllowed() : name = onehand_direction
11-08 09:47:41.985 3403-4216/? D/SecContentProvider: query(), uri = 17 selection = isSettingsChangesAllowed
11-08 09:47:41.985 3403-4216/? D/SettingsProvider: edmUri: content://com.sec.knox.provider/RestrictionPolicy3
11-08 09:47:41.985 3403-4216/? D/SettingsProvider: projectionArgs: isSettingsChangesAllowed
11-08 09:47:41.985 3403-4216/? D/SettingsProvider: selectionArgs: false
11-08 09:47:41.985 3403-4216/? D/SettingsProvider: selectionArgs: 10138
11-08 09:47:41.985 3403-4216/? D/SettingsProvider: ret = -1
11-08 09:47:41.985 7449-7449/? D/SamsungIME: checkDynamicTouchRecognizedPrefValue mIsStaticTouchAreaPrefValue = false
11-08 09:47:41.985 7449-7449/? I/SamsungIME: Update SetupWizard State usc : 1 pss : false
11-08 09:47:41.985 7449-7449/? E/SamsungIME: lang.getLanguageCode():en, lang.getCountryCode():GB
11-08 09:47:41.985 7449-7449/? W/SamsungIME: makeSelectedLanguageList:en_GB;
11-08 09:47:41.985 7449-7449/? I/SamsungIME: [IMI] isChangedMainValues - bRetVal : true
11-08 09:47:41.985 7449-7449/? D/SamsungIME: [AbstractKeyboardView] onDetachedFromWindow.
11-08 09:47:41.985 7449-7449/? D/SamsungIME: Magnification Enabled = false
11-08 09:47:41.985 7449-30028/? E/SamsungIME: sendInputLanguage() : en_GB, en_GB;
11-08 09:47:41.985 7449-7449/? D/SamsungIME: Dismiss ExpandCandiate
11-08 09:47:41.985 3403-3437/? D/SettingsProvider: isChangeAllowed() : name = sip_input_language
11-08 09:47:41.985 7449-7449/? E/SamsungIME: lang.getLanguageCode():en, lang.getCountryCode():GB
11-08 09:47:41.985 3403-3437/? D/SettingsProvider: edmUri: content://com.sec.knox.provider/RestrictionPolicy3
11-08 09:47:41.985 7449-7449/? W/SamsungIME: makeSelectedLanguageList:en_GB;
11-08 09:47:41.985 3403-3437/? D/SettingsProvider: projectionArgs: isSettingsChangesAllowed
11-08 09:47:41.985 3403-3437/? D/SecContentProvider: query(), uri = 17 selection = isSettingsChangesAllowed
11-08 09:47:41.985 3403-3437/? D/SettingsProvider: selectionArgs: false
11-08 09:47:41.985 3403-3437/? D/SettingsProvider: selectionArgs: 10138
11-08 09:47:41.995 7449-30029/? E/SamsungIME: sendInputLanguage() : en_GB, en_GB;
11-08 09:47:41.995 3403-4319/? D/SecContentProvider: query(), uri = 17 selection = isSettingsChangesAllowed
11-08 09:47:41.995 3403-3437/? D/SettingsProvider: ret = -1
11-08 09:47:41.995 7449-7449/? D/SamsungIME: Dismiss ExpandCandiate
11-08 09:47:41.995 3403-4319/? D/SettingsProvider: isChangeAllowed() : name = sip_input_language
11-08 09:47:41.995 3403-3969/? D/SecContentProvider: query(), uri = 17 selection = isSettingsChangesAllowed
11-08 09:47:41.995 3403-4319/? D/SettingsProvider: edmUri: content://com.sec.knox.provider/RestrictionPolicy3
11-08 09:47:41.995 7449-7449/? D/SamsungIME: loadLanguageModels force = false
11-08 09:47:41.995 3403-4319/? D/SettingsProvider: projectionArgs: isSettingsChangesAllowed
11-08 09:47:41.995 7449-7449/? W/System.err: mkdir failed: EEXIST (File exists) : /data/user/0/com.sec.android.inputmethod/app_SwiftKey/user
11-08 09:47:41.995 3403-4319/? D/SettingsProvider: selectionArgs: false
11-08 09:47:41.995 3403-4050/? D/SecContentProvider: query(), uri = 17 selection = isSettingsChangesAllowed
11-08 09:47:41.995 3403-4319/? D/SettingsProvider: selectionArgs: 10138
11-08 09:47:41.995 3403-3969/? D/SettingsProvider: isChangeAllowed() : name = handwriting_language_list
11-08 09:47:41.995 3403-3969/? D/SettingsProvider: edmUri: content://com.sec.knox.provider/RestrictionPolicy3
11-08 09:47:41.995 3403-3969/? D/SettingsProvider: projectionArgs: isSettingsChangesAllowed
11-08 09:47:41.995 3403-3969/? D/SettingsProvider: selectionArgs: false
11-08 09:47:41.995 3403-3969/? D/SettingsProvider: selectionArgs: 10138
11-08 09:47:41.995 3403-4319/? D/SettingsProvider: ret = -1
11-08 09:47:41.995 3403-4050/? D/SettingsProvider: isChangeAllowed() : name = handwriting_language_list
11-08 09:47:41.995 3403-4050/? D/SettingsProvider: edmUri: content://com.sec.knox.provider/RestrictionPolicy3
11-08 09:47:41.995 3403-4050/? D/SettingsProvider: projectionArgs: isSettingsChangesAllowed
11-08 09:47:41.995 3403-4050/? D/SettingsProvider: selectionArgs: false
11-08 09:47:41.995 3403-4050/? D/SettingsProvider: selectionArgs: 10138
11-08 09:47:41.995 3403-3969/? D/SettingsProvider: ret = -1
11-08 09:47:41.995 7449-7449/? D/SamsungIME: [loadLanguageModels] isChangePersonalizedData = false
11-08 09:47:41.995 3403-4050/? D/SettingsProvider: ret = -1
11-08 09:47:41.995 7449-7449/? D/SamsungIME: [loadLanguageModels] loadLanguageforcely = false
11-08 09:47:41.995 7449-7449/? D/SamsungIME: Dismiss ExpandCandiate
11-08 09:47:41.995 7449-7449/? D/SamsungIME: loadLanguageModels force = false
11-08 09:47:41.995 7449-7449/? W/System.err: mkdir failed: EEXIST (File exists) : /data/user/0/com.sec.android.inputmethod/app_SwiftKey/user
11-08 09:47:41.995 7449-7449/? D/SamsungIME: [loadLanguageModels] isChangePersonalizedData = false
11-08 09:47:41.995 7449-7449/? D/SamsungIME: [loadLanguageModels] loadLanguageforcely = false
11-08 09:47:41.995 7449-7449/? I/SamsungIME: getCurrentKeyboard
11-08 09:47:41.995 7449-7449/? I/SamsungIME: getTextKeyboard
11-08 09:47:41.995 3945-3945/? D/KnoxNotification: ----- inflateViews : modified publicViewLocal -----
11-08 09:47:41.995 7449-7449/? I/SamsungIME: CarMode is off
11-08 09:47:41.995 7449-7449/? D/SamsungIME: mDisplayWidth is 1440
11-08 09:47:41.995 7449-7449/? D/SamsungIME: mDisplayHeight is 2560
11-08 09:47:41.995 7449-7449/? D/SamsungIME: isOrientationLandscape false
11-08 09:47:41.995 7449-7449/? D/SamsungIME: mDisplayWidth is 1440
11-08 09:47:41.995 7449-7449/? D/SamsungIME: mDisplayHeight is 2560
11-08 09:47:41.995 7449-7449/? D/SamsungIME: isOrientationLandscape false
11-08 09:47:42.005 7449-7449/? D/SamsungIME: mIsUseStaticTouchRecognizedArea = false
11-08 09:47:42.005 3945-3945/? D/KnoxNotification: ----- inflateViews : modified KnoxViewLocal -----
11-08 09:47:42.005 7449-7449/? D/SamsungIME: [SwiftkeyWrapper] currentLangauge : 1701726018
11-08 09:47:42.005 7449-7449/? D/SamsungIME: Skip dismiss ExpandCandidate. it will be post-invalidated later
11-08 09:47:42.005 7449-7449/? D/SamsungIME: startInputViewContinue : true true
11-08 09:47:42.005 3945-3945/? D/NotificationStackScrollLayout: scroll range should be extended : 1600
11-08 09:47:42.005 7449-7449/? D/SamsungIME: [showDiscoverability] this is auto replacement discoverity popup
11-08 09:47:42.005 3945-3945/? D/NotificationStackScrollLayout: scroll range should be extended : 1600
11-08 09:47:42.005 7449-7449/? D/SamsungIME: conditions for show dialog : true false true false
11-08 09:47:42.005 7449-7449/? D/SamsungIME: showDlgMsgBox : true true true
11-08 09:47:42.005 7449-7449/? D/SamsungIME: showDlgMsgBox inner condition : true true
11-08 09:47:42.005 7449-7449/? I/SamsungIME: [IMI] startInputView - caller pid : 29726, caller uid : 10252
11-08 09:47:42.005 3945-3945/? D/PhoneStatusBar: setAreThereNotifications: N=3 any=true clearable=false
11-08 09:47:42.005 7449-30032/? D/InputMethodFrameWorkUtils: InputMethodSubtype is found as local:en_GB
11-08 09:47:42.005 7449-30032/? D/InputMethodFrameWorkUtils: InputMethodSubtype is set as local:en_GB
11-08 09:47:42.005 3945-3945/? D/PhoneStatusBar: setAreThereNotifications: N=3 any=true clearable=false
11-08 09:47:42.005 3403-3403/? D/InputMethodManagerService: [HARDWARE_KEYBOARD] (refreshImeWindowVis) mImeWindowVis= 3 inputVisible = truehaveHardKeyboard = false hardKeyShown = false
11-08 09:47:42.015 3403-4419/? D/ApplicationPolicy: isStatusBarNotificationAllowedAsUser: packageName = android,userId = -1
11-08 09:47:42.015 3403-3403/? D/MARsPolicyManager: NotificationListenerService OngoingNotificationPosted : android
11-08 09:47:42.015 3003-3003/? I/SurfaceFlinger: id=1518 createSurf (1440x1384),1 flag=4, JnputMethod
11-08 09:47:42.015 7449-13620/? D/mali_winsys: EGLint new_window_surface(egl_winsys_display*, void*, EGLSurface, EGLConfig, egl_winsys_surface**, egl_color_buffer_format*, EGLBoolean) returns 0x3000, [1440x1384]-format:1
11-08 09:47:42.015 3945-3945/? D/NotificationStackScrollLayout: scroll range should be extended : 1600
11-08 09:47:42.015 3945-3945/? D/NotificationStackScrollLayout: scroll range should be extended : 1600
11-08 09:47:42.015 3945-3945/? D/NotificationStackScrollLayout: scroll range should be extended : 1600
11-08 09:47:42.025 3945-3945/? D/PhoneStatusBar: setAreThereNotifications: N=3 any=true clearable=false
11-08 09:47:42.025 7449-7449/? D/SamsungIME: Skip dismiss ExpandCandidate. it will be post-invalidated later
11-08 09:47:42.025 7449-7449/? D/SamsungIME: Skip dismiss ExpandCandidate. it will be post-invalidated later
11-08 09:47:42.035 3945-3945/? D/NotificationStackScrollLayout: scroll range should be extended : 1600
11-08 09:47:42.035 7449-7449/? D/SamsungIME_UnifiedIME: AbstractCandidateLayout, getView position value is get view 0
11-08 09:47:42.035 7449-7449/? D/SamsungIME: < REMOVE TEST > isNextWordPredictionSymbol 1: true
11-08 09:47:42.035 7449-7449/? D/SamsungIME_UnifiedIME: AbstractCandidateLayout, getView position value is get view 1
11-08 09:47:42.035 7449-7449/? D/SamsungIME: < REMOVE TEST > isNextWordPredictionSymbol 1: true
11-08 09:47:42.035 7449-7449/? D/SamsungIME_UnifiedIME: AbstractCandidateLayout, getView position value is get view 2
11-08 09:47:42.035 7449-7449/? D/SamsungIME: < REMOVE TEST > isNextWordPredictionSymbol 1: true
11-08 09:47:42.035 7449-7449/? E/SamsungIME: - onDraw() called
11-08 09:47:42.035 7449-7449/? I/SamsungIME: drawAllKey
11-08 09:47:42.055 7449-7449/? D/SamsungIME: disable handwriting input icon : handwriting is not enabled or improper edit field
11-08 09:47:42.055 7449-7449/? D/SamsungIME: disable handwriting input icon : handwriting is not enabled or improper edit field
11-08 09:47:42.055 7449-7449/? D/SamsungIME: disable handwriting input icon : handwriting is not enabled or improper edit field
11-08 09:47:42.055 7449-7449/? D/SamsungIME: disable handwriting input icon : handwriting is not enabled or improper edit field
11-08 09:47:42.065 3403-4420/? V/WindowStateAnimator: Finishing drawing window Window{3c032c9 u0 d0 InputMethod}: mDrawState=DRAW_PENDING
11-08 09:47:42.065 7449-7449/? E/SamsungIME: - onDraw() called
11-08 09:47:42.065 29726-29726/acr.browser.barebones D/ViewRootImpl: MSG_RESIZED: ci=Rect(0, 96 - 0, 1128) vi=Rect(0, 96 - 0, 1128) or=1
11-08 09:47:42.085 3003-3003/? D/libEGL: eglInitialize EGLDisplay = 0x7fc20bb448
11-08 09:47:42.085 29726-29726/acr.browser.barebones W/DisplayListCanvas: DisplayListCanvas is started on unbinded RenderNode (without mOwningView)
11-08 09:47:42.095 3003-3003/? D/libEGL: eglInitialize EGLDisplay = 0x7fc20bb448
11-08 09:47:42.205 7449-7449/? D/SamsungIME: SwiftkeyWrapper-checkCurrentSequence : use IC
11-08 09:47:42.205 7449-7449/? D/SamsungIME: Skip dismiss ExpandCandidate. it will be post-invalidated later
11-08 09:47:42.215 7449-7449/? D/SamsungIME_UnifiedIME: AbstractCandidateLayout, getView position value is get view 0
11-08 09:47:42.215 7449-7449/? D/SamsungIME: < REMOVE TEST > isNextWordPredictionSymbol 1: true
11-08 09:47:42.215 7449-7449/? D/SamsungIME_UnifiedIME: AbstractCandidateLayout, getView position value is get view 1
11-08 09:47:42.215 7449-7449/? D/SamsungIME: < REMOVE TEST > isNextWordPredictionSymbol 1: true
11-08 09:47:42.215 7449-7449/? D/SamsungIME_UnifiedIME: AbstractCandidateLayout, getView position value is get view 2
11-08 09:47:42.215 7449-7449/? D/SamsungIME: < REMOVE TEST > isNextWordPredictionSymbol 1: true
11-08 09:47:42.315 3403-4811/? D/BatteryService: !@BatteryListener : batteryPropertiesChanged!
11-08 09:47:42.315 3403-4811/? D/BatteryService: level:93, scale:100, status:2, health:2, present:true, voltage: 4247, temperature: 261, technology: Li-ion, AC powered:false, USB powered:true, POGO powered:false, Wireless powered:false, icon:17303413, invalid charger:0, maxChargingCurrent:0
11-08 09:47:42.315 3403-4811/? D/BatteryService: online:4, current avg:253, charge type:1, power sharing:false, high voltage charger:false, capacity:280000, batterySWSelfDischarging:false, current_now:192
11-08 09:47:42.315 3403-3403/? D/BatteryService: Sending ACTION_BATTERY_CHANGED.
11-08 09:47:42.315 3403-3403/? I/MotionRecognitionService: Plugged
11-08 09:47:42.315 3403-3403/? D/MotionRecognitionService: cableConnection= 1
11-08 09:47:42.315 3403-3403/? D/MotionRecognitionService: setPowerConnected | current backoffstate = 1024 , state =1024
11-08 09:47:42.315 3403-3403/? D/MotionRecognitionService: skip setTransmitPower.
11-08 09:47:42.315 3403-3858/? D/WifiController: ApOrStaEnabledState msg.what= 155652
11-08 09:47:42.315 3945-3945/? D/KeyguardUpdateMonitor: received broadcast android.intent.action.BATTERY_CHANGED
11-08 09:47:42.315 3945-3945/? D/PowerUI: priorPlugType = 2 mPlugType = 2
11-08 09:47:42.315 3945-3945/? D/KeyguardUpdateMonitor: handleBatteryUpdate
11-08 09:47:42.315 3945-3945/? D/PowerUI.Notification: showChargingNotice oldChargingType : 1 currentChargingType : 1 oldChargingTime : 1133000 mChargingTime : 1133000
11-08 09:47:42.315 3945-3945/? D/PowerUI.Notification: There is no change about charging status, so return!
11-08 09:47:42.325 4444-4444/? D/CommonServiceConfiguration: getStringValueSetting
11-08 09:47:42.325 4444-4444/? D/BatteryMonitor: new battery level: 93
11-08 09:47:42.335 3945-3945/? D/BatteryMeterView: ACTION_BATTERY_CHANGED : level:93 status:2 health:2
11-08 09:47:42.335 3945-3945/? D/BatteryMeterView: ACTION_BATTERY_CHANGED : level:93 status:2 health:2
11-08 09:47:42.345 3403-4050/? D/CustomFrequencyManagerService: releaseDVFSLockLocked : Getting Lock type frm List : DVFS_MIN_LIMIT frequency : 1976000 uid : 1000 pid : 3403 tag : com.sec.android.inputmethod@1
11-08 09:47:42.435 3003-3003/? D/libEGL: eglInitialize EGLDisplay = 0x7fc20bb448
11-08 09:47:42.905 3403-3827/? D/InputReader: Input event(4): value=1 when=88400656820000
11-08 09:47:42.905 3403-3827/? D/InputReader: Input event(4): value=1 when=88400656820000
11-08 09:47:42.905 3403-3827/? I/InputReader: Touch event's action is 0x0 (deviceType=0) [pCnt=1, s=0.4756 ] when=88400656820000
11-08 09:47:42.905 3403-3827/? D/InputReader: lastThreadEndTime = 88399656175040, currentThreadStartTime = 88399656180925, diff = 0
11-08 09:47:42.905 3403-3826/? I/InputDispatcher: Delivering touch to (3945): action: 0x4, toolType: 1
11-08 09:47:42.905 3403-3826/? I/InputDispatcher: Delivering touch to (7449): action: 0x0, toolType: 1
11-08 09:47:42.905 7449-7449/? D/ViewRootImpl: ViewPostImeInputStage processPointer 0
11-08 09:47:42.905 7449-7449/? D/jisu: mMiniKeyboardOnScreen=false, pointerCount=1, action=0, eventTime88400656, index=0, id=0
11-08 09:47:42.915 7449-7733/? D/SamsungIME: vib call
11-08 09:47:42.915 7449-7733/? V/Vibrator: Called vibrate(int, int, AudioAttributes, MagnitudeTypes) API - PUID: 10138, repeat: -1, PackageName: com.sec.android.inputmethod, MagnitudeType: TouchMagnitude
11-08 09:47:42.915 7449-7733/? V/Vibrator: vibrate - PUID: 10138, PackageName: com.sec.android.inputmethod, type: 50025, repeat: -1, mag: 6000, AudioAttr : null
