11-08 09:47:50.525 29726-29757/acr.browser.barebones D/AdblockWebView: Header referrer for http://b.scorecardresearch.com/beacon.js is http://de.ask.com/web?q=Iphone6&qsrc=0&o=0&l=dir&qo=homepageSearchBox
11-08 09:47:50.525 29726-29726/acr.browser.barebones D/AdblockWebView: JS: level=LOG, message="onreadystatechange() event fired (interactive)", sourceId="", line=44
11-08 09:47:50.525 29726-29726/acr.browser.barebones I/chromium: [INFO:CONSOLE(44)] "onreadystatechange() event fired (interactive)", source: (44)
11-08 09:47:50.525 29726-29757/acr.browser.barebones D/AdblockWebView: Allowed loading http://b.scorecardresearch.com/beacon.js
11-08 09:47:50.535 29726-29726/acr.browser.barebones D/AdblockWebView: JS: level=LOG, message="starting injecting css rules", sourceId="", line=13
11-08 09:47:50.535 29726-29726/acr.browser.barebones I/chromium: [INFO:CONSOLE(13)] "starting injecting css rules", source: (13)
11-08 09:47:50.535 29726-29875/acr.browser.barebones D/AdblockWebView: Waiting for elemhide selectors to be ready
11-08 09:47:50.535 29726-29875/acr.browser.barebones D/AdblockWebView: Elemhide selectors ready, 2 bytes
11-08 09:47:50.535 29726-29875/acr.browser.barebones D/AdblockWebView: Clearing referrers
11-08 09:47:50.545 29726-29875/acr.browser.barebones D/AdblockWebView: Scheduled 'allow drawing' invocation in 200 ms
11-08 09:47:50.545 29726-29726/acr.browser.barebones D/AdblockWebView: JS: level=LOG, message="parsed selectors: 0", sourceId="", line=15
11-08 09:47:50.545 29726-29726/acr.browser.barebones I/chromium: [INFO:CONSOLE(15)] "parsed selectors: 0", source: (15)
11-08 09:47:50.545 29726-29726/acr.browser.barebones D/AdblockWebView: JS: level=LOG, message="finished injecting css rules", sourceId="", line=31
11-08 09:47:50.545 29726-29726/acr.browser.barebones I/chromium: [INFO:CONSOLE(31)] "finished injecting css rules", source: (31)
11-08 09:47:50.545 29726-29726/acr.browser.barebones D/AdblockWebView: JS: level=LOG, message="DOMContentLoaded() event fired", sourceId="", line=61
11-08 09:47:50.545 29726-29726/acr.browser.barebones I/chromium: [INFO:CONSOLE(61)] "DOMContentLoaded() event fired", source: (61)
11-08 09:47:50.545 29726-29726/acr.browser.barebones D/AdblockWebView: JS: level=LOG, message="already hidden, exiting", sourceId="", line=7
11-08 09:47:50.545 29726-29726/acr.browser.barebones I/chromium: [INFO:CONSOLE(7)] "already hidden, exiting", source: (7)
11-08 09:47:50.665 3403-3437/? E/BoostFramework: Exception java.lang.NullPointerException: Attempt to invoke virtual method 'java.lang.Object java.lang.reflect.Method.invoke(java.lang.Object, java.lang.Object[])' on a null object reference
11-08 09:47:50.665 3403-3403/? D/LightsService: [api] [SvcLED] turnOff:: id = 6 (uid: 1000 pid: 3403)
11-08 09:47:50.665 3403-3403/? D/LightsService: [SvcLED] setSvcLedStateLocked:: SvcLEDState : 0x0 -> 0x0 | SvcLED(id=6) set Off
11-08 09:47:50.665 3403-3555/? D/LightsService: [SvcLED] handleForcedSvcLEDTask()
11-08 09:47:50.665 3403-3555/? D/LightsService: [SvcLED] setSvcLedLightLocked :: Current SvcLED(id=5) maintains its priority right
11-08 09:47:50.675 3403-3403/? D/EdgeLight: Turning off
11-08 09:47:50.675 3403-3403/? D/MARsPolicyManager: NotificationListenerService OngoingNotificationRemoved : android
11-08 09:47:50.675 7449-7449/? E/KeyboardInfoUtils: getInstance start
11-08 09:47:50.675 7449-7449/? E/KeyboardInfoUtils: sendSIPInformation state:6 isAbstractKeyboardView : true
11-08 09:47:50.675 7449-7449/? E/KeyboardInfoUtils: sending null keyboardInfo as SIP is closed
11-08 09:47:50.685 3945-3945/? D/NotificationStackScrollLayout: scroll range should be extended : 1600
11-08 09:47:50.685 3945-3945/? D/PhoneStatusBar: removeNotification key=-1|android|17040375|InputMethodManagerService_Noti|1000 old=StatusBarNotification(pkg=android user=UserHandle{-1} id=17040375 tag=InputMethodManagerService_Noti score=-20 key=-1|android|17040375|InputMethodManagerService_Noti|1000: Notification(pri=-2 contentView=android/0x10900a3 vibrate=null sound=null defaults=0x0 flags=0x1002 color=0x00000000 category=sys vis=PRIVATE secFlags=0x0 secPriority=0))
11-08 09:47:50.685 3945-3945/? D/PhoneStatusBar: setAreThereNotifications: N=2 any=true clearable=false
11-08 09:47:50.685 7449-7449/? D/SamsungIME: onWindowHidden
11-08 09:47:50.685 7449-7449/? D/SamsungIME: notifyWindowStateChanged Window Hidden. AutoText consider to shutdown
11-08 09:47:50.695 3403-3403/? D/InputMethodManagerService: [HARDWARE_KEYBOARD] (refreshImeWindowVis) mImeWindowVis= 0 inputVisible = falsehaveHardKeyboard = false hardKeyShown = false
11-08 09:47:50.695 3945-3945/? D/NotificationStackScrollLayout: scroll range should be extended : 1600
11-08 09:47:50.715 3003-4417/? D/libEGL: eglTerminate EGLDisplay = 0x7f823fee78
11-08 09:47:50.715 3003-4417/? D/libEGL: eglTerminate EGLDisplay = 0x7f823fee78
11-08 09:47:50.715 29726-29726/acr.browser.barebones W/AdblockWebView: Prevent drawing
11-08 09:47:50.725 29726-29726/acr.browser.barebones W/AdblockWebView: Prevent drawing
11-08 09:47:50.735 29726-29726/acr.browser.barebones W/AdblockWebView: Prevent drawing
11-08 09:47:50.735 29726-29804/acr.browser.barebones W/IInputConnectionWrapper: getExtractedText on inactive InputConnection
11-08 09:47:50.735 29726-29726/acr.browser.barebones D/ViewRootImpl: MSG_RESIZED: ci=Rect(0, 96 - 0, 0) vi=Rect(0, 96 - 0, 0) or=1
11-08 09:47:50.745 29726-29757/acr.browser.barebones D/AdblockWebView: Header referrer for http://www.google-analytics.com/analytics.js is http://de.ask.com/web?q=Iphone6&qsrc=0&o=0&l=dir&qo=homepageSearchBox
11-08 09:47:50.745 29726-29757/acr.browser.barebones D/AdblockWebView: Allowed loading http://www.google-analytics.com/analytics.js
11-08 09:47:50.765 29726-29726/acr.browser.barebones W/DisplayListCanvas: DisplayListCanvas is started on unbinded RenderNode (without mOwningView)
11-08 09:47:50.765 29726-29726/acr.browser.barebones W/AdblockWebView: Prevent drawing
11-08 09:47:50.765 29726-29757/acr.browser.barebones D/AdblockWebView: Header referrer for http://b.scorecardresearch.com/b?c1=2&c2=6034776&ns__t=1478594870767&ns_c=UTF-8&cv=3.1m&c8=Iphone6%20-%20Ask.com%20Web-Suche&c7=http%3A%2F%2Fde.ask.com%2Fweb%3Fq%3DIphone6%26qsrc%3D0%26o%3D0%26l%3Ddir%26qo%3DhomepageSearchBox&c9=http%3A%2F%2Fde.ask.com%2F%3Fo%3D312%26l%3Ddir%26ad%3DdirN is http://de.ask.com/web?q=Iphone6&qsrc=0&o=0&l=dir&qo=homepageSearchBox
11-08 09:47:50.765 29726-29726/acr.browser.barebones D/AdblockWebView: Stop prevent drawing, invalidating
11-08 09:47:50.775 29726-29757/acr.browser.barebones D/AdblockWebView: Allowed loading http://b.scorecardresearch.com/b?c1=2&c2=6034776&ns__t=1478594870767&ns_c=UTF-8&cv=3.1m&c8=Iphone6%20-%20Ask.com%20Web-Suche&c7=http%3A%2F%2Fde.ask.com%2Fweb%3Fq%3DIphone6%26qsrc%3D0%26o%3D0%26l%3Ddir%26qo%3DhomepageSearchBox&c9=http%3A%2F%2Fde.ask.com%2F%3Fo%3D312%26l%3Ddir%26ad%3DdirN
11-08 09:47:50.775 7449-7449/? D/SamsungIME: SwiftkeyWrapper-checkCurrentSequence : use IC
11-08 09:47:50.805 7449-7449/? E/SamsungIME: resetNeedToLoadHwrLibrary : 0
11-08 09:47:50.865 29726-29757/acr.browser.barebones W/AdblockWebView: No referrer header for https://www.google.com/afs/ads/i/iframe.html#slave-1-1
11-08 09:47:50.865 29726-29757/acr.browser.barebones D/AdblockWebView: Allowed loading https://www.google.com/afs/ads/i/iframe.html#slave-1-1
11-08 09:47:50.885 29726-29757/acr.browser.barebones W/AdblockWebView: No referrer header for https://www.google.com/afs/ads?q=Iphone6&oe=utf-8&ie=utf-8&lo=false&adpage=1&adrep=5&r=m&fexp=21404&client=aj-de&channel=de-web&hl=de&adtest=off&adsafe=medium&type=0&format=p5%7Cn5&ad=n5p5&nocache=3531478594870848&num=0&output=uds_ads_only&v=3&adlh=on&adext=as1%2Csr1&bsl=10&u_his=10&u_tz=60&dt=1478594870855&u_w=360&u_h=640&biw=360&bih=558&psw=360&psh=1297&frm=0&uio=uv3cs1vp1lo0va1cc0sr1sl1hc-lHst17sd15sv14sa13lt20ld18lv16da1-lhst17sd15sv14sa13lt20ld18lv16da1&jsv=11676&rurl=http%3A%2F%2Fde.ask.com%2Fweb%3Fq%3DIphone6%26qsrc%3D0%26o%3D0%26l%3Ddir%26qo%3DhomepageSearchBox&referer=http%3A%2F%2Fde.ask.com%2F%3Fo%3D312%26l%3Ddir%26ad%3DdirN#master-1
11-08 09:47:50.915 29726-29757/acr.browser.barebones W/AdblockWebView: Blocked loading https://www.google.com/afs/ads?q=Iphone6&oe=utf-8&ie=utf-8&lo=false&adpage=1&adrep=5&r=m&fexp=21404&client=aj-de&channel=de-web&hl=de&adtest=off&adsafe=medium&type=0&format=p5%7Cn5&ad=n5p5&nocache=3531478594870848&num=0&output=uds_ads_only&v=3&adlh=on&adext=as1%2Csr1&bsl=10&u_his=10&u_tz=60&dt=1478594870855&u_w=360&u_h=640&biw=360&bih=558&psw=360&psh=1297&frm=0&uio=uv3cs1vp1lo0va1cc0sr1sl1hc-lHst17sd15sv14sa13lt20ld18lv16da1-lhst17sd15sv14sa13lt20ld18lv16da1&jsv=11676&rurl=http%3A%2F%2Fde.ask.com%2Fweb%3Fq%3DIphone6%26qsrc%3D0%26o%3D0%26l%3Ddir%26qo%3DhomepageSearchBox&referer=http%3A%2F%2Fde.ask.com%2F%3Fo%3D312%26l%3Ddir%26ad%3DdirN#master-1
11-08 09:47:50.965 29726-29757/acr.browser.barebones D/AdblockWebView: Header referrer for http://www.google-analytics.com/collect?v=1&_v=j47&a=1806470041&t=pageview&_s=1&dl=http%3A%2F%2Fde.ask.com%2Fweb%3Fq%3DIphone6%26qsrc%3D0%26o%3D0%26l%3Ddir%26qo%3DhomepageSearchBox&dp=%2Fweb%3Fq%3DIphone6%26qsrc%3D0%26o%3D0%26l%3Ddir%26qo%3DhomepageSearchBox&ul=en-gb&de=UTF-8&dt=Iphone6%20-%20Ask.com%20Web-Suche&sd=32-bit&sr=360x640&vp=360x558&je=0&_u=QCEAgEAB~&jid=&cid=278852550.1478594110&tid=UA-64870122-5>m=GTM-T3KVMC&cd2=1478594870738.i9qzkp02tl7w4c997e97ldi&cd3=2016-11-08T09%3A47%3A50.739%2B01%3A00&cd4=0&cd5=9&cd9=web&cd11=583919062&cd12=1&cd14=dirN&cd15=&z=463667572 is http://de.ask.com/web?q=Iphone6&qsrc=0&o=0&l=dir&qo=homepageSearchBox
11-08 09:47:50.965 29726-29726/acr.browser.barebones D/BrowserActivity: Notify Tab Changed: 0
11-08 09:47:50.975 29726-29757/acr.browser.barebones D/AdblockWebView: Allowed loading http://www.google-analytics.com/collect?v=1&_v=j47&a=1806470041&t=pageview&_s=1&dl=http%3A%2F%2Fde.ask.com%2Fweb%3Fq%3DIphone6%26qsrc%3D0%26o%3D0%26l%3Ddir%26qo%3DhomepageSearchBox&dp=%2Fweb%3Fq%3DIphone6%26qsrc%3D0%26o%3D0%26l%3Ddir%26qo%3DhomepageSearchBox&ul=en-gb&de=UTF-8&dt=Iphone6%20-%20Ask.com%20Web-Suche&sd=32-bit&sr=360x640&vp=360x558&je=0&_u=QCEAgEAB~&jid=&cid=278852550.1478594110&tid=UA-64870122-5>m=GTM-T3KVMC&cd2=1478594870738.i9qzkp02tl7w4c997e97ldi&cd3=2016-11-08T09%3A47%3A50.739%2B01%3A00&cd4=0&cd5=9&cd9=web&cd11=583919062&cd12=1&cd14=dirN&cd15=&z=463667572
11-08 09:47:50.975 29726-29726/acr.browser.barebones W/DisplayListCanvas: DisplayListCanvas is started on unbinded RenderNode (without mOwningView)
11-08 09:47:51.005 29726-29726/acr.browser.barebones D/AdblockWebView: Loading progress=76%
11-08 09:47:51.015 29726-29726/acr.browser.barebones W/DisplayListCanvas: DisplayListCanvas is started on unbinded RenderNode (without mOwningView)
11-08 09:47:51.055 3003-3014/? I/SurfaceFlinger: id=1518 Removed JnputMethod (4/10)
11-08 09:47:51.055 3003-3064/? I/SurfaceFlinger: id=1518 Removed JnputMethod (-2/10)
11-08 09:47:51.075 3003-3003/? D/libEGL: eglTerminate EGLDisplay = 0x7fc20bb568
11-08 09:47:51.125 29726-29726/acr.browser.barebones D/AdblockWebView: Loading progress=90%
11-08 09:47:51.135 29726-29726/acr.browser.barebones W/DisplayListCanvas: DisplayListCanvas is started on unbinded RenderNode (without mOwningView)
11-08 09:47:51.515 29726-29726/acr.browser.barebones D/AdblockWebView: JS: level=LOG, message="onreadystatechange() event fired (complete)", sourceId="", line=44
11-08 09:47:51.515 29726-29726/acr.browser.barebones I/chromium: [INFO:CONSOLE(44)] "onreadystatechange() event fired (complete)", source: (44)
11-08 09:47:51.515 29726-29726/acr.browser.barebones D/AdblockWebView: JS: level=LOG, message="load() event fired", sourceId="", line=54
11-08 09:47:51.515 29726-29726/acr.browser.barebones I/chromium: [INFO:CONSOLE(54)] "load() event fired", source: (54)
11-08 09:47:51.515 29726-29726/acr.browser.barebones D/AdblockWebView: JS: level=LOG, message="already hidden, exiting", sourceId="", line=7
11-08 09:47:51.515 29726-29726/acr.browser.barebones I/chromium: [INFO:CONSOLE(7)] "already hidden, exiting", source: (7)
11-08 09:47:51.595 29726-29757/acr.browser.barebones D/AdblockWebView: Header referrer for http://www.google-analytics.com/collect?v=1&_v=j47&a=1806470041&t=event&ni=1&_s=1&dl=http%3A%2F%2Fde.ask.com%2Fweb%3Fq%3DIphone6%26qsrc%3D0%26o%3D0%26l%3Ddir%26qo%3DhomepageSearchBox&ul=en-gb&de=UTF-8&dt=Iphone6%20-%20Ask.com%20Web-Suche&sd=32-bit&sr=360x640&vp=360x558&je=0&ec=undefined&ea=undefined&_u=SDEAAEABI~&jid=&cid=278852550.1478594110&tid=UA-64870122-5>m=GTM-T3KVMC&cd1=278852550.1478594110&z=929793395 is http://de.ask.com/web?q=Iphone6&qsrc=0&o=0&l=dir&qo=homepageSearchBox
11-08 09:47:51.605 29726-29757/acr.browser.barebones D/AdblockWebView: Allowed loading http://www.google-analytics.com/collect?v=1&_v=j47&a=1806470041&t=event&ni=1&_s=1&dl=http%3A%2F%2Fde.ask.com%2Fweb%3Fq%3DIphone6%26qsrc%3D0%26o%3D0%26l%3Ddir%26qo%3DhomepageSearchBox&ul=en-gb&de=UTF-8&dt=Iphone6%20-%20Ask.com%20Web-Suche&sd=32-bit&sr=360x640&vp=360x558&je=0&ec=undefined&ea=undefined&_u=SDEAAEABI~&jid=&cid=278852550.1478594110&tid=UA-64870122-5>m=GTM-T3KVMC&cd1=278852550.1478594110&z=929793395
11-08 09:47:51.615 29726-29757/acr.browser.barebones D/AdblockWebView: Header referrer for http://de.ask.com/favicon.ico is http://de.ask.com/web?q=Iphone6&qsrc=0&o=0&l=dir&qo=homepageSearchBox
11-08 09:47:51.615 29726-29757/acr.browser.barebones D/AdblockWebView: Allowed loading http://de.ask.com/favicon.ico
11-08 09:47:51.625 29726-29726/acr.browser.barebones D/AdblockWebView: Loading progress=100%
11-08 09:47:51.635 29726-29726/acr.browser.barebones D/AdblockWebView: Loading progress=100%
11-08 09:47:51.635 29726-29726/acr.browser.barebones D/BrowserActivity: Notify Tab Changed: 0
11-08 09:47:51.635 29726-29726/acr.browser.barebones D/BrowserActivity: Notify Tab Changed: 0
11-08 09:47:51.635 29726-29806/acr.browser.barebones D/Lightning: Caching icon for de.ask.com
11-08 09:47:51.655 29726-29726/acr.browser.barebones W/DisplayListCanvas: DisplayListCanvas is started on unbinded RenderNode (without mOwningView)
11-08 09:47:52.385 3403-4050/? D/BatteryService: !@BatteryListener : batteryPropertiesChanged!
11-08 09:47:52.385 3403-4050/? D/BatteryService: level:93, scale:100, status:2, health:2, present:true, voltage: 4265, temperature: 261, technology: Li-ion, AC powered:false, USB powered:true, POGO powered:false, Wireless powered:false, icon:17303413, invalid charger:0, maxChargingCurrent:0
11-08 09:47:52.385 3403-4050/? D/BatteryService: online:4, current avg:218, charge type:1, power sharing:false, high voltage charger:false, capacity:280000, batterySWSelfDischarging:false, current_now:227
11-08 09:47:52.385 3403-3403/? D/BatteryService: Sending ACTION_BATTERY_CHANGED.
11-08 09:47:52.385 3403-3403/? I/MotionRecognitionService: Plugged
11-08 09:47:52.385 3403-3403/? D/MotionRecognitionService: cableConnection= 1
11-08 09:47:52.385 3403-3403/? D/MotionRecognitionService: setPowerConnected | current backoffstate = 1024 , state =1024
11-08 09:47:52.385 3403-3403/? D/MotionRecognitionService: skip setTransmitPower.
11-08 09:47:52.395 3403-3858/? D/WifiController: ApOrStaEnabledState msg.what= 155652
11-08 09:47:52.395 3945-3945/? D/KeyguardUpdateMonitor: received broadcast android.intent.action.BATTERY_CHANGED
11-08 09:47:52.395 3945-3945/? D/KeyguardUpdateMonitor: handleBatteryUpdate
11-08 09:47:52.395 3945-3945/? D/PowerUI: priorPlugType = 2 mPlugType = 2
11-08 09:47:52.405 3945-3945/? D/PowerUI.Notification: showChargingNotice oldChargingType : 1 currentChargingType : 1 oldChargingTime : 1133000 mChargingTime : 1133000
11-08 09:47:52.405 3945-3945/? D/PowerUI.Notification: There is no change about charging status, so return!
11-08 09:47:52.405 3945-3945/? D/BatteryMeterView: ACTION_BATTERY_CHANGED : level:93 status:2 health:2
11-08 09:47:52.415 4444-4444/? D/CommonServiceConfiguration: getStringValueSetting
11-08 09:47:52.415 4444-4444/? D/BatteryMonitor: new battery level: 93
11-08 09:47:52.435 3945-3945/? D/BatteryMeterView: ACTION_BATTERY_CHANGED : level:93 status:2 health:2
11-08 09:47:52.935 3403-6849/? D/SSRM:n: SIOP:: AP = 290, PST = 276 (W:6), CP = 231, CUR = 218, LCD = 83
11-08 09:47:53.455 29726-29757/acr.browser.barebones D/AdblockWebView: Header referrer for http://de.ask.com/log/browser/event is http://de.ask.com/web?q=Iphone6&qsrc=0&o=0&l=dir&qo=homepageSearchBox
11-08 09:47:53.455 29726-29757/acr.browser.barebones D/AdblockWebView: Allowed loading http://de.ask.com/log/browser/event
11-08 09:47:58.525 3403-3827/? D/InputReader: Input event(4): value=1 when=88416276615000
11-08 09:47:58.525 3403-3827/? D/InputReader: Input event(4): value=1 when=88416276615000
11-08 09:47:58.525 3403-3827/? I/InputReader: Touch event's action is 0x0 (deviceType=0) [pCnt=1, s=0.4766 ] when=88416276615000
11-08 09:47:58.525 3403-3827/? D/InputReader: lastThreadEndTime = 88406601387920, currentThreadStartTime = 88406601392882, diff = 0
11-08 09:47:58.525 3403-3826/? I/InputDispatcher: Delivering touch to (3945): action: 0x4, toolType: 1
11-08 09:47:58.525 3403-3826/? I/InputDispatcher: Delivering touch to (29726): action: 0x0, toolType: 1
11-08 09:47:58.525 29726-29726/acr.browser.barebones D/ViewRootImpl: ViewPostImeInputStage processPointer 0
11-08 09:47:58.595 3403-3827/? D/InputReader: Input event(4): value=0 when=88416342967000
11-08 09:47:58.595 3403-3827/? D/InputReader: Input event(4): value=0 when=88416342967000
11-08 09:47:58.595 3403-3827/? I/InputReader: Touch event's action is 0x1 (deviceType=0) [pCnt=1, s=] when=88416342967000
11-08 09:47:58.595 3403-3826/? I/InputDispatcher: Delivering touch to (29726): action: 0x1, toolType: 1
11-08 09:47:58.595 29726-29726/acr.browser.barebones D/ViewRootImpl: ViewPostImeInputStage processPointer 1
11-08 09:47:58.625 29726-29757/acr.browser.barebones D/AdblockWebView: Header referrer for http://de.ask.com/log/browser/event is http://de.ask.com/web?q=Iphone6&qsrc=0&o=0&l=dir&qo=homepageSearchBox
11-08 09:47:58.625 29726-29757/acr.browser.barebones D/AdblockWebView: Allowed loading http://de.ask.com/log/browser/event
11-08 09:47:58.765 3403-4216/? D/PackageManager: findPreferredActivity: No PreferredActivities set
11-08 09:47:58.765 3403-4216/? I/PackageManager: No preferred activity: intent should not be shown
11-08 09:47:58.835 29726-29757/acr.browser.barebones D/AdblockWebView: Header referrer for http://www.google-analytics.com/collect is http://de.ask.com/web?q=Iphone6&qsrc=0&o=0&l=dir&qo=homepageSearchBox
11-08 09:47:58.835 29726-29726/acr.browser.barebones D/AdblockWebView: Loading progress=10%
11-08 09:47:58.835 29726-29757/acr.browser.barebones D/AdblockWebView: Allowed loading http://www.google-analytics.com/collect
11-08 09:47:58.845 29726-29726/acr.browser.barebones W/DisplayListCanvas: DisplayListCanvas is started on unbinded RenderNode (without mOwningView)
11-08 09:47:58.855 29726-29757/acr.browser.barebones W/AdblockWebView: No referrer header for http://de.ask.com/web?q=Iphone+6&qsrc=0&o=0&l=dir&qo=spellCheck
11-08 09:47:58.855 29726-29757/acr.browser.barebones W/AdblockWebView: http://de.ask.com/web?q=Iphone+6&qsrc=0&o=0&l=dir&qo=spellCheck is main frame, allow loading
11-08 09:47:58.865 29726-29726/acr.browser.barebones D/AdblockWebView: Start loading http://de.ask.com/web?q=Iphone+6&qsrc=0&o=0&l=dir&qo=spellCheck
11-08 09:47:58.865 29726-29726/acr.browser.barebones D/AdblockWebView: Extracted domain de.ask.com from http://de.ask.com/web?q=Iphone+6&qsrc=0&o=0&l=dir&qo=spellCheck
11-08 09:47:58.865 29726-30055/acr.browser.barebones D/AdblockWebView: Listed subscriptions: 2
11-08 09:47:58.865 29726-30055/acr.browser.barebones D/AdblockWebView: Subscribed to [Subscription] url=https://easylist-downloads.adblockplus.org/easylist.txt title=EasyList fixedTitle=true homepage=https://easylist.adblockplus.org/ lastDownload=1478594073 downloadStatus=synchronize_ok lastSuccess=1478594073 lastCheck=1478594432 expires=1479285273 softExpiration=1478972137 version=201611080830 requiredVersion=2.0 downloadCount=1
11-08 09:47:58.865 29726-30055/acr.browser.barebones D/AdblockWebView: Subscribed to [Subscription] url=https://easylist-downloads.adblockplus.org/exceptionrules.txt title=Allow non-intrusive advertising fixedTitle=true homepage=https://acceptableads.org/ lastDownload=1478594096 downloadStatus=synchronize_ok lastSuccess=1478594096 lastCheck=1478594432 expires=1478766896 softExpiration=1478664814 version=201611080831 requiredVersion=2.0 downloadCount=1
11-08 09:47:58.865 29726-30055/acr.browser.barebones D/AdblockWebView: Requesting elemhide selectors from AdblockEngine for http://de.ask.com/web?q=Iphone+6&qsrc=0&o=0&l=dir&qo=spellCheck in Thread[Thread-1032,5,main]
11-08 09:47:58.875 29726-30055/acr.browser.barebones D/AdblockWebView: Finished requesting elemhide selectors, got 0 in Thread[Thread-1032,5,main]
11-08 09:47:58.875 29726-30055/acr.browser.barebones D/AdblockWebView: Setting elemhide string 2 bytes
11-08 09:47:58.875 29726-30055/acr.browser.barebones W/AdblockWebView: elemHideThread set to null
11-08 09:47:58.875 29726-29726/acr.browser.barebones D/BrowserActivity: Notify Tab Changed: 0
11-08 09:47:58.875 29726-29822/acr.browser.barebones I/System.out: (HTTPLog)-Static: isSBSettingEnabled false
11-08 09:47:58.875 29726-29822/acr.browser.barebones I/System.out: (HTTPLog)-Static: isSBSettingEnabled false
11-08 09:47:58.895 29726-29726/acr.browser.barebones W/DisplayListCanvas: DisplayListCanvas is started on unbinded RenderNode (without mOwningView)
11-08 09:47:59.345 3945-4114/? D/NetworkController.MobileSignalController(0/2147483643): onSignalStrengthsChanged signalStrength=SignalStrength: 13 99 -13 -200 -13 -200 -1 99 2147483647 2147483647 2147483647 2147483647 2147483647 0x4 gsm|lte level=4
11-08 09:47:59.345 3945-4114/? D/NetworkController.MobileSignalController(0/2147483643): getMobileIconGroup(): 0
11-08 09:47:59.765 29726-29726/acr.browser.barebones D/AdblockWebView: Loading progress=20%
11-08 09:47:59.765 29726-29726/acr.browser.barebones D/AdblockWebView: Injecting script
11-08 09:47:59.765 29726-29726/acr.browser.barebones D/AdblockWebView: runScript started
11-08 09:47:59.765 29726-29726/acr.browser.barebones D/AdblockWebView: runScript finished
11-08 09:47:59.765 29726-29726/acr.browser.barebones W/AdblockWebView: Start prevent drawing
11-08 09:47:59.785 29726-29726/acr.browser.barebones W/DisplayListCanvas: DisplayListCanvas is started on unbinded RenderNode (without mOwningView)
11-08 09:47:59.805 29726-29726/acr.browser.barebones W/cr_BindingManager: Cannot call determinedVisibility() - never saw a connection for the pid: 29726
11-08 09:47:59.805 29726-29875/acr.browser.barebones D/AdblockWebView: addDomListener=false
11-08 09:47:59.815 29726-29757/acr.browser.barebones D/AdblockWebView: Header referrer for http://de.ask.com/s/0-0-14/site-search-sites-askint-web-page-mobile.css is http://de.ask.com/web?q=Iphone+6&qsrc=0&o=0&l=dir&qo=spellCheck
11-08 09:47:59.815 29726-29757/acr.browser.barebones D/AdblockWebView: Allowed loading http://de.ask.com/s/0-0-14/site-search-sites-askint-web-page-mobile.css
11-08 09:47:59.825 29726-29757/acr.browser.barebones D/AdblockWebView: Header referrer for http://saservice.ask.com/c/css/sas-31783be6ccbbb998fa309ae0703961f3871fb977.css is http://de.ask.com/web?q=Iphone+6&qsrc=0&o=0&l=dir&qo=spellCheck
11-08 09:47:59.825 29726-29757/acr.browser.barebones D/AdblockWebView: Allowed loading http://saservice.ask.com/c/css/sas-31783be6ccbbb998fa309ae0703961f3871fb977.css
11-08 09:47:59.835 29726-29757/acr.browser.barebones D/AdblockWebView: Header referrer for http://de.ask.com/s/0-0-14/askint-web-page.min.js is http://de.ask.com/web?q=Iphone+6&qsrc=0&o=0&l=dir&qo=spellCheck
11-08 09:47:59.835 29726-29757/acr.browser.barebones D/AdblockWebView: Allowed loading http://de.ask.com/s/0-0-14/askint-web-page.min.js
11-08 09:47:59.835 29726-29726/acr.browser.barebones D/BrowserActivity: Notify Tab Changed: 0
11-08 09:47:59.845 29726-29757/acr.browser.barebones D/AdblockWebView: Header referrer for http://de.ask.com/s/0-0-14/unified-api.min.js is http://de.ask.com/web?q=Iphone+6&qsrc=0&o=0&l=dir&qo=spellCheck
11-08 09:47:59.855 29726-29757/acr.browser.barebones D/AdblockWebView: Allowed loading http://de.ask.com/s/0-0-14/unified-api.min.js
11-08 09:47:59.855 29726-29757/acr.browser.barebones D/AdblockWebView: Header referrer for http://www.google.com/adsense/search/async-ads.js is http://de.ask.com/web?q=Iphone+6&qsrc=0&o=0&l=dir&qo=spellCheck
11-08 09:47:59.865 29726-29757/acr.browser.barebones D/AdblockWebView: Allowed loading http://www.google.com/adsense/search/async-ads.js
11-08 09:47:59.875 29726-29757/acr.browser.barebones D/AdblockWebView: Header referrer for http://www.googletagmanager.com/gtm.js?id=GTM-T3KVMC&l=dataLayer is http://de.ask.com/web?q=Iphone+6&qsrc=0&o=0&l=dir&qo=spellCheck
11-08 09:47:59.875 29726-29757/acr.browser.barebones D/AdblockWebView: Allowed loading http://www.googletagmanager.com/gtm.js?id=GTM-T3KVMC&l=dataLayer
11-08 09:47:59.935 29726-29757/acr.browser.barebones D/AdblockWebView: Header referrer for http://b.scorecardresearch.com/beacon.js is http://de.ask.com/web?q=Iphone+6&qsrc=0&o=0&l=dir&qo=spellCheck
11-08 09:47:59.935 29726-29757/acr.browser.barebones D/AdblockWebView: Allowed loading http://b.scorecardresearch.com/beacon.js
11-08 09:47:59.935 29726-29726/acr.browser.barebones D/AdblockWebView: Loading progress=70%
11-08 09:47:59.935 29726-29726/acr.browser.barebones D/AdblockWebView: JS: level=LOG, message="onreadystatechange() event fired (interactive)", sourceId="", line=44
11-08 09:47:59.935 29726-29726/acr.browser.barebones I/chromium: [INFO:CONSOLE(44)] "onreadystatechange() event fired (interactive)", source: (44)
11-08 09:47:59.935 29726-29726/acr.browser.barebones D/AdblockWebView: JS: level=LOG, message="starting injecting css rules", sourceId="", line=13
11-08 09:47:59.935 29726-29726/acr.browser.barebones I/chromium: [INFO:CONSOLE(13)] "starting injecting css rules", source: (13)
11-08 09:47:59.935 29726-29875/acr.browser.barebones D/AdblockWebView: Waiting for elemhide selectors to be ready
11-08 09:47:59.935 29726-29875/acr.browser.barebones D/AdblockWebView: Elemhide selectors ready, 2 bytes
11-08 09:47:59.935 29726-29875/acr.browser.barebones D/AdblockWebView: Clearing referrers
11-08 09:47:59.945 29726-29726/acr.browser.barebones D/AdblockWebView: JS: level=LOG, message="parsed selectors: 0", sourceId="", line=15
11-08 09:47:59.945 29726-29726/acr.browser.barebones I/chromium: [INFO:CONSOLE(15)] "parsed selectors: 0", source: (15)
11-08 09:47:59.945 29726-29726/acr.browser.barebones D/AdblockWebView: JS: level=LOG, message="finished injecting css rules", sourceId="", line=31
11-08 09:47:59.945 29726-29726/acr.browser.barebones I/chromium: [INFO:CONSOLE(31)] "finished injecting css rules", source: (31)
11-08 09:47:59.945 29726-29875/acr.browser.barebones D/AdblockWebView: Scheduled 'allow drawing' invocation in 200 ms
11-08 09:47:59.945 29726-29726/acr.browser.barebones W/DisplayListCanvas: DisplayListCanvas is started on unbinded RenderNode (without mOwningView)
11-08 09:47:59.955 29726-29726/acr.browser.barebones D/AdblockWebView: JS: level=LOG, message="DOMContentLoaded() event fired", sourceId="", line=61
11-08 09:47:59.955 29726-29726/acr.browser.barebones I/chromium: [INFO:CONSOLE(61)] "DOMContentLoaded() event fired", source: (61)
11-08 09:47:59.955 29726-29726/acr.browser.barebones D/AdblockWebView: JS: level=LOG, message="already hidden, exiting", sourceId="", line=7
11-08 09:47:59.955 29726-29726/acr.browser.barebones I/chromium: [INFO:CONSOLE(7)] "already hidden, exiting", source: (7)
11-08 09:47:59.995 3403-3813/? V/AlarmManager: Expired Alarm result :8
11-08 09:47:59.995 3945-3945/? D/KeyguardUpdateMonitor: received broadcast android.intent.action.TIME_TICK
11-08 09:47:59.995 3945-3945/? D/KeyguardUpdateMonitor: handleTimeUpdate
11-08 09:48:00.005 3945-3945/? D/Clock: received broadcast android.intent.action.TIME_TICK
11-08 09:48:00.025 29726-29726/acr.browser.barebones W/AdblockWebView: Prevent drawing
11-08 09:48:00.035 29726-29726/acr.browser.barebones W/AdblockWebView: Prevent drawing
11-08 09:48:00.045 29726-29757/acr.browser.barebones D/AdblockWebView: Header referrer for http://www.google-analytics.com/analytics.js is http://de.ask.com/web?q=Iphone+6&qsrc=0&o=0&l=dir&qo=spellCheck
11-08 09:48:00.045 29726-29757/acr.browser.barebones D/AdblockWebView: Allowed loading http://www.google-analytics.com/analytics.js
11-08 09:48:00.055 29726-29726/acr.browser.barebones W/AdblockWebView: Prevent drawing
11-08 09:48:00.055 29726-29757/acr.browser.barebones D/AdblockWebView: Header referrer for http://b.scorecardresearch.com/b?c1=2&c2=6034776&ns__t=1478594880058&ns_c=UTF-8&cv=3.1m&c8=Iphone%206%20-%20Ask.com%20Web-Suche&c7=http%3A%2F%2Fde.ask.com%2Fweb%3Fq%3DIphone%2B6%26qsrc%3D0%26o%3D0%26l%3Ddir%26qo%3DspellCheck&c9=http%3A%2F%2Fde.ask.com%2Fweb%3Fq%3DIphone6%26qsrc%3D0%26o%3D0%26l%3Ddir%26qo%3DhomepageSearchBox is http://de.ask.com/web?q=Iphone+6&qsrc=0&o=0&l=dir&qo=spellCheck
11-08 09:48:00.055 29726-29757/acr.browser.barebones D/AdblockWebView: Allowed loading http://b.scorecardresearch.com/b?c1=2&c2=6034776&ns__t=1478594880058&ns_c=UTF-8&cv=3.1m&c8=Iphone%206%20-%20Ask.com%20Web-Suche&c7=http%3A%2F%2Fde.ask.com%2Fweb%3Fq%3DIphone%2B6%26qsrc%3D0%26o%3D0%26l%3Ddir%26qo%3DspellCheck&c9=http%3A%2F%2Fde.ask.com%2Fweb%3Fq%3DIphone6%26qsrc%3D0%26o%3D0%26l%3Ddir%26qo%3DhomepageSearchBox
11-08 09:48:00.065 29726-29726/acr.browser.barebones W/AdblockWebView: Prevent drawing
11-08 09:48:00.065 3945-3945/? D/DateView: received broadcast android.intent.action.TIME_TICK
11-08 09:48:00.085 29726-29726/acr.browser.barebones W/AdblockWebView: Prevent drawing
11-08 09:48:00.095 29726-29726/acr.browser.barebones W/AdblockWebView: Prevent drawing
11-08 09:48:00.115 29726-29726/acr.browser.barebones W/AdblockWebView: Prevent drawing
11-08 09:48:00.145 29726-29726/acr.browser.barebones D/AdblockWebView: Stop prevent drawing, invalidating
11-08 09:48:00.155 29726-29757/acr.browser.barebones W/AdblockWebView: No referrer header for https://www.google.com/afs/ads/i/iframe.html#slave-1-1
11-08 09:48:00.155 29726-29757/acr.browser.barebones D/AdblockWebView: Allowed loading https://www.google.com/afs/ads/i/iframe.html#slave-1-1
11-08 09:48:00.165 29726-29757/acr.browser.barebones W/AdblockWebView: No referrer header for https://www.google.com/afs/ads?q=Iphone%206&oe=utf-8&ie=utf-8&lo=false&adpage=1&adrep=5&r=m&fexp=21404&client=aj-de&channel=de-web&hl=de&adtest=off&adsafe=medium&type=0&format=p5%7Cn5&ad=n5p5&nocache=6221478594880135&num=0&output=uds_ads_only&v=3&adlh=on&adext=as1%2Csr1&bsl=10&u_his=11&u_tz=60&dt=1478594880142&u_w=360&u_h=640&biw=360&bih=558&psw=360&psh=1194&frm=0&uio=uv3cs1vp1lo0va1cc0sr1sl1hc-lHst17sd15sv14sa13lt20ld18lv16da1-lhst17sd15sv14sa13lt20ld18lv16da1&jsv=11676&rurl=http%3A%2F%2Fde.ask.com%2Fweb%3Fq%3DIphone%2B6%26qsrc%3D0%26o%3D0%26l%3Ddir%26qo%3DspellCheck&referer=http%3A%2F%2Fde.ask.com%2Fweb%3Fq%3DIphone6%26qsrc%3D0%26o%3D0%26l%3Ddir%26qo%3DhomepageSearchBox#master-1
11-08 09:48:00.175 29726-29757/acr.browser.barebones W/AdblockWebView: Blocked loading https://www.google.com/afs/ads?q=Iphone%206&oe=utf-8&ie=utf-8&lo=false&adpage=1&adrep=5&r=m&fexp=21404&client=aj-de&channel=de-web&hl=de&adtest=off&adsafe=medium&type=0&format=p5%7Cn5&ad=n5p5&nocache=6221478594880135&num=0&output=uds_ads_only&v=3&adlh=on&adext=as1%2Csr1&bsl=10&u_his=11&u_tz=60&dt=1478594880142&u_w=360&u_h=640&biw=360&bih=558&psw=360&psh=1194&frm=0&uio=uv3cs1vp1lo0va1cc0sr1sl1hc-lHst17sd15sv14sa13lt20ld18lv16da1-lhst17sd15sv14sa13lt20ld18lv16da1&jsv=11676&rurl=http%3A%2F%2Fde.ask.com%2Fweb%3Fq%3DIphone%2B6%26qsrc%3D0%26o%3D0%26l%3Ddir%26qo%3DspellCheck&referer=http%3A%2F%2Fde.ask.com%2Fweb%3Fq%3DIphone6%26qsrc%3D0%26o%3D0%26l%3Ddir%26qo%3DhomepageSearchBox#master-1
11-08 09:48:00.195 29726-29726/acr.browser.barebones D/BrowserActivity: Notify Tab Changed: 0
11-08 09:48:00.205 29726-29726/acr.browser.barebones W/DisplayListCanvas: DisplayListCanvas is started on unbinded RenderNode (without mOwningView)
11-08 09:48:00.235 29726-29726/acr.browser.barebones D/AdblockWebView: Loading progress=76%
11-08 09:48:00.235 29726-29757/acr.browser.barebones D/AdblockWebView: Header referrer for http://www.google-analytics.com/collect?v=1&_v=j47&a=1474045265&t=pageview&_s=1&dl=http%3A%2F%2Fde.ask.com%2Fweb%3Fq%3DIphone%2B6%26qsrc%3D0%26o%3D0%26l%3Ddir%26qo%3DspellCheck&dp=%2Fweb%3Fq%3DIphone%2B6%26qsrc%3D0%26o%3D0%26l%3Ddir%26qo%3DspellCheck&ul=en-gb&de=UTF-8&dt=Iphone%206%20-%20Ask.com%20Web-Suche&sd=32-bit&sr=360x640&vp=360x558&je=0&_u=QCEAgEAB~&jid=&cid=278852550.1478594110&tid=UA-64870122-5>m=GTM-T3KVMC&cd2=1478594880043.s37241qddpm35jhyta9k9&cd3=2016-11-08T09%3A48%3A00.44%2B01%3A00&cd4=0&cd5=9&cd9=web&cd11=583919062&cd12=1&cd14=dirN&cd15=&z=1418245154 is http://de.ask.com/web?q=Iphone+6&qsrc=0&o=0&l=dir&qo=spellCheck
11-08 09:48:00.235 29726-29726/acr.browser.barebones W/DisplayListCanvas: DisplayListCanvas is started on unbinded RenderNode (without mOwningView)
11-08 09:48:00.245 29726-29757/acr.browser.barebones D/AdblockWebView: Allowed loading http://www.google-analytics.com/collect?v=1&_v=j47&a=1474045265&t=pageview&_s=1&dl=http%3A%2F%2Fde.ask.com%2Fweb%3Fq%3DIphone%2B6%26qsrc%3D0%26o%3D0%26l%3Ddir%26qo%3DspellCheck&dp=%2Fweb%3Fq%3DIphone%2B6%26qsrc%3D0%26o%3D0%26l%3Ddir%26qo%3DspellCheck&ul=en-gb&de=UTF-8&dt=Iphone%206%20-%20Ask.com%20Web-Suche&sd=32-bit&sr=360x640&vp=360x558&je=0&_u=QCEAgEAB~&jid=&cid=278852550.1478594110&tid=UA-64870122-5>m=GTM-T3KVMC&cd2=1478594880043.s37241qddpm35jhyta9k9&cd3=2016-11-08T09%3A48%3A00.44%2B01%3A00&cd4=0&cd5=9&cd9=web&cd11=583919062&cd12=1&cd14=dirN&cd15=&z=1418245154
11-08 09:48:00.285 29726-29726/acr.browser.barebones D/AdblockWebView: JS: level=LOG, message="onreadystatechange() event fired (complete)", sourceId="", line=44
11-08 09:48:00.285 29726-29726/acr.browser.barebones I/chromium: [INFO:CONSOLE(44)] "onreadystatechange() event fired (complete)", source: (44)
11-08 09:48:00.285 29726-29726/acr.browser.barebones D/AdblockWebView: JS: level=LOG, message="load() event fired", sourceId="", line=54
11-08 09:48:00.285 29726-29726/acr.browser.barebones I/chromium: [INFO:CONSOLE(54)] "load() event fired", source: (54)
11-08 09:48:00.285 29726-29726/acr.browser.barebones D/AdblockWebView: JS: level=LOG, message="already hidden, exiting", sourceId="", line=7
11-08 09:48:00.285 29726-29726/acr.browser.barebones I/chromium: [INFO:CONSOLE(7)] "already hidden, exiting", source: (7)
11-08 09:48:00.315 29726-29757/acr.browser.barebones D/AdblockWebView: Header referrer for http://www.google-analytics.com/collect?v=1&_v=j47&a=1474045265&t=event&ni=1&_s=1&dl=http%3A%2F%2Fde.ask.com%2Fweb%3Fq%3DIphone%2B6%26qsrc%3D0%26o%3D0%26l%3Ddir%26qo%3DspellCheck&ul=en-gb&de=UTF-8&dt=Iphone%206%20-%20Ask.com%20Web-Suche&sd=32-bit&sr=360x640&vp=360x558&je=0&ec=undefined&ea=undefined&_u=SDEAAEABI~&jid=&cid=278852550.1478594110&tid=UA-64870122-5>m=GTM-T3KVMC&cd1=278852550.1478594110&z=357530732 is http://de.ask.com/web?q=Iphone+6&qsrc=0&o=0&l=dir&qo=spellCheck
11-08 09:48:00.335 29726-29757/acr.browser.barebones D/AdblockWebView: Allowed loading http://www.google-analytics.com/collect?v=1&_v=j47&a=1474045265&t=event&ni=1&_s=1&dl=http%3A%2F%2Fde.ask.com%2Fweb%3Fq%3DIphone%2B6%26qsrc%3D0%26o%3D0%26l%3Ddir%26qo%3DspellCheck&ul=en-gb&de=UTF-8&dt=Iphone%206%20-%20Ask.com%20Web-Suche&sd=32-bit&sr=360x640&vp=360x558&je=0&ec=undefined&ea=undefined&_u=SDEAAEABI~&jid=&cid=278852550.1478594110&tid=UA-64870122-5>m=GTM-T3KVMC&cd1=278852550.1478594110&z=357530732
11-08 09:48:00.335 29726-29757/acr.browser.barebones D/AdblockWebView: Header referrer for http://de.ask.com/favicon.ico is http://de.ask.com/web?q=Iphone+6&qsrc=0&o=0&l=dir&qo=spellCheck
11-08 09:48:00.345 29726-29757/acr.browser.barebones D/AdblockWebView: Allowed loading http://de.ask.com/favicon.ico
11-08 09:48:00.355 29726-29726/acr.browser.barebones D/AdblockWebView: Loading progress=90%
11-08 09:48:00.355 29726-29726/acr.browser.barebones D/AdblockWebView: Loading progress=100%
11-08 09:48:00.355 29726-29726/acr.browser.barebones D/AdblockWebView: Loading progress=100%
11-08 09:48:00.355 29726-29726/acr.browser.barebones D/BrowserActivity: Notify Tab Changed: 0
11-08 09:48:00.355 29726-29726/acr.browser.barebones D/BrowserActivity: Notify Tab Changed: 0
11-08 09:48:00.355 29726-29806/acr.browser.barebones D/Lightning: Caching icon for de.ask.com
11-08 09:48:00.375 29726-29726/acr.browser.barebones W/DisplayListCanvas: DisplayListCanvas is started on unbinded RenderNode (without mOwningView)
11-08 09:48:02.015 27422-27437/? I/Quasar: start to send events
11-08 09:48:02.445 3403-3850/? D/BatteryService: !@BatteryListener : batteryPropertiesChanged!
11-08 09:48:02.445 3403-3850/? D/BatteryService: level:93, scale:100, status:2, health:2, present:true, voltage: 4277, temperature: 261, technology: Li-ion, AC powered:false, USB powered:true, POGO powered:false, Wireless powered:false, icon:17303413, invalid charger:0, maxChargingCurrent:0
11-08 09:48:02.445 3403-3850/? D/BatteryService: online:4, current avg:241, charge type:1, power sharing:false, high voltage charger:false, capacity:280000, batterySWSelfDischarging:false, current_now:356
11-08 09:48:02.445 3403-3403/? D/BatteryService: Sending ACTION_BATTERY_CHANGED.
11-08 09:48:02.445 3403-3403/? I/MotionRecognitionService: Plugged
11-08 09:48:02.445 3403-3403/? D/MotionRecognitionService: cableConnection= 1
11-08 09:48:02.445 3403-3403/? D/MotionRecognitionService: setPowerConnected | current backoffstate = 1024 , state =1024
11-08 09:48:02.445 3403-3403/? D/MotionRecognitionService: skip setTransmitPower.
11-08 09:48:02.455 3403-3858/? D/WifiController: ApOrStaEnabledState msg.what= 155652
11-08 09:48:02.455 3945-3945/? D/KeyguardUpdateMonitor: received broadcast android.intent.action.BATTERY_CHANGED
11-08 09:48:02.465 3945-3945/? D/KeyguardUpdateMonitor: handleBatteryUpdate
11-08 09:48:02.465 3945-3945/? D/PowerUI: priorPlugType = 2 mPlugType = 2
11-08 09:48:02.475 3945-3945/? D/PowerUI.Notification: showChargingNotice oldChargingType : 1 currentChargingType : 1 oldChargingTime : 1133000 mChargingTime : 1108000
11-08 09:48:02.475 3945-3945/? D/PowerUI.Notification: showChargingNotification()
11-08 09:48:02.485 3403-4050/? D/ApplicationPolicy: isStatusBarNotificationAllowedAsUser: packageName = com.android.systemui,userId = -1
11-08 09:48:02.485 4444-4444/? D/CommonServiceConfiguration: getStringValueSetting
11-08 09:48:02.485 3945-3945/? D/BatteryMeterView: ACTION_BATTERY_CHANGED : level:93 status:2 health:2
11-08 09:48:02.485 3945-3945/? D/BatteryMeterView: ACTION_BATTERY_CHANGED : level:93 status:2 health:2
11-08 09:48:02.495 4444-4444/? D/BatteryMonitor: new battery level: 93
11-08 09:48:02.495 3403-3403/? D/MARsPolicyManager: NotificationListenerService OngoingNotificationPosted : com.android.systemui
11-08 09:48:02.505 3945-3945/? W/ResourcesManager: getTopLevelResources: /system/priv-app/SystemUI/SystemUI.apk / 1.0 running in com.android.systemui rsrc of package com.android.systemui
11-08 09:48:02.515 3945-3945/? D/PhoneStatusBar: setAreThereNotifications: N=2 any=true clearable=false
11-08 09:48:02.525 3945-3945/? D/NotificationStackScrollLayout: scroll range should be extended : 1600
11-08 09:48:02.925 29726-29757/acr.browser.barebones D/AdblockWebView: Header referrer for http://de.ask.com/log/browser/event is http://de.ask.com/web?q=Iphone+6&qsrc=0&o=0&l=dir&qo=spellCheck
11-08 09:48:02.925 29726-29757/acr.browser.barebones D/AdblockWebView: Allowed loading http://de.ask.com/log/browser/event
11-08 09:48:02.955 3403-6849/? D/SSRM:n: SIOP:: AP = 280, PST = 278 (W:6), CP = 232, CUR = 241, LCD = 83
11-08 09:48:03.785 3403-3827/? D/InputReader: Input event(4): value=1 when=88421531480000
11-08 09:48:03.785 3403-3827/? D/InputReader: Input event(4): value=1 when=88421531480000
11-08 09:48:03.785 3403-3827/? I/InputReader: Touch event's action is 0x0 (deviceType=0) [pCnt=1, s=0.4767 ] when=88421531480000
11-08 09:48:03.785 3403-3827/? D/InputReader: lastThreadEndTime = 88416343409067, currentThreadStartTime = 88416343413028, diff = 0
11-08 09:48:03.785 3403-3826/? I/InputDispatcher: Delivering touch to (3945): action: 0x4, toolType: 1
11-08 09:48:03.785 3403-3826/? I/InputDispatcher: Delivering touch to (29726): action: 0x0, toolType: 1
11-08 09:48:03.785 29726-29726/acr.browser.barebones D/ViewRootImpl: ViewPostImeInputStage processPointer 0
11-08 09:48:03.995 3403-3827/? D/InputReader: Input event(4): value=0 when=88421749229000
11-08 09:48:03.995 3403-3827/? D/InputReader: Input event(4): value=0 when=88421749229000
11-08 09:48:03.995 3403-3827/? I/InputReader: Touch event's action is 0x1 (deviceType=0) [pCnt=1, s=] when=88421749229000
11-08 09:48:03.995 3403-3826/? I/InputDispatcher: Delivering touch to (29726): action: 0x1, toolType: 1
11-08 09:48:04.005 29726-29726/acr.browser.barebones D/ViewRootImpl: ViewPostImeInputStage processPointer 1
11-08 09:48:04.005 3403-6849/? D/CustomFrequencyManagerService: acquireDVFSLockLocked : type : DVFS_MIN_LIMIT frequency : 728000 uid : 1000 pid : 3403 pkgName : GESTURE_DETECTED@CPU_MIN@32
11-08 09:48:04.005 3403-6849/? D/CustomFrequencyManagerService: releaseDVFSLockLocked : Getting Lock type frm List : DVFS_MIN_LIMIT frequency : 728000 uid : 1000 pid : 3403 tag : GESTURE_DETECTED@CPU_MIN@32
11-08 09:48:04.005 3403-6849/? D/CustomFrequencyManagerService: acquireDVFSLockLocked : type : DVFS_MIN_LIMIT frequency : 728000 uid : 1000 pid : 3403 pkgName : GESTURE_DETECTED@CPU_MIN@32
11-08 09:48:04.245 29726-29757/acr.browser.barebones D/AdblockWebView: Header referrer for http://www.google-analytics.com/collect?v=1&_v=j47&a=1474045265&t=event&ni=0&_s=1&dl=http%3A%2F%2Fde.ask.com%2Fweb%3Fq%3DIphone%2B6%26qsrc%3D0%26o%3D0%26l%3Ddir%26qo%3DspellCheck&ul=en-gb&de=UTF-8&dt=Iphone%206%20-%20Ask.com%20Web-Suche&sd=32-bit&sr=360x640&vp=360x558&je=0&ec=Scroll%20Depth&ea=Percentage&el=75%25&ev=1&_u=SDEAAEABI~&jid=&cid=278852550.1478594110&tid=UA-64870122-5>m=GTM-T3KVMC&z=907063700 is http://de.ask.com/web?q=Iphone+6&qsrc=0&o=0&l=dir&qo=spellCheck
11-08 09:48:04.245 29726-29757/acr.browser.barebones D/AdblockWebView: Allowed loading http://www.google-analytics.com/collect?v=1&_v=j47&a=1474045265&t=event&ni=0&_s=1&dl=http%3A%2F%2Fde.ask.com%2Fweb%3Fq%3DIphone%2B6%26qsrc%3D0%26o%3D0%26l%3Ddir%26qo%3DspellCheck&ul=en-gb&de=UTF-8&dt=Iphone%206%20-%20Ask.com%20Web-Suche&sd=32-bit&sr=360x640&vp=360x558&je=0&ec=Scroll%20Depth&ea=Percentage&el=75%25&ev=1&_u=SDEAAEABI~&jid=&cid=278852550.1478594110&tid=UA-64870122-5>m=GTM-T3KVMC&z=907063700
11-08 09:48:04.385 3403-3827/? D/InputReader: Input event(4): value=1 when=88422139325000
11-08 09:48:04.385 3403-3827/? D/InputReader: Input event(4): value=1 when=88422139325000
11-08 09:48:04.385 3403-3827/? I/InputReader: Touch event's action is 0x0 (deviceType=0) [pCnt=1, s=0.4768 ] when=88422139325000
11-08 09:48:04.395 3403-3827/? D/InputReader: lastThreadEndTime = 88421749630601, currentThreadStartTime = 88421749637332, diff = 0
11-08 09:48:04.395 3403-3826/? I/InputDispatcher: Delivering touch to (3945): action: 0x4, toolType: 1
11-08 09:48:04.395 3403-3826/? I/InputDispatcher: Delivering touch to (29726): action: 0x0, toolType: 1
11-08 09:48:04.395 29726-29726/acr.browser.barebones D/ViewRootImpl: ViewPostImeInputStage processPointer 0
11-08 09:48:04.705 3403-3827/? D/InputReader: Input event(4): value=0 when=88422456776000
11-08 09:48:04.705 3403-3827/? D/InputReader: Input event(4): value=0 when=88422456776000
11-08 09:48:04.705 3403-3827/? I/InputReader: Touch event's action is 0x1 (deviceType=0) [pCnt=1, s=] when=88422456776000
11-08 09:48:04.705 3403-3826/? I/InputDispatcher: Delivering touch to (29726): action: 0x1, toolType: 1
11-08 09:48:04.705 29726-29726/acr.browser.barebones D/ViewRootImpl: ViewPostImeInputStage processPointer 1
11-08 09:48:04.715 3403-6849/? D/CustomFrequencyManagerService: releaseDVFSLockLocked : Getting Lock type frm List : DVFS_MIN_LIMIT frequency : 728000 uid : 1000 pid : 3403 tag : GESTURE_DETECTED@CPU_MIN@32
11-08 09:48:04.715 3403-6849/? D/CustomFrequencyManagerService: acquireDVFSLockLocked : type : DVFS_MIN_LIMIT frequency : 728000 uid : 1000 pid : 3403 pkgName : GESTURE_DETECTED@CPU_MIN@32
11-08 09:48:04.715 3403-6849/? D/CustomFrequencyManagerService: releaseDVFSLockLocked : Getting Lock type frm List : DVFS_MIN_LIMIT frequency : 728000 uid : 1000 pid : 3403 tag : GESTURE_DETECTED@CPU_MIN@32
11-08 09:48:04.715 3403-6849/? D/CustomFrequencyManagerService: acquireDVFSLockLocked : type : DVFS_MIN_LIMIT frequency : 728000 uid : 1000 pid : 3403 pkgName : GESTURE_DETECTED@CPU_MIN@32
11-08 09:48:05.365 3403-3827/? D/InputReader: Input event(4): value=1 when=88423116162000
11-08 09:48:05.365 3403-3827/? D/InputReader: Input event(4): value=1 when=88423116162000
11-08 09:48:05.365 3403-3827/? I/InputReader: Touch event's action is 0x0 (deviceType=0) [pCnt=1, s=0.4769 ] when=88423116162000
11-08 09:48:05.365 3403-3827/? D/InputReader: lastThreadEndTime = 88422457176563, currentThreadStartTime = 88422457181986, diff = 0
11-08 09:48:05.365 3403-3826/? I/InputDispatcher: Delivering touch to (3945): action: 0x4, toolType: 1
11-08 09:48:05.365 3403-3826/? I/InputDispatcher: Delivering touch to (29726): action: 0x0, toolType: 1
11-08 09:48:05.365 29726-29726/acr.browser.barebones D/ViewRootImpl: ViewPostImeInputStage processPointer 0
11-08 09:48:05.385 3403-3403/? D/CustomFrequencyManagerService: releaseDVFSLockLocked : Getting Lock type frm List : DVFS_MIN_LIMIT frequency : 728000 uid : 1000 pid : 3403 tag : GESTURE_DETECTED@CPU_MIN@32
11-08 09:48:05.545 3403-3827/? D/InputReader: Input event(4): value=0 when=88423292073000
11-08 09:48:05.545 3403-3827/? D/InputReader: Input event(4): value=0 when=88423292073000
11-08 09:48:05.545 3403-3827/? I/InputReader: Touch event's action is 0x1 (deviceType=0) [pCnt=1, s=] when=88423292073000
11-08 09:48:05.545 3403-3826/? I/InputDispatcher: Delivering touch to (29726): action: 0x1, toolType: 1
11-08 09:48:05.545 29726-29726/acr.browser.barebones D/ViewRootImpl: ViewPostImeInputStage processPointer 1
11-08 09:48:05.545 3403-6849/? D/CustomFrequencyManagerService: acquireDVFSLockLocked : type : DVFS_MIN_LIMIT frequency : 728000 uid : 1000 pid : 3403 pkgName : GESTURE_DETECTED@CPU_MIN@32
11-08 09:48:05.545 3403-6849/? D/CustomFrequencyManagerService: releaseDVFSLockLocked : Getting Lock type frm List : DVFS_MIN_LIMIT frequency : 728000 uid : 1000 pid : 3403 tag : GESTURE_DETECTED@CPU_MIN@32
11-08 09:48:05.545 3403-6849/? D/CustomFrequencyManagerService: acquireDVFSLockLocked : type : DVFS_MIN_LIMIT frequency : 728000 uid : 1000 pid : 3403 pkgName : GESTURE_DETECTED@CPU_MIN@32
11-08 09:48:06.075 3403-3827/? D/InputReader: Input event(4): value=1 when=88423822567000
11-08 09:48:06.075 3403-3827/? D/InputReader: Input event(4): value=1 when=88423822567000
11-08 09:48:06.075 3403-3827/? I/InputReader: Touch event's action is 0x0 (deviceType=0) [pCnt=1, s=0.4770 ] when=88423822567000
11-08 09:48:06.075 3403-3827/? D/InputReader: lastThreadEndTime = 88423292646523, currentThreadStartTime = 88423292652023, diff = 0
11-08 09:48:06.075 3403-3826/? I/InputDispatcher: Delivering touch to (3945): action: 0x4, toolType: 1
11-08 09:48:06.075 3403-3826/? I/InputDispatcher: Delivering touch to (29726): action: 0x0, toolType: 1
11-08 09:48:06.075 29726-29726/acr.browser.barebones D/ViewRootImpl: ViewPostImeInputStage processPointer 0
11-08 09:48:06.185 3403-3827/? D/InputReader: Input event(4): value=0 when=88423939306000
11-08 09:48:06.185 3403-3827/? D/InputReader: Input event(4): value=0 when=88423939306000
11-08 09:48:06.185 3403-3827/? I/InputReader: Touch event's action is 0x1 (deviceType=0) [pCnt=1, s=] when=88423939306000
11-08 09:48:06.195 3403-3826/? I/InputDispatcher: Delivering touch to (29726): action: 0x1, toolType: 1
11-08 09:48:06.195 3403-6849/? D/CustomFrequencyManagerService: releaseDVFSLockLocked : Getting Lock type frm List : DVFS_MIN_LIMIT frequency : 728000 uid : 1000 pid : 3403 tag : GESTURE_DETECTED@CPU_MIN@32
11-08 09:48:06.195 3403-6849/? D/CustomFrequencyManagerService: acquireDVFSLockLocked : type : DVFS_MIN_LIMIT frequency : 728000 uid : 1000 pid : 3403 pkgName : GESTURE_DETECTED@CPU_MIN@32
11-08 09:48:06.195 3403-6849/? D/CustomFrequencyManagerService: releaseDVFSLockLocked : Getting Lock type frm List : DVFS_MIN_LIMIT frequency : 728000 uid : 1000 pid : 3403 tag : GESTURE_DETECTED@CPU_MIN@32
11-08 09:48:06.195 3403-6849/? D/CustomFrequencyManagerService: acquireDVFSLockLocked : type : DVFS_MIN_LIMIT frequency : 728000 uid : 1000 pid : 3403 pkgName : GESTURE_DETECTED@CPU_MIN@32
11-08 09:48:06.195 29726-29726/acr.browser.barebones D/ViewRootImpl: ViewPostImeInputStage processPointer 1
11-08 09:48:06.285 29726-29757/acr.browser.barebones D/AdblockWebView: Header referrer for http://www.google-analytics.com/collect?v=1&_v=j47&a=1474045265&t=event&ni=0&_s=1&dl=http%3A%2F%2Fde.ask.com%2Fweb%3Fq%3DIphone%2B6%26qsrc%3D0%26o%3D0%26l%3Ddir%26qo%3DspellCheck&ul=en-gb&de=UTF-8&dt=Iphone%206%20-%20Ask.com%20Web-Suche&sd=32-bit&sr=360x640&vp=360x558&je=0&ec=Scroll%20Depth&ea=Percentage&el=100%25&ev=1&_u=SDEAAEABI~&jid=&cid=278852550.1478594110&tid=UA-64870122-5>m=GTM-T3KVMC&z=1529186345 is http://de.ask.com/web?q=Iphone+6&qsrc=0&o=0&l=dir&qo=spellCheck
11-08 09:48:06.285 29726-29757/acr.browser.barebones D/AdblockWebView: Allowed loading http://www.google-analytics.com/collect?v=1&_v=j47&a=1474045265&t=event&ni=0&_s=1&dl=http%3A%2F%2Fde.ask.com%2Fweb%3Fq%3DIphone%2B6%26qsrc%3D0%26o%3D0%26l%3Ddir%26qo%3DspellCheck&ul=en-gb&de=UTF-8&dt=Iphone%206%20-%20Ask.com%20Web-Suche&sd=32-bit&sr=360x640&vp=360x558&je=0&ec=Scroll%20Depth&ea=Percentage&el=100%25&ev=1&_u=SDEAAEABI~&jid=&cid=278852550.1478594110&tid=UA-64870122-5>m=GTM-T3KVMC&z=1529186345
