05-16 02:27:24.794 11758-11779/? I/chromium: [INFO:render_frame_impl.cc(4683)] LoaderLog didStopLoading enter
05-16 02:27:24.795 4154-4154/? I/chromium: [INFO:password_manager.cc(588)] OnPasswordFormsRendered
05-16 02:27:24.795 4154-4154/? E/chromium: [ERROR:password_manager.cc(555)] CanProvisionalManagerSave No provisional save manager
05-16 02:27:24.796 4154-4154/? I/chromium: [INFO:web_contents_impl.cc(3520)] WebContentsImpl::OnDidFinishLoad theme_color: 4283015372 last_sent_theme_color: 4283015372
05-16 02:27:24.796 4154-4154/? D/SBrowserTab: didFinishLoad frameId(2)isMainFrame = true
05-16 02:27:24.796 4154-4154/? E/BrowserSPerfManager: BrowserSPerf notifytoperf is not Supproted : Fallback
05-16 02:27:24.796 4154-4154/? I/GATE: BROWSER_LOAD_COMPLETED
05-16 02:27:24.798 4154-4154/? D/ColorUtils: Theme_Color = -11951924
05-16 02:27:24.798 4154-4154/? D/ColorUtils: Theme_Color: red = 73
05-16 02:27:24.798 4154-4154/? D/ColorUtils: Theme_Color: green = 160
05-16 02:27:24.798 4154-4154/? D/ColorUtils: Theme_Color: blue = 204
05-16 02:27:24.798 4154-4154/? D/ColorUtils: Theme_Color : dark theme
05-16 02:27:24.800 4154-4154/? D/ColorUtils: Theme_Color = -11951924
05-16 02:27:24.800 4154-4154/? D/ColorUtils: Theme_Color: red = 73
05-16 02:27:24.800 4154-4154/? D/ColorUtils: Theme_Color: green = 160
05-16 02:27:24.800 4154-4154/? D/ColorUtils: Theme_Color: blue = 204
05-16 02:27:24.800 4154-4154/? D/ColorUtils: Theme_Color : dark theme
05-16 02:27:24.803 4154-4154/? D/ContentBlockCommonUtils: ContentBlocker enabled : true, size : 3187020 Bytes selectedPackageList : org.adblockplus.adblockplussbrowser
05-16 02:27:24.805 4154-4154/? D/AppRatingManager: Pixel
05-16 02:27:24.805 4154-4154/? D/AppRatingManager: checkCondition true
05-16 02:27:24.805 4154-4154/? D/AppRatingManager: Is enabled by server? false
05-16 02:27:24.806 4154-4154/? D/SBrowserTab: onBackPressed, canGoBack = true
05-16 02:27:24.806 4154-4154/? D/SBrowserTab: onBackPressed, canGoBack = true
05-16 02:27:24.806 4154-4154/? D/SBrowserTab: onBackPressed, canGoBack = true
05-16 02:27:24.806 4154-4154/? V/TinContentViewCore: setIsLoading isLoading = false
05-16 02:27:24.863 11758-11779/? I/chromium: [INFO:render_view_impl.cc(3626)] recognizeArticle native Time : 0.202ms
05-16 02:27:24.865 4154-4154/? D/AppBannerManager: PWA status[3]: false[3]
05-16 02:27:24.866 4154-4154/? D/ColorUtils: Theme_Color = -11951924
05-16 02:27:24.866 4154-4154/? D/ColorUtils: Theme_Color: red = 73
05-16 02:27:24.866 4154-4154/? D/ColorUtils: Theme_Color: green = 160
05-16 02:27:24.866 4154-4154/? D/ColorUtils: Theme_Color: blue = 204
05-16 02:27:24.866 4154-4154/? D/ColorUtils: Theme_Color : dark theme
05-16 02:27:25.183 4154-4154/? D/HideUrlbar: -------- Toolbar captureBitmap : run
05-16 02:27:25.185 4154-4154/? D/HideUrlbar: mBitmapPixels.length = 1080
05-16 02:27:25.185 4154-4154/? D/HideUrlbar: -------- Toolbar captureBitmap : same bitmap
05-16 02:27:25.185 4154-4154/? D/HideUrlbar: -------- Bottombar captureBitmap : run
05-16 02:27:25.188 4154-4154/? D/HideUrlbar: mBitmapPixels.length = 1080
05-16 02:27:25.188 4154-4154/? D/HideUrlbar: -------- Bottombar captureBitmap : same bitmap
05-16 02:27:25.302 4154-4154/? D/HideUrlbar: ------------ OnLoadFinished,TerraceTopControlsState.BOTH
05-16 02:27:26.390 4154-4154/? D/SwipeRecognizer: setSwipeEnabled(): true
05-16 02:27:26.461 4154-4154/? D/SBrowserMainActivity: onMoreMenuClicked
05-16 02:27:26.461 4154-4154/? D/MoreMenuHandler: createAdapter
05-16 02:27:26.461 4154-4154/? D/SBrowserMainActivity: onCreateOptionsMenu
05-16 02:27:26.461 4154-4154/? D/SBrowserMainActivity: onCreateOptionsMenu, isDocumentPage
05-16 02:27:26.462 4154-4154/? D/SBrowserMainActivity: onPrepareOptionsMenu
05-16 02:27:26.462 4154-4154/? D/SBrowserMainActivity: onPrepareOptionsMenu, isDocumentPage
05-16 02:27:26.464 493-593/? I/ACDB-LOADER: ACDB AFE returned = -19
05-16 02:27:26.464 493-593/? D/hardware_info: hw_info_append_hw_type : device_name = speaker
05-16 02:27:26.464 493-593/? D/audio_hw_primary: enable_snd_device: snd_device(2: speaker)
05-16 02:27:26.464 493-593/? D/audio_hw_primary: enable_audio_route: usecase(1) apply and update mixer path: low-latency-playback speaker
05-16 02:27:26.465 611-735/? E/ANDR-PERF-OPTSHANDLER: Warning: Resource [2, 0] not supported for core 1. Instead use resource for core 0
05-16 02:27:26.465 611-735/? E/ANDR-PERF-RESOURCEQS: Failed to apply optimization [2, 2, 0]
05-16 02:27:26.470 4154-4154/? D/BrowserUtil: This app may be running on non Samsung device
05-16 02:27:26.474 4154-4154/? I/BrowserQRManager: getCameraDisabledByRestrictionPolicy DPM : false Knox : false
05-16 02:27:26.476 4154-4154/? D/BrowserUtil: This app may be running on non Samsung device
05-16 02:27:26.479 4154-4154/? E/SBrowserMainActivity: com.samsung.helphub
05-16 02:27:26.558 4154-4154/? D/AssistantMenuManager: removeAssistantMenu called
05-16 02:27:27.016 9001-11732/? W/GmsLocationProvider: Error removing location updates: 16
05-16 02:27:27.918 646-1595/? D/NuPlayerDriver: reset(0xe66aae40) at state 4
05-16 02:27:27.918 646-1595/? D/NuPlayerDriver: notifyListener_l(0xe66aae40), (8, 0, 0), loop setting(0, 0)
05-16 02:27:27.919 646-11866/? D/NuPlayerDriver: notifyResetComplete(0xe66aae40)
05-16 02:27:29.715 493-593/? D/audio_hw_primary: disable_audio_route: usecase(1) reset and update mixer path: low-latency-playback speaker
05-16 02:27:29.720 493-593/? D/hardware_info: hw_info_append_hw_type : device_name = speaker
05-16 02:27:29.720 493-593/? D/audio_hw_primary: disable_snd_device: snd_device(2: speaker)
05-16 02:27:31.384 4154-4154/? D/MoreMenuHandler: PopupMenu has been dismissed
05-16 02:27:31.384 4154-4154/? W/InputEventReceiver: Attempted to finish an input event but the input event receiver has already been disposed.
05-16 02:27:31.385 4154-4154/? W/ViewRootImpl[PopupWindow:2f01d6f]: Dropping event due to root view being removed: MotionEvent { action=ACTION_MOVE, actionButton=0, id[0]=0, x[0]=397.0, y[0]=1409.0, toolType[0]=TOOL_TYPE_FINGER, buttonState=0, metaState=0, flags=0x0, edgeFlags=0x0, pointerCount=1, historySize=0, eventTime=63046201, downTime=63046186, deviceId=9, source=0x1002 }
05-16 02:27:31.385 4154-4154/? W/InputEventReceiver: Attempted to finish an input event but the input event receiver has already been disposed.
05-16 02:27:31.385 4154-4154/? D/AssistantMenuManager: addAssistantMenu called.
05-16 02:27:31.385 4154-4154/? E/SystemSettings: FallbackException : Fallback exception
05-16 02:27:31.385 4154-4154/? D/VrBrowserLauncherClient: start for com.sec.android.app.sbrowser.SBrowserMainActivity@1f32075
05-16 02:27:31.386 1066-20811/? W/InputMethodManagerService: Window already focused, ignoring focus gain of: com.android.internal.view.IInputMethodClient$Stub$Proxy@9aac23 attribute=null, token = android.os.BinderProxy@dd892b8
05-16 02:27:34.129 4154-4154/? D/SwipeRecognizer: setSwipeEnabled(): true
05-16 02:27:34.203 4154-4154/? I/chromium: [INFO:navigation_controller_impl.cc(1764)] LoaderLog NavigateToPendingEntry : reload_type = 1 pending_entry_index = 1 last_committed_entry_index = 1 transient_entry_index = -1
05-16 02:27:34.203 4154-4154/? I/chromium: [INFO:render_frame_host_impl.cc(2029)] LoaderLog Navigate navigations_suspended = 0
05-16 02:27:34.203 4154-4154/? I/chromium: [INFO:render_frame_host_impl.cc(2638)] LoaderLog send FrameMsg_Navigate
05-16 02:27:34.204 4154-4154/? D/SBrowserTab: onBackPressed, canGoBack = true
05-16 02:27:34.204 4154-4154/? D/SBrowserTab: onBackPressed, canGoBack = true
05-16 02:27:34.204 4154-4154/? D/SBrowserTab: onBackPressed, canGoBack = true
05-16 02:27:34.204 4154-4154/? V/TinContentViewCore: setIsLoading isLoading = true
05-16 02:27:34.204 4154-4154/? I/chromium: [INFO:navigator_impl.cc(415)] LoaderLog NavigateToEntry : DidStartNavigation
05-16 02:27:34.205 493-593/? I/ACDB-LOADER: ACDB AFE returned = -19
05-16 02:27:34.206 493-593/? D/hardware_info: hw_info_append_hw_type : device_name = speaker
05-16 02:27:34.206 493-593/? D/audio_hw_primary: enable_snd_device: snd_device(2: speaker)
05-16 02:27:34.206 493-593/? D/audio_hw_primary: enable_audio_route: usecase(1) apply and update mixer path: low-latency-playback speaker
05-16 02:27:34.211 611-735/? E/ANDR-PERF-OPTSHANDLER: Warning: Resource [2, 0] not supported for core 1. Instead use resource for core 0
05-16 02:27:34.211 611-735/? E/ANDR-PERF-RESOURCEQS: Failed to apply optimization [2, 2, 0]
05-16 02:27:34.219 11758-11779/? I/chromium: [INFO:render_frame_impl.cc(3031)] LoaderLog didStartProvisionalLoad enter
05-16 02:27:34.220 4154-4154/? E/BrowserSPerfManager: BrowserSPerf notifytoperf is not Supproted : Fallback
05-16 02:27:34.221 4154-4154/? D/TabSaver: [to save] addTabToSaveQueue : 9
05-16 02:27:34.221 4154-4154/? I/GATE: BROWSER_LOADING
05-16 02:27:34.221 4154-4154/? D/MainViewLayout: ------------ OnLoadStarted
05-16 02:27:34.228 4154-4154/? D/SBrowserTab: pageTransitionType : 8
05-16 02:27:34.241 4154-4154/? D/TabSaver: Serializing tab lists; counts: 1, 0, 0
05-16 02:27:34.321 4154-4154/? D/MainViewLayout: ------------ progress : 0.1
05-16 02:27:34.539 4154-4154/? D/MainViewLayout: ------------ progress : 0.10472259625704974
05-16 02:27:34.540 4154-4154/? D/HideUrlbar: -------- Bottombar captureBitmap : run
05-16 02:27:34.544 4154-4154/? D/HideUrlbar: mBitmapPixels.length = 1080
05-16 02:27:34.544 4154-4154/? D/HideUrlbar: -------- Bottombar captureBitmap : same bitmap
05-16 02:27:34.565 11758-11779/? I/chromium: [INFO:WebViewImpl.cpp(4564)] LoaderLog RootGraphicsLayer detached
05-16 02:27:34.565 11758-11781/? I/chromium: [INFO:scheduler.cc(678)] LoaderLog SetDeferCommits defer_commits = 1
05-16 02:27:34.567 4154-4154/? E/chromium: [ERROR:tin_browser_media_player_manager.cc(122)] OnDestroyPlayer
05-16 02:27:34.567 4154-4154/? D/[MM]TinMPManagerClient: onDestroyPlayer
05-16 02:27:34.591 11758-11779/? I/chromium: [INFO:render_frame_impl.cc(3150)] LoaderLog didCommitProvisionalLoad enter
05-16 02:27:34.593 4154-4154/? I/chromium: [INFO:navigation_controller_impl.cc(856)] LoaderLog RendererDidNavigate : NavigationType = 2
05-16 02:27:34.593 4154-4154/? E/SBrowserTab: onDidCommitProvisionalLoadForFrame - skip logging..
05-16 02:27:34.593 4154-4154/? I/chromium: [INFO:web_contents_impl.cc(3328)] WebContentsImpl::DidNavigateMainFramePostCommit theme_color is set: 0
05-16 02:27:34.593 4154-4154/? I/cr_Ime: isActive: true
05-16 02:27:34.593 4154-4154/? I/cr_Ime: hideSoftInputFromWindow
05-16 02:27:34.601 4154-4154/? D/TabSaver: [to save] addTabToSaveQueue : 9
05-16 02:27:34.602 4154-4154/? I/chromium: [INFO:web_contents_impl.cc(3399)] WebContentsImpl::OnThemeColorChanged theme_color: 4283015372 last_sent_theme_color: 4283015372
05-16 02:27:34.603 4154-4154/? D/TabSaver: Serializing tab lists; counts: 1, 0, 0
05-16 02:27:34.694 4154-4154/? D/MainViewLayout: ------------ progress : 0.13290859100398567
05-16 02:27:34.796 4154-4154/? D/MainViewLayout: ------------ progress : 0.18103504646009697
05-16 02:27:34.905 4154-4154/? D/MainViewLayout: ------------ progress : 0.22196156910801948
05-16 02:27:35.055 4154-4154/? D/MainViewLayout: ------------ progress : 0.32125815632666355
05-16 02:27:35.205 4154-4154/? D/MainViewLayout: ------------ progress : 0.348391599726962
05-16 02:27:35.304 11758-11781/? I/chromium: [INFO:scheduler.cc(678)] LoaderLog SetDeferCommits defer_commits = 0
05-16 02:27:35.350 4154-4154/? D/MainViewLayout: ------------ progress : 0.36527490384644373
05-16 02:27:35.374 11758-11779/? I/chromium: [INFO:FrameView.cpp(1034)] loaderlog firstLayout
05-16 02:27:35.378 11758-11779/? I/chromium: [INFO:WebViewImpl.cpp(4554)] LoaderLog RootGraphicsLayer attached
05-16 02:27:35.516 4154-4154/? D/MainViewLayout: ------------ progress : 0.47166046011864193
05-16 02:27:35.623 4154-4154/? D/MainViewLayout: ------------ progress : 0.4926752332860515
05-16 02:27:35.655 4154-4154/? I/chromium: [INFO:web_contents_impl.cc(3861)] WebContentsImpl::OnFirstVisuallyNonEmptyPaint theme_color: 4283015372 last_sent_theme_color: 4283015372
05-16 02:27:35.680 4154-4222/? W/chromium: [WARNING:http_cache_transaction.cc(2402)] Failed to revalidate partial entry
05-16 02:27:35.720 4154-4154/? I/chromium: [INFO:CONSOLE(10)] " ▄ ▄ ▌▒█ ▄▀▒▌ ▌▒▒▀▄ ▄▀▒▒▒▐ ▐▄▀▒▒▀▀▀▀▄▄▄▀▒▒▒▒▒▐ ▄▄▀▒▒▒▒▒▒▒▒▒▒▒█▒▒▄█▒▐ ▄▀▒▒▒▒▒▒▒▒▒▒▒▒▒▒▒▀██▀▒▌ such functional ▐▒▒▒▄▄▄▒▒▒▒▒▒▒▒▒▒▒▒▒▀▄▒▒▌ ▌▒▒▐▄█▀▒▒▒▒▄▀█▄▒▒▒▒▒▒▒█▒▐ ▐▒▒▒▒▒▒▒▒▒▒▒▌██▀▒▒▒▒▒▒▒▒▀▄▌ ▌▒▀▄██▄▒▒▒▒▒▒▒▒▒▒▒░░░░▒▒▒▒▌ much scala ▌▀▐▄█▄█▌▄▒▀▒▒▒▒▒▒░░░░░░▒▒▒▐ ▐▒▀▐▀▐▀▒▒▄▄▒▄▒▒▒▒▒░░░░░░▒▒▒▒▌ ▐▒▒▒▀▀▄▄▒▒▒▄▒▒▒▒▒▒░░░░░░▒▒▒▐ ▌▒▒▒▒▒▒▀▀▀▒▒▒▒▒▒▒▒░░░░▒▒▒▒▌ wow ▐▒▒▒▒▒▒▒▒▒▒▒▒▒▒▒▒▒▒▒▒▒▒▒▒▐ ▀▄▒▒▒▒▒▒▒▒▒▒▒▒▒▒▒▒▒▄▒▒▒▒▌ ▀▄▒▒▒▒▒▒▒▒▒▒▄▄▄▀▒▒▒▒▄▀ ▐▀▒▀▄▄▄▄▄▄▀▀▀▒▒▒▒▒▄▄▀ ▐▒▒▒▒▒▒▒▒▒▒▒▒▒▒▒▒▀▀ http://www.gutefrage-gruppe.net/#jobs ", source: http://gutefrage.net/nmms/js/bundle-7ab9755af7.min.js (10)
05-16 02:27:35.776 11758-11779/? I/chromium: [INFO:render_frame_impl.cc(3150)] LoaderLog didCommitProvisionalLoad enter
05-16 02:27:35.777 4154-4154/? I/chromium: [INFO:navigation_controller_impl.cc(856)] LoaderLog RendererDidNavigate : NavigationType = 2
05-16 02:27:35.777 4154-4154/? E/SBrowserTab: onDidCommitProvisionalLoadForFrame - skip logging..
05-16 02:27:35.777 4154-4154/? I/chromium: [INFO:web_contents_impl.cc(3328)] WebContentsImpl::DidNavigateMainFramePostCommit theme_color is set: 4283015372
05-16 02:27:35.924 4154-4154/? D/MainViewLayout: ------------ progress : 0.5168048071258878
05-16 02:27:36.104 4154-4154/? D/MainViewLayout: ------------ progress : 0.5205822035358073
05-16 02:27:36.113 4154-4227/? D/cr_MediaResource: [MediaResourceGetter.java:288] ethernet/wifi connection detected
05-16 02:27:36.113 4154-4227/? W/cr_MediaResource: non-file URI can't be read due to unsuitable network conditions
05-16 02:27:36.113 4154-4227/? E/cr_MediaResource: Unable to configure metadata extractor
05-16 02:27:36.113 4154-4154/? D/[MM]TinMPManagerClient: createBrowserMediaPlayerManagerClient
05-16 02:27:36.113 4154-4154/? D/[MM]TinMPManagerClient: onMediaMetadataChanged
05-16 02:27:36.139 645-1463/? D/MediaBufferGroup: creating MemoryDealer
05-16 02:27:36.140 646-11911/? D/NuPlayerDriver: notifyListener_l(0xe66aaae0), (1, 0, 0), loop setting(0, 0)
05-16 02:27:36.140 4154-11722/? D/MediaPlayer: setSubtitleAnchor in MediaPlayer
05-16 02:27:36.206 4154-4154/? D/MainViewLayout: ------------ progress : 0.6380637626782607
05-16 02:27:36.384 4154-4154/? D/[MM]TinMPManagerClient: onClosedCaptionUpdated
05-16 02:27:36.384 4154-4154/? D/[MM]TinMPManagerClient: onMediaControlDisplayed isDisplayed:false
05-16 02:27:36.694 4154-4154/? I/chromium: [INFO:CONSOLE(0)] "Fetch API cannot load http://www.gutefrage.net/px.js?ch=1. No 'Access-Control-Allow-Origin' header is present on the requested resource. Origin 'http://gutefrage.net' is therefore not allowed access. If an opaque response serves your needs, set the request's mode to 'no-cors' to fetch the resource with CORS disabled.", source: http://gutefrage.net/ (0)
05-16 02:27:36.781 4154-4154/? I/chromium: [INFO:navigation_controller_impl.cc(856)] LoaderLog RendererDidNavigate : NavigationType = 5
05-16 02:27:36.862 4154-4154/? I/chromium: [INFO:navigation_controller_impl.cc(856)] LoaderLog RendererDidNavigate : NavigationType = 5
05-16 02:27:36.864 4154-4154/? I/chromium: [INFO:web_contents_impl.cc(3520)] WebContentsImpl::OnDidFinishLoad theme_color: 4283015372 last_sent_theme_color: 4283015372
05-16 02:27:36.864 4154-4154/? D/SBrowserTab: didFinishLoad frameId(23)isMainFrame = false
05-16 02:27:36.874 4154-4154/? I/chromium: [INFO:navigation_controller_impl.cc(856)] LoaderLog RendererDidNavigate : NavigationType = 5
05-16 02:27:37.300 1066-1325/? I/nanohub: osLog: [BMI160] accSetRate: rate=51200, latency=-256, state=4
05-16 02:27:37.305 1066-1325/? I/nanohub: osLog: [BMI160] accSetRate: rate=51200, latency=-256, state=3
05-16 02:27:37.310 1066-1325/? I/nanohub: osLog: [BMI160] accSetRate: rate=51200, latency=250000000, state=5
05-16 02:27:37.312 1066-1325/? I/nanohub: osLog: [BMI160] accSetRate: rate=51200, latency=250000000, state=3
05-16 02:27:37.456 493-593/? D/audio_hw_primary: disable_audio_route: usecase(1) reset and update mixer path: low-latency-playback speaker
05-16 02:27:37.459 493-593/? D/hardware_info: hw_info_append_hw_type : device_name = speaker
05-16 02:27:37.459 493-593/? D/audio_hw_primary: disable_snd_device: snd_device(2: speaker)
05-16 02:27:37.552 4154-4154/? I/chromium: [INFO:navigation_controller_impl.cc(856)] LoaderLog RendererDidNavigate : NavigationType = 5
05-16 02:27:37.556 4154-4154/? I/chromium: [INFO:web_contents_impl.cc(3520)] WebContentsImpl::OnDidFinishLoad theme_color: 4283015372 last_sent_theme_color: 4283015372
05-16 02:27:37.556 4154-4154/? D/SBrowserTab: didFinishLoad frameId(20)isMainFrame = false
05-16 02:27:37.575 4154-4154/? D/SBrowserTab: didGetMeta for not mainframe is ignored.
05-16 02:27:37.582 4154-4154/? I/chromium: [INFO:web_contents_impl.cc(3520)] WebContentsImpl::OnDidFinishLoad theme_color: 4283015372 last_sent_theme_color: 4283015372
05-16 02:27:37.582 4154-4154/? D/SBrowserTab: didFinishLoad frameId(22)isMainFrame = false
05-16 02:27:37.582 4154-4154/? D/MainViewLayout: ------------ progress : 0.7656750408273033
05-16 02:27:37.621 4154-4154/? I/chromium: [INFO:navigation_controller_impl.cc(856)] LoaderLog RendererDidNavigate : NavigationType = 5
05-16 02:27:37.722 4154-4154/? D/MainViewLayout: ------------ progress : 0.9256750408273033
05-16 02:27:37.772 4154-4154/? I/chromium: [INFO:web_contents_impl.cc(3520)] WebContentsImpl::OnDidFinishLoad theme_color: 4283015372 last_sent_theme_color: 4283015372
05-16 02:27:37.772 4154-4154/? D/SBrowserTab: didFinishLoad frameId(21)isMainFrame = false
05-16 02:27:37.866 4154-4154/? D/MainViewLayout: ------------ progress : 0.945808406968626
05-16 02:27:38.066 4154-4154/? I/chromium: [INFO:web_contents_impl.cc(3520)] WebContentsImpl::OnDidFinishLoad theme_color: 4283015372 last_sent_theme_color: 4283015372
05-16 02:27:38.066 4154-4154/? D/SBrowserTab: didFinishLoad frameId(23)isMainFrame = false
05-16 02:27:38.067 4154-4154/? D/MainViewLayout: ------------ progress : 0.9658084069686259
05-16 02:27:38.085 11758-11779/? I/chromium: [INFO:render_frame_impl.cc(3545)] LoaderLog didFinishLoad enter
05-16 02:27:38.087 11758-11779/? I/chromium: [INFO:FrameLoader.cpp(617)] LoaderLog Completed totalBytes = 1626224
05-16 02:27:38.087 11758-11779/? I/chromium: [INFO:render_frame_impl.cc(4683)] LoaderLog didStopLoading enter
05-16 02:27:38.087 4154-4154/? I/chromium: [INFO:password_manager.cc(588)] OnPasswordFormsRendered
05-16 02:27:38.087 4154-4154/? E/chromium: [ERROR:password_manager.cc(555)] CanProvisionalManagerSave No provisional save manager
05-16 02:27:38.087 4154-4154/? I/chromium: [INFO:web_contents_impl.cc(3520)] WebContentsImpl::OnDidFinishLoad theme_color: 4283015372 last_sent_theme_color: 4283015372
05-16 02:27:38.088 4154-4154/? D/SBrowserTab: didFinishLoad frameId(2)isMainFrame = true
05-16 02:27:38.088 4154-4154/? E/BrowserSPerfManager: BrowserSPerf notifytoperf is not Supproted : Fallback
05-16 02:27:38.088 4154-4154/? I/GATE: BROWSER_LOAD_COMPLETED
05-16 02:27:38.090 4154-4154/? D/ColorUtils: Theme_Color = -11951924
05-16 02:27:38.090 4154-4154/? D/ColorUtils: Theme_Color: red = 73
05-16 02:27:38.090 4154-4154/? D/ColorUtils: Theme_Color: green = 160
05-16 02:27:38.090 4154-4154/? D/ColorUtils: Theme_Color: blue = 204
05-16 02:27:38.090 4154-4154/? D/ColorUtils: Theme_Color : dark theme
05-16 02:27:38.092 4154-4154/? D/ColorUtils: Theme_Color = -11951924
05-16 02:27:38.092 4154-4154/? D/ColorUtils: Theme_Color: red = 73
05-16 02:27:38.092 4154-4154/? D/ColorUtils: Theme_Color: green = 160
05-16 02:27:38.092 4154-4154/? D/ColorUtils: Theme_Color: blue = 204
05-16 02:27:38.092 4154-4154/? D/ColorUtils: Theme_Color : dark theme
05-16 02:27:38.095 4154-4154/? D/ContentBlockCommonUtils: ContentBlocker enabled : true, size : 3187020 Bytes selectedPackageList : org.adblockplus.adblockplussbrowser
05-16 02:27:38.097 4154-4154/? D/AppRatingManager: Pixel
05-16 02:27:38.097 4154-4154/? D/AppRatingManager: checkCondition true
05-16 02:27:38.097 4154-4154/? D/AppRatingManager: Is enabled by server? false
05-16 02:27:38.104 11758-11779/? I/chromium: [INFO:render_view_impl.cc(3626)] recognizeArticle native Time : 0.079ms
05-16 02:27:38.109 4154-4154/? D/SBrowserTab: onBackPressed, canGoBack = true
05-16 02:27:38.109 4154-4154/? D/SBrowserTab: onBackPressed, canGoBack = true
05-16 02:27:38.109 4154-4154/? D/SBrowserTab: onBackPressed, canGoBack = true
05-16 02:27:38.110 4154-4154/? V/TinContentViewCore: setIsLoading isLoading = false
05-16 02:27:38.116 4154-4154/? D/AppBannerManager: PWA status[4]: false[4]
05-16 02:27:38.117 4154-4154/? D/ColorUtils: Theme_Color = -11951924
05-16 02:27:38.117 4154-4154/? D/ColorUtils: Theme_Color: red = 73
05-16 02:27:38.117 4154-4154/? D/ColorUtils: Theme_Color: green = 160
05-16 02:27:38.117 4154-4154/? D/ColorUtils: Theme_Color: blue = 204
05-16 02:27:38.117 4154-4154/? D/ColorUtils: Theme_Color : dark theme
05-16 02:27:38.427 4154-4154/? D/HideUrlbar: -------- Toolbar captureBitmap : run
05-16 02:27:38.430 4154-4154/? D/HideUrlbar: mBitmapPixels.length = 1080
05-16 02:27:38.430 4154-4154/? D/HideUrlbar: -------- Toolbar captureBitmap : same bitmap
05-16 02:27:38.430 4154-4154/? D/HideUrlbar: -------- Bottombar captureBitmap : run
05-16 02:27:38.435 4154-4154/? D/HideUrlbar: mBitmapPixels.length = 1080
05-16 02:27:38.435 4154-4154/? D/HideUrlbar: -------- Bottombar captureBitmap : same bitmap
05-16 02:27:38.594 4154-4154/? D/HideUrlbar: ------------ OnLoadFinished,TerraceTopControlsState.BOTH
05-16 02:27:38.852 4154-4154/? D/SwipeRecognizer: setSwipeEnabled(): true
05-16 02:27:38.969 4154-4154/? D/SBrowserMainActivity: onMoreMenuClicked
05-16 02:27:38.969 4154-4154/? D/MoreMenuHandler: createAdapter
05-16 02:27:38.969 4154-4154/? D/SBrowserMainActivity: onCreateOptionsMenu
05-16 02:27:38.969 4154-4154/? D/SBrowserMainActivity: onCreateOptionsMenu, isDocumentPage
05-16 02:27:38.970 4154-4154/? D/SBrowserMainActivity: onPrepareOptionsMenu
05-16 02:27:38.971 4154-4154/? D/SBrowserMainActivity: onPrepareOptionsMenu, isDocumentPage
05-16 02:27:38.973 493-593/? I/ACDB-LOADER: ACDB AFE returned = -19
05-16 02:27:38.973 493-593/? D/hardware_info: hw_info_append_hw_type : device_name = speaker
05-16 02:27:38.973 493-593/? D/audio_hw_primary: enable_snd_device: snd_device(2: speaker)
05-16 02:27:38.973 493-593/? D/audio_hw_primary: enable_audio_route: usecase(1) apply and update mixer path: low-latency-playback speaker
05-16 02:27:38.974 611-735/? E/ANDR-PERF-OPTSHANDLER: Warning: Resource [2, 0] not supported for core 1. Instead use resource for core 0
05-16 02:27:38.974 611-735/? E/ANDR-PERF-RESOURCEQS: Failed to apply optimization [2, 2, 0]
05-16 02:27:38.975 4154-4154/? D/BrowserUtil: This app may be running on non Samsung device
05-16 02:27:38.977 4154-4154/? I/BrowserQRManager: getCameraDisabledByRestrictionPolicy DPM : false Knox : false
05-16 02:27:38.979 4154-4154/? D/BrowserUtil: This app may be running on non Samsung device
05-16 02:27:38.981 4154-4154/? E/SBrowserMainActivity: com.samsung.helphub
05-16 02:27:39.075 4154-4154/? D/AssistantMenuManager: removeAssistantMenu called
05-16 02:27:41.156 646-1505/? D/NuPlayerDriver: reset(0xe66aaae0) at state 4
05-16 02:27:41.156 646-1505/? D/NuPlayerDriver: notifyListener_l(0xe66aaae0), (8, 0, 0), loop setting(0, 0)
05-16 02:27:41.157 646-11911/? D/NuPlayerDriver: notifyResetComplete(0xe66aaae0)
05-16 02:27:42.224 493-593/? D/audio_hw_primary: disable_audio_route: usecase(1) reset and update mixer path: low-latency-playback speaker
05-16 02:27:42.228 493-593/? D/hardware_info: hw_info_append_hw_type : device_name = speaker
05-16 02:27:42.228 493-593/? D/audio_hw_primary: disable_snd_device: snd_device(2: speaker)
05-16 02:27:42.389 4154-4154/? D/MoreMenuHandler: PopupMenu has been dismissed
05-16 02:27:42.389 4154-4154/? W/InputEventReceiver: Attempted to finish an input event but the input event receiver has already been disposed.
05-16 02:27:42.389 4154-4154/? W/ViewRootImpl[PopupWindow:2f01d6f]: Dropping event due to root view being removed: MotionEvent { action=ACTION_MOVE, actionButton=0, id[0]=0, x[0]=492.0, y[0]=1352.0, toolType[0]=TOOL_TYPE_FINGER, buttonState=0, metaState=0, flags=0x0, edgeFlags=0x0, pointerCount=1, historySize=0, eventTime=63057207, downTime=63057192, deviceId=9, source=0x1002 }
05-16 02:27:42.389 4154-4154/? W/InputEventReceiver: Attempted to finish an input event but the input event receiver has already been disposed.
05-16 02:27:42.389 4154-4154/? D/AssistantMenuManager: addAssistantMenu called.
05-16 02:27:42.390 4154-4154/? E/SystemSettings: FallbackException : Fallback exception
05-16 02:27:42.390 4154-4154/? D/VrBrowserLauncherClient: start for com.sec.android.app.sbrowser.SBrowserMainActivity@1f32075
05-16 02:27:42.391 1066-1083/? W/InputMethodManagerService: Window already focused, ignoring focus gain of: com.android.internal.view.IInputMethodClient$Stub$Proxy@bc118aa attribute=null, token = android.os.BinderProxy@dd892b8