05-16 02:27:03.448 4154-4154/? D/LocationBarController==: setQuickAccessSuggestionPopupVisibility: true
05-16 02:27:03.743 4154-4154/? D/HideUrlbar: -------- Bottombar captureBitmap : run
05-16 02:27:03.748 4154-4154/? D/HideUrlbar: mBitmapPixels.length = 1080
05-16 02:27:03.748 4154-4154/? D/HideUrlbar: -------- Bottombar captureBitmap : same bitmap
05-16 02:27:04.678 4154-4154/? D/LocationBarController==: setQuickAccessSuggestionPopupVisibility: false
05-16 02:27:04.687 4154-4154/? D/LocationBarController==: QuickAccessSuggestionPopup is dismissed
05-16 02:27:04.716 4154-4154/? D/TerraceAutocompleteController: text =
05-16 02:27:04.718 4154-4154/? D/TerraceAutocompleteController: text = g
05-16 02:27:04.726 4154-4154/? D/LocationBarController==: setQuickAccessSuggestionPopupVisibility: false
05-16 02:27:04.726 4154-4154/? D/LocationBarController==: QuickAccessSuggestionPopup is dismissed
05-16 02:27:04.959 4154-4154/? E/ViewUtils: FallbackException for getPrefixCharForIndianString com.sec.sbrowser.spl.util.FallbackException: Fallback exception
05-16 02:27:04.962 4154-4154/? E/ViewUtils: FallbackException for getPrefixCharForIndianString com.sec.sbrowser.spl.util.FallbackException: Fallback exception
05-16 02:27:04.965 4154-4154/? E/ViewUtils: FallbackException for getPrefixCharForIndianString com.sec.sbrowser.spl.util.FallbackException: Fallback exception
05-16 02:27:04.967 4154-4154/? E/ViewUtils: FallbackException for getPrefixCharForIndianString com.sec.sbrowser.spl.util.FallbackException: Fallback exception
05-16 02:27:04.973 4154-4154/? E/ViewUtils: FallbackException for getPrefixCharForIndianString com.sec.sbrowser.spl.util.FallbackException: Fallback exception
05-16 02:27:04.975 4154-4154/? E/ViewUtils: FallbackException for getPrefixCharForIndianString com.sec.sbrowser.spl.util.FallbackException: Fallback exception
05-16 02:27:04.976 4154-4154/? E/ViewUtils: FallbackException for getPrefixCharForIndianString com.sec.sbrowser.spl.util.FallbackException: Fallback exception
05-16 02:27:04.978 4154-4154/? E/ViewUtils: FallbackException for getPrefixCharForIndianString com.sec.sbrowser.spl.util.FallbackException: Fallback exception
05-16 02:27:04.995 4154-4154/? E/ViewUtils: FallbackException for getPrefixCharForIndianString com.sec.sbrowser.spl.util.FallbackException: Fallback exception
05-16 02:27:04.996 4154-4154/? E/ViewUtils: FallbackException for getPrefixCharForIndianString com.sec.sbrowser.spl.util.FallbackException: Fallback exception
05-16 02:27:04.996 4154-4154/? E/ViewUtils: FallbackException for getPrefixCharForIndianString com.sec.sbrowser.spl.util.FallbackException: Fallback exception
05-16 02:27:04.997 4154-4154/? E/ViewUtils: FallbackException for getPrefixCharForIndianString com.sec.sbrowser.spl.util.FallbackException: Fallback exception
05-16 02:27:04.998 4154-4154/? E/ViewUtils: FallbackException for getPrefixCharForIndianString com.sec.sbrowser.spl.util.FallbackException: Fallback exception
05-16 02:27:04.999 4154-4154/? E/ViewUtils: FallbackException for getPrefixCharForIndianString com.sec.sbrowser.spl.util.FallbackException: Fallback exception
05-16 02:27:05.000 4154-4154/? E/ViewUtils: FallbackException for getPrefixCharForIndianString com.sec.sbrowser.spl.util.FallbackException: Fallback exception
05-16 02:27:05.000 4154-4154/? E/ViewUtils: FallbackException for getPrefixCharForIndianString com.sec.sbrowser.spl.util.FallbackException: Fallback exception
05-16 02:27:05.002 4154-4154/? E/ViewUtils: FallbackException for getPrefixCharForIndianString com.sec.sbrowser.spl.util.FallbackException: Fallback exception
05-16 02:27:05.004 4154-4154/? E/ViewUtils: FallbackException for getPrefixCharForIndianString com.sec.sbrowser.spl.util.FallbackException: Fallback exception
05-16 02:27:05.006 4154-4154/? E/ViewUtils: FallbackException for getPrefixCharForIndianString com.sec.sbrowser.spl.util.FallbackException: Fallback exception
05-16 02:27:05.008 4154-4154/? E/ViewUtils: FallbackException for getPrefixCharForIndianString com.sec.sbrowser.spl.util.FallbackException: Fallback exception
05-16 02:27:05.031 4154-4154/? D/HideUrlbar: -------- Bottombar captureBitmap : run
05-16 02:27:05.034 4154-4154/? D/HideUrlbar: mBitmapPixels.length = 1080
05-16 02:27:05.034 4154-4154/? D/HideUrlbar: -------- Bottombar captureBitmap : same bitmap
05-16 02:27:05.221 4154-4154/? D/TerraceAutocompleteController: text =
05-16 02:27:05.222 4154-4154/? D/TerraceAutocompleteController: text = gu
05-16 02:27:05.225 4154-4154/? D/LocationBarController==: setQuickAccessSuggestionPopupVisibility: false
05-16 02:27:05.225 4154-4154/? D/LocationBarController==: QuickAccessSuggestionPopup is dismissed
05-16 02:27:05.535 4154-4154/? D/HideUrlbar: -------- Bottombar captureBitmap : run
05-16 02:27:05.540 4154-4154/? D/HideUrlbar: mBitmapPixels.length = 1080
05-16 02:27:05.540 4154-4154/? D/HideUrlbar: -------- Bottombar captureBitmap : same bitmap
05-16 02:27:05.548 4154-4154/? D/TerraceAutocompleteController: text =
05-16 02:27:05.549 4154-4154/? D/TerraceAutocompleteController: text = gut
05-16 02:27:05.551 4154-4154/? D/LocationBarController==: setQuickAccessSuggestionPopupVisibility: false
05-16 02:27:05.551 4154-4154/? D/LocationBarController==: QuickAccessSuggestionPopup is dismissed
05-16 02:27:05.831 4154-4154/? D/TerraceAutocompleteController: text =
05-16 02:27:05.833 4154-4154/? D/TerraceAutocompleteController: text = gute
05-16 02:27:05.835 4154-4154/? D/LocationBarController==: setQuickAccessSuggestionPopupVisibility: false
05-16 02:27:05.835 4154-4154/? D/LocationBarController==: QuickAccessSuggestionPopup is dismissed
05-16 02:27:06.143 4154-4154/? D/HideUrlbar: -------- Bottombar captureBitmap : run
05-16 02:27:06.148 4154-4154/? D/HideUrlbar: mBitmapPixels.length = 1080
05-16 02:27:06.148 4154-4154/? D/HideUrlbar: -------- Bottombar captureBitmap : same bitmap
05-16 02:27:06.185 4154-4154/? E/ViewUtils: FallbackException for getPrefixCharForIndianString com.sec.sbrowser.spl.util.FallbackException: Fallback exception
05-16 02:27:06.188 4154-4154/? E/ViewUtils: FallbackException for getPrefixCharForIndianString com.sec.sbrowser.spl.util.FallbackException: Fallback exception
05-16 02:27:06.189 4154-4154/? E/SuggestionListAdapter: exception : com.sec.sbrowser.spl.util.FallbackException$ReflectField: Fallback exception
05-16 02:27:06.190 4154-4154/? E/ViewUtils: FallbackException for getPrefixCharForIndianString com.sec.sbrowser.spl.util.FallbackException: Fallback exception
05-16 02:27:06.193 4154-4154/? E/ViewUtils: FallbackException for getPrefixCharForIndianString com.sec.sbrowser.spl.util.FallbackException: Fallback exception
05-16 02:27:06.197 4154-4154/? E/ViewUtils: FallbackException for getPrefixCharForIndianString com.sec.sbrowser.spl.util.FallbackException: Fallback exception
05-16 02:27:06.198 4154-4154/? E/ViewUtils: FallbackException for getPrefixCharForIndianString com.sec.sbrowser.spl.util.FallbackException: Fallback exception
05-16 02:27:06.198 4154-4154/? E/SuggestionListAdapter: exception : com.sec.sbrowser.spl.util.FallbackException$ReflectField: Fallback exception
05-16 02:27:06.199 4154-4154/? E/ViewUtils: FallbackException for getPrefixCharForIndianString com.sec.sbrowser.spl.util.FallbackException: Fallback exception
05-16 02:27:06.201 4154-4154/? E/ViewUtils: FallbackException for getPrefixCharForIndianString com.sec.sbrowser.spl.util.FallbackException: Fallback exception
05-16 02:27:06.228 4154-4154/? E/ViewUtils: FallbackException for getPrefixCharForIndianString com.sec.sbrowser.spl.util.FallbackException: Fallback exception
05-16 02:27:06.231 4154-4154/? E/ViewUtils: FallbackException for getPrefixCharForIndianString com.sec.sbrowser.spl.util.FallbackException: Fallback exception
05-16 02:27:06.232 4154-4154/? E/SuggestionListAdapter: exception : com.sec.sbrowser.spl.util.FallbackException$ReflectField: Fallback exception
05-16 02:27:06.234 4154-4154/? E/ViewUtils: FallbackException for getPrefixCharForIndianString com.sec.sbrowser.spl.util.FallbackException: Fallback exception
05-16 02:27:06.236 4154-4154/? E/ViewUtils: FallbackException for getPrefixCharForIndianString com.sec.sbrowser.spl.util.FallbackException: Fallback exception
05-16 02:27:06.272 4154-4154/? D/TerraceAutocompleteController: text =
05-16 02:27:06.273 4154-4154/? D/TerraceAutocompleteController: text = gutef
05-16 02:27:06.277 4154-4154/? D/LocationBarController==: setQuickAccessSuggestionPopupVisibility: false
05-16 02:27:06.277 4154-4154/? D/LocationBarController==: QuickAccessSuggestionPopup is dismissed
05-16 02:27:06.477 4154-4154/? D/TerraceAutocompleteController: text =
05-16 02:27:06.478 4154-4154/? D/TerraceAutocompleteController: text = gutefr
05-16 02:27:06.480 4154-4154/? D/LocationBarController==: setQuickAccessSuggestionPopupVisibility: false
05-16 02:27:06.481 4154-4154/? D/LocationBarController==: QuickAccessSuggestionPopup is dismissed
05-16 02:27:06.793 4154-4154/? D/HideUrlbar: -------- Bottombar captureBitmap : run
05-16 02:27:06.800 4154-4154/? D/HideUrlbar: mBitmapPixels.length = 1080
05-16 02:27:06.800 4154-4154/? D/HideUrlbar: -------- Bottombar captureBitmap : same bitmap
05-16 02:27:06.837 4154-4154/? E/ViewUtils: FallbackException for getPrefixCharForIndianString com.sec.sbrowser.spl.util.FallbackException: Fallback exception
05-16 02:27:06.841 4154-4154/? E/ViewUtils: FallbackException for getPrefixCharForIndianString com.sec.sbrowser.spl.util.FallbackException: Fallback exception
05-16 02:27:06.845 4154-4154/? E/ViewUtils: FallbackException for getPrefixCharForIndianString com.sec.sbrowser.spl.util.FallbackException: Fallback exception
05-16 02:27:06.846 4154-4154/? E/SuggestionListAdapter: exception : com.sec.sbrowser.spl.util.FallbackException$ReflectField: Fallback exception
05-16 02:27:06.847 4154-4154/? E/ViewUtils: FallbackException for getPrefixCharForIndianString com.sec.sbrowser.spl.util.FallbackException: Fallback exception
05-16 02:27:06.847 4154-4154/? E/SuggestionListAdapter: exception : com.sec.sbrowser.spl.util.FallbackException$ReflectField: Fallback exception
05-16 02:27:06.848 4154-4154/? E/ViewUtils: FallbackException for getPrefixCharForIndianString com.sec.sbrowser.spl.util.FallbackException: Fallback exception
05-16 02:27:06.849 4154-4154/? E/ViewUtils: FallbackException for getPrefixCharForIndianString com.sec.sbrowser.spl.util.FallbackException: Fallback exception
05-16 02:27:06.850 4154-4154/? E/ViewUtils: FallbackException for getPrefixCharForIndianString com.sec.sbrowser.spl.util.FallbackException: Fallback exception
05-16 02:27:06.851 4154-4154/? E/SuggestionListAdapter: exception : com.sec.sbrowser.spl.util.FallbackException$ReflectField: Fallback exception
05-16 02:27:06.852 4154-4154/? E/ViewUtils: FallbackException for getPrefixCharForIndianString com.sec.sbrowser.spl.util.FallbackException: Fallback exception
05-16 02:27:06.852 4154-4154/? E/SuggestionListAdapter: exception : com.sec.sbrowser.spl.util.FallbackException$ReflectField: Fallback exception
05-16 02:27:06.865 4154-4154/? E/ViewUtils: FallbackException for getPrefixCharForIndianString com.sec.sbrowser.spl.util.FallbackException: Fallback exception
05-16 02:27:06.868 4154-4154/? E/ViewUtils: FallbackException for getPrefixCharForIndianString com.sec.sbrowser.spl.util.FallbackException: Fallback exception
05-16 02:27:06.870 4154-4154/? E/ViewUtils: FallbackException for getPrefixCharForIndianString com.sec.sbrowser.spl.util.FallbackException: Fallback exception
05-16 02:27:06.870 4154-4154/? E/SuggestionListAdapter: exception : com.sec.sbrowser.spl.util.FallbackException$ReflectField: Fallback exception
05-16 02:27:06.871 4154-4154/? E/ViewUtils: FallbackException for getPrefixCharForIndianString com.sec.sbrowser.spl.util.FallbackException: Fallback exception
05-16 02:27:06.872 4154-4154/? E/SuggestionListAdapter: exception : com.sec.sbrowser.spl.util.FallbackException$ReflectField: Fallback exception
05-16 02:27:06.886 4154-4154/? D/TerraceAutocompleteController: text =
05-16 02:27:06.887 4154-4154/? D/TerraceAutocompleteController: text = gutefra
05-16 02:27:06.889 4154-4154/? D/LocationBarController==: setQuickAccessSuggestionPopupVisibility: false
05-16 02:27:06.889 4154-4154/? D/LocationBarController==: QuickAccessSuggestionPopup is dismissed
05-16 02:27:06.990 9001-11799/? I/EventLogSendingHelper: Sending log events.
05-16 02:27:07.043 4154-4154/? D/TerraceAutocompleteController: text =
05-16 02:27:07.044 4154-4154/? D/TerraceAutocompleteController: text = gutefrag
05-16 02:27:07.048 4154-4154/? D/LocationBarController==: setQuickAccessSuggestionPopupVisibility: false
05-16 02:27:07.048 4154-4154/? D/LocationBarController==: QuickAccessSuggestionPopup is dismissed
05-16 02:27:07.281 4154-4154/? D/TerraceAutocompleteController: text =
05-16 02:27:07.282 4154-4154/? D/TerraceAutocompleteController: text = gutefrage
05-16 02:27:07.285 4154-4154/? D/LocationBarController==: setQuickAccessSuggestionPopupVisibility: false
05-16 02:27:07.285 4154-4154/? D/LocationBarController==: QuickAccessSuggestionPopup is dismissed
05-16 02:27:07.451 9905-11308/? E/ctxmgr: [ProducerActiveIntervalImpl]closeActiveInterval: Error: ongoing, trying to close
05-16 02:27:07.602 4154-4154/? D/HideUrlbar: -------- Bottombar captureBitmap : run
05-16 02:27:07.607 4154-4154/? D/HideUrlbar: mBitmapPixels.length = 1080
05-16 02:27:07.607 4154-4154/? D/HideUrlbar: -------- Bottombar captureBitmap : same bitmap
05-16 02:27:07.649 4154-4154/? E/ViewUtils: FallbackException for getPrefixCharForIndianString com.sec.sbrowser.spl.util.FallbackException: Fallback exception
05-16 02:27:07.651 4154-4154/? E/ViewUtils: FallbackException for getPrefixCharForIndianString com.sec.sbrowser.spl.util.FallbackException: Fallback exception
05-16 02:27:07.652 4154-4154/? E/ViewUtils: FallbackException for getPrefixCharForIndianString com.sec.sbrowser.spl.util.FallbackException: Fallback exception
05-16 02:27:07.653 4154-4154/? E/SuggestionListAdapter: exception : com.sec.sbrowser.spl.util.FallbackException$ReflectField: Fallback exception
05-16 02:27:07.654 4154-4154/? E/ViewUtils: FallbackException for getPrefixCharForIndianString com.sec.sbrowser.spl.util.FallbackException: Fallback exception
05-16 02:27:07.655 4154-4154/? E/SuggestionListAdapter: exception : com.sec.sbrowser.spl.util.FallbackException$ReflectField: Fallback exception
05-16 02:27:07.657 4154-4154/? E/ViewUtils: FallbackException for getPrefixCharForIndianString com.sec.sbrowser.spl.util.FallbackException: Fallback exception
05-16 02:27:07.658 4154-4154/? E/ViewUtils: FallbackException for getPrefixCharForIndianString com.sec.sbrowser.spl.util.FallbackException: Fallback exception
05-16 02:27:07.659 4154-4154/? E/ViewUtils: FallbackException for getPrefixCharForIndianString com.sec.sbrowser.spl.util.FallbackException: Fallback exception
05-16 02:27:07.659 4154-4154/? E/SuggestionListAdapter: exception : com.sec.sbrowser.spl.util.FallbackException$ReflectField: Fallback exception
05-16 02:27:07.660 4154-4154/? E/ViewUtils: FallbackException for getPrefixCharForIndianString com.sec.sbrowser.spl.util.FallbackException: Fallback exception
05-16 02:27:07.660 4154-4154/? E/SuggestionListAdapter: exception : com.sec.sbrowser.spl.util.FallbackException$ReflectField: Fallback exception
05-16 02:27:07.662 4154-4154/? E/ViewUtils: FallbackException for getPrefixCharForIndianString com.sec.sbrowser.spl.util.FallbackException: Fallback exception
05-16 02:27:07.663 4154-4154/? E/ViewUtils: FallbackException for getPrefixCharForIndianString com.sec.sbrowser.spl.util.FallbackException: Fallback exception
05-16 02:27:07.664 4154-4154/? E/ViewUtils: FallbackException for getPrefixCharForIndianString com.sec.sbrowser.spl.util.FallbackException: Fallback exception
05-16 02:27:07.665 4154-4154/? E/SuggestionListAdapter: exception : com.sec.sbrowser.spl.util.FallbackException$ReflectField: Fallback exception
05-16 02:27:07.665 4154-4154/? E/ViewUtils: FallbackException for getPrefixCharForIndianString com.sec.sbrowser.spl.util.FallbackException: Fallback exception
05-16 02:27:07.665 4154-4154/? E/SuggestionListAdapter: exception : com.sec.sbrowser.spl.util.FallbackException$ReflectField: Fallback exception
05-16 02:27:08.546 493-593/? I/ACDB-LOADER: ACDB AFE returned = -19
05-16 02:27:08.546 493-593/? D/hardware_info: hw_info_append_hw_type : device_name = speaker
05-16 02:27:08.546 493-593/? D/audio_hw_primary: enable_snd_device: snd_device(2: speaker)
05-16 02:27:08.546 493-593/? D/audio_hw_primary: enable_audio_route: usecase(1) apply and update mixer path: low-latency-playback speaker
05-16 02:27:08.547 611-735/? E/ANDR-PERF-OPTSHANDLER: Warning: Resource [2, 0] not supported for core 1. Instead use resource for core 0
05-16 02:27:08.547 4154-4154/? D/LocationBarView: switchReaderIconAndProgressVisibility exit due to unwanted conditions
05-16 02:27:08.547 611-735/? E/ANDR-PERF-RESOURCEQS: Failed to apply optimization [2, 2, 0]
05-16 02:27:08.569 9275-9275/? W/InputMethodService: Window size has been changed. This may cause jankiness of resizing window: -1 -> -2
05-16 02:27:08.569 4154-4154/? D/LocationBarController==: setQuickAccessSuggestionPopupVisibility: false
05-16 02:27:08.569 4154-4154/? D/LocationBarController==: QuickAccessSuggestionPopup is dismissed
05-16 02:27:08.580 4154-4154/? I/chromium: [INFO:navigation_controller_impl.cc(1764)] LoaderLog NavigateToPendingEntry : reload_type = 0 pending_entry_index = -1 last_committed_entry_index = 0 transient_entry_index = -1
05-16 02:27:08.581 4154-4154/? I/chromium: [INFO:render_frame_host_impl.cc(2029)] LoaderLog Navigate navigations_suspended = 0
05-16 02:27:08.581 4154-4154/? I/chromium: [INFO:render_frame_host_impl.cc(2638)] LoaderLog send FrameMsg_Navigate
05-16 02:27:08.581 4154-4154/? D/SBrowserTab: onBackPressed, canGoBack = false
05-16 02:27:08.581 4154-4154/? D/SBrowserTab: onBackPressed, canGoBack = false
05-16 02:27:08.581 4154-4154/? D/SBrowserTab: onBackPressed, canGoBack = false
05-16 02:27:08.581 4154-4154/? V/TinContentViewCore: setIsLoading isLoading = true
05-16 02:27:08.581 4154-4154/? D/MainViewLayout: ------------ progress : 0.1
05-16 02:27:08.582 4154-4154/? I/chromium: [INFO:navigator_impl.cc(415)] LoaderLog NavigateToEntry : DidStartNavigation
05-16 02:27:08.582 11758-11779/? I/chromium: [INFO:render_frame_impl.cc(3031)] LoaderLog didStartProvisionalLoad enter
05-16 02:27:08.592 4154-4154/? W/IInputConnectionWrapper: finishComposingText on inactive InputConnection
05-16 02:27:08.592 4154-4154/? W/IInputConnectionWrapper: finishComposingText on inactive InputConnection
05-16 02:27:08.592 4154-4154/? E/BrowserSPerfManager: BrowserSPerf notifytoperf is not Supproted : Fallback
05-16 02:27:08.593 4154-4154/? I/GATE: BROWSER_LOADING
05-16 02:27:08.593 4154-4154/? D/MainViewLayout: ------------ OnLoadStarted
05-16 02:27:08.603 4154-4154/? W/IInputConnectionWrapper: finishComposingText on inactive InputConnection
05-16 02:27:08.603 4154-4154/? D/SBrowserTab: pageTransitionType : 1
05-16 02:27:08.694 4154-4154/? D/MainViewLayout: ------------ progress : 0.1
05-16 02:27:09.023 4154-4154/? D/MainViewLayout: ------------ progress : 0.10468356880201278
05-16 02:27:09.023 11758-11781/? I/chromium: [INFO:scheduler.cc(678)] LoaderLog SetDeferCommits defer_commits = 1
05-16 02:27:09.023 11758-11779/? I/chromium: [INFO:WebViewImpl.cpp(4564)] LoaderLog RootGraphicsLayer detached
05-16 02:27:09.040 11758-11779/? I/chromium: [INFO:render_frame_impl.cc(3150)] LoaderLog didCommitProvisionalLoad enter
05-16 02:27:09.041 4154-4154/? I/chromium: [INFO:navigation_controller_impl.cc(856)] LoaderLog RendererDidNavigate : NavigationType = 1
05-16 02:27:09.042 4154-4154/? E/SBrowserTab: onDidCommitProvisionalLoadForFrame - skip logging..
05-16 02:27:09.042 4154-4154/? I/chromium: [INFO:web_contents_impl.cc(3328)] WebContentsImpl::DidNavigateMainFramePostCommit theme_color is set: 0
05-16 02:27:09.042 4154-4154/? I/cr_Ime: isActive: true
05-16 02:27:09.042 4154-4154/? I/cr_Ime: hideSoftInputFromWindow
05-16 02:27:09.047 4154-4154/? D/SBrowserTab: onBackPressed, canGoBack = true
05-16 02:27:09.114 4154-4154/? D/TabSaver: [to save] addTabToSaveQueue : 9
05-16 02:27:09.114 4154-4154/? I/chromium: [INFO:web_contents_impl.cc(3399)] WebContentsImpl::OnThemeColorChanged theme_color: 4283015372 last_sent_theme_color: 0
05-16 02:27:09.124 4154-4154/? D/IconFetcher: onFaviconAvailable - adding to Bitmap Cache
05-16 02:27:09.124 4154-4154/? D/IconFetcher: onFaviconAvailable - DMCOL : 4280066253
05-16 02:27:09.124 4154-4154/? D/MainViewLayout: ------------ progress : 0.4010734851152627
05-16 02:27:09.124 4154-4154/? D/TabSaver: Serializing tab lists; counts: 1, 0, 0
05-16 02:27:09.232 4154-4154/? D/MainViewLayout: ------------ progress : 0.4461967885908646
05-16 02:27:09.282 11758-11781/? I/chromium: [INFO:scheduler.cc(678)] LoaderLog SetDeferCommits defer_commits = 0
05-16 02:27:09.334 4154-4154/? D/MainViewLayout: ------------ progress : 0.48712515560634834
05-16 02:27:09.346 11758-11779/? I/chromium: [INFO:FrameView.cpp(1034)] loaderlog firstLayout
05-16 02:27:09.348 11758-11779/? I/chromium: [INFO:WebViewImpl.cpp(4554)] LoaderLog RootGraphicsLayer attached
05-16 02:27:09.420 4154-4154/? D/HideUrlbar: -------- Bottombar captureBitmap : run
05-16 02:27:09.423 4154-4154/? D/HideUrlbar: mBitmapPixels.length = 1080
05-16 02:27:09.423 4154-4154/? D/HideUrlbar: -------- Bottombar captureBitmap : capture bitmap
05-16 02:27:09.424 4154-4154/? D/HideUrlbar: bottombar onBitmapCaptured : shouldEnableBottombarBitmap = true
05-16 02:27:09.451 4154-4154/? D/MainViewLayout: ------------ progress : 0.6002277615270548
05-16 02:27:09.455 1066-25635/? D/DnsEventListenerService: Logging 100 results for netId 1165
05-16 02:27:09.500 4228-4243/? I/chromium: [INFO:gpu_channel.cc(964)] GpuChannel::OnCreateCommandBuffer(): successfully added route_id : 3 this 0xcd0fa900
05-16 02:27:09.560 4154-4154/? D/MainViewLayout: ------------ progress : 0.8032760410789445
05-16 02:27:09.607 4154-4320/? D/cr_MediaResource: [MediaResourceGetter.java:288] ethernet/wifi connection detected
05-16 02:27:09.607 4154-4320/? W/cr_MediaResource: non-file URI can't be read due to unsuitable network conditions
05-16 02:27:09.607 4154-4320/? E/cr_MediaResource: Unable to configure metadata extractor
05-16 02:27:09.608 4154-4154/? D/[MM]TinMPManagerClient: createBrowserMediaPlayerManagerClient
05-16 02:27:09.608 4154-4154/? D/[MM]TinMPManagerClient: onMediaMetadataChanged
05-16 02:27:09.620 645-762/? D/MediaBufferGroup: creating MemoryDealer
05-16 02:27:09.621 646-11816/? D/NuPlayerDriver: notifyListener_l(0xe4e922a0), (1, 0, 0), loop setting(0, 0)
05-16 02:27:09.626 4154-11723/? D/MediaPlayer: setSubtitleAnchor in MediaPlayer
05-16 02:27:09.664 4154-4154/? D/MainViewLayout: ------------ progress : 0.8446023990789896
05-16 02:27:09.690 4154-4154/? D/SBrowserTab: didChangeThemeColor, color = -11951924
05-16 02:27:09.690 4154-4154/? D/ToolbarPhone: notifyBackgroundColorChanged + false
05-16 02:27:09.690 4154-4154/? D/ColorUtils: Theme_Color = -11951924
05-16 02:27:09.690 4154-4154/? D/ColorUtils: Theme_Color: red = 73
05-16 02:27:09.690 4154-4154/? D/ColorUtils: Theme_Color: green = 160
05-16 02:27:09.690 4154-4154/? D/ColorUtils: Theme_Color: blue = 204
05-16 02:27:09.690 4154-4154/? D/ColorUtils: Theme_Color : dark theme
05-16 02:27:09.692 4154-4154/? D/ColorUtils: Theme_Color = -11951924
05-16 02:27:09.692 4154-4154/? D/ColorUtils: Theme_Color: red = 73
05-16 02:27:09.692 4154-4154/? D/ColorUtils: Theme_Color: green = 160
05-16 02:27:09.692 4154-4154/? D/ColorUtils: Theme_Color: blue = 204
05-16 02:27:09.692 4154-4154/? D/ColorUtils: Theme_Color : dark theme
05-16 02:27:09.693 4154-4154/? E/LocationBarView: exception : com.sec.sbrowser.spl.util.FallbackException: Fallback exception
05-16 02:27:09.693 4154-4154/? D/ColorUtils: Theme_Color = -11951924
05-16 02:27:09.693 4154-4154/? D/ColorUtils: Theme_Color: red = 73
05-16 02:27:09.693 4154-4154/? D/ColorUtils: Theme_Color: green = 160
05-16 02:27:09.693 4154-4154/? D/ColorUtils: Theme_Color: blue = 204
05-16 02:27:09.693 4154-4154/? D/ColorUtils: Theme_Color : dark theme
05-16 02:27:09.694 4154-4154/? D/ColorUtils: Theme_Color = -11951924
05-16 02:27:09.694 4154-4154/? D/ColorUtils: Theme_Color: red = 73
05-16 02:27:09.694 4154-4154/? D/ColorUtils: Theme_Color: green = 160
05-16 02:27:09.694 4154-4154/? D/ColorUtils: Theme_Color: blue = 204
05-16 02:27:09.694 4154-4154/? D/ColorUtils: Theme_Color : dark theme
05-16 02:27:09.694 4154-4154/? D/MainViewLayout: notifyStatusBarThemeColorChanged : bgColor: -12017460 isLightTheme: false with theme
05-16 02:27:09.695 4154-4154/? D/ColorUtils: Theme_Color = -11951924
05-16 02:27:09.695 4154-4154/? D/ColorUtils: Theme_Color: red = 73
05-16 02:27:09.695 4154-4154/? D/ColorUtils: Theme_Color: green = 160
05-16 02:27:09.695 4154-4154/? D/ColorUtils: Theme_Color: blue = 204
05-16 02:27:09.695 4154-4154/? D/ColorUtils: Theme_Color : dark theme
05-16 02:27:09.696 4154-4154/? I/chromium: [INFO:web_contents_impl.cc(3861)] WebContentsImpl::OnFirstVisuallyNonEmptyPaint theme_color: 4283015372 last_sent_theme_color: 4283015372
05-16 02:27:09.715 4154-4154/? D/HideUrlbar: mBitmapPixels.length = 1080
05-16 02:27:09.715 4154-4154/? D/HideUrlbar: -------- Bottombar forceCapture : capture bitmap
05-16 02:27:09.715 4154-4154/? D/HideUrlbar: bottombar onBitmapCaptured : shouldEnableBottombarBitmap = true
05-16 02:27:09.760 4154-4154/? D/[MM]TinMPManagerClient: onClosedCaptionUpdated
05-16 02:27:09.760 4154-4154/? D/[MM]TinMPManagerClient: onMediaControlDisplayed isDisplayed:false
05-16 02:27:09.772 4154-4154/? D/MainViewLayout: ------------ progress : 0.8760374951842832
05-16 02:27:09.897 4154-4154/? D/HideUrlbar: mBitmapPixels.length = 1080
05-16 02:27:09.897 4154-4154/? D/HideUrlbar: -------- Toolbar forceCapture : capture bitmap
05-16 02:27:09.897 4154-4154/? D/HideUrlbar: **************** toolbar onBitmapCaptured
05-16 02:27:10.010 4154-4154/? D/HideUrlbar: -------- Bottombar captureBitmap : run
05-16 02:27:10.014 4154-4154/? D/HideUrlbar: mBitmapPixels.length = 1080
05-16 02:27:10.014 4154-4154/? D/HideUrlbar: -------- Bottombar captureBitmap : same bitmap
05-16 02:27:10.223 4154-4154/? I/chromium: [INFO:CONSOLE(10)] " ▄ ▄ ▌▒█ ▄▀▒▌ ▌▒▒▀▄ ▄▀▒▒▒▐ ▐▄▀▒▒▀▀▀▀▄▄▄▀▒▒▒▒▒▐ ▄▄▀▒▒▒▒▒▒▒▒▒▒▒█▒▒▄█▒▐ ▄▀▒▒▒▒▒▒▒▒▒▒▒▒▒▒▒▀██▀▒▌ such functional ▐▒▒▒▄▄▄▒▒▒▒▒▒▒▒▒▒▒▒▒▀▄▒▒▌ ▌▒▒▐▄█▀▒▒▒▒▄▀█▄▒▒▒▒▒▒▒█▒▐ ▐▒▒▒▒▒▒▒▒▒▒▒▌██▀▒▒▒▒▒▒▒▒▀▄▌ ▌▒▀▄██▄▒▒▒▒▒▒▒▒▒▒▒░░░░▒▒▒▒▌ much scala ▌▀▐▄█▄█▌▄▒▀▒▒▒▒▒▒░░░░░░▒▒▒▐ ▐▒▀▐▀▐▀▒▒▄▄▒▄▒▒▒▒▒░░░░░░▒▒▒▒▌ ▐▒▒▒▀▀▄▄▒▒▒▄▒▒▒▒▒▒░░░░░░▒▒▒▐ ▌▒▒▒▒▒▒▀▀▀▒▒▒▒▒▒▒▒░░░░▒▒▒▒▌ wow ▐▒▒▒▒▒▒▒▒▒▒▒▒▒▒▒▒▒▒▒▒▒▒▒▒▐ ▀▄▒▒▒▒▒▒▒▒▒▒▒▒▒▒▒▒▒▄▒▒▒▒▌ ▀▄▒▒▒▒▒▒▒▒▒▒▄▄▄▀▒▒▒▒▄▀ ▐▀▒▀▄▄▄▄▄▄▀▀▀▒▒▒▒▒▄▄▀ ▐▒▒▒▒▒▒▒▒▒▒▒▒▒▒▒▒▀▀ http://www.gutefrage-gruppe.net/#jobs ", source: http://gutefrage.net/nmms/js/bundle-7ab9755af7.min.js (10)
05-16 02:27:10.323 11758-11779/? I/chromium: [INFO:render_frame_impl.cc(3150)] LoaderLog didCommitProvisionalLoad enter
05-16 02:27:10.327 4154-4154/? I/chromium: [INFO:navigation_controller_impl.cc(856)] LoaderLog RendererDidNavigate : NavigationType = 2
05-16 02:27:10.327 4154-4154/? E/SBrowserTab: onDidCommitProvisionalLoadForFrame - skip logging..
05-16 02:27:10.328 4154-4154/? I/chromium: [INFO:web_contents_impl.cc(3328)] WebContentsImpl::DidNavigateMainFramePostCommit theme_color is set: 4283015372
05-16 02:27:10.610 4154-4154/? I/chromium: [INFO:navigation_controller_impl.cc(856)] LoaderLog RendererDidNavigate : NavigationType = 5
05-16 02:27:10.710 11758-11781/? I/chromium: [INFO:picture_layer_impl.cc(432)] LoaderLog CanNotHaveTilings
05-16 02:27:10.790 4154-4154/? I/chromium: [INFO:web_contents_impl.cc(3520)] WebContentsImpl::OnDidFinishLoad theme_color: 4283015372 last_sent_theme_color: 4283015372
05-16 02:27:10.790 4154-4154/? D/SBrowserTab: didFinishLoad frameId(5)isMainFrame = false
05-16 02:27:10.791 4154-4154/? D/MainViewLayout: ------------ progress : 0.9487508111392884
05-16 02:27:10.836 11758-11781/? I/chromium: [INFO:picture_layer_impl.cc(441)] LoaderLog StartToUpdateTiles
05-16 02:27:10.974 4154-4154/? I/chromium: [INFO:navigation_controller_impl.cc(856)] LoaderLog RendererDidNavigate : NavigationType = 5
05-16 02:27:10.975 4154-4154/? I/chromium: [INFO:web_contents_impl.cc(3520)] WebContentsImpl::OnDidFinishLoad theme_color: 4283015372 last_sent_theme_color: 4283015372
05-16 02:27:10.975 4154-4154/? D/SBrowserTab: didFinishLoad frameId(9)isMainFrame = false
05-16 02:27:11.406 4154-4154/? I/chromium: [INFO:CONSOLE(0)] "Fetch API cannot load http://www.gutefrage.net/px.js?ch=1. No 'Access-Control-Allow-Origin' header is present on the requested resource. Origin 'http://gutefrage.net' is therefore not allowed access. If an opaque response serves your needs, set the request's mode to 'no-cors' to fetch the resource with CORS disabled.", source: http://gutefrage.net/ (0)
05-16 02:27:11.440 4154-4154/? I/chromium: [INFO:navigation_controller_impl.cc(856)] LoaderLog RendererDidNavigate : NavigationType = 5
05-16 02:27:11.446 4154-4154/? I/chromium: [INFO:navigation_controller_impl.cc(856)] LoaderLog RendererDidNavigate : NavigationType = 5
05-16 02:27:11.501 4154-4154/? I/chromium: [INFO:navigation_controller_impl.cc(856)] LoaderLog RendererDidNavigate : NavigationType = 5
05-16 02:27:11.512 4154-4154/? I/chromium: [INFO:web_contents_impl.cc(3520)] WebContentsImpl::OnDidFinishLoad theme_color: 4283015372 last_sent_theme_color: 4283015372
05-16 02:27:11.512 4154-4154/? D/SBrowserTab: didFinishLoad frameId(8)isMainFrame = false
05-16 02:27:11.529 4154-4154/? I/chromium: [INFO:web_contents_impl.cc(3520)] WebContentsImpl::OnDidFinishLoad theme_color: 4283015372 last_sent_theme_color: 4283015372
05-16 02:27:11.530 4154-4154/? D/SBrowserTab: didFinishLoad frameId(9)isMainFrame = false
05-16 02:27:11.688 4154-4154/? D/SBrowserTab: didGetMeta for not mainframe is ignored.
05-16 02:27:11.691 4154-4154/? I/chromium: [INFO:web_contents_impl.cc(3520)] WebContentsImpl::OnDidFinishLoad theme_color: 4283015372 last_sent_theme_color: 4283015372
05-16 02:27:11.691 4154-4154/? D/SBrowserTab: didFinishLoad frameId(10)isMainFrame = false
05-16 02:27:11.692 4154-4154/? D/MainViewLayout: ------------ progress : 0.9799944173051506
05-16 02:27:11.790 493-593/? D/audio_hw_primary: disable_audio_route: usecase(1) reset and update mixer path: low-latency-playback speaker
05-16 02:27:11.790 493-593/? D/hardware_info: hw_info_append_hw_type : device_name = speaker
05-16 02:27:11.790 493-593/? D/audio_hw_primary: disable_snd_device: snd_device(2: speaker)
05-16 02:27:12.136 4154-4154/? D/MainViewLayout: ------------ progress : 0.9799944444145442
05-16 02:27:12.258 4154-4154/? D/MainViewLayout: ------------ progress : 0.9799944516953396
05-16 02:27:12.286 11758-11779/? I/chromium: [INFO:render_frame_impl.cc(3545)] LoaderLog didFinishLoad enter
05-16 02:27:12.288 11758-11779/? I/chromium: [INFO:FrameLoader.cpp(617)] LoaderLog Completed totalBytes = 3499181
05-16 02:27:12.288 11758-11779/? I/chromium: [INFO:render_frame_impl.cc(4683)] LoaderLog didStopLoading enter
05-16 02:27:12.289 4154-4154/? I/chromium: [INFO:password_manager.cc(588)] OnPasswordFormsRendered
05-16 02:27:12.289 4154-4154/? E/chromium: [ERROR:password_manager.cc(555)] CanProvisionalManagerSave No provisional save manager
05-16 02:27:12.289 4154-4154/? I/chromium: [INFO:web_contents_impl.cc(3520)] WebContentsImpl::OnDidFinishLoad theme_color: 4283015372 last_sent_theme_color: 4283015372
05-16 02:27:12.289 4154-4154/? D/SBrowserTab: didFinishLoad frameId(2)isMainFrame = true
05-16 02:27:12.289 4154-4154/? E/BrowserSPerfManager: BrowserSPerf notifytoperf is not Supproted : Fallback
05-16 02:27:12.290 4154-4154/? I/GATE: BROWSER_LOAD_COMPLETED
05-16 02:27:12.290 11758-11779/? I/chromium: [INFO:render_view_impl.cc(3626)] recognizeArticle native Time : 0.099ms
05-16 02:27:12.292 4154-4154/? D/ColorUtils: Theme_Color = -11951924
05-16 02:27:12.292 4154-4154/? D/ColorUtils: Theme_Color: red = 73
05-16 02:27:12.292 4154-4154/? D/ColorUtils: Theme_Color: green = 160
05-16 02:27:12.292 4154-4154/? D/ColorUtils: Theme_Color: blue = 204
05-16 02:27:12.292 4154-4154/? D/ColorUtils: Theme_Color : dark theme
05-16 02:27:12.294 4154-4154/? D/ColorUtils: Theme_Color = -11951924
05-16 02:27:12.294 4154-4154/? D/ColorUtils: Theme_Color: red = 73
05-16 02:27:12.294 4154-4154/? D/ColorUtils: Theme_Color: green = 160
05-16 02:27:12.294 4154-4154/? D/ColorUtils: Theme_Color: blue = 204
05-16 02:27:12.294 4154-4154/? D/ColorUtils: Theme_Color : dark theme
05-16 02:27:12.297 4154-4154/? D/ContentBlockCommonUtils: ContentBlocker enabled : true, size : 3187020 Bytes selectedPackageList : org.adblockplus.adblockplussbrowser
05-16 02:27:12.299 4154-4154/? D/AppRatingManager: Pixel
05-16 02:27:12.300 4154-4154/? D/AppRatingManager: checkCondition true
05-16 02:27:12.300 4154-4154/? D/AppRatingManager: Is enabled by server? false
05-16 02:27:12.300 4154-4154/? D/SBrowserTab: onBackPressed, canGoBack = true
05-16 02:27:12.300 4154-4154/? D/SBrowserTab: onBackPressed, canGoBack = true
05-16 02:27:12.300 4154-4154/? D/SBrowserTab: onBackPressed, canGoBack = true
05-16 02:27:12.300 4154-4154/? V/TinContentViewCore: setIsLoading isLoading = false
05-16 02:27:12.312 4154-4154/? D/AppBannerManager: PWA status[2]: false[2]
05-16 02:27:12.314 4154-4154/? D/ColorUtils: Theme_Color = -11951924
05-16 02:27:12.314 4154-4154/? D/ColorUtils: Theme_Color: red = 73
05-16 02:27:12.314 4154-4154/? D/ColorUtils: Theme_Color: green = 160
05-16 02:27:12.314 4154-4154/? D/ColorUtils: Theme_Color: blue = 204
05-16 02:27:12.314 4154-4154/? D/ColorUtils: Theme_Color : dark theme
05-16 02:27:12.620 4154-4154/? D/HideUrlbar: -------- Toolbar captureBitmap : run
05-16 02:27:12.622 4154-4154/? D/HideUrlbar: mBitmapPixels.length = 1080
05-16 02:27:12.623 4154-4154/? D/HideUrlbar: -------- Toolbar captureBitmap : capture bitmap
05-16 02:27:12.623 4154-4154/? D/HideUrlbar: **************** toolbar onBitmapCaptured
05-16 02:27:12.625 4154-4154/? D/HideUrlbar: -------- Bottombar captureBitmap : run
05-16 02:27:12.629 4154-4154/? D/HideUrlbar: mBitmapPixels.length = 1080
05-16 02:27:12.629 4154-4154/? D/HideUrlbar: -------- Bottombar captureBitmap : same bitmap
05-16 02:27:12.645 9275-11686/? E/AndroidIME: ayw: Task threw an exception: java.util.concurrent.CancellationException
at java.util.concurrent.FutureTask.report(FutureTask.java:93)
at java.util.concurrent.FutureTask.get(FutureTask.java:178)
at ayw.a(PG:23)
at ayw.afterExecute(PG:14)
at java.util.concurrent.ThreadPoolExecutor.runWorker(ThreadPoolExecutor.java:1141)
at java.util.concurrent.ThreadPoolExecutor$Worker.run(ThreadPoolExecutor.java:607)
at java.lang.Thread.run(Thread.java:761)
at ayu.run(PG:8)
05-16 02:27:12.796 4154-4154/? D/HideUrlbar: ------------ OnLoadFinished,TerraceTopControlsState.BOTH
05-16 02:27:14.637 646-770/? D/NuPlayerDriver: reset(0xe4e922a0) at state 4
05-16 02:27:14.637 646-770/? D/NuPlayerDriver: notifyListener_l(0xe4e922a0), (8, 0, 0), loop setting(0, 0)
05-16 02:27:14.638 646-11816/? D/NuPlayerDriver: notifyResetComplete(0xe4e922a0)
05-16 02:27:15.491 4154-4154/? D/SwipeRecognizer: setSwipeEnabled(): true
05-16 02:27:15.574 4154-4154/? D/SBrowserMainActivity: onMoreMenuClicked
05-16 02:27:15.576 4154-4154/? D/MoreMenuHandler: createAdapter
05-16 02:27:15.576 4154-4154/? D/SBrowserMainActivity: onCreateOptionsMenu
05-16 02:27:15.576 4154-4154/? D/SBrowserMainActivity: onCreateOptionsMenu, isDocumentPage
05-16 02:27:15.577 4154-4154/? D/SBrowserMainActivity: onPrepareOptionsMenu
05-16 02:27:15.578 493-593/? I/ACDB-LOADER: ACDB AFE returned = -19
05-16 02:27:15.578 4154-4154/? D/SBrowserMainActivity: onPrepareOptionsMenu, isDocumentPage
05-16 02:27:15.578 493-593/? D/hardware_info: hw_info_append_hw_type : device_name = speaker
05-16 02:27:15.578 493-593/? D/audio_hw_primary: enable_snd_device: snd_device(2: speaker)
05-16 02:27:15.578 493-593/? D/audio_hw_primary: enable_audio_route: usecase(1) apply and update mixer path: low-latency-playback speaker
05-16 02:27:15.582 611-735/? E/ANDR-PERF-OPTSHANDLER: Warning: Resource [2, 0] not supported for core 1. Instead use resource for core 0
05-16 02:27:15.582 611-735/? E/ANDR-PERF-RESOURCEQS: Failed to apply optimization [2, 2, 0]
05-16 02:27:15.582 4154-4154/? D/BrowserUtil: This app may be running on non Samsung device
05-16 02:27:15.587 4154-4154/? I/BrowserQRManager: getCameraDisabledByRestrictionPolicy DPM : false Knox : false
05-16 02:27:15.590 4154-4154/? D/BrowserUtil: This app may be running on non Samsung device
05-16 02:27:15.593 4154-4154/? E/SBrowserMainActivity: com.samsung.helphub
05-16 02:27:15.715 4154-4154/? D/AssistantMenuManager: removeAssistantMenu called
05-16 02:27:17.549 4154-4154/? D/MoreMenuHandler: PopupMenu has been dismissed
05-16 02:27:17.549 4154-4154/? W/InputEventReceiver: Attempted to finish an input event but the input event receiver has already been disposed.
05-16 02:27:17.550 4154-4154/? W/ViewRootImpl[PopupWindow:2f01d6f]: Dropping event due to root view being removed: MotionEvent { action=ACTION_MOVE, actionButton=0, id[0]=0, x[0]=397.0, y[0]=1332.0, toolType[0]=TOOL_TYPE_FINGER, buttonState=0, metaState=0, flags=0x0, edgeFlags=0x0, pointerCount=1, historySize=0, eventTime=63032362, downTime=63032345, deviceId=9, source=0x1002 }
05-16 02:27:17.550 4154-4154/? W/InputEventReceiver: Attempted to finish an input event but the input event receiver has already been disposed.
05-16 02:27:17.550 4154-4154/? D/AssistantMenuManager: addAssistantMenu called.
05-16 02:27:17.551 4154-4154/? E/SystemSettings: FallbackException : Fallback exception
05-16 02:27:17.551 4154-4154/? D/VrBrowserLauncherClient: start for com.sec.android.app.sbrowser.SBrowserMainActivity@1f32075
05-16 02:27:17.553 1066-1380/? W/InputMethodManagerService: Window already focused, ignoring focus gain of: com.android.internal.view.IInputMethodClient$Stub$Proxy@398bd08 attribute=null, token = android.os.BinderProxy@dd892b8
05-16 02:27:18.824 493-593/? D/audio_hw_primary: disable_audio_route: usecase(1) reset and update mixer path: low-latency-playback speaker
05-16 02:27:18.826 493-593/? D/hardware_info: hw_info_append_hw_type : device_name = speaker
05-16 02:27:18.826 493-593/? D/audio_hw_primary: disable_snd_device: snd_device(2: speaker)
05-16 02:27:20.380 4154-4154/? D/SwipeRecognizer: setSwipeEnabled(): true
05-16 02:27:20.453 4154-4154/? I/chromium: [INFO:navigation_controller_impl.cc(1764)] LoaderLog NavigateToPendingEntry : reload_type = 1 pending_entry_index = 1 last_committed_entry_index = 1 transient_entry_index = -1
05-16 02:27:20.454 4154-4154/? I/chromium: [INFO:render_frame_host_impl.cc(2029)] LoaderLog Navigate navigations_suspended = 0
05-16 02:27:20.454 4154-4154/? I/chromium: [INFO:render_frame_host_impl.cc(2638)] LoaderLog send FrameMsg_Navigate
05-16 02:27:20.455 4154-4154/? D/SBrowserTab: onBackPressed, canGoBack = true
05-16 02:27:20.455 493-593/? I/ACDB-LOADER: ACDB AFE returned = -19
05-16 02:27:20.455 493-593/? D/hardware_info: hw_info_append_hw_type : device_name = speaker
05-16 02:27:20.455 493-593/? D/audio_hw_primary: enable_snd_device: snd_device(2: speaker)
05-16 02:27:20.455 493-593/? D/audio_hw_primary: enable_audio_route: usecase(1) apply and update mixer path: low-latency-playback speaker
05-16 02:27:20.457 4154-4154/? D/SBrowserTab: onBackPressed, canGoBack = true
05-16 02:27:20.457 4154-4154/? D/SBrowserTab: onBackPressed, canGoBack = true
05-16 02:27:20.457 4154-4154/? V/TinContentViewCore: setIsLoading isLoading = true
05-16 02:27:20.457 4154-4154/? I/chromium: [INFO:navigator_impl.cc(415)] LoaderLog NavigateToEntry : DidStartNavigation
05-16 02:27:20.457 611-735/? E/ANDR-PERF-OPTSHANDLER: Warning: Resource [2, 0] not supported for core 1. Instead use resource for core 0
05-16 02:27:20.457 611-735/? E/ANDR-PERF-RESOURCEQS: Failed to apply optimization [2, 2, 0]
05-16 02:27:20.458 11758-11779/? I/chromium: [INFO:render_frame_impl.cc(3031)] LoaderLog didStartProvisionalLoad enter
05-16 02:27:20.462 4154-4154/? E/BrowserSPerfManager: BrowserSPerf notifytoperf is not Supproted : Fallback
05-16 02:27:20.463 4154-4154/? D/TabSaver: [to save] addTabToSaveQueue : 9
05-16 02:27:20.463 4154-4154/? I/GATE: BROWSER_LOADING
05-16 02:27:20.463 4154-4154/? D/MainViewLayout: ------------ OnLoadStarted
05-16 02:27:20.471 4154-4154/? D/SBrowserTab: pageTransitionType : 8
05-16 02:27:20.480 4154-4154/? D/TabSaver: Serializing tab lists; counts: 1, 0, 0
05-16 02:27:20.564 4154-4154/? D/MainViewLayout: ------------ progress : 0.1
05-16 02:27:20.779 4154-4154/? D/MainViewLayout: ------------ progress : 0.10472259625704974
05-16 02:27:20.779 4154-4154/? D/HideUrlbar: -------- Bottombar captureBitmap : run
05-16 02:27:20.783 4154-4154/? D/HideUrlbar: mBitmapPixels.length = 1080
05-16 02:27:20.783 4154-4154/? D/HideUrlbar: -------- Bottombar captureBitmap : same bitmap
05-16 02:27:20.804 11758-11779/? I/chromium: [INFO:WebViewImpl.cpp(4564)] LoaderLog RootGraphicsLayer detached
05-16 02:27:20.804 11758-11781/? I/chromium: [INFO:scheduler.cc(678)] LoaderLog SetDeferCommits defer_commits = 1
05-16 02:27:20.806 4154-4154/? E/chromium: [ERROR:tin_browser_media_player_manager.cc(122)] OnDestroyPlayer
05-16 02:27:20.806 4154-4154/? D/[MM]TinMPManagerClient: onDestroyPlayer
05-16 02:27:20.837 11758-11779/? I/chromium: [INFO:render_frame_impl.cc(3150)] LoaderLog didCommitProvisionalLoad enter
05-16 02:27:20.838 4154-4154/? I/chromium: [INFO:navigation_controller_impl.cc(856)] LoaderLog RendererDidNavigate : NavigationType = 2
05-16 02:27:20.838 4154-4154/? E/SBrowserTab: onDidCommitProvisionalLoadForFrame - skip logging..
05-16 02:27:20.839 4154-4154/? I/chromium: [INFO:web_contents_impl.cc(3328)] WebContentsImpl::DidNavigateMainFramePostCommit theme_color is set: 0
05-16 02:27:20.840 4154-4154/? I/cr_Ime: isActive: true
05-16 02:27:20.840 4154-4154/? I/cr_Ime: hideSoftInputFromWindow
05-16 02:27:20.848 4154-4154/? D/TabSaver: [to save] addTabToSaveQueue : 9
05-16 02:27:20.848 4154-4154/? I/chromium: [INFO:web_contents_impl.cc(3399)] WebContentsImpl::OnThemeColorChanged theme_color: 4283015372 last_sent_theme_color: 4283015372
05-16 02:27:20.851 4154-4154/? D/TabSaver: Serializing tab lists; counts: 1, 0, 0
05-16 02:27:20.937 4154-4154/? D/MainViewLayout: ------------ progress : 0.15123236326054879
05-16 02:27:21.084 4154-4154/? D/MainViewLayout: ------------ progress : 0.16104380256437376
05-16 02:27:21.203 4154-4154/? D/MainViewLayout: ------------ progress : 0.1863484265346078
05-16 02:27:21.351 4154-4154/? D/MainViewLayout: ------------ progress : 0.28797500638880713
05-16 02:27:21.507 4154-4154/? D/MainViewLayout: ------------ progress : 0.3146054264751147
05-16 02:27:21.629 4154-4154/? D/MainViewLayout: ------------ progress : 0.3182103534064477
05-16 02:27:21.799 4154-4154/? D/MainViewLayout: ------------ progress : 0.31955513733922025
05-16 02:27:21.885 11758-11781/? I/chromium: [INFO:scheduler.cc(678)] LoaderLog SetDeferCommits defer_commits = 0
05-16 02:27:21.927 4154-4154/? D/MainViewLayout: ------------ progress : 0.3199355906840706
05-16 02:27:21.973 11758-11779/? I/chromium: [INFO:FrameView.cpp(1034)] loaderlog firstLayout
05-16 02:27:21.984 11758-11779/? I/chromium: [INFO:WebViewImpl.cpp(4554)] LoaderLog RootGraphicsLayer attached
05-16 02:27:22.046 4154-4154/? D/MainViewLayout: ------------ progress : 0.36673141823269734
05-16 02:27:22.082 4154-4154/? I/chromium: [INFO:web_contents_impl.cc(3861)] WebContentsImpl::OnFirstVisuallyNonEmptyPaint theme_color: 4283015372 last_sent_theme_color: 4283015372
05-16 02:27:22.163 4154-4154/? D/MainViewLayout: ------------ progress : 0.37489339650899106
05-16 02:27:22.346 4154-4154/? D/MainViewLayout: ------------ progress : 0.5499127025664121
05-16 02:27:22.496 4154-4154/? I/chromium: [INFO:CONSOLE(10)] " ▄ ▄ ▌▒█ ▄▀▒▌ ▌▒▒▀▄ ▄▀▒▒▒▐ ▐▄▀▒▒▀▀▀▀▄▄▄▀▒▒▒▒▒▐ ▄▄▀▒▒▒▒▒▒▒▒▒▒▒█▒▒▄█▒▐ ▄▀▒▒▒▒▒▒▒▒▒▒▒▒▒▒▒▀██▀▒▌ such functional ▐▒▒▒▄▄▄▒▒▒▒▒▒▒▒▒▒▒▒▒▀▄▒▒▌ ▌▒▒▐▄█▀▒▒▒▒▄▀█▄▒▒▒▒▒▒▒█▒▐ ▐▒▒▒▒▒▒▒▒▒▒▒▌██▀▒▒▒▒▒▒▒▒▀▄▌ ▌▒▀▄██▄▒▒▒▒▒▒▒▒▒▒▒░░░░▒▒▒▒▌ much scala ▌▀▐▄█▄█▌▄▒▀▒▒▒▒▒▒░░░░░░▒▒▒▐ ▐▒▀▐▀▐▀▒▒▄▄▒▄▒▒▒▒▒░░░░░░▒▒▒▒▌ ▐▒▒▒▀▀▄▄▒▒▒▄▒▒▒▒▒▒░░░░░░▒▒▒▐ ▌▒▒▒▒▒▒▀▀▀▒▒▒▒▒▒▒▒░░░░▒▒▒▒▌ wow ▐▒▒▒▒▒▒▒▒▒▒▒▒▒▒▒▒▒▒▒▒▒▒▒▒▐ ▀▄▒▒▒▒▒▒▒▒▒▒▒▒▒▒▒▒▒▄▒▒▒▒▌ ▀▄▒▒▒▒▒▒▒▒▒▒▄▄▄▀▒▒▒▒▄▀ ▐▀▒▀▄▄▄▄▄▄▀▀▀▒▒▒▒▒▄▄▀ ▐▒▒▒▒▒▒▒▒▒▒▒▒▒▒▒▒▀▀ http://www.gutefrage-gruppe.net/#jobs ", source: http://gutefrage.net/nmms/js/bundle-7ab9755af7.min.js (10)
05-16 02:27:22.579 11758-11779/? I/chromium: [INFO:render_frame_impl.cc(3150)] LoaderLog didCommitProvisionalLoad enter
05-16 02:27:22.581 4154-4154/? I/chromium: [INFO:navigation_controller_impl.cc(856)] LoaderLog RendererDidNavigate : NavigationType = 2
05-16 02:27:22.582 4154-4154/? E/SBrowserTab: onDidCommitProvisionalLoadForFrame - skip logging..
05-16 02:27:22.582 4154-4154/? I/chromium: [INFO:web_contents_impl.cc(3328)] WebContentsImpl::DidNavigateMainFramePostCommit theme_color is set: 4283015372
05-16 02:27:22.816 4154-4154/? D/MainViewLayout: ------------ progress : 0.568544669220091
05-16 02:27:22.890 4154-4320/? D/cr_MediaResource: [MediaResourceGetter.java:288] ethernet/wifi connection detected
05-16 02:27:22.890 4154-4320/? W/cr_MediaResource: non-file URI can't be read due to unsuitable network conditions
05-16 02:27:22.890 4154-4320/? E/cr_MediaResource: Unable to configure metadata extractor
05-16 02:27:22.891 4154-4154/? D/[MM]TinMPManagerClient: createBrowserMediaPlayerManagerClient
05-16 02:27:22.891 4154-4154/? D/[MM]TinMPManagerClient: onMediaMetadataChanged
05-16 02:27:22.908 645-1464/? D/MediaBufferGroup: creating MemoryDealer
05-16 02:27:22.909 646-11866/? D/NuPlayerDriver: notifyListener_l(0xe66aae40), (1, 0, 0), loop setting(0, 0)
05-16 02:27:22.909 4154-11718/? D/MediaPlayer: setSubtitleAnchor in MediaPlayer
05-16 02:27:22.966 4154-4154/? D/MainViewLayout: ------------ progress : 0.6242438000948468
05-16 02:27:23.073 4154-4154/? D/MainViewLayout: ------------ progress : 0.8407586840583379
05-16 02:27:23.079 4154-4154/? D/[MM]TinMPManagerClient: onClosedCaptionUpdated
05-16 02:27:23.080 4154-4154/? D/[MM]TinMPManagerClient: onMediaControlDisplayed isDisplayed:false
05-16 02:27:23.238 4154-4154/? D/MainViewLayout: ------------ progress : 0.850646628770965
05-16 02:27:23.701 493-593/? D/audio_hw_primary: disable_audio_route: usecase(1) reset and update mixer path: low-latency-playback speaker
05-16 02:27:23.702 493-593/? D/hardware_info: hw_info_append_hw_type : device_name = speaker
05-16 02:27:23.703 493-593/? D/audio_hw_primary: disable_snd_device: snd_device(2: speaker)
05-16 02:27:23.761 4154-4154/? I/chromium: [INFO:navigation_controller_impl.cc(856)] LoaderLog RendererDidNavigate : NavigationType = 5
05-16 02:27:23.761 4154-4154/? I/chromium: [INFO:CONSOLE(0)] "Fetch API cannot load http://www.gutefrage.net/px.js?ch=1. No 'Access-Control-Allow-Origin' header is present on the requested resource. Origin 'http://gutefrage.net' is therefore not allowed access. If an opaque response serves your needs, set the request's mode to 'no-cors' to fetch the resource with CORS disabled.", source: http://gutefrage.net/ (0)
05-16 02:27:24.121 4154-4154/? I/chromium: [INFO:navigation_controller_impl.cc(856)] LoaderLog RendererDidNavigate : NavigationType = 5
05-16 02:27:24.122 4154-4154/? I/chromium: [INFO:web_contents_impl.cc(3520)] WebContentsImpl::OnDidFinishLoad theme_color: 4283015372 last_sent_theme_color: 4283015372
05-16 02:27:24.122 4154-4154/? D/SBrowserTab: didFinishLoad frameId(16)isMainFrame = false
05-16 02:27:24.124 4154-4154/? I/chromium: [INFO:web_contents_impl.cc(3520)] WebContentsImpl::OnDidFinishLoad theme_color: 4283015372 last_sent_theme_color: 4283015372
05-16 02:27:24.124 4154-4154/? D/SBrowserTab: didFinishLoad frameId(13)isMainFrame = false
05-16 02:27:24.178 4154-4154/? I/chromium: [INFO:navigation_controller_impl.cc(856)] LoaderLog RendererDidNavigate : NavigationType = 5
05-16 02:27:24.180 4154-4154/? I/chromium: [INFO:navigation_controller_impl.cc(856)] LoaderLog RendererDidNavigate : NavigationType = 5
05-16 02:27:24.435 4154-4154/? D/SBrowserTab: didGetMeta for not mainframe is ignored.
05-16 02:27:24.437 4154-4154/? I/chromium: [INFO:web_contents_impl.cc(3520)] WebContentsImpl::OnDidFinishLoad theme_color: 4283015372 last_sent_theme_color: 4283015372
05-16 02:27:24.437 4154-4154/? D/SBrowserTab: didFinishLoad frameId(14)isMainFrame = false
05-16 02:27:24.539 4154-4154/? D/MainViewLayout: ------------ progress : 0.9354035468945993
05-16 02:27:24.541 4154-4154/? I/chromium: [INFO:navigation_controller_impl.cc(856)] LoaderLog RendererDidNavigate : NavigationType = 5
05-16 02:27:24.544 4154-4154/? I/chromium: [INFO:web_contents_impl.cc(3520)] WebContentsImpl::OnDidFinishLoad theme_color: 4283015372 last_sent_theme_color: 4283015372
05-16 02:27:24.545 4154-4154/? D/SBrowserTab: didFinishLoad frameId(15)isMainFrame = false
05-16 02:27:24.645 4154-4154/? D/MainViewLayout: ------------ progress : 0.9554317228379988
05-16 02:27:24.725 4154-4154/? I/chromium: [INFO:web_contents_impl.cc(3520)] WebContentsImpl::OnDidFinishLoad theme_color: 4283015372 last_sent_theme_color: 4283015372
05-16 02:27:24.725 4154-4154/? D/SBrowserTab: didFinishLoad frameId(16)isMainFrame = false
05-16 02:27:24.759 4154-4154/? I/chromium: [INFO:navigation_controller_impl.cc(856)] LoaderLog RendererDidNavigate : NavigationType = 5
05-16 02:27:24.761 4154-4154/? I/chromium: [INFO:web_contents_impl.cc(3520)] WebContentsImpl::OnDidFinishLoad theme_color: 4283015372 last_sent_theme_color: 4283015372
05-16 02:27:24.761 4154-4154/? D/SBrowserTab: didFinishLoad frameId(17)isMainFrame = false
05-16 02:27:24.761 4154-4154/? D/MainViewLayout: ------------ progress : 0.9795264356983323
05-16 02:27:24.793 11758-11779/? I/chromium: [INFO:render_frame_impl.cc(3545)] LoaderLog didFinishLoad enter
05-16 02:27:24.794 11758-11779/? I/chromium: [INFO:FrameLoader.cpp(617)] LoaderLog Completed totalBytes = 1571922
