04-13 15:58:24.425 31253-31316 I/art: Thread[21,tid=31316,WaitingForJniOnLoad,Thread*=0xb4f09800,peer=0x1309c9e0,"AsyncTask #4"] recursive attempt to load library "/data/app/org.chromium.chrome-1/lib/arm/libadblockplus-jni.so"
04-13 15:58:24.425 31253-31316 I/art: Thread[21,tid=31316,WaitingForJniOnLoad,Thread*=0xb4f09800,peer=0x1309c9e0,"AsyncTask #4"] recursive attempt to load library "/data/app/org.chromium.chrome-1/lib/arm/libadblockplus-jni.so"
04-13 15:58:24.425 31253-31316 I/art: Thread[21,tid=31316,WaitingForJniOnLoad,Thread*=0xb4f09800,peer=0x1309c9e0,"AsyncTask #4"] recursive attempt to load library "/data/app/org.chromium.chrome-1/lib/arm/libadblockplus-jni.so"
04-13 15:58:24.425 31253-31316 I/art: Thread[21,tid=31316,WaitingForJniOnLoad,Thread*=0xb4f09800,peer=0x1309c9e0,"AsyncTask #4"] recursive attempt to load library "/data/app/org.chromium.chrome-1/lib/arm/libadblockplus-jni.so"
04-13 15:58:27.785 31253-31253 W/chromium: [WARNING:adblock_bridge.cc(304)] Adblock: init prefs for element hiding
04-13 15:58:28.055 31411-31438 I/art: Thread[11,tid=31438,WaitingForJniOnLoad,Thread*=0xb4f10c00,peer=0x12ca1e60,"ChildProcessMain"] recursive attempt to load library "/data/app/org.chromium.chrome-1/lib/arm/libadblockplus-jni.so"
04-13 15:58:28.055 31411-31438 I/art: Thread[11,tid=31438,WaitingForJniOnLoad,Thread*=0xb4f10c00,peer=0x12ca1e60,"ChildProcessMain"] recursive attempt to load library "/data/app/org.chromium.chrome-1/lib/arm/libadblockplus-jni.so"
04-13 15:58:28.055 31411-31438 I/art: Thread[11,tid=31438,WaitingForJniOnLoad,Thread*=0xb4f10c00,peer=0x12ca1e60,"ChildProcessMain"] recursive attempt to load library "/data/app/org.chromium.chrome-1/lib/arm/libadblockplus-jni.so"
04-13 15:58:28.055 31411-31438 I/art: Thread[11,tid=31438,WaitingForJniOnLoad,Thread*=0xb4f10c00,peer=0x12ca1e60,"ChildProcessMain"] recursive attempt to load library "/data/app/org.chromium.chrome-1/lib/arm/libadblockplus-jni.so"
04-13 15:58:28.245 31253-31405 W/chromium: [WARNING:chrome_network_delegate.cc(307)] Adblock: OnBeforeStartTransaction
04-13 15:58:28.245 31253-31405 W/chromium: [WARNING:chrome_network_delegate.cc(316)] Adblock: isAdBlockEnabled = true, FilterEngine ptr = 0
04-13 15:58:28.245 31253-31405 W/chromium: [WARNING:chrome_network_delegate.cc(322)] Adblock: loading url https://translate.googleapis.com/translate_a/l?client=chrome&hl=ru&key=dummytoken
04-13 15:58:28.245 31253-31405 W/chromium: [WARNING:chrome_network_delegate.cc(411)] Adblock: exiting OnBeforeStartTransaction()
04-13 15:58:28.315 31253-31405 W/chromium: [WARNING:chrome_network_delegate.cc(307)] Adblock: OnBeforeStartTransaction
04-13 15:58:28.315 31253-31405 W/chromium: [WARNING:chrome_network_delegate.cc(316)] Adblock: isAdBlockEnabled = true, FilterEngine ptr = 0
04-13 15:58:28.315 31253-31405 W/chromium: [WARNING:chrome_network_delegate.cc(322)] Adblock: loading url https://datasaver.googleapis.com/v1/clientConfigs?alt=proto
04-13 15:58:28.315 31253-31405 W/chromium: [WARNING:chrome_network_delegate.cc(411)] Adblock: exiting OnBeforeStartTransaction()
04-13 15:58:28.495 31253-31405 W/chromium: [WARNING:chrome_network_delegate.cc(307)] Adblock: OnBeforeStartTransaction
04-13 15:58:28.495 31253-31405 W/chromium: [WARNING:chrome_network_delegate.cc(316)] Adblock: isAdBlockEnabled = true, FilterEngine ptr = 0
04-13 15:58:28.495 31253-31405 W/chromium: [WARNING:chrome_network_delegate.cc(322)] Adblock: loading url http://check.googlezip.net/generate_204?q=c0a4d388-5076-42e9-9352-becdb9d1c552
04-13 15:58:28.495 31253-31405 W/chromium: [WARNING:chrome_network_delegate.cc(411)] Adblock: exiting OnBeforeStartTransaction()
04-13 15:58:28.545 31253-31405 W/chromium: [WARNING:chrome_network_delegate.cc(307)] Adblock: OnBeforeStartTransaction
04-13 15:58:28.545 31253-31405 W/chromium: [WARNING:chrome_network_delegate.cc(316)] Adblock: isAdBlockEnabled = true, FilterEngine ptr = 0
04-13 15:58:28.545 31253-31405 W/chromium: [WARNING:chrome_network_delegate.cc(322)] Adblock: loading url https://www.gstatic.com/chrome/intelligence/assist/ranker/models/translate/android/translate_ranker_model_android_20170918.pb.bin
04-13 15:58:28.545 31253-31405 W/chromium: [WARNING:chrome_network_delegate.cc(411)] Adblock: exiting OnBeforeStartTransaction()
04-13 15:58:33.055 31253-31405 W/chromium: [WARNING:chrome_network_delegate.cc(307)] Adblock: OnBeforeStartTransaction
04-13 15:58:33.055 31253-31405 W/chromium: [WARNING:chrome_network_delegate.cc(316)] Adblock: isAdBlockEnabled = true, FilterEngine ptr = 0
04-13 15:58:33.055 31253-31405 W/chromium: [WARNING:chrome_network_delegate.cc(322)] Adblock: loading url https://www.google.com/searchdomaincheck?format=domain&type=chrome
04-13 15:58:33.055 31253-31405 W/chromium: [WARNING:chrome_network_delegate.cc(411)] Adblock: exiting OnBeforeStartTransaction()
04-13 15:58:33.755 31253-31405 W/chromium: [WARNING:chrome_network_delegate.cc(307)] Adblock: OnBeforeStartTransaction
04-13 15:58:33.755 31253-31405 W/chromium: [WARNING:chrome_network_delegate.cc(316)] Adblock: isAdBlockEnabled = true, FilterEngine ptr = 0
04-13 15:58:33.755 31253-31405 W/chromium: [WARNING:chrome_network_delegate.cc(322)] Adblock: loading url https://www.gstatic.com/chrome/ntp/suggested_sites_DEFAULT_5.json
04-13 15:58:33.755 31253-31405 W/chromium: [WARNING:chrome_network_delegate.cc(411)] Adblock: exiting OnBeforeStartTransaction()
04-13 15:58:33.915 31318-31336 I/art: Thread[12,tid=31336,WaitingForJniOnLoad,Thread*=0xb4f0f800,peer=0x12d8a860,"ChildProcessMain"] recursive attempt to load library "/data/app/org.chromium.chrome-1/lib/arm/libadblockplus-jni.so"
04-13 15:58:33.925 31318-31336 I/art: Thread[12,tid=31336,WaitingForJniOnLoad,Thread*=0xb4f0f800,peer=0x12d8a860,"ChildProcessMain"] recursive attempt to load library "/data/app/org.chromium.chrome-1/lib/arm/libadblockplus-jni.so"
04-13 15:58:33.935 31318-31336 I/art: Thread[12,tid=31336,WaitingForJniOnLoad,Thread*=0xb4f0f800,peer=0x12d8a860,"ChildProcessMain"] recursive attempt to load library "/data/app/org.chromium.chrome-1/lib/arm/libadblockplus-jni.so"
04-13 15:58:33.935 31318-31336 I/art: Thread[12,tid=31336,WaitingForJniOnLoad,Thread*=0xb4f0f800,peer=0x12d8a860,"ChildProcessMain"] recursive attempt to load library "/data/app/org.chromium.chrome-1/lib/arm/libadblockplus-jni.so"
04-13 15:58:33.965 31253-31405 W/chromium: [WARNING:chrome_network_delegate.cc(307)] Adblock: OnBeforeStartTransaction
04-13 15:58:33.965 31253-31405 W/chromium: [WARNING:chrome_network_delegate.cc(316)] Adblock: isAdBlockEnabled = true, FilterEngine ptr = 0
04-13 15:58:33.965 31253-31405 W/chromium: [WARNING:chrome_network_delegate.cc(322)] Adblock: loading url https://www.chromium.org/_/rsrc/1484148948583/apple-touch-icon.png
04-13 15:58:33.965 31253-31405 W/chromium: [WARNING:chrome_network_delegate.cc(411)] Adblock: exiting OnBeforeStartTransaction()
04-13 15:58:33.965 31253-31405 W/chromium: [WARNING:chrome_network_delegate.cc(307)] Adblock: OnBeforeStartTransaction
04-13 15:58:33.965 31253-31405 W/chromium: [WARNING:chrome_network_delegate.cc(316)] Adblock: isAdBlockEnabled = true, FilterEngine ptr = 0
04-13 15:58:33.965 31253-31405 W/chromium: [WARNING:chrome_network_delegate.cc(322)] Adblock: loading url https://cdn2.iconfinder.com/data/icons/minimalism/512/Chromium.png
04-13 15:58:33.965 31253-31405 W/chromium: [WARNING:chrome_network_delegate.cc(411)] Adblock: exiting OnBeforeStartTransaction()
04-13 15:58:33.965 31253-31405 W/chromium: [WARNING:chrome_network_delegate.cc(307)] Adblock: OnBeforeStartTransaction
04-13 15:58:33.965 31253-31405 W/chromium: [WARNING:chrome_network_delegate.cc(316)] Adblock: isAdBlockEnabled = true, FilterEngine ptr = 0
04-13 15:58:33.965 31253-31405 W/chromium: [WARNING:chrome_network_delegate.cc(322)] Adblock: loading url https://codereview.chromium.org/static/favicon.ico
04-13 15:58:33.965 31253-31405 W/chromium: [WARNING:chrome_network_delegate.cc(411)] Adblock: exiting OnBeforeStartTransaction()
04-13 15:58:33.965 31253-31405 W/chromium: [WARNING:chrome_network_delegate.cc(307)] Adblock: OnBeforeStartTransaction
04-13 15:58:33.965 31253-31405 W/chromium: [WARNING:chrome_network_delegate.cc(316)] Adblock: isAdBlockEnabled = true, FilterEngine ptr = 0
04-13 15:58:33.965 31253-31405 W/chromium: [WARNING:chrome_network_delegate.cc(322)] Adblock: loading url https://developers.google.com/_static/9bce7b6017/images/touch-icon.png
04-13 15:58:33.965 31253-31405 W/chromium: [WARNING:chrome_network_delegate.cc(411)] Adblock: exiting OnBeforeStartTransaction()
04-13 15:58:33.965 31253-31405 W/chromium: [WARNING:chrome_network_delegate.cc(307)] Adblock: OnBeforeStartTransaction
04-13 15:58:33.965 31253-31405 W/chromium: [WARNING:chrome_network_delegate.cc(316)] Adblock: isAdBlockEnabled = true, FilterEngine ptr = 0
04-13 15:58:33.965 31253-31405 W/chromium: [WARNING:chrome_network_delegate.cc(322)] Adblock: loading url https://freenode.net/static/img/logos/coloured-alphabg-sq-120.png
04-13 15:58:33.965 31253-31405 W/chromium: [WARNING:chrome_network_delegate.cc(411)] Adblock: exiting OnBeforeStartTransaction()
04-13 15:58:33.975 31253-31405 W/chromium: [WARNING:chrome_network_delegate.cc(307)] Adblock: OnBeforeStartTransaction
04-13 15:58:33.975 31253-31405 W/chromium: [WARNING:chrome_network_delegate.cc(316)] Adblock: isAdBlockEnabled = true, FilterEngine ptr = 0
04-13 15:58:33.975 31253-31405 W/chromium: [WARNING:chrome_network_delegate.cc(322)] Adblock: loading url https://assets-cdn.github.com/pinned-octocat.svg
04-13 15:58:33.975 31253-31405 W/chromium: [WARNING:chrome_network_delegate.cc(411)] Adblock: exiting OnBeforeStartTransaction()
04-13 15:58:34.125 31253-31253 W/cr_ChromeTabbedActivity: Adblock ChromeTabbedActivity.java: initAdblock()
04-13 15:58:34.145 31253-31618 D/SingleInstanceEngineProvider: Creating adblock engine ...
04-13 15:58:34.175 31253-31253 D/StrictMode: StrictMode policy violation; ~duration=44 ms: android.os.StrictMode$StrictModeDiskReadViolation: policy=2591 violation=2
at android.os.StrictMode$AndroidBlockGuardPolicy.onReadFromDisk(StrictMode.java:1137)
at libcore.io.BlockGuardOs.access(BlockGuardOs.java:67)
at java.io.File.doAccess(File.java:283)
at java.io.File.exists(File.java:363)
at android.app.ContextImpl.getDir(ContextImpl.java:2689)
at android.content.ContextWrapper.getDir(ContextWrapper.java:271)
at org.chromium.chrome.browser.ChromeTabbedActivity.initAdblock(ChromeTabbedActivity.java:446)
at org.chromium.chrome.browser.ChromeTabbedActivity.onStartWithNative(ChromeTabbedActivity.java:805)
at org.chromium.chrome.browser.init.NativeInitializationController.startNowAndProcessPendingItems(NativeInitializationController.java:242)
at org.chromium.chrome.browser.init.NativeInitializationController.onNativeInitializationComplete(NativeInitializationController.java:146)
at org.chromium.chrome.browser.init.AsyncInitializationActivity.finishNativeInitialization(AsyncInitializationActivity.java:223)
at org.chromium.chrome.browser.ChromeActivity.finishNativeInitialization(ChromeActivity.java:1233)
at org.chromium.chrome.browser.ChromeTabbedActivity.finishNativeInitialization(ChromeTabbedActivity.java:656)
at org.chromium.chrome.browser.init.ChromeBrowserInitializer$9.run(ChromeBrowserInitializer.java:309)
at org.chromium.chrome.browser.init.ChainedTasks$1.run(ChainedTasks.java:28)
at android.os.Handler.handleCallback(Handler.java:739)
at android.os.Handler.dispatchMessage(Handler.java:95)
at android.os.Looper.loop(Looper.java:145)
at android.app.ActivityThread.main(ActivityThread.java:5938)
at java.lang.reflect.Method.invoke(Native Method)
at java.lang.reflect.Method.invoke(Method.java:372)
at com.android.internal.os.ZygoteInit$MethodAndArgsCaller.run(ZygoteInit.java:1400)
at com.android.internal.os.ZygoteInit.main(ZygoteInit.java:1195)
04-13 15:58:34.175 31253-31253 D/StrictMode: StrictMode policy violation; ~duration=43 ms: android.os.StrictMode$StrictModeDiskWriteViolation: policy=2591 violation=1
at android.os.StrictMode$AndroidBlockGuardPolicy.onWriteToDisk(StrictMode.java:1111)
at libcore.io.BlockGuardOs.mkdir(BlockGuardOs.java:172)
at java.io.File.mkdirErrno(File.java:874)
at java.io.File.mkdir(File.java:865)
at android.app.ContextImpl.getDir(ContextImpl.java:2690)
at android.content.ContextWrapper.getDir(ContextWrapper.java:271)
at org.chromium.chrome.browser.ChromeTabbedActivity.initAdblock(ChromeTabbedActivity.java:446)
at org.chromium.chrome.browser.ChromeTabbedActivity.onStartWithNative(ChromeTabbedActivity.java:805)
at org.chromium.chrome.browser.init.NativeInitializationController.startNowAndProcessPendingItems(NativeInitializationController.java:242)
at org.chromium.chrome.browser.init.NativeInitializationController.onNativeInitializationComplete(NativeInitializationController.java:146)
at org.chromium.chrome.browser.init.AsyncInitializationActivity.finishNativeInitialization(AsyncInitializationActivity.java:223)
at org.chromium.chrome.browser.ChromeActivity.finishNativeInitialization(ChromeActivity.java:1233)
at org.chromium.chrome.browser.ChromeTabbedActivity.finishNativeInitialization(ChromeTabbedActivity.java:656)
at org.chromium.chrome.browser.init.ChromeBrowserInitializer$9.run(ChromeBrowserInitializer.java:309)
at org.chromium.chrome.browser.init.ChainedTasks$1.run(ChainedTasks.java:28)
at android.os.Handler.handleCallback(Handler.java:739)
at android.os.Handler.dispatchMessage(Handler.java:95)
at android.os.Looper.loop(Looper.java:145)
at android.app.ActivityThread.main(ActivityThread.java:5938)
at java.lang.reflect.Method.invoke(Native Method)
at java.lang.reflect.Method.invoke(Method.java:372)
at com.android.internal.os.ZygoteInit$MethodAndArgsCaller.run(ZygoteInit.java:1400)
at com.android.internal.os.ZygoteInit.main(ZygoteInit.java:1195)
04-13 15:58:34.175 31253-31253 D/StrictMode: StrictMode policy violation; ~duration=38 ms: android.os.StrictMode$StrictModeDiskWriteViolation: policy=2591 violation=1
at android.os.StrictMode$AndroidBlockGuardPolicy.onWriteToDisk(StrictMode.java:1111)
at libcore.io.BlockGuardOs.chmod(BlockGuardOs.java:72)
at android.system.Os.chmod(Os.java:74)
at android.os.FileUtils.setPermissions(FileUtils.java:88)
at android.app.ContextImpl.setFilePermissionsFromMode(ContextImpl.java:2844)
at android.app.ContextImpl.getDir(ContextImpl.java:2691)
at android.content.ContextWrapper.getDir(ContextWrapper.java:271)
at org.chromium.chrome.browser.ChromeTabbedActivity.initAdblock(ChromeTabbedActivity.java:446)
at org.chromium.chrome.browser.ChromeTabbedActivity.onStartWithNative(ChromeTabbedActivity.java:805)
at org.chromium.chrome.browser.init.NativeInitializationController.startNowAndProcessPendingItems(NativeInitializationController.java:242)
at org.chromium.chrome.browser.init.NativeInitializationController.onNativeInitializationComplete(NativeInitializationController.java:146)
at org.chromium.chrome.browser.init.AsyncInitializationActivity.finishNativeInitialization(AsyncInitializationActivity.java:223)
at org.chromium.chrome.browser.ChromeActivity.finishNativeInitialization(ChromeActivity.java:1233)
at org.chromium.chrome.browser.ChromeTabbedActivity.finishNativeInitialization(ChromeTabbedActivity.java:656)
at org.chromium.chrome.browser.init.ChromeBrowserInitializer$9.run(ChromeBrowserInitializer.java:309)
at org.chromium.chrome.browser.init.ChainedTasks$1.run(ChainedTasks.java:28)
at android.os.Handler.handleCallback(Handler.java:739)
at android.os.Handler.dispatchMessage(Handler.java:95)
at android.os.Looper.loop(Looper.java:145)
at android.app.ActivityThread.main(ActivityThread.java:5938)
at java.lang.reflect.Method.invoke(Native Method)
at java.lang.reflect.Method.invoke(Method.java:372)
at com.android.internal.os.ZygoteInit$MethodAndArgsCaller.run(ZygoteInit.java:1400)
at com.android.internal.os.ZygoteInit.main(ZygoteInit.java:1195)
04-13 15:58:34.385 31253-31405 W/chromium: [WARNING:chrome_network_delegate.cc(307)] Adblock: OnBeforeStartTransaction
04-13 15:58:34.385 31253-31405 W/chromium: [WARNING:chrome_network_delegate.cc(316)] Adblock: isAdBlockEnabled = true, FilterEngine ptr = 0
04-13 15:58:34.385 31253-31405 W/chromium: [WARNING:chrome_network_delegate.cc(322)] Adblock: loading url https://report-uri.cloudflare.com/cdn-cgi/beacon/expect-ct
04-13 15:58:34.385 31253-31405 W/chromium: [WARNING:chrome_network_delegate.cc(411)] Adblock: exiting OnBeforeStartTransaction()
04-13 15:58:34.535 31253-31405 W/chromium: [WARNING:chrome_network_delegate.cc(307)] Adblock: OnBeforeStartTransaction
04-13 15:58:34.535 31253-31405 W/chromium: [WARNING:chrome_network_delegate.cc(316)] Adblock: isAdBlockEnabled = true, FilterEngine ptr = 0
04-13 15:58:34.535 31253-31405 W/chromium: [WARNING:chrome_network_delegate.cc(322)] Adblock: loading url https://www.google.ru/async/ddljson?async=ntp:1,graybg:1
04-13 15:58:34.535 31253-31405 W/chromium: [WARNING:chrome_network_delegate.cc(411)] Adblock: exiting OnBeforeStartTransaction()
04-13 15:58:34.535 31253-31405 W/chromium: [WARNING:chrome_network_delegate.cc(307)] Adblock: OnBeforeStartTransaction
04-13 15:58:34.535 31253-31405 W/chromium: [WARNING:chrome_network_delegate.cc(316)] Adblock: isAdBlockEnabled = true, FilterEngine ptr = 0
04-13 15:58:34.535 31253-31405 W/chromium: [WARNING:chrome_network_delegate.cc(322)] Adblock: loading url https://static.xx.fbcdn.net/rsrc.php/v3/ya/r/O2aKM2iSbOw.png
04-13 15:58:34.535 31253-31405 W/chromium: [WARNING:chrome_network_delegate.cc(411)] Adblock: exiting OnBeforeStartTransaction()
04-13 15:58:34.535 31253-31405 W/chromium: [WARNING:chrome_network_delegate.cc(307)] Adblock: OnBeforeStartTransaction
04-13 15:58:34.535 31253-31405 W/chromium: [WARNING:chrome_network_delegate.cc(316)] Adblock: isAdBlockEnabled = true, FilterEngine ptr = 0
04-13 15:58:34.535 31253-31405 W/chromium: [WARNING:chrome_network_delegate.cc(322)] Adblock: loading url https://m.youtube.com/yts/mobile/img/apple-touch-icon-144x144-precomposed-vflopw1IA.png
04-13 15:58:34.535 31253-31405 W/chromium: [WARNING:chrome_network_delegate.cc(411)] Adblock: exiting OnBeforeStartTransaction()
04-13 15:58:34.545 31253-31405 W/chromium: [WARNING:chrome_network_delegate.cc(307)] Adblock: OnBeforeStartTransaction
04-13 15:58:34.545 31253-31405 W/chromium: [WARNING:chrome_network_delegate.cc(316)] Adblock: isAdBlockEnabled = true, FilterEngine ptr = 0
04-13 15:58:34.545 31253-31405 W/chromium: [WARNING:chrome_network_delegate.cc(322)] Adblock: loading url https://images-na.ssl-images-amazon.com/images/G/01/anywhere/a_smile_196x196._CB368246573_.png
04-13 15:58:34.545 31253-31405 W/chromium: [WARNING:chrome_network_delegate.cc(411)] Adblock: exiting OnBeforeStartTransaction()
04-13 15:58:34.555 31253-31405 W/chromium: [WARNING:chrome_network_delegate.cc(307)] Adblock: OnBeforeStartTransaction
04-13 15:58:34.555 31253-31405 W/chromium: [WARNING:chrome_network_delegate.cc(316)] Adblock: isAdBlockEnabled = true, FilterEngine ptr = 0
04-13 15:58:34.555 31253-31405 W/chromium: [WARNING:chrome_network_delegate.cc(322)] Adblock: loading url https://en.m.wikipedia.org/static/apple-touch/wikipedia.png
04-13 15:58:34.555 31253-31405 W/chromium: [WARNING:chrome_network_delegate.cc(411)] Adblock: exiting OnBeforeStartTransaction()
04-13 15:58:34.575 31253-31405 W/chromium: [WARNING:chrome_network_delegate.cc(307)] Adblock: OnBeforeStartTransaction
04-13 15:58:34.575 31253-31405 W/chromium: [WARNING:chrome_network_delegate.cc(316)] Adblock: isAdBlockEnabled = true, FilterEngine ptr = 0
04-13 15:58:34.575 31253-31405 W/chromium: [WARNING:chrome_network_delegate.cc(322)] Adblock: loading url http://a.espncdn.com/wireless/mw5/r1/images/bookmark-icons/espn_icon-152x152.min.png
04-13 15:58:34.575 31253-31405 W/chromium: [WARNING:chrome_network_delegate.cc(411)] Adblock: exiting OnBeforeStartTransaction()
04-13 15:58:34.575 31253-31405 W/chromium: [WARNING:chrome_network_delegate.cc(307)] Adblock: OnBeforeStartTransaction
04-13 15:58:34.575 31253-31405 W/chromium: [WARNING:chrome_network_delegate.cc(316)] Adblock: isAdBlockEnabled = true, FilterEngine ptr = 0
04-13 15:58:34.575 31253-31405 W/chromium: [WARNING:chrome_network_delegate.cc(322)] Adblock: loading url https://s.yimg.com/dh/ap/default/130909/y_200_a.png
04-13 15:58:34.575 31253-31405 W/chromium: [WARNING:chrome_network_delegate.cc(411)] Adblock: exiting OnBeforeStartTransaction()
04-13 15:58:34.575 31253-31405 W/chromium: [WARNING:chrome_network_delegate.cc(307)] Adblock: OnBeforeStartTransaction
04-13 15:58:34.575 31253-31405 W/chromium: [WARNING:chrome_network_delegate.cc(316)] Adblock: isAdBlockEnabled = true, FilterEngine ptr = 0
04-13 15:58:34.575 31253-31405 W/chromium: [WARNING:chrome_network_delegate.cc(322)] Adblock: loading url https://ir.ebaystatic.com/pictures/aw/pics/mobile/images/apple-touch-icon.png
04-13 15:58:34.575 31253-31405 W/chromium: [WARNING:chrome_network_delegate.cc(411)] Adblock: exiting OnBeforeStartTransaction()
04-13 15:58:34.575 31253-31405 W/chromium: [WARNING:chrome_network_delegate.cc(307)] Adblock: OnBeforeStartTransaction
04-13 15:58:34.575 31253-31405 W/chromium: [WARNING:chrome_network_delegate.cc(316)] Adblock: isAdBlockEnabled = true, FilterEngine ptr = 0
04-13 15:58:34.575 31253-31405 W/chromium: [WARNING:chrome_network_delegate.cc(322)] Adblock: loading url https://www.instagram.com/static/images/ico/favicon-192.png/b407fa101800.png
04-13 15:58:34.575 31253-31405 W/chromium: [WARNING:chrome_network_delegate.cc(411)] Adblock: exiting OnBeforeStartTransaction()
04-13 15:58:34.685 31253-31405 W/chromium: [WARNING:chrome_network_delegate.cc(307)] Adblock: OnBeforeStartTransaction
04-13 15:58:34.685 31253-31405 W/chromium: [WARNING:chrome_network_delegate.cc(316)] Adblock: isAdBlockEnabled = true, FilterEngine ptr = 0
04-13 15:58:34.685 31253-31405 W/chromium: [WARNING:chrome_network_delegate.cc(322)] Adblock: loading url https://report-uri.cloudflare.com/cdn-cgi/beacon/expect-ct
04-13 15:58:34.685 31253-31405 W/chromium: [WARNING:chrome_network_delegate.cc(411)] Adblock: exiting OnBeforeStartTransaction()
04-13 15:58:34.705 31253-31618 D/SingleInstanceEngineProvider: AdblockHelper engine created
04-13 15:58:34.705 31253-31618 W/AdblockHelper: No saved adblock settings
04-13 15:58:34.705 31253-31618 D/cr_ChromeTabbedActivity: [ChromeTabbedActivity.java:422] Adblock: onAdblockEngineCreated() in thread Thread[Thread-17297,5,main]
04-13 15:58:34.835 31253-31646 D/WebRequest: Downloading from: https://easylist-downloads.adblockplus.org/ruadlist+easylist.txt?addonName=libadblockplus-android&addonVersion=1.0&application=org.chromium.chrome&applicationVersion=Developer%20Build&platform=libadblockplus&platformVersion=1.0&lastVersion=0&downloadCount=0
04-13 15:58:34.845 31253-31648 D/WebRequest: Downloading from: https://easylist-downloads.adblockplus.org/exceptionrules.txt?addonName=libadblockplus-android&addonVersion=1.0&application=org.chromium.chrome&applicationVersion=Developer%20Build&platform=libadblockplus&platformVersion=1.0&lastVersion=0&downloadCount=0
04-13 15:58:34.855 31253-31253 W/cr_ChromeTabbedActivity: Adblock: Notify C++ FilterEngine is created (passing pointer) -1880317680
04-13 15:58:34.865 31253-31253 W/chromium: [WARNING:adblock_bridge.cc(352)] Adblock: set FilterEngine instance -1880317680
04-13 15:58:34.915 31253-31405 W/chromium: [WARNING:chrome_network_delegate.cc(307)] Adblock: OnBeforeStartTransaction
04-13 15:58:34.915 31253-31405 W/chromium: [WARNING:chrome_network_delegate.cc(316)] Adblock: isAdBlockEnabled = true, FilterEngine ptr = -1880317680
04-13 15:58:34.915 31253-31405 W/chromium: [WARNING:chrome_network_delegate.cc(322)] Adblock: loading url http://pdtthmnmok/
04-13 15:58:34.915 31253-31405 W/chromium: [WARNING:chrome_network_delegate.cc(332)] Adblock: casted to AdblockPlus::FilterEnginePtr, use_count = 9
04-13 15:58:34.915 31253-31405 W/chromium: [WARNING:chrome_network_delegate.cc(342)] Adblock: No resourceRequestInfo
04-13 15:58:34.915 31253-31405 W/chromium: [WARNING:chrome_network_delegate.cc(353)] Adblock: No referer
04-13 15:58:34.915 31253-31405 W/chromium: [WARNING:chrome_network_delegate.cc(356)] Adblock: invoking IsDocumentWhitelisted(http://pdtthmnmok/)
04-13 15:58:35.005 31253-31405 W/chromium: [WARNING:chrome_network_delegate.cc(395)] Adblock: mapped to adblock content type 1
04-13 15:58:35.005 31253-31405 W/chromium: [WARNING:chrome_network_delegate.cc(411)] Adblock: exiting OnBeforeStartTransaction()
04-13 15:58:35.025 31253-31405 W/chromium: [WARNING:chrome_network_delegate.cc(307)] Adblock: OnBeforeStartTransaction
04-13 15:58:35.025 31253-31405 W/chromium: [WARNING:chrome_network_delegate.cc(316)] Adblock: isAdBlockEnabled = true, FilterEngine ptr = -1880317680
04-13 15:58:35.025 31253-31405 W/chromium: [WARNING:chrome_network_delegate.cc(322)] Adblock: loading url http://jgbsafb/
04-13 15:58:35.025 31253-31405 W/chromium: [WARNING:chrome_network_delegate.cc(332)] Adblock: casted to AdblockPlus::FilterEnginePtr, use_count = 3
04-13 15:58:35.025 31253-31405 W/chromium: [WARNING:chrome_network_delegate.cc(342)] Adblock: No resourceRequestInfo
04-13 15:58:35.025 31253-31405 W/chromium: [WARNING:chrome_network_delegate.cc(353)] Adblock: No referer
04-13 15:58:35.025 31253-31405 W/chromium: [WARNING:chrome_network_delegate.cc(356)] Adblock: invoking IsDocumentWhitelisted(http://jgbsafb/)
04-13 15:58:35.025 31253-31405 W/chromium: [WARNING:chrome_network_delegate.cc(395)] Adblock: mapped to adblock content type 1
04-13 15:58:35.025 31253-31405 W/chromium: [WARNING:chrome_network_delegate.cc(411)] Adblock: exiting OnBeforeStartTransaction()
04-13 15:58:35.025 31253-31405 W/chromium: [WARNING:chrome_network_delegate.cc(307)] Adblock: OnBeforeStartTransaction
04-13 15:58:35.025 31253-31405 W/chromium: [WARNING:chrome_network_delegate.cc(316)] Adblock: isAdBlockEnabled = true, FilterEngine ptr = -1880317680
04-13 15:58:35.025 31253-31405 W/chromium: [WARNING:chrome_network_delegate.cc(322)] Adblock: loading url http://ilsplymfbebfr/
04-13 15:58:35.025 31253-31405 W/chromium: [WARNING:chrome_network_delegate.cc(332)] Adblock: casted to AdblockPlus::FilterEnginePtr, use_count = 3
04-13 15:58:35.025 31253-31405 W/chromium: [WARNING:chrome_network_delegate.cc(342)] Adblock: No resourceRequestInfo
04-13 15:58:35.025 31253-31405 W/chromium: [WARNING:chrome_network_delegate.cc(353)] Adblock: No referer
04-13 15:58:35.025 31253-31405 W/chromium: [WARNING:chrome_network_delegate.cc(356)] Adblock: invoking IsDocumentWhitelisted(http://ilsplymfbebfr/)
04-13 15:58:35.025 31253-31405 W/chromium: [WARNING:chrome_network_delegate.cc(395)] Adblock: mapped to adblock content type 1
04-13 15:58:35.035 31253-31405 W/chromium: [WARNING:chrome_network_delegate.cc(411)] Adblock: exiting OnBeforeStartTransaction()
04-13 15:58:35.225 31632-31665 I/art: Thread[11,tid=31665,WaitingForJniOnLoad,Thread*=0xaf05b800,peer=0x12c01dc0,"ChildProcessMain"] recursive attempt to load library "/data/app/org.chromium.chrome-1/lib/arm/libadblockplus-jni.so"
04-13 15:58:35.235 31632-31665 I/art: Thread[11,tid=31665,WaitingForJniOnLoad,Thread*=0xaf05b800,peer=0x12c01dc0,"ChildProcessMain"] recursive attempt to load library "/data/app/org.chromium.chrome-1/lib/arm/libadblockplus-jni.so"
04-13 15:58:35.235 31632-31665 I/art: Thread[11,tid=31665,WaitingForJniOnLoad,Thread*=0xaf05b800,peer=0x12c01dc0,"ChildProcessMain"] recursive attempt to load library "/data/app/org.chromium.chrome-1/lib/arm/libadblockplus-jni.so"
04-13 15:58:35.235 31632-31665 I/art: Thread[11,tid=31665,WaitingForJniOnLoad,Thread*=0xaf05b800,peer=0x12c01dc0,"ChildProcessMain"] recursive attempt to load library "/data/app/org.chromium.chrome-1/lib/arm/libadblockplus-jni.so"
04-13 15:58:36.995 31253-31253 W/chromium: [WARNING:web_contents_impl.cc(3756)] Adblock WebContentsImpl::DidFinishNavigation, URL=chrome-native://newtab/, has_commited=1, is_error=0, isInMainFrame=1
04-13 15:58:36.995 31253-31253 W/chromium: [WARNING:web_contents_impl.cc(3785)] Adblock not suitable URL chrome-native://newtab/
04-13 15:58:44.635 31253-31405 W/chromium: [WARNING:chrome_network_delegate.cc(307)] Adblock: OnBeforeStartTransaction
04-13 15:58:44.635 31253-31405 W/chromium: [WARNING:chrome_network_delegate.cc(316)] Adblock: isAdBlockEnabled = true, FilterEngine ptr = -1880317680
04-13 15:58:44.635 31253-31405 W/chromium: [WARNING:chrome_network_delegate.cc(322)] Adblock: loading url https://www.google.ru/complete/search?client=chrome&gs_ri=chrome-mobile-ext-ansg&xssi=t&q=&oit=0&pgcl=7&gs_rn=42&psi=eMYK38n6jxo_PPvJ&sugkey=dummytoken
04-13 15:58:44.635 31253-31405 W/chromium: [WARNING:chrome_network_delegate.cc(332)] Adblock: casted to AdblockPlus::FilterEnginePtr, use_count = 10
04-13 15:58:44.635 31253-31405 W/chromium: [WARNING:chrome_network_delegate.cc(342)] Adblock: No resourceRequestInfo
04-13 15:58:44.635 31253-31405 W/chromium: [WARNING:chrome_network_delegate.cc(353)] Adblock: No referer
04-13 15:58:44.635 31253-31405 W/chromium: [WARNING:chrome_network_delegate.cc(356)] Adblock: invoking IsDocumentWhitelisted(https://www.google.ru/complete/search?client=chrome&gs_ri=chrome-mobile-ext-ansg&xssi=t&q=&oit=0&pgcl=7&gs_rn=42&psi=eMYK38n6jxo_PPvJ&sugkey=dummytoken)
04-13 15:58:44.715 31253-31405 W/chromium: [WARNING:chrome_network_delegate.cc(395)] Adblock: mapped to adblock content type 1
04-13 15:58:44.875 31253-31405 W/chromium: [WARNING:chrome_network_delegate.cc(411)] Adblock: exiting OnBeforeStartTransaction()
04-13 15:58:47.145 31253-31405 W/chromium: [WARNING:chrome_network_delegate.cc(307)] Adblock: OnBeforeStartTransaction
04-13 15:58:47.145 31253-31405 W/chromium: [WARNING:chrome_network_delegate.cc(316)] Adblock: isAdBlockEnabled = true, FilterEngine ptr = -1880317680
04-13 15:58:47.145 31253-31405 W/chromium: [WARNING:chrome_network_delegate.cc(322)] Adblock: loading url https://www.google.ru/complete/search?client=chrome&gs_ri=chrome-mobile-ext-ansg&xssi=t&q=e&oit=1&cp=1&pgcl=7&gs_rn=42&psi=eMYK38n6jxo_PPvJ&sugkey=dummytoken
04-13 15:58:47.145 31253-31405 W/chromium: [WARNING:chrome_network_delegate.cc(332)] Adblock: casted to AdblockPlus::FilterEnginePtr, use_count = 17
04-13 15:58:47.145 31253-31405 W/chromium: [WARNING:chrome_network_delegate.cc(342)] Adblock: No resourceRequestInfo
04-13 15:58:47.145 31253-31405 W/chromium: [WARNING:chrome_network_delegate.cc(353)] Adblock: No referer
04-13 15:58:47.145 31253-31405 W/chromium: [WARNING:chrome_network_delegate.cc(356)] Adblock: invoking IsDocumentWhitelisted(https://www.google.ru/complete/search?client=chrome&gs_ri=chrome-mobile-ext-ansg&xssi=t&q=e&oit=1&cp=1&pgcl=7&gs_rn=42&psi=eMYK38n6jxo_PPvJ&sugkey=dummytoken)
04-13 15:58:47.425 31253-31405 W/chromium: [WARNING:chrome_network_delegate.cc(395)] Adblock: mapped to adblock content type 1
04-13 15:58:47.425 31253-31405 W/chromium: [WARNING:chrome_network_delegate.cc(411)] Adblock: exiting OnBeforeStartTransaction()
04-13 15:58:47.435 31253-31405 W/chromium: [WARNING:chrome_network_delegate.cc(307)] Adblock: OnBeforeStartTransaction
04-13 15:58:47.435 31253-31405 W/chromium: [WARNING:chrome_network_delegate.cc(316)] Adblock: isAdBlockEnabled = true, FilterEngine ptr = -1880317680
04-13 15:58:47.435 31253-31405 W/chromium: [WARNING:chrome_network_delegate.cc(322)] Adblock: loading url https://www.google.ru/complete/search?client=chrome&gs_ri=chrome-mobile-ext-ansg&xssi=t&q=e1&oit=1&cp=2&pgcl=7&gs_rn=42&psi=eMYK38n6jxo_PPvJ&sugkey=dummytoken
04-13 15:58:47.435 31253-31405 W/chromium: [WARNING:chrome_network_delegate.cc(332)] Adblock: casted to AdblockPlus::FilterEnginePtr, use_count = 3
04-13 15:58:47.435 31253-31405 W/chromium: [WARNING:chrome_network_delegate.cc(342)] Adblock: No resourceRequestInfo
04-13 15:58:47.435 31253-31405 W/chromium: [WARNING:chrome_network_delegate.cc(353)] Adblock: No referer
04-13 15:58:47.435 31253-31405 W/chromium: [WARNING:chrome_network_delegate.cc(356)] Adblock: invoking IsDocumentWhitelisted(https://www.google.ru/complete/search?client=chrome&gs_ri=chrome-mobile-ext-ansg&xssi=t&q=e1&oit=1&cp=2&pgcl=7&gs_rn=42&psi=eMYK38n6jxo_PPvJ&sugkey=dummytoken)
04-13 15:58:47.435 31253-31405 W/chromium: [WARNING:chrome_network_delegate.cc(395)] Adblock: mapped to adblock content type 1
04-13 15:58:47.435 31253-31405 W/chromium: [WARNING:chrome_network_delegate.cc(411)] Adblock: exiting OnBeforeStartTransaction()
04-13 15:58:48.235 31253-31405 W/chromium: [WARNING:chrome_network_delegate.cc(307)] Adblock: OnBeforeStartTransaction
04-13 15:58:48.235 31253-31405 W/chromium: [WARNING:chrome_network_delegate.cc(316)] Adblock: isAdBlockEnabled = true, FilterEngine ptr = -1880317680
04-13 15:58:48.235 31253-31405 W/chromium: [WARNING:chrome_network_delegate.cc(322)] Adblock: loading url https://www.google.ru/complete/search?client=chrome&gs_ri=chrome-mobile-ext-ansg&xssi=t&q=e1.&oit=1&cp=3&pgcl=7&gs_rn=42&psi=eMYK38n6jxo_PPvJ&sugkey=dummytoken
04-13 15:58:48.235 31253-31405 W/chromium: [WARNING:chrome_network_delegate.cc(332)] Adblock: casted to AdblockPlus::FilterEnginePtr, use_count = 7
04-13 15:58:48.235 31253-31405 W/chromium: [WARNING:chrome_network_delegate.cc(342)] Adblock: No resourceRequestInfo
04-13 15:58:48.235 31253-31405 W/chromium: [WARNING:chrome_network_delegate.cc(353)] Adblock: No referer
04-13 15:58:48.235 31253-31405 W/chromium: [WARNING:chrome_network_delegate.cc(356)] Adblock: invoking IsDocumentWhitelisted(https://www.google.ru/complete/search?client=chrome&gs_ri=chrome-mobile-ext-ansg&xssi=t&q=e1.&oit=1&cp=3&pgcl=7&gs_rn=42&psi=eMYK38n6jxo_PPvJ&sugkey=dummytoken)
04-13 15:58:50.255 31253-31405 W/chromium: [WARNING:chrome_network_delegate.cc(395)] Adblock: mapped to adblock content type 1
04-13 15:58:50.265 31253-31405 W/chromium: [WARNING:chrome_network_delegate.cc(411)] Adblock: exiting OnBeforeStartTransaction()
04-13 15:58:50.265 31253-31405 W/chromium: [WARNING:chrome_network_delegate.cc(307)] Adblock: OnBeforeStartTransaction
04-13 15:58:50.275 31253-31405 W/chromium: [WARNING:chrome_network_delegate.cc(316)] Adblock: isAdBlockEnabled = true, FilterEngine ptr = -1880317680
04-13 15:58:50.275 31253-31405 W/chromium: [WARNING:chrome_network_delegate.cc(322)] Adblock: loading url https://www.google.ru/complete/search?client=chrome&gs_ri=chrome-mobile-ext-ansg&xssi=t&q=e1.r&oit=1&cp=4&pgcl=7&gs_rn=42&psi=eMYK38n6jxo_PPvJ&sugkey=dummytoken
04-13 15:58:50.275 31253-31405 W/chromium: [WARNING:chrome_network_delegate.cc(332)] Adblock: casted to AdblockPlus::FilterEnginePtr, use_count = 3
04-13 15:58:50.275 31253-31405 W/chromium: [WARNING:chrome_network_delegate.cc(342)] Adblock: No resourceRequestInfo
04-13 15:58:50.275 31253-31405 W/chromium: [WARNING:chrome_network_delegate.cc(353)] Adblock: No referer
04-13 15:58:50.275 31253-31405 W/chromium: [WARNING:chrome_network_delegate.cc(356)] Adblock: invoking IsDocumentWhitelisted(https://www.google.ru/complete/search?client=chrome&gs_ri=chrome-mobile-ext-ansg&xssi=t&q=e1.r&oit=1&cp=4&pgcl=7&gs_rn=42&psi=eMYK38n6jxo_PPvJ&sugkey=dummytoken)
04-13 15:58:50.275 31253-31405 W/chromium: [WARNING:chrome_network_delegate.cc(395)] Adblock: mapped to adblock content type 1
04-13 15:58:50.535 31253-31405 W/chromium: [WARNING:chrome_network_delegate.cc(411)] Adblock: exiting OnBeforeStartTransaction()
04-13 15:58:50.535 31253-31405 W/chromium: [WARNING:chrome_network_delegate.cc(307)] Adblock: OnBeforeStartTransaction
04-13 15:58:50.535 31253-31405 W/chromium: [WARNING:chrome_network_delegate.cc(316)] Adblock: isAdBlockEnabled = true, FilterEngine ptr = -1880317680
04-13 15:58:50.535 31253-31405 W/chromium: [WARNING:chrome_network_delegate.cc(322)] Adblock: loading url https://www.google.ru/complete/search?client=chrome&gs_ri=chrome-mobile-ext-ansg&xssi=t&q=e1.ru&oit=3&cp=5&pgcl=7&gs_rn=42&psi=eMYK38n6jxo_PPvJ&sugkey=dummytoken
04-13 15:58:50.535 31253-31405 W/chromium: [WARNING:chrome_network_delegate.cc(332)] Adblock: casted to AdblockPlus::FilterEnginePtr, use_count = 3
04-13 15:58:50.535 31253-31405 W/chromium: [WARNING:chrome_network_delegate.cc(342)] Adblock: No resourceRequestInfo
04-13 15:58:50.535 31253-31405 W/chromium: [WARNING:chrome_network_delegate.cc(353)] Adblock: No referer
04-13 15:58:50.535 31253-31405 W/chromium: [WARNING:chrome_network_delegate.cc(356)] Adblock: invoking IsDocumentWhitelisted(https://www.google.ru/complete/search?client=chrome&gs_ri=chrome-mobile-ext-ansg&xssi=t&q=e1.ru&oit=3&cp=5&pgcl=7&gs_rn=42&psi=eMYK38n6jxo_PPvJ&sugkey=dummytoken)
04-13 15:58:50.545 31253-31405 W/chromium: [WARNING:chrome_network_delegate.cc(395)] Adblock: mapped to adblock content type 1
04-13 15:58:50.545 31253-31405 W/chromium: [WARNING:chrome_network_delegate.cc(411)] Adblock: exiting OnBeforeStartTransaction()
04-13 15:58:50.635 31253-31405 W/chromium: [WARNING:chrome_network_delegate.cc(307)] Adblock: OnBeforeStartTransaction
04-13 15:58:50.635 31253-31405 W/chromium: [WARNING:chrome_network_delegate.cc(316)] Adblock: isAdBlockEnabled = true, FilterEngine ptr = -1880317680
04-13 15:58:50.635 31253-31405 W/chromium: [WARNING:chrome_network_delegate.cc(322)] Adblock: loading url http://www.e1.ru/
04-13 15:58:50.635 31253-31405 W/chromium: [WARNING:chrome_network_delegate.cc(332)] Adblock: casted to AdblockPlus::FilterEnginePtr, use_count = 3
04-13 15:58:50.635 31253-31405 W/chromium: [WARNING:chrome_network_delegate.cc(339)] Adblock: resource type of http://www.e1.ru/ is 0 (isImage = false)
04-13 15:58:50.635 31253-31405 W/chromium: [WARNING:chrome_network_delegate.cc(353)] Adblock: No referer
04-13 15:58:50.635 31253-31405 W/chromium: [WARNING:chrome_network_delegate.cc(356)] Adblock: invoking IsDocumentWhitelisted(http://www.e1.ru/)
04-13 15:58:50.635 31253-31405 W/chromium: [WARNING:chrome_network_delegate.cc(395)] Adblock: mapped to adblock content type 1
04-13 15:58:50.645 31253-31405 W/chromium: [WARNING:chrome_network_delegate.cc(411)] Adblock: exiting OnBeforeStartTransaction()
04-13 15:58:50.655 31253-31405 W/chromium: [WARNING:chrome_network_delegate.cc(307)] Adblock: OnBeforeStartTransaction
04-13 15:58:50.655 31253-31405 W/chromium: [WARNING:chrome_network_delegate.cc(316)] Adblock: isAdBlockEnabled = true, FilterEngine ptr = -1880317680
04-13 15:58:50.655 31253-31405 W/chromium: [WARNING:chrome_network_delegate.cc(322)] Adblock: loading url https://www.e1.ru/
04-13 15:58:50.655 31253-31405 W/chromium: [WARNING:chrome_network_delegate.cc(332)] Adblock: casted to AdblockPlus::FilterEnginePtr, use_count = 3
04-13 15:58:50.655 31253-31405 W/chromium: [WARNING:chrome_network_delegate.cc(339)] Adblock: resource type of https://www.e1.ru/ is 0 (isImage = false)
04-13 15:58:50.655 31253-31405 W/chromium: [WARNING:chrome_network_delegate.cc(353)] Adblock: No referer
04-13 15:58:50.655 31253-31405 W/chromium: [WARNING:chrome_network_delegate.cc(356)] Adblock: invoking IsDocumentWhitelisted(https://www.e1.ru/)
04-13 15:58:50.665 31253-31405 W/chromium: [WARNING:chrome_network_delegate.cc(395)] Adblock: mapped to adblock content type 1
04-13 15:58:50.665 31253-31405 W/chromium: [WARNING:chrome_network_delegate.cc(411)] Adblock: exiting OnBeforeStartTransaction()
04-13 15:58:50.765 31253-31405 W/chromium: [WARNING:chrome_network_delegate.cc(307)] Adblock: OnBeforeStartTransaction
04-13 15:58:50.765 31253-31405 W/chromium: [WARNING:chrome_network_delegate.cc(316)] Adblock: isAdBlockEnabled = true, FilterEngine ptr = -1880317680
04-13 15:58:50.765 31253-31405 W/chromium: [WARNING:chrome_network_delegate.cc(322)] Adblock: loading url https://m.e1.ru/
04-13 15:58:50.765 31253-31405 W/chromium: [WARNING:chrome_network_delegate.cc(332)] Adblock: casted to AdblockPlus::FilterEnginePtr, use_count = 3
04-13 15:58:50.765 31253-31405 W/chromium: [WARNING:chrome_network_delegate.cc(339)] Adblock: resource type of https://m.e1.ru/ is 0 (isImage = false)
04-13 15:58:50.765 31253-31405 W/chromium: [WARNING:chrome_network_delegate.cc(353)] Adblock: No referer
04-13 15:58:50.765 31253-31405 W/chromium: [WARNING:chrome_network_delegate.cc(356)] Adblock: invoking IsDocumentWhitelisted(https://m.e1.ru/)
04-13 15:58:50.775 31253-31405 W/chromium: [WARNING:chrome_network_delegate.cc(395)] Adblock: mapped to adblock content type 1
04-13 15:58:50.775 31253-31405 W/chromium: [WARNING:chrome_network_delegate.cc(411)] Adblock: exiting OnBeforeStartTransaction()
04-13 15:58:51.055 31253-31405 W/chromium: [WARNING:chrome_network_delegate.cc(307)] Adblock: OnBeforeStartTransaction
04-13 15:58:51.055 31253-31405 W/chromium: [WARNING:chrome_network_delegate.cc(316)] Adblock: isAdBlockEnabled = true, FilterEngine ptr = -1880317680
04-13 15:58:51.055 31253-31405 W/chromium: [WARNING:chrome_network_delegate.cc(322)] Adblock: loading url https://m.e1.ru/static/build/css/main.css?1004
04-13 15:58:51.055 31253-31405 W/chromium: [WARNING:chrome_network_delegate.cc(332)] Adblock: casted to AdblockPlus::FilterEnginePtr, use_count = 3
04-13 15:58:51.055 31253-31405 W/chromium: [WARNING:chrome_network_delegate.cc(339)] Adblock: resource type of https://m.e1.ru/static/build/css/main.css?1004 is 2 (isImage = false)
04-13 15:58:51.055 31253-31405 W/chromium: [WARNING:chrome_network_delegate.cc(350)] Adblock: Referrer = https://m.e1.ru/
04-13 15:58:51.055 31253-31405 W/chromium: [WARNING:chrome_network_delegate.cc(356)] Adblock: invoking IsDocumentWhitelisted(https://m.e1.ru/static/build/css/main.css?1004)
04-13 15:58:51.065 31253-31405 W/chromium: [WARNING:chrome_network_delegate.cc(395)] Adblock: mapped to adblock content type 8
04-13 15:58:51.065 31253-31253 W/chromium: [WARNING:web_contents_impl.cc(3756)] Adblock WebContentsImpl::DidFinishNavigation, URL=https://m.e1.ru/, has_commited=1, is_error=0, isInMainFrame=1
04-13 15:58:51.065 31253-31253 W/chromium: [WARNING:web_contents_impl.cc(3778)] Adblock ready to inject JS to https://m.e1.ru/
04-13 15:58:51.065 31253-31253 W/chromium: [WARNING:adblock_bridge.cc(245)] Adblock: received onLoad() notification of type 4 with url https://m.e1.ru/
04-13 15:58:51.065 31253-31253 W/chromium: [WARNING:adblock_bridge.cc(258)] Adblock: !something, exiting elemhide
04-13 15:58:51.075 31253-31405 W/chromium: [WARNING:chrome_network_delegate.cc(411)] Adblock: exiting OnBeforeStartTransaction()
04-13 15:58:51.085 31253-31405 W/chromium: [WARNING:chrome_network_delegate.cc(307)] Adblock: OnBeforeStartTransaction
04-13 15:58:51.085 31253-31405 W/chromium: [WARNING:chrome_network_delegate.cc(316)] Adblock: isAdBlockEnabled = true, FilterEngine ptr = -1880317680
04-13 15:58:51.085 31253-31405 W/chromium: [WARNING:chrome_network_delegate.cc(322)] Adblock: loading url https://m.e1.ru/static/js/jquery-1.11.3.min.js
04-13 15:58:51.085 31253-31405 W/chromium: [WARNING:chrome_network_delegate.cc(332)] Adblock: casted to AdblockPlus::FilterEnginePtr, use_count = 3
04-13 15:58:51.085 31253-31405 W/chromium: [WARNING:chrome_network_delegate.cc(339)] Adblock: resource type of https://m.e1.ru/static/js/jquery-1.11.3.min.js is 3 (isImage = false)
04-13 15:58:51.085 31253-31405 W/chromium: [WARNING:chrome_network_delegate.cc(350)] Adblock: Referrer = https://m.e1.ru/
04-13 15:58:51.085 31253-31405 W/chromium: [WARNING:chrome_network_delegate.cc(356)] Adblock: invoking IsDocumentWhitelisted(https://m.e1.ru/static/js/jquery-1.11.3.min.js)
04-13 15:58:51.095 31253-31405 W/chromium: [WARNING:chrome_network_delegate.cc(395)] Adblock: mapped to adblock content type 2
04-13 15:58:51.115 31253-31405 W/chromium: [WARNING:chrome_network_delegate.cc(411)] Adblock: exiting OnBeforeStartTransaction()
04-13 15:58:51.125 31253-31405 W/chromium: [WARNING:chrome_network_delegate.cc(307)] Adblock: OnBeforeStartTransaction
04-13 15:58:51.125 31253-31405 W/chromium: [WARNING:chrome_network_delegate.cc(316)] Adblock: isAdBlockEnabled = true, FilterEngine ptr = -1880317680
04-13 15:58:51.125 31253-31405 W/chromium: [WARNING:chrome_network_delegate.cc(322)] Adblock: loading url https://m.e1.ru/static/build/js/script.js?181
04-13 15:58:51.125 31253-31405 W/chromium: [WARNING:chrome_network_delegate.cc(332)] Adblock: casted to AdblockPlus::FilterEnginePtr, use_count = 3
04-13 15:58:51.125 31253-31405 W/chromium: [WARNING:chrome_network_delegate.cc(339)] Adblock: resource type of https://m.e1.ru/static/build/js/script.js?181 is 3 (isImage = false)
04-13 15:58:51.125 31253-31405 W/chromium: [WARNING:chrome_network_delegate.cc(350)] Adblock: Referrer = https://m.e1.ru/
04-13 15:58:51.125 31253-31405 W/chromium: [WARNING:chrome_network_delegate.cc(356)] Adblock: invoking IsDocumentWhitelisted(https://m.e1.ru/static/build/js/script.js?181)
04-13 15:58:51.125 31253-31405 W/chromium: [WARNING:chrome_network_delegate.cc(395)] Adblock: mapped to adblock content type 2
04-13 15:58:51.125 31253-31405 W/chromium: [WARNING:chrome_network_delegate.cc(411)] Adblock: exiting OnBeforeStartTransaction()
04-13 15:58:51.135 31253-31405 W/chromium: [WARNING:chrome_network_delegate.cc(307)] Adblock: OnBeforeStartTransaction
04-13 15:58:51.135 31253-31405 W/chromium: [WARNING:chrome_network_delegate.cc(316)] Adblock: isAdBlockEnabled = true, FilterEngine ptr = -1880317680
04-13 15:58:51.135 31253-31405 W/chromium: [WARNING:chrome_network_delegate.cc(322)] Adblock: loading url https://m.e1.ru/static/js/jquery.bxslider.js
04-13 15:58:51.135 31253-31405 W/chromium: [WARNING:chrome_network_delegate.cc(332)] Adblock: casted to AdblockPlus::FilterEnginePtr, use_count = 3
04-13 15:58:51.135 31253-31405 W/chromium: [WARNING:chrome_network_delegate.cc(339)] Adblock: resource type of https://m.e1.ru/static/js/jquery.bxslider.js is 3 (isImage = false)
04-13 15:58:51.135 31253-31405 W/chromium: [WARNING:chrome_network_delegate.cc(350)] Adblock: Referrer = https://m.e1.ru/
04-13 15:58:51.135 31253-31405 W/chromium: [WARNING:chrome_network_delegate.cc(356)] Adblock: invoking IsDocumentWhitelisted(https://m.e1.ru/static/js/jquery.bxslider.js)
04-13 15:58:51.135 31253-31405 W/chromium: [WARNING:chrome_network_delegate.cc(395)] Adblock: mapped to adblock content type 2
04-13 15:58:51.135 31253-31405 W/chromium: [WARNING:chrome_network_delegate.cc(411)] Adblock: exiting OnBeforeStartTransaction()
04-13 15:58:51.135 31253-31405 W/chromium: [WARNING:chrome_network_delegate.cc(307)] Adblock: OnBeforeStartTransaction
04-13 15:58:51.135 31253-31405 W/chromium: [WARNING:chrome_network_delegate.cc(316)] Adblock: isAdBlockEnabled = true, FilterEngine ptr = -1880317680
04-13 15:58:51.135 31253-31405 W/chromium: [WARNING:chrome_network_delegate.cc(322)] Adblock: loading url https://m.e1.ru/static/js/iframe_api.js
04-13 15:58:51.135 31253-31405 W/chromium: [WARNING:chrome_network_delegate.cc(332)] Adblock: casted to AdblockPlus::FilterEnginePtr, use_count = 3
04-13 15:58:51.135 31253-31405 W/chromium: [WARNING:chrome_network_delegate.cc(339)] Adblock: resource type of https://m.e1.ru/static/js/iframe_api.js is 3 (isImage = false)
04-13 15:58:51.135 31253-31405 W/chromium: [WARNING:chrome_network_delegate.cc(350)] Adblock: Referrer = https://m.e1.ru/
04-13 15:58:51.135 31253-31405 W/chromium: [WARNING:chrome_network_delegate.cc(356)] Adblock: invoking IsDocumentWhitelisted(https://m.e1.ru/static/js/iframe_api.js)
04-13 15:58:51.145 31253-31405 W/chromium: [WARNING:chrome_network_delegate.cc(395)] Adblock: mapped to adblock content type 2
04-13 15:58:51.155 31253-31405 W/chromium: [WARNING:chrome_network_delegate.cc(411)] Adblock: exiting OnBeforeStartTransaction()
04-13 15:58:51.155 31253-31405 W/chromium: [WARNING:chrome_network_delegate.cc(307)] Adblock: OnBeforeStartTransaction
04-13 15:58:51.155 31253-31405 W/chromium: [WARNING:chrome_network_delegate.cc(316)] Adblock: isAdBlockEnabled = true, FilterEngine ptr = -1880317680
04-13 15:58:51.155 31253-31405 W/chromium: [WARNING:chrome_network_delegate.cc(322)] Adblock: loading url https://m.e1.ru/static/js/jquery.cookie.js
04-13 15:58:51.155 31253-31405 W/chromium: [WARNING:chrome_network_delegate.cc(332)] Adblock: casted to AdblockPlus::FilterEnginePtr, use_count = 3
04-13 15:58:51.155 31253-31405 W/chromium: [WARNING:chrome_network_delegate.cc(339)] Adblock: resource type of https://m.e1.ru/static/js/jquery.cookie.js is 3 (isImage = false)
04-13 15:58:51.155 31253-31405 W/chromium: [WARNING:chrome_network_delegate.cc(350)] Adblock: Referrer = https://m.e1.ru/
04-13 15:58:51.155 31253-31405 W/chromium: [WARNING:chrome_network_delegate.cc(356)] Adblock: invoking IsDocumentWhitelisted(https://m.e1.ru/static/js/jquery.cookie.js)
04-13 15:58:51.155 31253-31405 W/chromium: [WARNING:chrome_network_delegate.cc(395)] Adblock: mapped to adblock content type 2
04-13 15:58:51.155 31253-31405 W/chromium: [WARNING:chrome_network_delegate.cc(411)] Adblock: exiting OnBeforeStartTransaction()
04-13 15:58:51.165 31253-31405 W/chromium: [WARNING:chrome_network_delegate.cc(307)] Adblock: OnBeforeStartTransaction
04-13 15:58:51.165 31253-31405 W/chromium: [WARNING:chrome_network_delegate.cc(316)] Adblock: isAdBlockEnabled = true, FilterEngine ptr = -1880317680
04-13 15:58:51.165 31253-31405 W/chromium: [WARNING:chrome_network_delegate.cc(322)] Adblock: loading url https://m.e1.ru/static/js/detect.min.js
04-13 15:58:51.165 31253-31405 W/chromium: [WARNING:chrome_network_delegate.cc(332)] Adblock: casted to AdblockPlus::FilterEnginePtr, use_count = 3
04-13 15:58:51.165 31253-31405 W/chromium: [WARNING:chrome_network_delegate.cc(339)] Adblock: resource type of https://m.e1.ru/static/js/detect.min.js is 3 (isImage = false)
04-13 15:58:51.165 31253-31405 W/chromium: [WARNING:chrome_network_delegate.cc(350)] Adblock: Referrer = https://m.e1.ru/
04-13 15:58:51.165 31253-31405 W/chromium: [WARNING:chrome_network_delegate.cc(356)] Adblock: invoking IsDocumentWhitelisted(https://m.e1.ru/static/js/detect.min.js)
04-13 15:58:51.165 31253-31405 W/chromium: [WARNING:chrome_network_delegate.cc(395)] Adblock: mapped to adblock content type 2
04-13 15:58:51.165 31253-31405 W/chromium: [WARNING:chrome_network_delegate.cc(411)] Adblock: exiting OnBeforeStartTransaction()
